[INFO] fetching crate clamd-client 0.1.2...
[INFO] testing clamd-client-0.1.2 against 1.69.0 for beta-1.70-1
[INFO] extracting crate clamd-client 0.1.2 into /workspace/builds/worker-0-tc1/source
[INFO] validating manifest of crates.io crate clamd-client 0.1.2 on toolchain 1.69.0
[INFO] running `Command { std: CARGO_HOME="/workspace/cargo-home" RUSTUP_HOME="/workspace/rustup-home" "/workspace/cargo-home/bin/cargo" "+1.69.0" "metadata" "--manifest-path" "Cargo.toml" "--no-deps", kill_on_drop: false }`
[INFO] started tweaking crates.io crate clamd-client 0.1.2
[INFO] finished tweaking crates.io crate clamd-client 0.1.2
[INFO] tweaked toml for crates.io crate clamd-client 0.1.2 written to /workspace/builds/worker-0-tc1/source/Cargo.toml
[INFO] crate crates.io crate clamd-client 0.1.2 already has a lockfile, it will not be regenerated
[INFO] running `Command { std: CARGO_HOME="/workspace/cargo-home" RUSTUP_HOME="/workspace/rustup-home" "/workspace/cargo-home/bin/cargo" "+1.69.0" "fetch" "--manifest-path" "Cargo.toml", kill_on_drop: false }`
[INFO] [stderr]  Downloading crates ...
[INFO] [stderr]   Downloaded cxxbridge-macro v1.0.82
[INFO] [stderr]   Downloaded tracing-test-macro v0.1.0
[INFO] [stderr]   Downloaded cxxbridge-flags v1.0.82
[INFO] [stderr]   Downloaded tracing-test v0.1.0
[INFO] [stderr]   Downloaded cxx-build v1.0.82
[INFO] [stderr]   Downloaded cxx v1.0.82
[INFO] running `Command { std: "docker" "create" "-v" "/var/lib/crater-agent-workspace/builds/worker-0-tc1/target:/opt/rustwide/target:rw,Z" "-v" "/var/lib/crater-agent-workspace/builds/worker-0-tc1/source:/opt/rustwide/workdir:ro,Z" "-v" "/var/lib/crater-agent-workspace/cargo-home:/opt/rustwide/cargo-home:ro,Z" "-v" "/var/lib/crater-agent-workspace/rustup-home:/opt/rustwide/rustup-home:ro,Z" "-e" "SOURCE_DIR=/opt/rustwide/workdir" "-e" "CARGO_TARGET_DIR=/opt/rustwide/target" "-e" "CARGO_HOME=/opt/rustwide/cargo-home" "-e" "RUSTUP_HOME=/opt/rustwide/rustup-home" "-w" "/opt/rustwide/workdir" "-m" "1610612736" "--user" "0:0" "--network" "none" "ghcr.io/rust-lang/crates-build-env/linux@sha256:97d61d7686bf65f8ecb15491ab51835e82dc9176a96a831f143a431b191fc501" "/opt/rustwide/cargo-home/bin/cargo" "+1.69.0" "metadata" "--no-deps" "--format-version=1", kill_on_drop: false }`
[INFO] [stdout] df4071b20a16a6aa9b00960123252f72847b6da358ec278988039ee8a4eef6d3
[INFO] running `Command { std: "docker" "start" "-a" "df4071b20a16a6aa9b00960123252f72847b6da358ec278988039ee8a4eef6d3", kill_on_drop: false }`
[INFO] running `Command { std: "docker" "inspect" "df4071b20a16a6aa9b00960123252f72847b6da358ec278988039ee8a4eef6d3", kill_on_drop: false }`
[INFO] running `Command { std: "docker" "rm" "-f" "df4071b20a16a6aa9b00960123252f72847b6da358ec278988039ee8a4eef6d3", kill_on_drop: false }`
[INFO] [stdout] df4071b20a16a6aa9b00960123252f72847b6da358ec278988039ee8a4eef6d3
[INFO] running `Command { std: "docker" "create" "-v" "/var/lib/crater-agent-workspace/builds/worker-0-tc1/target:/opt/rustwide/target:rw,Z" "-v" "/var/lib/crater-agent-workspace/builds/worker-0-tc1/source:/opt/rustwide/workdir:ro,Z" "-v" "/var/lib/crater-agent-workspace/cargo-home:/opt/rustwide/cargo-home:ro,Z" "-v" "/var/lib/crater-agent-workspace/rustup-home:/opt/rustwide/rustup-home:ro,Z" "-e" "SOURCE_DIR=/opt/rustwide/workdir" "-e" "CARGO_TARGET_DIR=/opt/rustwide/target" "-e" "CARGO_INCREMENTAL=0" "-e" "RUST_BACKTRACE=full" "-e" "RUSTFLAGS=--cap-lints=warn" "-e" "RUSTDOCFLAGS=--cap-lints=warn" "-e" "CARGO_HOME=/opt/rustwide/cargo-home" "-e" "RUSTUP_HOME=/opt/rustwide/rustup-home" "-w" "/opt/rustwide/workdir" "-m" "1610612736" "--user" "0:0" "--network" "none" "ghcr.io/rust-lang/crates-build-env/linux@sha256:97d61d7686bf65f8ecb15491ab51835e82dc9176a96a831f143a431b191fc501" "/opt/rustwide/cargo-home/bin/cargo" "+1.69.0" "build" "--frozen" "--message-format=json", kill_on_drop: false }`
[INFO] [stdout] ff62f63d0c928175d15e9b50a22779886d21a233d237c0f286326bfcc8c94851
[INFO] running `Command { std: "docker" "start" "-a" "ff62f63d0c928175d15e9b50a22779886d21a233d237c0f286326bfcc8c94851", kill_on_drop: false }`
[INFO] [stderr]    Compiling proc-macro2 v1.0.47
[INFO] [stderr]    Compiling quote v1.0.21
[INFO] [stderr]    Compiling unicode-ident v1.0.5
[INFO] [stderr]    Compiling syn v1.0.103
[INFO] [stderr]    Compiling futures-core v0.3.25
[INFO] [stderr]    Compiling pin-project-lite v0.2.9
[INFO] [stderr]    Compiling libc v0.2.137
[INFO] [stderr]    Compiling futures-sink v0.3.25
[INFO] [stderr]    Compiling futures-task v0.3.25
[INFO] [stderr]    Compiling log v0.4.17
[INFO] [stderr]    Compiling futures-channel v0.3.25
[INFO] [stderr]    Compiling futures-util v0.3.25
[INFO] [stderr]    Compiling once_cell v1.16.0
[INFO] [stderr]    Compiling slab v0.4.7
[INFO] [stderr]    Compiling tokio v1.21.2
[INFO] [stderr]    Compiling futures-io v0.3.25
[INFO] [stderr]    Compiling bytes v1.2.1
[INFO] [stderr]    Compiling thiserror v1.0.37
[INFO] [stderr]    Compiling tracing-core v0.1.30
[INFO] [stderr]    Compiling mio v0.8.5
[INFO] [stderr]    Compiling socket2 v0.4.7
[INFO] [stderr]    Compiling futures-macro v0.3.25
[INFO] [stderr]    Compiling tracing-attributes v0.1.23
[INFO] [stderr]    Compiling thiserror-impl v1.0.37
[INFO] [stderr]    Compiling tracing v0.1.37
[INFO] [stderr]    Compiling tokio-util v0.7.4
[INFO] [stderr]    Compiling futures-executor v0.3.25
[INFO] [stderr]    Compiling futures v0.3.25
[INFO] [stderr]    Compiling clamd-client v0.1.2 (/opt/rustwide/workdir)
[INFO] [stdout] warning: variant `KeepAlive` is never constructed
[INFO] [stdout]    --> src/lib.rs:142:5
[INFO] [stdout]     |
[INFO] [stdout] 140 | enum ConnectionType {
[INFO] [stdout]     |      -------------- variant in this enum
[INFO] [stdout] 141 |     Oneshot,
[INFO] [stdout] 142 |     KeepAlive,
[INFO] [stdout]     |     ^^^^^^^^^
[INFO] [stdout]     |
[INFO] [stdout]     = note: `ConnectionType` has derived impls for the traits `Debug` and `Clone`, but these are intentionally ignored during dead code analysis
[INFO] [stdout]     = note: `#[warn(dead_code)]` on by default
[INFO] [stdout] 
[INFO] [stdout] 
[INFO] [stdout] warning: 1 warning emitted
[INFO] [stdout] 
[INFO] [stdout] 
[INFO] [stderr]     Finished dev [unoptimized + debuginfo] target(s) in 9.16s
[INFO] running `Command { std: "docker" "inspect" "ff62f63d0c928175d15e9b50a22779886d21a233d237c0f286326bfcc8c94851", kill_on_drop: false }`
[INFO] running `Command { std: "docker" "rm" "-f" "ff62f63d0c928175d15e9b50a22779886d21a233d237c0f286326bfcc8c94851", kill_on_drop: false }`
[INFO] [stdout] ff62f63d0c928175d15e9b50a22779886d21a233d237c0f286326bfcc8c94851
[INFO] running `Command { std: "docker" "create" "-v" "/var/lib/crater-agent-workspace/builds/worker-0-tc1/target:/opt/rustwide/target:rw,Z" "-v" "/var/lib/crater-agent-workspace/builds/worker-0-tc1/source:/opt/rustwide/workdir:ro,Z" "-v" "/var/lib/crater-agent-workspace/cargo-home:/opt/rustwide/cargo-home:ro,Z" "-v" "/var/lib/crater-agent-workspace/rustup-home:/opt/rustwide/rustup-home:ro,Z" "-e" "SOURCE_DIR=/opt/rustwide/workdir" "-e" "CARGO_TARGET_DIR=/opt/rustwide/target" "-e" "CARGO_INCREMENTAL=0" "-e" "RUST_BACKTRACE=full" "-e" "RUSTFLAGS=--cap-lints=warn" "-e" "RUSTDOCFLAGS=--cap-lints=warn" "-e" "CARGO_HOME=/opt/rustwide/cargo-home" "-e" "RUSTUP_HOME=/opt/rustwide/rustup-home" "-w" "/opt/rustwide/workdir" "-m" "1610612736" "--user" "0:0" "--network" "none" "ghcr.io/rust-lang/crates-build-env/linux@sha256:97d61d7686bf65f8ecb15491ab51835e82dc9176a96a831f143a431b191fc501" "/opt/rustwide/cargo-home/bin/cargo" "+1.69.0" "test" "--frozen" "--no-run" "--message-format=json", kill_on_drop: false }`
[INFO] [stdout] d70e8641444de513fd7cb5ca3cece74ab559fe003af640c389aae78a2c157aed
[INFO] running `Command { std: "docker" "start" "-a" "d70e8641444de513fd7cb5ca3cece74ab559fe003af640c389aae78a2c157aed", kill_on_drop: false }`
[INFO] [stderr]    Compiling smallvec v1.10.0
[INFO] [stderr]    Compiling lock_api v0.4.9
[INFO] [stderr]    Compiling parking_lot_core v0.9.4
[INFO] [stderr]    Compiling cc v1.0.77
[INFO] [stderr]    Compiling tracing-core v0.1.30
[INFO] [stderr]    Compiling pkg-config v0.3.26
[INFO] [stderr]    Compiling itoa v1.0.4
[INFO] [stderr]    Compiling futures-channel v0.3.25
[INFO] [stderr]    Compiling tokio v1.21.2
[INFO] [stderr]    Compiling num_cpus v1.14.0
[INFO] [stderr]    Compiling signal-hook-registry v1.4.0
[INFO] [stderr]    Compiling mio v0.8.5
[INFO] [stderr]    Compiling tokio-macros v1.8.0
[INFO] [stderr]    Compiling serde v1.0.147
[INFO] [stderr]    Compiling num-traits v0.2.15
[INFO] [stderr]    Compiling indexmap v1.9.2
[INFO] [stderr]    Compiling foreign-types-shared v0.1.1
[INFO] [stderr]    Compiling fnv v1.0.7
[INFO] [stderr]    Compiling openssl v0.10.42
[INFO] [stderr]    Compiling foreign-types v0.3.2
[INFO] [stderr]    Compiling tracing v0.1.37
[INFO] [stderr]    Compiling http v0.2.8
[INFO] [stderr]    Compiling openssl-macros v0.1.0
[INFO] [stderr]    Compiling num-integer v0.1.45
[INFO] [stderr]    Compiling regex-syntax v0.6.28
[INFO] [stderr]    Compiling native-tls v0.2.11
[INFO] [stderr]    Compiling tinyvec_macros v0.1.0
[INFO] [stderr]    Compiling parking_lot v0.12.1
[INFO] [stderr]    Compiling futures-util v0.3.25
[INFO] [stderr]    Compiling ryu v1.0.11
[INFO] [stderr]    Compiling httparse v1.8.0
[INFO] [stderr]    Compiling tinyvec v1.6.0
[INFO] [stderr]    Compiling openssl-probe v0.1.5
[INFO] [stderr]    Compiling percent-encoding v2.2.0
[INFO] [stderr]    Compiling try-lock v0.2.3
[INFO] [stderr]    Compiling serde_json v1.0.89
[INFO] [stderr]    Compiling want v0.3.0
[INFO] [stderr]    Compiling form_urlencoded v1.1.0
[INFO] [stderr]    Compiling tracing-log v0.1.3
[INFO] [stderr]    Compiling openssl-sys v0.9.77
[INFO] [stderr]    Compiling http-body v0.4.5
[INFO] [stderr]    Compiling sharded-slab v0.1.4
[INFO] [stderr]    Compiling getrandom v0.2.8
[INFO] [stderr]    Compiling thread_local v1.1.4
[INFO] [stderr]    Compiling httpdate v1.0.2
[INFO] [stderr]    Compiling unicode-bidi v0.3.8
[INFO] [stderr]    Compiling iana-time-zone v0.1.53
[INFO] [stderr]    Compiling encoding_rs v0.8.31
[INFO] [stderr]    Compiling unicode-normalization v0.1.22
[INFO] [stderr]    Compiling tower-service v0.3.2
[INFO] [stderr]    Compiling rand_core v0.6.4
[INFO] [stderr]    Compiling overload v0.1.1
[INFO] [stderr]    Compiling eyre v0.6.8
[INFO] [stderr]    Compiling nu-ansi-term v0.46.0
[INFO] [stderr]    Compiling rand_chacha v0.3.1
[INFO] [stderr]    Compiling tracing-test-macro v0.1.0
[INFO] [stderr]    Compiling ipnet v2.5.1
[INFO] [stderr]    Compiling indenter v0.3.3
[INFO] [stderr]    Compiling idna v0.3.0
[INFO] [stderr]    Compiling chrono v0.4.23
[INFO] [stderr]    Compiling base64 v0.13.1
[INFO] [stderr]    Compiling tracing-subscriber v0.3.16
[INFO] [stderr]    Compiling regex-automata v0.1.10
[INFO] [stderr]    Compiling regex v1.7.0
[INFO] [stderr]    Compiling rand v0.8.5
[INFO] [stderr]    Compiling url v2.3.1
[INFO] [stderr]    Compiling matchers v0.0.1
[INFO] [stderr]    Compiling futures-executor v0.3.25
[INFO] [stderr]    Compiling tracing-serde v0.1.3
[INFO] [stderr]    Compiling futures v0.3.25
[INFO] [stderr]    Compiling serde_urlencoded v0.7.1
[INFO] [stderr]    Compiling tracing-subscriber v0.2.25
[INFO] [stderr]    Compiling tokio-util v0.7.4
[INFO] [stderr]    Compiling h2 v0.3.15
[INFO] [stderr]    Compiling clamd-client v0.1.2 (/opt/rustwide/workdir)
[INFO] [stderr]    Compiling tokio-native-tls v0.3.0
[INFO] [stdout] warning: variant `KeepAlive` is never constructed
[INFO] [stdout]    --> src/lib.rs:142:5
[INFO] [stdout]     |
[INFO] [stdout] 140 | enum ConnectionType {
[INFO] [stdout]     |      -------------- variant in this enum
[INFO] [stdout] 141 |     Oneshot,
[INFO] [stdout] 142 |     KeepAlive,
[INFO] [stdout]     |     ^^^^^^^^^
[INFO] [stdout]     |
[INFO] [stdout]     = note: `ConnectionType` has derived impls for the traits `Debug` and `Clone`, but these are intentionally ignored during dead code analysis
[INFO] [stdout]     = note: `#[warn(dead_code)]` on by default
[INFO] [stdout] 
[INFO] [stdout] 
[INFO] [stdout] warning: 1 warning emitted
[INFO] [stdout] 
[INFO] [stdout] 
[INFO] [stderr]    Compiling tracing-test v0.1.0
[INFO] [stderr]    Compiling hyper v0.14.23
[INFO] [stderr]    Compiling hyper-tls v0.5.0
[INFO] [stderr]    Compiling reqwest v0.11.13
[INFO] [stdout] warning: unused import: `std::net::SocketAddr`
[INFO] [stdout]  --> examples/simple.rs:1:5
[INFO] [stdout]   |
[INFO] [stdout] 1 | use std::net::SocketAddr;
[INFO] [stdout]   |     ^^^^^^^^^^^^^^^^^^^^
[INFO] [stdout]   |
[INFO] [stdout]   = note: `#[warn(unused_imports)]` on by default
[INFO] [stdout] 
[INFO] [stdout] 
[INFO] [stdout] warning: variant `KeepAlive` is never constructed
[INFO] [stdout]    --> src/lib.rs:142:5
[INFO] [stdout]     |
[INFO] [stdout] 140 | enum ConnectionType {
[INFO] [stdout]     |      -------------- variant in this enum
[INFO] [stdout] 141 |     Oneshot,
[INFO] [stdout] 142 |     KeepAlive,
[INFO] [stdout]     |     ^^^^^^^^^
[INFO] [stdout]     |
[INFO] [stdout]     = note: `ConnectionType` has derived impls for the traits `Debug` and `Clone`, but these are intentionally ignored during dead code analysis
[INFO] [stdout]     = note: `#[warn(dead_code)]` on by default
[INFO] [stdout] 
[INFO] [stdout] 
[INFO] [stdout] warning: 1 warning emitted
[INFO] [stdout] 
[INFO] [stdout] 
[INFO] [stdout] warning: 1 warning emitted
[INFO] [stdout] 
[INFO] [stdout] 
[INFO] [stderr]     Finished test [unoptimized + debuginfo] target(s) in 24.49s
[INFO] running `Command { std: "docker" "inspect" "d70e8641444de513fd7cb5ca3cece74ab559fe003af640c389aae78a2c157aed", kill_on_drop: false }`
[INFO] running `Command { std: "docker" "rm" "-f" "d70e8641444de513fd7cb5ca3cece74ab559fe003af640c389aae78a2c157aed", kill_on_drop: false }`
[INFO] [stdout] d70e8641444de513fd7cb5ca3cece74ab559fe003af640c389aae78a2c157aed
[INFO] running `Command { std: "docker" "create" "-v" "/var/lib/crater-agent-workspace/builds/worker-0-tc1/target:/opt/rustwide/target:rw,Z" "-v" "/var/lib/crater-agent-workspace/builds/worker-0-tc1/source:/opt/rustwide/workdir:ro,Z" "-v" "/var/lib/crater-agent-workspace/cargo-home:/opt/rustwide/cargo-home:ro,Z" "-v" "/var/lib/crater-agent-workspace/rustup-home:/opt/rustwide/rustup-home:ro,Z" "-e" "SOURCE_DIR=/opt/rustwide/workdir" "-e" "CARGO_TARGET_DIR=/opt/rustwide/target" "-e" "CARGO_INCREMENTAL=0" "-e" "RUST_BACKTRACE=full" "-e" "RUSTFLAGS=--cap-lints=warn" "-e" "RUSTDOCFLAGS=--cap-lints=warn" "-e" "CARGO_HOME=/opt/rustwide/cargo-home" "-e" "RUSTUP_HOME=/opt/rustwide/rustup-home" "-w" "/opt/rustwide/workdir" "-m" "1610612736" "--user" "0:0" "--network" "none" "ghcr.io/rust-lang/crates-build-env/linux@sha256:97d61d7686bf65f8ecb15491ab51835e82dc9176a96a831f143a431b191fc501" "/opt/rustwide/cargo-home/bin/cargo" "+1.69.0" "test" "--frozen", kill_on_drop: false }`
[INFO] [stdout] 091d344c7d119628d8623d9dc5dca6d7aa1ba8b29379e34e215529dec37e55a8
[INFO] running `Command { std: "docker" "start" "-a" "091d344c7d119628d8623d9dc5dca6d7aa1ba8b29379e34e215529dec37e55a8", kill_on_drop: false }`
[INFO] [stderr]     Blocking waiting for file lock on package cache
[INFO] [stderr] warning: variant `KeepAlive` is never constructed
[INFO] [stderr]    --> src/lib.rs:142:5
[INFO] [stderr]     |
[INFO] [stderr] 140 | enum ConnectionType {
[INFO] [stderr]     |      -------------- variant in this enum
[INFO] [stderr] 141 |     Oneshot,
[INFO] [stderr] 142 |     KeepAlive,
[INFO] [stderr]     |     ^^^^^^^^^
[INFO] [stderr]     |
[INFO] [stderr]     = note: `ConnectionType` has derived impls for the traits `Debug` and `Clone`, but these are intentionally ignored during dead code analysis
[INFO] [stderr]     = note: `#[warn(dead_code)]` on by default
[INFO] [stderr] 
[INFO] [stderr] warning: `clamd-client` (lib) generated 1 warning
[INFO] [stderr] warning: unused import: `std::net::SocketAddr`
[INFO] [stderr]  --> examples/simple.rs:1:5
[INFO] [stderr]   |
[INFO] [stderr] 1 | use std::net::SocketAddr;
[INFO] [stderr]   |     ^^^^^^^^^^^^^^^^^^^^
[INFO] [stderr]   |
[INFO] [stderr]   = note: `#[warn(unused_imports)]` on by default
[INFO] [stderr] 
[INFO] [stderr] warning: `clamd-client` (lib test) generated 1 warning (1 duplicate)
[INFO] [stderr] warning: `clamd-client` (example "simple") generated 1 warning (run `cargo fix --example "simple"` to apply 1 suggestion)
[INFO] [stderr]     Finished test [unoptimized + debuginfo] target(s) in 0.34s
[INFO] [stderr]      Running unittests src/lib.rs (/opt/rustwide/target/debug/deps/clamd_client-0c63651aaa8f7252)
[INFO] [stdout] 
[INFO] [stdout] running 8 tests
[INFO] [stdout] test tests::unix_socket_reload ... FAILED
[INFO] [stdout] test tests::unix_socket_common_operations ... FAILED
[INFO] [stdout] test tests::tcp_reload ... FAILED
[INFO] [stdout] test tests::tcp_common_operations ... FAILED
[INFO] [stdout] test tests::unix_socket_eicar ... FAILED
[INFO] [stdout] test tests::tcp_eicar ... FAILED
[INFO] [stdout] test tests::unix_socket_random_bytes ... FAILED
[INFO] [stderr] error: test failed, to rerun pass `--lib`
[INFO] [stdout] test tests::tcp_random_bytes ... FAILED
[INFO] [stdout] 
[INFO] [stdout] failures:
[INFO] [stdout] 
[INFO] [stdout] ---- tests::unix_socket_reload stdout ----
[INFO] [stdout] Error: could not connect to socket: No such file or directory (os error 2)
[INFO] [stdout] 
[INFO] [stdout] Caused by:
[INFO] [stdout]     No such file or directory (os error 2)
[INFO] [stdout] 
[INFO] [stdout] Location:
[INFO] [stdout]     src/lib.rs:577:9
[INFO] [stdout] 
[INFO] [stdout] ---- tests::unix_socket_common_operations stdout ----
[INFO] [stdout] Error: could not connect to socket: No such file or directory (os error 2)
[INFO] [stdout] 
[INFO] [stdout] Caused by:
[INFO] [stdout]     No such file or directory (os error 2)
[INFO] [stdout] 
[INFO] [stdout] Location:
[INFO] [stdout]     src/lib.rs:531:9
[INFO] [stdout] 
[INFO] [stdout] ---- tests::tcp_reload stdout ----
[INFO] [stdout] Error: could not connect to socket: Connection refused (os error 111)
[INFO] [stdout] 
[INFO] [stdout] Caused by:
[INFO] [stdout]     Connection refused (os error 111)
[INFO] [stdout] 
[INFO] [stdout] Location:
[INFO] [stdout]     src/lib.rs:522:9
[INFO] [stdout] 
[INFO] [stdout] ---- tests::tcp_common_operations stdout ----
[INFO] [stdout] Error: could not connect to socket: Connection refused (os error 111)
[INFO] [stdout] 
[INFO] [stdout] Caused by:
[INFO] [stdout]     Connection refused (os error 111)
[INFO] [stdout] 
[INFO] [stdout] Location:
[INFO] [stdout]     src/lib.rs:480:9
[INFO] [stdout] 
[INFO] [stdout] ---- tests::unix_socket_eicar stdout ----
[INFO] [stdout] Error: error sending request for url (https://secure.eicar.org/eicarcom2.zip): error trying to connect: dns error: failed to lookup address information: Temporary failure in name resolution
[INFO] [stdout] 
[INFO] [stdout] Caused by:
[INFO] [stdout]    0: error trying to connect: dns error: failed to lookup address information: Temporary failure in name resolution
[INFO] [stdout]    1: dns error: failed to lookup address information: Temporary failure in name resolution
[INFO] [stdout]    2: failed to lookup address information: Temporary failure in name resolution
[INFO] [stdout] 
[INFO] [stdout] Location:
[INFO] [stdout]     src/lib.rs:555:27
[INFO] [stdout] 
[INFO] [stdout] ---- tests::tcp_eicar stdout ----
[INFO] [stdout] Error: error sending request for url (https://secure.eicar.org/eicarcom2.zip): error trying to connect: dns error: failed to lookup address information: Temporary failure in name resolution
[INFO] [stdout] 
[INFO] [stdout] Caused by:
[INFO] [stdout]    0: error trying to connect: dns error: failed to lookup address information: Temporary failure in name resolution
[INFO] [stdout]    1: dns error: failed to lookup address information: Temporary failure in name resolution
[INFO] [stdout]    2: failed to lookup address information: Temporary failure in name resolution
[INFO] [stdout] 
[INFO] [stdout] Location:
[INFO] [stdout]     src/lib.rs:503:27
[INFO] [stdout] 
[INFO] [stdout] ---- tests::unix_socket_random_bytes stdout ----
[INFO] [stdout] Error: could not connect to socket: No such file or directory (os error 2)
[INFO] [stdout] 
[INFO] [stdout] Caused by:
[INFO] [stdout]     No such file or directory (os error 2)
[INFO] [stdout] 
[INFO] [stdout] Location:
[INFO] [stdout]     src/lib.rs:548:9
[INFO] [stdout] 
[INFO] [stdout] ---- tests::tcp_random_bytes stdout ----
[INFO] [stdout] Error: could not connect to socket: Connection refused (os error 111)
[INFO] [stdout] 
[INFO] [stdout] Caused by:
[INFO] [stdout]     Connection refused (os error 111)
[INFO] [stdout] 
[INFO] [stdout] Location:
[INFO] [stdout]     src/lib.rs:496:9
[INFO] [stdout] 
[INFO] [stdout] 
[INFO] [stdout] failures:
[INFO] [stdout]     tests::tcp_common_operations
[INFO] [stdout]     tests::tcp_eicar
[INFO] [stdout]     tests::tcp_random_bytes
[INFO] [stdout]     tests::tcp_reload
[INFO] [stdout]     tests::unix_socket_common_operations
[INFO] [stdout]     tests::unix_socket_eicar
[INFO] [stdout]     tests::unix_socket_random_bytes
[INFO] [stdout]     tests::unix_socket_reload
[INFO] [stdout] 
[INFO] [stdout] test result: FAILED. 0 passed; 8 failed; 0 ignored; 0 measured; 0 filtered out; finished in 0.35s
[INFO] [stdout] 
[INFO] running `Command { std: "docker" "inspect" "091d344c7d119628d8623d9dc5dca6d7aa1ba8b29379e34e215529dec37e55a8", kill_on_drop: false }`
[INFO] running `Command { std: "docker" "rm" "-f" "091d344c7d119628d8623d9dc5dca6d7aa1ba8b29379e34e215529dec37e55a8", kill_on_drop: false }`
[INFO] [stdout] 091d344c7d119628d8623d9dc5dca6d7aa1ba8b29379e34e215529dec37e55a8
