[INFO] fetching crate civo-rs 0.1.0...
[INFO] testing civo-rs-0.1.0 against 1.69.0 for beta-1.70-1
[INFO] extracting crate civo-rs 0.1.0 into /workspace/builds/worker-4-tc1/source
[INFO] validating manifest of crates.io crate civo-rs 0.1.0 on toolchain 1.69.0
[INFO] running `Command { std: CARGO_HOME="/workspace/cargo-home" RUSTUP_HOME="/workspace/rustup-home" "/workspace/cargo-home/bin/cargo" "+1.69.0" "metadata" "--manifest-path" "Cargo.toml" "--no-deps", kill_on_drop: false }`
[INFO] started tweaking crates.io crate civo-rs 0.1.0
[INFO] finished tweaking crates.io crate civo-rs 0.1.0
[INFO] tweaked toml for crates.io crate civo-rs 0.1.0 written to /workspace/builds/worker-4-tc1/source/Cargo.toml
[INFO] running `Command { std: CARGO_HOME="/workspace/cargo-home" RUSTUP_HOME="/workspace/rustup-home" __CARGO_TEST_CHANNEL_OVERRIDE_DO_NOT_USE_THIS="nightly" "/workspace/cargo-home/bin/cargo" "+1.69.0" "generate-lockfile" "--manifest-path" "Cargo.toml" "-Zno-index-update", kill_on_drop: false }`
[INFO] [stderr]     Blocking waiting for file lock on package cache
[INFO] running `Command { std: CARGO_HOME="/workspace/cargo-home" RUSTUP_HOME="/workspace/rustup-home" "/workspace/cargo-home/bin/cargo" "+1.69.0" "fetch" "--manifest-path" "Cargo.toml", kill_on_drop: false }`
[INFO] [stderr]     Blocking waiting for file lock on package cache
[INFO] [stderr]     Blocking waiting for file lock on package cache
[INFO] running `Command { std: "docker" "create" "-v" "/var/lib/crater-agent-workspace/builds/worker-4-tc1/target:/opt/rustwide/target:rw,Z" "-v" "/var/lib/crater-agent-workspace/builds/worker-4-tc1/source:/opt/rustwide/workdir:ro,Z" "-v" "/var/lib/crater-agent-workspace/cargo-home:/opt/rustwide/cargo-home:ro,Z" "-v" "/var/lib/crater-agent-workspace/rustup-home:/opt/rustwide/rustup-home:ro,Z" "-e" "SOURCE_DIR=/opt/rustwide/workdir" "-e" "CARGO_TARGET_DIR=/opt/rustwide/target" "-e" "CARGO_HOME=/opt/rustwide/cargo-home" "-e" "RUSTUP_HOME=/opt/rustwide/rustup-home" "-w" "/opt/rustwide/workdir" "-m" "1610612736" "--user" "0:0" "--network" "none" "ghcr.io/rust-lang/crates-build-env/linux@sha256:5ff2268d62e97bff2cde7d5815dd6ed5b47097566f13b8d0ca110b04b60e07ed" "/opt/rustwide/cargo-home/bin/cargo" "+1.69.0" "metadata" "--no-deps" "--format-version=1", kill_on_drop: false }`
[INFO] [stdout] a2d1c9e31bb376079c45e6e5575db11beae1b84e5bdf10762e05c8eed18fa251
[INFO] running `Command { std: "docker" "start" "-a" "a2d1c9e31bb376079c45e6e5575db11beae1b84e5bdf10762e05c8eed18fa251", kill_on_drop: false }`
[INFO] running `Command { std: "docker" "inspect" "a2d1c9e31bb376079c45e6e5575db11beae1b84e5bdf10762e05c8eed18fa251", kill_on_drop: false }`
[INFO] running `Command { std: "docker" "rm" "-f" "a2d1c9e31bb376079c45e6e5575db11beae1b84e5bdf10762e05c8eed18fa251", kill_on_drop: false }`
[INFO] [stdout] a2d1c9e31bb376079c45e6e5575db11beae1b84e5bdf10762e05c8eed18fa251
[INFO] running `Command { std: "docker" "create" "-v" "/var/lib/crater-agent-workspace/builds/worker-4-tc1/target:/opt/rustwide/target:rw,Z" "-v" "/var/lib/crater-agent-workspace/builds/worker-4-tc1/source:/opt/rustwide/workdir:ro,Z" "-v" "/var/lib/crater-agent-workspace/cargo-home:/opt/rustwide/cargo-home:ro,Z" "-v" "/var/lib/crater-agent-workspace/rustup-home:/opt/rustwide/rustup-home:ro,Z" "-e" "SOURCE_DIR=/opt/rustwide/workdir" "-e" "CARGO_TARGET_DIR=/opt/rustwide/target" "-e" "CARGO_INCREMENTAL=0" "-e" "RUST_BACKTRACE=full" "-e" "RUSTFLAGS=--cap-lints=warn" "-e" "RUSTDOCFLAGS=--cap-lints=warn" "-e" "CARGO_HOME=/opt/rustwide/cargo-home" "-e" "RUSTUP_HOME=/opt/rustwide/rustup-home" "-w" "/opt/rustwide/workdir" "-m" "1610612736" "--user" "0:0" "--network" "none" "ghcr.io/rust-lang/crates-build-env/linux@sha256:5ff2268d62e97bff2cde7d5815dd6ed5b47097566f13b8d0ca110b04b60e07ed" "/opt/rustwide/cargo-home/bin/cargo" "+1.69.0" "build" "--frozen" "--message-format=json", kill_on_drop: false }`
[INFO] [stdout] ffa4a6273b46575a7a2d878a879523a1bc933f5be347b070bd70b3351d0c631f
[INFO] running `Command { std: "docker" "start" "-a" "ffa4a6273b46575a7a2d878a879523a1bc933f5be347b070bd70b3351d0c631f", kill_on_drop: false }`
[INFO] [stderr]     Blocking waiting for file lock on package cache
[INFO] [stderr]    Compiling tokio v1.28.0
[INFO] [stderr]    Compiling futures-task v0.3.28
[INFO] [stderr]    Compiling futures-util v0.3.28
[INFO] [stderr]    Compiling openssl v0.10.52
[INFO] [stderr]    Compiling openssl-sys v0.9.87
[INFO] [stderr]    Compiling getrandom v0.1.16
[INFO] [stderr]    Compiling futures-channel v0.3.28
[INFO] [stderr]    Compiling native-tls v0.2.11
[INFO] [stderr]    Compiling chrono v0.4.24
[INFO] [stderr]    Compiling rand_core v0.5.1
[INFO] [stderr]    Compiling rand_chacha v0.2.2
[INFO] [stderr]    Compiling rand v0.7.3
[INFO] [stderr]    Compiling tokio-util v0.7.8
[INFO] [stderr]    Compiling tokio-native-tls v0.3.1
[INFO] [stderr]    Compiling h2 v0.3.18
[INFO] [stderr]    Compiling hyper v0.14.26
[INFO] [stderr]    Compiling hyper-tls v0.5.0
[INFO] [stderr]    Compiling reqwest v0.11.17
[INFO] [stderr]    Compiling civo-rs v0.1.0 (/opt/rustwide/workdir)
[INFO] [stdout] warning: type `feature` should have an upper camel case name
[INFO] [stdout]   --> src/region.rs:19:12
[INFO] [stdout]    |
[INFO] [stdout] 19 | pub struct feature {
[INFO] [stdout]    |            ^^^^^^^ help: convert the identifier to upper camel case (notice the capitalization): `Feature`
[INFO] [stdout]    |
[INFO] [stdout]    = note: `#[warn(non_camel_case_types)]` on by default
[INFO] [stdout] 
[INFO] [stdout] 
[INFO] [stdout] warning: unused import: `crate::errors::GenericError`
[INFO] [stdout]  --> src/kubernetes.rs:3:5
[INFO] [stdout]   |
[INFO] [stdout] 3 | use crate::errors::GenericError;
[INFO] [stdout]   |     ^^^^^^^^^^^^^^^^^^^^^^^^^^^
[INFO] [stdout]   |
[INFO] [stdout]   = note: `#[warn(unused_imports)]` on by default
[INFO] [stdout] 
[INFO] [stdout] 
[INFO] [stdout] warning: method `add_region_query` is never used
[INFO] [stdout]   --> src/region.rs:32:8
[INFO] [stdout]    |
[INFO] [stdout] 32 |     fn add_region_query(&self) -> Vec<(&str, String)> {
[INFO] [stdout]    |        ^^^^^^^^^^^^^^^^
[INFO] [stdout]    |
[INFO] [stdout]    = note: `#[warn(dead_code)]` on by default
[INFO] [stdout] 
[INFO] [stdout] 
[INFO] [stdout] warning: structure field `ID` should have a snake case name
[INFO] [stdout]  --> src/network.rs:7:9
[INFO] [stdout]   |
[INFO] [stdout] 7 |     pub ID: String,
[INFO] [stdout]   |         ^^ help: convert the identifier to snake case: `id`
[INFO] [stdout]   |
[INFO] [stdout]   = note: `#[warn(non_snake_case)]` on by default
[INFO] [stdout] 
[INFO] [stdout] 
[INFO] [stdout] warning: structure field `Name` should have a snake case name
[INFO] [stdout]  --> src/network.rs:9:9
[INFO] [stdout]   |
[INFO] [stdout] 9 |     pub Name: String,
[INFO] [stdout]   |         ^^^^ help: convert the identifier to snake case: `name`
[INFO] [stdout] 
[INFO] [stdout] 
[INFO] [stdout] warning: structure field `Default` should have a snake case name
[INFO] [stdout]   --> src/network.rs:11:9
[INFO] [stdout]    |
[INFO] [stdout] 11 |     pub Default: bool,
[INFO] [stdout]    |         ^^^^^^^ help: convert the identifier to snake case: `default`
[INFO] [stdout] 
[INFO] [stdout] 
[INFO] [stdout] warning: structure field `CIDR` should have a snake case name
[INFO] [stdout]   --> src/network.rs:13:9
[INFO] [stdout]    |
[INFO] [stdout] 13 |     pub CIDR: String,
[INFO] [stdout]    |         ^^^^ help: convert the identifier to snake case: `cidr`
[INFO] [stdout] 
[INFO] [stdout] 
[INFO] [stdout] warning: structure field `CIDRV6` should have a snake case name
[INFO] [stdout]   --> src/network.rs:16:9
[INFO] [stdout]    |
[INFO] [stdout] 16 |     pub CIDRV6: String,
[INFO] [stdout]    |         ^^^^^^ help: convert the identifier to snake case: `cidrv6`
[INFO] [stdout] 
[INFO] [stdout] 
[INFO] [stdout] warning: structure field `Label` should have a snake case name
[INFO] [stdout]   --> src/network.rs:18:9
[INFO] [stdout]    |
[INFO] [stdout] 18 |     pub Label: String,
[INFO] [stdout]    |         ^^^^^ help: convert the identifier to snake case: `label`
[INFO] [stdout] 
[INFO] [stdout] 
[INFO] [stdout] warning: structure field `Status` should have a snake case name
[INFO] [stdout]   --> src/network.rs:20:9
[INFO] [stdout]    |
[INFO] [stdout] 20 |     pub Status: String,
[INFO] [stdout]    |         ^^^^^^ help: convert the identifier to snake case (notice the capitalization): `status`
[INFO] [stdout] 
[INFO] [stdout] 
[INFO] [stdout] warning: structure field `IPv4Enabled` should have a snake case name
[INFO] [stdout]   --> src/network.rs:22:9
[INFO] [stdout]    |
[INFO] [stdout] 22 |     pub IPv4Enabled: bool,
[INFO] [stdout]    |         ^^^^^^^^^^^ help: convert the identifier to snake case: `ipv4_enabled`
[INFO] [stdout] 
[INFO] [stdout] 
[INFO] [stdout] warning: structure field `IPv6Enabled` should have a snake case name
[INFO] [stdout]   --> src/network.rs:25:9
[INFO] [stdout]    |
[INFO] [stdout] 25 |     pub IPv6Enabled: bool,
[INFO] [stdout]    |         ^^^^^^^^^^^ help: convert the identifier to snake case: `ipv6_enabled`
[INFO] [stdout] 
[INFO] [stdout] 
[INFO] [stdout] warning: structure field `NameserversV4` should have a snake case name
[INFO] [stdout]   --> src/network.rs:27:9
[INFO] [stdout]    |
[INFO] [stdout] 27 |     pub NameserversV4: Vec<String>,
[INFO] [stdout]    |         ^^^^^^^^^^^^^ help: convert the identifier to snake case: `nameservers_v4`
[INFO] [stdout] 
[INFO] [stdout] 
[INFO] [stdout] warning: structure field `NameserversV6` should have a snake case name
[INFO] [stdout]   --> src/network.rs:30:9
[INFO] [stdout]    |
[INFO] [stdout] 30 |     pub NameserversV6: Vec<String>,
[INFO] [stdout]    |         ^^^^^^^^^^^^^ help: convert the identifier to snake case: `nameservers_v6`
[INFO] [stdout] 
[INFO] [stdout] 
[INFO] [stdout] warning: 14 warnings emitted
[INFO] [stdout] 
[INFO] [stdout] 
[INFO] [stderr]     Finished dev [unoptimized + debuginfo] target(s) in 28.89s
[INFO] running `Command { std: "docker" "inspect" "ffa4a6273b46575a7a2d878a879523a1bc933f5be347b070bd70b3351d0c631f", kill_on_drop: false }`
[INFO] running `Command { std: "docker" "rm" "-f" "ffa4a6273b46575a7a2d878a879523a1bc933f5be347b070bd70b3351d0c631f", kill_on_drop: false }`
[INFO] [stdout] ffa4a6273b46575a7a2d878a879523a1bc933f5be347b070bd70b3351d0c631f
[INFO] running `Command { std: "docker" "create" "-v" "/var/lib/crater-agent-workspace/builds/worker-4-tc1/target:/opt/rustwide/target:rw,Z" "-v" "/var/lib/crater-agent-workspace/builds/worker-4-tc1/source:/opt/rustwide/workdir:ro,Z" "-v" "/var/lib/crater-agent-workspace/cargo-home:/opt/rustwide/cargo-home:ro,Z" "-v" "/var/lib/crater-agent-workspace/rustup-home:/opt/rustwide/rustup-home:ro,Z" "-e" "SOURCE_DIR=/opt/rustwide/workdir" "-e" "CARGO_TARGET_DIR=/opt/rustwide/target" "-e" "CARGO_INCREMENTAL=0" "-e" "RUST_BACKTRACE=full" "-e" "RUSTFLAGS=--cap-lints=warn" "-e" "RUSTDOCFLAGS=--cap-lints=warn" "-e" "CARGO_HOME=/opt/rustwide/cargo-home" "-e" "RUSTUP_HOME=/opt/rustwide/rustup-home" "-w" "/opt/rustwide/workdir" "-m" "1610612736" "--user" "0:0" "--network" "none" "ghcr.io/rust-lang/crates-build-env/linux@sha256:5ff2268d62e97bff2cde7d5815dd6ed5b47097566f13b8d0ca110b04b60e07ed" "/opt/rustwide/cargo-home/bin/cargo" "+1.69.0" "test" "--frozen" "--no-run" "--message-format=json", kill_on_drop: false }`
[INFO] [stdout] 2e0577f65ec6c696293606054a9b42c382377c82810d8bd3e1ec23a56ebfc067
[INFO] running `Command { std: "docker" "start" "-a" "2e0577f65ec6c696293606054a9b42c382377c82810d8bd3e1ec23a56ebfc067", kill_on_drop: false }`
[INFO] [stderr]    Compiling civo-rs v0.1.0 (/opt/rustwide/workdir)
[INFO] [stdout] warning: type `feature` should have an upper camel case name
[INFO] [stdout]   --> src/region.rs:19:12
[INFO] [stdout]    |
[INFO] [stdout] 19 | pub struct feature {
[INFO] [stdout]    |            ^^^^^^^ help: convert the identifier to upper camel case (notice the capitalization): `Feature`
[INFO] [stdout]    |
[INFO] [stdout]    = note: `#[warn(non_camel_case_types)]` on by default
[INFO] [stdout] 
[INFO] [stdout] 
[INFO] [stdout] warning: unused import: `crate::errors::GenericError`
[INFO] [stdout]  --> src/kubernetes.rs:3:5
[INFO] [stdout]   |
[INFO] [stdout] 3 | use crate::errors::GenericError;
[INFO] [stdout]   |     ^^^^^^^^^^^^^^^^^^^^^^^^^^^
[INFO] [stdout]   |
[INFO] [stdout]   = note: `#[warn(unused_imports)]` on by default
[INFO] [stdout] 
[INFO] [stdout] 
[INFO] [stdout] warning: method `add_region_query` is never used
[INFO] [stdout]   --> src/region.rs:32:8
[INFO] [stdout]    |
[INFO] [stdout] 32 |     fn add_region_query(&self) -> Vec<(&str, String)> {
[INFO] [stdout]    |        ^^^^^^^^^^^^^^^^
[INFO] [stdout]    |
[INFO] [stdout]    = note: `#[warn(dead_code)]` on by default
[INFO] [stdout] 
[INFO] [stdout] 
[INFO] [stdout] warning: structure field `ID` should have a snake case name
[INFO] [stdout]  --> src/network.rs:7:9
[INFO] [stdout]   |
[INFO] [stdout] 7 |     pub ID: String,
[INFO] [stdout]   |         ^^ help: convert the identifier to snake case: `id`
[INFO] [stdout]   |
[INFO] [stdout]   = note: `#[warn(non_snake_case)]` on by default
[INFO] [stdout] 
[INFO] [stdout] 
[INFO] [stdout] warning: structure field `Name` should have a snake case name
[INFO] [stdout]  --> src/network.rs:9:9
[INFO] [stdout]   |
[INFO] [stdout] 9 |     pub Name: String,
[INFO] [stdout]   |         ^^^^ help: convert the identifier to snake case: `name`
[INFO] [stdout] 
[INFO] [stdout] 
[INFO] [stdout] warning: structure field `Default` should have a snake case name
[INFO] [stdout]   --> src/network.rs:11:9
[INFO] [stdout]    |
[INFO] [stdout] 11 |     pub Default: bool,
[INFO] [stdout]    |         ^^^^^^^ help: convert the identifier to snake case: `default`
[INFO] [stdout] 
[INFO] [stdout] 
[INFO] [stdout] warning: structure field `CIDR` should have a snake case name
[INFO] [stdout]   --> src/network.rs:13:9
[INFO] [stdout]    |
[INFO] [stdout] 13 |     pub CIDR: String,
[INFO] [stdout]    |         ^^^^ help: convert the identifier to snake case: `cidr`
[INFO] [stdout] 
[INFO] [stdout] 
[INFO] [stdout] warning: structure field `CIDRV6` should have a snake case name
[INFO] [stdout]   --> src/network.rs:16:9
[INFO] [stdout]    |
[INFO] [stdout] 16 |     pub CIDRV6: String,
[INFO] [stdout]    |         ^^^^^^ help: convert the identifier to snake case: `cidrv6`
[INFO] [stdout] 
[INFO] [stdout] 
[INFO] [stdout] warning: structure field `Label` should have a snake case name
[INFO] [stdout]   --> src/network.rs:18:9
[INFO] [stdout]    |
[INFO] [stdout] 18 |     pub Label: String,
[INFO] [stdout]    |         ^^^^^ help: convert the identifier to snake case: `label`
[INFO] [stdout] 
[INFO] [stdout] 
[INFO] [stdout] warning: structure field `Status` should have a snake case name
[INFO] [stdout]   --> src/network.rs:20:9
[INFO] [stdout]    |
[INFO] [stdout] 20 |     pub Status: String,
[INFO] [stdout]    |         ^^^^^^ help: convert the identifier to snake case (notice the capitalization): `status`
[INFO] [stdout] 
[INFO] [stdout] 
[INFO] [stdout] warning: structure field `IPv4Enabled` should have a snake case name
[INFO] [stdout]   --> src/network.rs:22:9
[INFO] [stdout]    |
[INFO] [stdout] 22 |     pub IPv4Enabled: bool,
[INFO] [stdout]    |         ^^^^^^^^^^^ help: convert the identifier to snake case: `ipv4_enabled`
[INFO] [stdout] 
[INFO] [stdout] 
[INFO] [stdout] warning: structure field `IPv6Enabled` should have a snake case name
[INFO] [stdout]   --> src/network.rs:25:9
[INFO] [stdout]    |
[INFO] [stdout] 25 |     pub IPv6Enabled: bool,
[INFO] [stdout]    |         ^^^^^^^^^^^ help: convert the identifier to snake case: `ipv6_enabled`
[INFO] [stdout] 
[INFO] [stdout] 
[INFO] [stdout] warning: structure field `NameserversV4` should have a snake case name
[INFO] [stdout]   --> src/network.rs:27:9
[INFO] [stdout]    |
[INFO] [stdout] 27 |     pub NameserversV4: Vec<String>,
[INFO] [stdout]    |         ^^^^^^^^^^^^^ help: convert the identifier to snake case: `nameservers_v4`
[INFO] [stdout] 
[INFO] [stdout] 
[INFO] [stdout] warning: structure field `NameserversV6` should have a snake case name
[INFO] [stdout]   --> src/network.rs:30:9
[INFO] [stdout]    |
[INFO] [stdout] 30 |     pub NameserversV6: Vec<String>,
[INFO] [stdout]    |         ^^^^^^^^^^^^^ help: convert the identifier to snake case: `nameservers_v6`
[INFO] [stdout] 
[INFO] [stdout] 
[INFO] [stdout] warning: 14 warnings emitted
[INFO] [stdout] 
[INFO] [stdout] 
[INFO] [stdout] warning: type `feature` should have an upper camel case name
[INFO] [stdout]   --> src/region.rs:19:12
[INFO] [stdout]    |
[INFO] [stdout] 19 | pub struct feature {
[INFO] [stdout]    |            ^^^^^^^ help: convert the identifier to upper camel case (notice the capitalization): `Feature`
[INFO] [stdout]    |
[INFO] [stdout]    = note: `#[warn(non_camel_case_types)]` on by default
[INFO] [stdout] 
[INFO] [stdout] 
[INFO] [stdout] warning: unused import: `crate::errors::GenericError`
[INFO] [stdout]  --> src/kubernetes.rs:3:5
[INFO] [stdout]   |
[INFO] [stdout] 3 | use crate::errors::GenericError;
[INFO] [stdout]   |     ^^^^^^^^^^^^^^^^^^^^^^^^^^^
[INFO] [stdout]   |
[INFO] [stdout]   = note: `#[warn(unused_imports)]` on by default
[INFO] [stdout] 
[INFO] [stdout] 
[INFO] [stdout] warning: method `add_region_query` is never used
[INFO] [stdout]   --> src/region.rs:32:8
[INFO] [stdout]    |
[INFO] [stdout] 32 |     fn add_region_query(&self) -> Vec<(&str, String)> {
[INFO] [stdout]    |        ^^^^^^^^^^^^^^^^
[INFO] [stdout]    |
[INFO] [stdout]    = note: `#[warn(dead_code)]` on by default
[INFO] [stdout] 
[INFO] [stdout] 
[INFO] [stdout] warning: structure field `ID` should have a snake case name
[INFO] [stdout]  --> src/network.rs:7:9
[INFO] [stdout]   |
[INFO] [stdout] 7 |     pub ID: String,
[INFO] [stdout]   |         ^^ help: convert the identifier to snake case: `id`
[INFO] [stdout]   |
[INFO] [stdout]   = note: `#[warn(non_snake_case)]` on by default
[INFO] [stdout] 
[INFO] [stdout] 
[INFO] [stdout] warning: structure field `Name` should have a snake case name
[INFO] [stdout]  --> src/network.rs:9:9
[INFO] [stdout]   |
[INFO] [stdout] 9 |     pub Name: String,
[INFO] [stdout]   |         ^^^^ help: convert the identifier to snake case: `name`
[INFO] [stdout] 
[INFO] [stdout] 
[INFO] [stdout] warning: structure field `Default` should have a snake case name
[INFO] [stdout]   --> src/network.rs:11:9
[INFO] [stdout]    |
[INFO] [stdout] 11 |     pub Default: bool,
[INFO] [stdout]    |         ^^^^^^^ help: convert the identifier to snake case: `default`
[INFO] [stdout] 
[INFO] [stdout] 
[INFO] [stdout] warning: structure field `CIDR` should have a snake case name
[INFO] [stdout]   --> src/network.rs:13:9
[INFO] [stdout]    |
[INFO] [stdout] 13 |     pub CIDR: String,
[INFO] [stdout]    |         ^^^^ help: convert the identifier to snake case: `cidr`
[INFO] [stdout] 
[INFO] [stdout] 
[INFO] [stdout] warning: structure field `CIDRV6` should have a snake case name
[INFO] [stdout]   --> src/network.rs:16:9
[INFO] [stdout]    |
[INFO] [stdout] 16 |     pub CIDRV6: String,
[INFO] [stdout]    |         ^^^^^^ help: convert the identifier to snake case: `cidrv6`
[INFO] [stdout] 
[INFO] [stdout] 
[INFO] [stdout] warning: structure field `Label` should have a snake case name
[INFO] [stdout]   --> src/network.rs:18:9
[INFO] [stdout]    |
[INFO] [stdout] 18 |     pub Label: String,
[INFO] [stdout]    |         ^^^^^ help: convert the identifier to snake case: `label`
[INFO] [stdout] 
[INFO] [stdout] 
[INFO] [stdout] warning: structure field `Status` should have a snake case name
[INFO] [stdout]   --> src/network.rs:20:9
[INFO] [stdout]    |
[INFO] [stdout] 20 |     pub Status: String,
[INFO] [stdout]    |         ^^^^^^ help: convert the identifier to snake case (notice the capitalization): `status`
[INFO] [stdout] 
[INFO] [stdout] 
[INFO] [stdout] warning: structure field `IPv4Enabled` should have a snake case name
[INFO] [stdout]   --> src/network.rs:22:9
[INFO] [stdout]    |
[INFO] [stdout] 22 |     pub IPv4Enabled: bool,
[INFO] [stdout]    |         ^^^^^^^^^^^ help: convert the identifier to snake case: `ipv4_enabled`
[INFO] [stdout] 
[INFO] [stdout] 
[INFO] [stdout] warning: structure field `IPv6Enabled` should have a snake case name
[INFO] [stdout]   --> src/network.rs:25:9
[INFO] [stdout]    |
[INFO] [stdout] 25 |     pub IPv6Enabled: bool,
[INFO] [stdout]    |         ^^^^^^^^^^^ help: convert the identifier to snake case: `ipv6_enabled`
[INFO] [stdout] 
[INFO] [stdout] 
[INFO] [stdout] warning: structure field `NameserversV4` should have a snake case name
[INFO] [stdout]   --> src/network.rs:27:9
[INFO] [stdout]    |
[INFO] [stdout] 27 |     pub NameserversV4: Vec<String>,
[INFO] [stdout]    |         ^^^^^^^^^^^^^ help: convert the identifier to snake case: `nameservers_v4`
[INFO] [stdout] 
[INFO] [stdout] 
[INFO] [stdout] warning: structure field `NameserversV6` should have a snake case name
[INFO] [stdout]   --> src/network.rs:30:9
[INFO] [stdout]    |
[INFO] [stdout] 30 |     pub NameserversV6: Vec<String>,
[INFO] [stdout]    |         ^^^^^^^^^^^^^ help: convert the identifier to snake case: `nameservers_v6`
[INFO] [stdout] 
[INFO] [stdout] 
[INFO] [stdout] warning: 14 warnings emitted
[INFO] [stdout] 
[INFO] [stdout] 
[INFO] [stderr]     Finished test [unoptimized + debuginfo] target(s) in 2.14s
[INFO] running `Command { std: "docker" "inspect" "2e0577f65ec6c696293606054a9b42c382377c82810d8bd3e1ec23a56ebfc067", kill_on_drop: false }`
[INFO] running `Command { std: "docker" "rm" "-f" "2e0577f65ec6c696293606054a9b42c382377c82810d8bd3e1ec23a56ebfc067", kill_on_drop: false }`
[INFO] [stdout] 2e0577f65ec6c696293606054a9b42c382377c82810d8bd3e1ec23a56ebfc067
[INFO] running `Command { std: "docker" "create" "-v" "/var/lib/crater-agent-workspace/builds/worker-4-tc1/target:/opt/rustwide/target:rw,Z" "-v" "/var/lib/crater-agent-workspace/builds/worker-4-tc1/source:/opt/rustwide/workdir:ro,Z" "-v" "/var/lib/crater-agent-workspace/cargo-home:/opt/rustwide/cargo-home:ro,Z" "-v" "/var/lib/crater-agent-workspace/rustup-home:/opt/rustwide/rustup-home:ro,Z" "-e" "SOURCE_DIR=/opt/rustwide/workdir" "-e" "CARGO_TARGET_DIR=/opt/rustwide/target" "-e" "CARGO_INCREMENTAL=0" "-e" "RUST_BACKTRACE=full" "-e" "RUSTFLAGS=--cap-lints=warn" "-e" "RUSTDOCFLAGS=--cap-lints=warn" "-e" "CARGO_HOME=/opt/rustwide/cargo-home" "-e" "RUSTUP_HOME=/opt/rustwide/rustup-home" "-w" "/opt/rustwide/workdir" "-m" "1610612736" "--user" "0:0" "--network" "none" "ghcr.io/rust-lang/crates-build-env/linux@sha256:5ff2268d62e97bff2cde7d5815dd6ed5b47097566f13b8d0ca110b04b60e07ed" "/opt/rustwide/cargo-home/bin/cargo" "+1.69.0" "test" "--frozen", kill_on_drop: false }`
[INFO] [stdout] 051cfe89f0d3895639780627f75ec66c226ee85c2730de1395cecbe09f98e3a4
[INFO] running `Command { std: "docker" "start" "-a" "051cfe89f0d3895639780627f75ec66c226ee85c2730de1395cecbe09f98e3a4", kill_on_drop: false }`
[INFO] [stderr] warning: type `feature` should have an upper camel case name
[INFO] [stderr]   --> src/region.rs:19:12
[INFO] [stderr]    |
[INFO] [stderr] 19 | pub struct feature {
[INFO] [stderr]    |            ^^^^^^^ help: convert the identifier to upper camel case (notice the capitalization): `Feature`
[INFO] [stderr]    |
[INFO] [stderr]    = note: `#[warn(non_camel_case_types)]` on by default
[INFO] [stderr] 
[INFO] [stderr] warning: unused import: `crate::errors::GenericError`
[INFO] [stderr]  --> src/kubernetes.rs:3:5
[INFO] [stderr]   |
[INFO] [stderr] 3 | use crate::errors::GenericError;
[INFO] [stderr]   |     ^^^^^^^^^^^^^^^^^^^^^^^^^^^
[INFO] [stderr]   |
[INFO] [stderr]   = note: `#[warn(unused_imports)]` on by default
[INFO] [stderr] 
[INFO] [stderr] warning: method `add_region_query` is never used
[INFO] [stderr]   --> src/region.rs:32:8
[INFO] [stderr]    |
[INFO] [stderr] 32 |     fn add_region_query(&self) -> Vec<(&str, String)> {
[INFO] [stderr]    |        ^^^^^^^^^^^^^^^^
[INFO] [stderr]    |
[INFO] [stderr]    = note: `#[warn(dead_code)]` on by default
[INFO] [stderr] 
[INFO] [stderr] warning: structure field `ID` should have a snake case name
[INFO] [stderr]  --> src/network.rs:7:9
[INFO] [stderr]   |
[INFO] [stderr] 7 |     pub ID: String,
[INFO] [stderr]   |         ^^ help: convert the identifier to snake case: `id`
[INFO] [stderr]   |
[INFO] [stderr]   = note: `#[warn(non_snake_case)]` on by default
[INFO] [stderr] 
[INFO] [stderr] warning: structure field `Name` should have a snake case name
[INFO] [stderr]  --> src/network.rs:9:9
[INFO] [stderr]   |
[INFO] [stderr] 9 |     pub Name: String,
[INFO] [stderr]   |         ^^^^ help: convert the identifier to snake case: `name`
[INFO] [stderr] 
[INFO] [stderr] warning: structure field `Default` should have a snake case name
[INFO] [stderr]   --> src/network.rs:11:9
[INFO] [stderr]    |
[INFO] [stderr] 11 |     pub Default: bool,
[INFO] [stderr]    |         ^^^^^^^ help: convert the identifier to snake case: `default`
[INFO] [stderr] 
[INFO] [stderr] warning: structure field `CIDR` should have a snake case name
[INFO] [stderr]   --> src/network.rs:13:9
[INFO] [stderr]    |
[INFO] [stderr] 13 |     pub CIDR: String,
[INFO] [stderr]    |         ^^^^ help: convert the identifier to snake case: `cidr`
[INFO] [stderr] 
[INFO] [stderr] warning: structure field `CIDRV6` should have a snake case name
[INFO] [stderr]   --> src/network.rs:16:9
[INFO] [stderr]    |
[INFO] [stderr] 16 |     pub CIDRV6: String,
[INFO] [stderr]    |         ^^^^^^ help: convert the identifier to snake case: `cidrv6`
[INFO] [stderr] 
[INFO] [stderr] warning: structure field `Label` should have a snake case name
[INFO] [stderr]   --> src/network.rs:18:9
[INFO] [stderr]    |
[INFO] [stderr] 18 |     pub Label: String,
[INFO] [stderr]    |         ^^^^^ help: convert the identifier to snake case: `label`
[INFO] [stderr] 
[INFO] [stderr] warning: structure field `Status` should have a snake case name
[INFO] [stderr]   --> src/network.rs:20:9
[INFO] [stderr]    |
[INFO] [stderr] 20 |     pub Status: String,
[INFO] [stderr]    |         ^^^^^^ help: convert the identifier to snake case (notice the capitalization): `status`
[INFO] [stderr] 
[INFO] [stderr] warning: structure field `IPv4Enabled` should have a snake case name
[INFO] [stderr]   --> src/network.rs:22:9
[INFO] [stderr]    |
[INFO] [stderr] 22 |     pub IPv4Enabled: bool,
[INFO] [stderr]    |         ^^^^^^^^^^^ help: convert the identifier to snake case: `ipv4_enabled`
[INFO] [stderr] 
[INFO] [stderr] warning: structure field `IPv6Enabled` should have a snake case name
[INFO] [stderr]   --> src/network.rs:25:9
[INFO] [stderr]    |
[INFO] [stderr] 25 |     pub IPv6Enabled: bool,
[INFO] [stderr]    |         ^^^^^^^^^^^ help: convert the identifier to snake case: `ipv6_enabled`
[INFO] [stderr] 
[INFO] [stderr] warning: structure field `NameserversV4` should have a snake case name
[INFO] [stderr]   --> src/network.rs:27:9
[INFO] [stderr]    |
[INFO] [stderr] 27 |     pub NameserversV4: Vec<String>,
[INFO] [stderr]    |         ^^^^^^^^^^^^^ help: convert the identifier to snake case: `nameservers_v4`
[INFO] [stderr] 
[INFO] [stderr] warning: structure field `NameserversV6` should have a snake case name
[INFO] [stderr]   --> src/network.rs:30:9
[INFO] [stderr]    |
[INFO] [stderr] 30 |     pub NameserversV6: Vec<String>,
[INFO] [stderr]    |         ^^^^^^^^^^^^^ help: convert the identifier to snake case: `nameservers_v6`
[INFO] [stderr] 
[INFO] [stderr] warning: `civo-rs` (lib) generated 14 warnings (run `cargo fix --lib -p civo-rs` to apply 1 suggestion)
[INFO] [stderr] warning: `civo-rs` (lib test) generated 14 warnings (14 duplicates)
[INFO] [stderr]     Finished test [unoptimized + debuginfo] target(s) in 0.15s
[INFO] [stderr]      Running unittests src/lib.rs (/opt/rustwide/target/debug/deps/civo_rs-bc76fee81014dde9)
[INFO] [stdout] 
[INFO] [stderr]    Doc-tests civo-rs
[INFO] [stdout] running 0 tests
[INFO] [stdout] 
[INFO] [stdout] test result: ok. 0 passed; 0 failed; 0 ignored; 0 measured; 0 filtered out; finished in 0.00s
[INFO] [stdout] 
[INFO] [stderr] warning: type `feature` should have an upper camel case name
[INFO] [stderr]   --> /opt/rustwide/workdir/src/region.rs:19:12
[INFO] [stderr]    |
[INFO] [stderr] 19 | pub struct feature {
[INFO] [stderr]    |            ^^^^^^^ help: convert the identifier to upper camel case (notice the capitalization): `Feature`
[INFO] [stderr]    |
[INFO] [stderr]    = note: `#[warn(non_camel_case_types)]` on by default
[INFO] [stderr] 
[INFO] [stderr] warning: 1 warning emitted
[INFO] [stderr] 
[INFO] [stdout] 
[INFO] [stdout] running 8 tests
[INFO] [stdout] test src/kubernetes.rs - kubernetes::CivoClient::new_simple_kubernetes_cluster (line 308) ... FAILED
[INFO] [stdout] test src/kubernetes.rs - kubernetes::CivoClient::new_kubernetes_cluster (line 281) ... FAILED
[INFO] [stdout] test src/kubernetes.rs - kubernetes::CivoClient::get_kubernetes_cluster (line 257) ... FAILED
[INFO] [stdout] test src/kubernetes.rs - kubernetes::CivoClient::list_kubernetes_clusters (line 238) ... FAILED
[INFO] [stdout] test src/objectstore.rs - objectstore::CivoClient::create_object_store (line 72) ... FAILED
[INFO] [stdout] test src/kubernetes.rs - kubernetes::CivoClient::get_kubernetes_versions (line 357) ... FAILED
[INFO] [stdout] test src/objectstore.rs - objectstore::CivoClient::list_object_stores (line 53) ... FAILED
[INFO] [stdout] test src/kubernetes.rs - kubernetes::CivoClient::delete_kubernetes_cluster (line 334) ... FAILED
[INFO] [stdout] 
[INFO] [stdout] failures:
[INFO] [stdout] 
[INFO] [stdout] ---- src/kubernetes.rs - kubernetes::CivoClient::new_simple_kubernetes_cluster (line 308) stdout ----
[INFO] [stdout] error: expected identifier, found `...`
[INFO] [stdout]  --> src/kubernetes.rs:310:44
[INFO] [stdout]   |
[INFO] [stdout] 4 | let cluster_config = SimpleClusterConfig { ... };
[INFO] [stdout]   |                      -------------------   ^^^ expected identifier
[INFO] [stdout]   |                      |
[INFO] [stdout]   |                      while parsing this struct
[INFO] [stdout] 
[INFO] [stdout] error[E0425]: cannot find function `new_civo_client` in this scope
[INFO] [stdout]  --> src/kubernetes.rs:309:14
[INFO] [stdout]   |
[INFO] [stdout] 3 | let client = new_civo_client("API_KEY", "REGION");
[INFO] [stdout]   |              ^^^^^^^^^^^^^^^ not found in this scope
[INFO] [stdout]   |
[INFO] [stdout] help: consider importing this function
[INFO] [stdout]   |
[INFO] [stdout] 2 | use civo_rs::client::new_civo_client;
[INFO] [stdout]   |
[INFO] [stdout] 
[INFO] [stdout] error[E0422]: cannot find struct, variant or union type `SimpleClusterConfig` in this scope
[INFO] [stdout]  --> src/kubernetes.rs:310:22
[INFO] [stdout]   |
[INFO] [stdout] 4 | let cluster_config = SimpleClusterConfig { ... };
[INFO] [stdout]   |                      ^^^^^^^^^^^^^^^^^^^ not found in this scope
[INFO] [stdout]   |
[INFO] [stdout] help: consider importing this struct
[INFO] [stdout]   |
[INFO] [stdout] 2 | use civo_rs::kubernetes::SimpleClusterConfig;
[INFO] [stdout]   |
[INFO] [stdout] 
[INFO] [stdout] error[E0728]: `await` is only allowed inside `async` functions and blocks
[INFO] [stdout]  --> src/kubernetes.rs:311:67
[INFO] [stdout]   |
[INFO] [stdout] 2 | fn main() { #[allow(non_snake_case)] fn _doctest_main_src_kubernetes_rs_308_0() {
[INFO] [stdout]   |                                         ------------------------------------- this is not `async`
[INFO] [stdout] ...
[INFO] [stdout] 5 | let cluster = client.new_simple_kubernetes_cluster(cluster_config).await;
[INFO] [stdout]   |                                                                   ^^^^^^ only allowed inside `async` functions and blocks
[INFO] [stdout] 
[INFO] [stdout] error: aborting due to 4 previous errors
[INFO] [stdout] 
[INFO] [stdout] Some errors have detailed explanations: E0422, E0425, E0728.
[INFO] [stdout] For more information about an error, try `rustc --explain E0422`.
[INFO] [stdout] Couldn't compile the test.
[INFO] [stdout] ---- src/kubernetes.rs - kubernetes::CivoClient::new_kubernetes_cluster (line 281) stdout ----
[INFO] [stdout] error: expected identifier, found `...`
[INFO] [stdout]  --> src/kubernetes.rs:283:48
[INFO] [stdout]   |
[INFO] [stdout] 4 | let cluster_config = KubernetesClusterConfig { ... };
[INFO] [stdout]   |                      -----------------------   ^^^ expected identifier
[INFO] [stdout]   |                      |
[INFO] [stdout]   |                      while parsing this struct
[INFO] [stdout] 
[INFO] [stdout] error[E0425]: cannot find function `new_civo_client` in this scope
[INFO] [stdout]  --> src/kubernetes.rs:282:14
[INFO] [stdout]   |
[INFO] [stdout] 3 | let client = new_civo_client("API_KEY", "REGION");
[INFO] [stdout]   |              ^^^^^^^^^^^^^^^ not found in this scope
[INFO] [stdout]   |
[INFO] [stdout] help: consider importing this function
[INFO] [stdout]   |
[INFO] [stdout] 2 | use civo_rs::client::new_civo_client;
[INFO] [stdout]   |
[INFO] [stdout] 
[INFO] [stdout] error[E0422]: cannot find struct, variant or union type `KubernetesClusterConfig` in this scope
[INFO] [stdout]  --> src/kubernetes.rs:283:22
[INFO] [stdout]   |
[INFO] [stdout] 4 | let cluster_config = KubernetesClusterConfig { ... };
[INFO] [stdout]   |                      ^^^^^^^^^^^^^^^^^^^^^^^ not found in this scope
[INFO] [stdout]   |
[INFO] [stdout] help: consider importing this struct
[INFO] [stdout]   |
[INFO] [stdout] 2 | use civo_rs::kubernetes::KubernetesClusterConfig;
[INFO] [stdout]   |
[INFO] [stdout] 
[INFO] [stdout] error[E0728]: `await` is only allowed inside `async` functions and blocks
[INFO] [stdout]  --> src/kubernetes.rs:284:60
[INFO] [stdout]   |
[INFO] [stdout] 2 | fn main() { #[allow(non_snake_case)] fn _doctest_main_src_kubernetes_rs_281_0() {
[INFO] [stdout]   |                                         ------------------------------------- this is not `async`
[INFO] [stdout] ...
[INFO] [stdout] 5 | let cluster = client.new_kubernetes_cluster(cluster_config).await;
[INFO] [stdout]   |                                                            ^^^^^^ only allowed inside `async` functions and blocks
[INFO] [stdout] 
[INFO] [stdout] error: aborting due to 4 previous errors
[INFO] [stdout] 
[INFO] [stdout] Some errors have detailed explanations: E0422, E0425, E0728.
[INFO] [stdout] For more information about an error, try `rustc --explain E0422`.
[INFO] [stdout] Couldn't compile the test.
[INFO] [stdout] ---- src/kubernetes.rs - kubernetes::CivoClient::get_kubernetes_cluster (line 257) stdout ----
[INFO] [stdout] error[E0425]: cannot find function `new_civo_client` in this scope
[INFO] [stdout]  --> src/kubernetes.rs:258:14
[INFO] [stdout]   |
[INFO] [stdout] 3 | let client = new_civo_client("API_KEY", "REGION");
[INFO] [stdout]   |              ^^^^^^^^^^^^^^^ not found in this scope
[INFO] [stdout]   |
[INFO] [stdout] help: consider importing this function
[INFO] [stdout]   |
[INFO] [stdout] 2 | use civo_rs::client::new_civo_client;
[INFO] [stdout]   |
[INFO] [stdout] 
[INFO] [stdout] error[E0728]: `await` is only allowed inside `async` functions and blocks
[INFO] [stdout]  --> src/kubernetes.rs:259:58
[INFO] [stdout]   |
[INFO] [stdout] 2 | fn main() { #[allow(non_snake_case)] fn _doctest_main_src_kubernetes_rs_257_0() {
[INFO] [stdout]   |                                         ------------------------------------- this is not `async`
[INFO] [stdout] 3 | let client = new_civo_client("API_KEY", "REGION");
[INFO] [stdout] 4 | let cluster = client.get_kubernetes_cluster("CLUSTER_ID").await;
[INFO] [stdout]   |                                                          ^^^^^^ only allowed inside `async` functions and blocks
[INFO] [stdout] 
[INFO] [stdout] error: aborting due to 2 previous errors
[INFO] [stdout] 
[INFO] [stdout] Some errors have detailed explanations: E0425, E0728.
[INFO] [stdout] For more information about an error, try `rustc --explain E0425`.
[INFO] [stdout] Couldn't compile the test.
[INFO] [stdout] ---- src/kubernetes.rs - kubernetes::CivoClient::list_kubernetes_clusters (line 238) stdout ----
[INFO] [stdout] error[E0425]: cannot find function `new_civo_client` in this scope
[INFO] [stdout]  --> src/kubernetes.rs:239:14
[INFO] [stdout]   |
[INFO] [stdout] 3 | let client = new_civo_client("API_KEY", "REGION");
[INFO] [stdout]   |              ^^^^^^^^^^^^^^^ not found in this scope
[INFO] [stdout]   |
[INFO] [stdout] help: consider importing this function
[INFO] [stdout]   |
[INFO] [stdout] 2 | use civo_rs::client::new_civo_client;
[INFO] [stdout]   |
[INFO] [stdout] 
[INFO] [stdout] error[E0728]: `await` is only allowed inside `async` functions and blocks
[INFO] [stdout]  --> src/kubernetes.rs:240:49
[INFO] [stdout]   |
[INFO] [stdout] 2 | fn main() { #[allow(non_snake_case)] fn _doctest_main_src_kubernetes_rs_238_0() {
[INFO] [stdout]   |                                         ------------------------------------- this is not `async`
[INFO] [stdout] 3 | let client = new_civo_client("API_KEY", "REGION");
[INFO] [stdout] 4 | let clusters = client.list_kubernetes_clusters().await;
[INFO] [stdout]   |                                                 ^^^^^^ only allowed inside `async` functions and blocks
[INFO] [stdout] 
[INFO] [stdout] error: aborting due to 2 previous errors
[INFO] [stdout] 
[INFO] [stdout] Some errors have detailed explanations: E0425, E0728.
[INFO] [stdout] For more information about an error, try `rustc --explain E0425`.
[INFO] [stdout] Couldn't compile the test.
[INFO] [stdout] ---- src/objectstore.rs - objectstore::CivoClient::create_object_store (line 72) stdout ----
[INFO] [stdout] error[E0425]: cannot find function `new_civo_client` in this scope
[INFO] [stdout]  --> src/objectstore.rs:73:14
[INFO] [stdout]   |
[INFO] [stdout] 3 | let client = new_civo_client("API_KEY", "REGION");
[INFO] [stdout]   |              ^^^^^^^^^^^^^^^ not found in this scope
[INFO] [stdout]   |
[INFO] [stdout] help: consider importing this function
[INFO] [stdout]   |
[INFO] [stdout] 2 | use civo_rs::client::new_civo_client;
[INFO] [stdout]   |
[INFO] [stdout] 
[INFO] [stdout] error[E0422]: cannot find struct, variant or union type `CreateObjectStoreRequest` in this scope
[INFO] [stdout]  --> src/objectstore.rs:74:28
[INFO] [stdout]   |
[INFO] [stdout] 4 | let object_store_request = CreateObjectStoreRequest {
[INFO] [stdout]   |                            ^^^^^^^^^^^^^^^^^^^^^^^^ not found in this scope
[INFO] [stdout]   |
[INFO] [stdout] help: consider importing this struct
[INFO] [stdout]   |
[INFO] [stdout] 2 | use civo_rs::objectstore::CreateObjectStoreRequest;
[INFO] [stdout]   |
[INFO] [stdout] 
[INFO] [stdout] error[E0728]: `await` is only allowed inside `async` functions and blocks
[INFO] [stdout]   --> src/objectstore.rs:80:68
[INFO] [stdout]    |
[INFO] [stdout] 2  | fn main() { #[allow(non_snake_case)] fn _doctest_main_src_objectstore_rs_72_0() {
[INFO] [stdout]    |                                         ------------------------------------- this is not `async`
[INFO] [stdout] ...
[INFO] [stdout] 10 | let object_store = client.create_object_store(object_store_request).await;
[INFO] [stdout]    |                                                                    ^^^^^^ only allowed inside `async` functions and blocks
[INFO] [stdout] 
[INFO] [stdout] error: aborting due to 3 previous errors
[INFO] [stdout] 
[INFO] [stdout] Some errors have detailed explanations: E0422, E0425, E0728.
[INFO] [stdout] For more information about an error, try `rustc --explain E0422`.
[INFO] [stdout] Couldn't compile the test.
[INFO] [stdout] ---- src/kubernetes.rs - kubernetes::CivoClient::get_kubernetes_versions (line 357) stdout ----
[INFO] [stdout] error[E0425]: cannot find function `new_civo_client` in this scope
[INFO] [stdout]  --> src/kubernetes.rs:358:14
[INFO] [stdout]   |
[INFO] [stdout] 3 | let client = new_civo_client("API_KEY", "REGION");
[INFO] [stdout]   |              ^^^^^^^^^^^^^^^ not found in this scope
[INFO] [stdout]   |
[INFO] [stdout] help: consider importing this function
[INFO] [stdout]   |
[INFO] [stdout] 2 | use civo_rs::client::new_civo_client;
[INFO] [stdout]   |
[INFO] [stdout] 
[INFO] [stdout] error[E0728]: `await` is only allowed inside `async` functions and blocks
[INFO] [stdout]  --> src/kubernetes.rs:359:48
[INFO] [stdout]   |
[INFO] [stdout] 2 | fn main() { #[allow(non_snake_case)] fn _doctest_main_src_kubernetes_rs_357_0() {
[INFO] [stdout]   |                                         ------------------------------------- this is not `async`
[INFO] [stdout] 3 | let client = new_civo_client("API_KEY", "REGION");
[INFO] [stdout] 4 | let versions = client.get_kubernetes_versions().await;
[INFO] [stdout]   |                                                ^^^^^^ only allowed inside `async` functions and blocks
[INFO] [stdout] 
[INFO] [stdout] error: aborting due to 2 previous errors
[INFO] [stdout] 
[INFO] [stdout] Some errors have detailed explanations: E0425, E0728.
[INFO] [stdout] For more information about an error, try `rustc --explain E0425`.
[INFO] [stdout] Couldn't compile the test.
[INFO] [stdout] ---- src/objectstore.rs - objectstore::CivoClient::list_object_stores (line 53) stdout ----
[INFO] [stdout] error[E0425]: cannot find function `new_civo_client` in this scope
[INFO] [stdout]  --> src/objectstore.rs:54:14
[INFO] [stdout]   |
[INFO] [stdout] 3 | let client = new_civo_client("API_KEY", "REGION");
[INFO] [stdout]   |              ^^^^^^^^^^^^^^^ not found in this scope
[INFO] [stdout]   |
[INFO] [stdout] help: consider importing this function
[INFO] [stdout]   |
[INFO] [stdout] 2 | use civo_rs::client::new_civo_client;
[INFO] [stdout]   |
[INFO] [stdout] 
[INFO] [stdout] error[E0728]: `await` is only allowed inside `async` functions and blocks
[INFO] [stdout]  --> src/objectstore.rs:55:48
[INFO] [stdout]   |
[INFO] [stdout] 2 | fn main() { #[allow(non_snake_case)] fn _doctest_main_src_objectstore_rs_53_0() {
[INFO] [stdout]   |                                         ------------------------------------- this is not `async`
[INFO] [stdout] 3 | let client = new_civo_client("API_KEY", "REGION");
[INFO] [stdout] 4 | let object_stores = client.list_object_stores().await;
[INFO] [stdout]   |                                                ^^^^^^ only allowed inside `async` functions and blocks
[INFO] [stdout] 
[INFO] [stdout] error: aborting due to 2 previous errors
[INFO] [stdout] 
[INFO] [stdout] Some errors have detailed explanations: E0425, E0728.
[INFO] [stdout] For more information about an error, try `rustc --explain E0425`.
[INFO] [stdout] Couldn't compile the test.
[INFO] [stdout] ---- src/kubernetes.rs - kubernetes::CivoClient::delete_kubernetes_cluster (line 334) stdout ----
[INFO] [stdout] error[E0425]: cannot find function `new_civo_client` in this scope
[INFO] [stdout]  --> src/kubernetes.rs:335:14
[INFO] [stdout]   |
[INFO] [stdout] 3 | let client = new_civo_client("API_KEY", "REGION");
[INFO] [stdout]   |              ^^^^^^^^^^^^^^^ not found in this scope
[INFO] [stdout]   |
[INFO] [stdout] help: consider importing this function
[INFO] [stdout]   |
[INFO] [stdout] 2 | use civo_rs::client::new_civo_client;
[INFO] [stdout]   |
[INFO] [stdout] 
[INFO] [stdout] error[E0728]: `await` is only allowed inside `async` functions and blocks
[INFO] [stdout]  --> src/kubernetes.rs:336:62
[INFO] [stdout]   |
[INFO] [stdout] 2 | fn main() { #[allow(non_snake_case)] fn _doctest_main_src_kubernetes_rs_334_0() {
[INFO] [stdout]   |                                         ------------------------------------- this is not `async`
[INFO] [stdout] 3 | let client = new_civo_client("API_KEY", "REGION");
[INFO] [stdout] 4 | let response = client.delete_kubernetes_cluster("CLUSTER_ID").await;
[INFO] [stdout]   |                                                              ^^^^^^ only allowed inside `async` functions and blocks
[INFO] [stdout] 
[INFO] [stdout] error: aborting due to 2 previous errors
[INFO] [stdout] 
[INFO] [stdout] Some errors have detailed explanations: E0425, E0728.
[INFO] [stdout] For more information about an error, try `rustc --explain E0425`.
[INFO] [stdout] Couldn't compile the test.
[INFO] [stdout] 
[INFO] [stdout] failures:
[INFO] [stdout]     src/kubernetes.rs - kubernetes::CivoClient::delete_kubernetes_cluster (line 334)
[INFO] [stdout]     src/kubernetes.rs - kubernetes::CivoClient::get_kubernetes_cluster (line 257)
[INFO] [stdout]     src/kubernetes.rs - kubernetes::CivoClient::get_kubernetes_versions (line 357)
[INFO] [stdout]     src/kubernetes.rs - kubernetes::CivoClient::list_kubernetes_clusters (line 238)
[INFO] [stdout]     src/kubernetes.rs - kubernetes::CivoClient::new_kubernetes_cluster (line 281)
[INFO] [stdout]     src/kubernetes.rs - kubernetes::CivoClient::new_simple_kubernetes_cluster (line 308)
[INFO] [stdout]     src/objectstore.rs - objectstore::CivoClient::create_object_store (line 72)
[INFO] [stdout]     src/objectstore.rs - objectstore::CivoClient::list_object_stores (line 53)
[INFO] [stdout] 
[INFO] [stdout] test result: FAILED. 0 passed; 8 failed; 0 ignored; 0 measured; 0 filtered out; finished in 0.23s
[INFO] [stdout] 
[INFO] [stderr] error: doctest failed, to rerun pass `--doc`
[INFO] running `Command { std: "docker" "inspect" "051cfe89f0d3895639780627f75ec66c226ee85c2730de1395cecbe09f98e3a4", kill_on_drop: false }`
[INFO] running `Command { std: "docker" "rm" "-f" "051cfe89f0d3895639780627f75ec66c226ee85c2730de1395cecbe09f98e3a4", kill_on_drop: false }`
[INFO] [stdout] 051cfe89f0d3895639780627f75ec66c226ee85c2730de1395cecbe09f98e3a4
