[INFO] fetching crate chrs 0.2.3...
[INFO] testing chrs-0.2.3 against beta-2023-04-20 for beta-1.70-1
[INFO] extracting crate chrs 0.2.3 into /workspace/builds/worker-4-tc2/source
[INFO] validating manifest of crates.io crate chrs 0.2.3 on toolchain beta-2023-04-20
[INFO] running `Command { std: CARGO_HOME="/workspace/cargo-home" RUSTUP_HOME="/workspace/rustup-home" "/workspace/cargo-home/bin/cargo" "+beta-2023-04-20" "metadata" "--manifest-path" "Cargo.toml" "--no-deps", kill_on_drop: false }`
[INFO] started tweaking crates.io crate chrs 0.2.3
[INFO] finished tweaking crates.io crate chrs 0.2.3
[INFO] tweaked toml for crates.io crate chrs 0.2.3 written to /workspace/builds/worker-4-tc2/source/Cargo.toml
[INFO] crate crates.io crate chrs 0.2.3 already has a lockfile, it will not be regenerated
[INFO] running `Command { std: CARGO_HOME="/workspace/cargo-home" RUSTUP_HOME="/workspace/rustup-home" "/workspace/cargo-home/bin/cargo" "+beta-2023-04-20" "fetch" "--manifest-path" "Cargo.toml", kill_on_drop: false }`
[INFO] [stderr]     Updating crates.io index
[INFO] [stderr]  Downloading crates ...
[INFO] [stderr]   Downloaded nb-connect v1.2.0
[INFO] [stderr]   Downloaded match_cfg v0.1.0
[INFO] [stderr]   Downloaded unsafe-libyaml v0.2.5
[INFO] [stderr]   Downloaded block-padding v0.2.1
[INFO] [stderr]   Downloaded zvariant_derive v2.10.0
[INFO] [stderr]   Downloaded async-trait v0.1.64
[INFO] [stderr]   Downloaded rstest_macros v0.16.0
[INFO] [stderr]   Downloaded hostname v0.3.1
[INFO] [stderr]   Downloaded darling_macro v0.14.3
[INFO] [stderr]   Downloaded cxxbridge-flags v1.0.91
[INFO] [stderr]   Downloaded enumflags2_derive v0.6.4
[INFO] [stderr]   Downloaded directories v4.0.1
[INFO] [stderr]   Downloaded cipher v0.3.0
[INFO] [stderr]   Downloaded termtree v0.4.0
[INFO] [stderr]   Downloaded scoped-tls v1.0.1
[INFO] [stderr]   Downloaded confy v0.5.1
[INFO] [stderr]   Downloaded aliri_braid_impl v0.3.1
[INFO] [stderr]   Downloaded aliri_braid v0.3.1
[INFO] [stderr]   Downloaded serde_with_macros v2.2.0
[INFO] [stderr]   Downloaded ipconfig v0.3.1
[INFO] [stderr]   Downloaded resolv-conf v0.7.0
[INFO] [stderr]   Downloaded dialoguer v0.10.3
[INFO] [stderr]   Downloaded darling_core v0.14.3
[INFO] [stderr]   Downloaded cxxbridge-macro v1.0.91
[INFO] [stderr]   Downloaded cxx-build v1.0.91
[INFO] [stderr]   Downloaded serde_with v2.2.0
[INFO] [stderr]   Downloaded cxx v1.0.91
[INFO] [stderr]   Downloaded hkdf v0.11.0
[INFO] [stderr]   Downloaded nix v0.22.3
[INFO] [stderr]   Downloaded time v0.3.18
[INFO] [stderr]   Downloaded aes v0.7.5
[INFO] [stderr]   Downloaded toml_edit v0.18.1
[INFO] [stderr]   Downloaded clap v4.1.6
[INFO] [stderr]   Downloaded serde_yaml v0.9.17
[INFO] [stderr]   Downloaded darling v0.14.3
[INFO] [stderr]   Downloaded zbus v1.9.3
[INFO] [stderr]   Downloaded zvariant v2.10.0
[INFO] [stderr]   Downloaded futures v0.3.26
[INFO] [stderr]   Downloaded secret-service v2.0.2
[INFO] [stderr]   Downloaded keyring v1.2.1
[INFO] [stderr]   Downloaded rstest v0.16.0
[INFO] [stderr]   Downloaded fs-err v2.9.0
[INFO] [stderr]   Downloaded shrinkwraprs v0.3.0
[INFO] [stderr]   Downloaded block-modes v0.8.1
[INFO] [stderr]   Downloaded serde_repr v0.1.10
[INFO] [stderr]   Downloaded enumflags2 v0.6.4
[INFO] [stderr]   Downloaded proc-macro-crate v1.3.0
[INFO] [stderr]   Downloaded futures-executor v0.3.26
[INFO] [stderr]   Downloaded zbus_macros v1.9.3
[INFO] [stderr]   Downloaded futures-macro v0.3.26
[INFO] [stderr]   Downloaded chris v0.3.4
[INFO] running `Command { std: "docker" "create" "-v" "/var/lib/crater-agent-workspace/builds/worker-4-tc2/target:/opt/rustwide/target:rw,Z" "-v" "/var/lib/crater-agent-workspace/builds/worker-4-tc2/source:/opt/rustwide/workdir:ro,Z" "-v" "/var/lib/crater-agent-workspace/cargo-home:/opt/rustwide/cargo-home:ro,Z" "-v" "/var/lib/crater-agent-workspace/rustup-home:/opt/rustwide/rustup-home:ro,Z" "-e" "SOURCE_DIR=/opt/rustwide/workdir" "-e" "CARGO_TARGET_DIR=/opt/rustwide/target" "-e" "CARGO_HOME=/opt/rustwide/cargo-home" "-e" "RUSTUP_HOME=/opt/rustwide/rustup-home" "-w" "/opt/rustwide/workdir" "-m" "1610612736" "--user" "0:0" "--network" "none" "ghcr.io/rust-lang/crates-build-env/linux@sha256:5ff2268d62e97bff2cde7d5815dd6ed5b47097566f13b8d0ca110b04b60e07ed" "/opt/rustwide/cargo-home/bin/cargo" "+beta-2023-04-20" "metadata" "--no-deps" "--format-version=1", kill_on_drop: false }`
[INFO] [stdout] dcb93f18787fbca31d2f07d2a3eee3e3d203e487475dfbc0bb9b481089fcd5a9
[INFO] running `Command { std: "docker" "start" "-a" "dcb93f18787fbca31d2f07d2a3eee3e3d203e487475dfbc0bb9b481089fcd5a9", kill_on_drop: false }`
[INFO] running `Command { std: "docker" "inspect" "dcb93f18787fbca31d2f07d2a3eee3e3d203e487475dfbc0bb9b481089fcd5a9", kill_on_drop: false }`
[INFO] running `Command { std: "docker" "rm" "-f" "dcb93f18787fbca31d2f07d2a3eee3e3d203e487475dfbc0bb9b481089fcd5a9", kill_on_drop: false }`
[INFO] [stdout] dcb93f18787fbca31d2f07d2a3eee3e3d203e487475dfbc0bb9b481089fcd5a9
[INFO] running `Command { std: "docker" "create" "-v" "/var/lib/crater-agent-workspace/builds/worker-4-tc2/target:/opt/rustwide/target:rw,Z" "-v" "/var/lib/crater-agent-workspace/builds/worker-4-tc2/source:/opt/rustwide/workdir:ro,Z" "-v" "/var/lib/crater-agent-workspace/cargo-home:/opt/rustwide/cargo-home:ro,Z" "-v" "/var/lib/crater-agent-workspace/rustup-home:/opt/rustwide/rustup-home:ro,Z" "-e" "SOURCE_DIR=/opt/rustwide/workdir" "-e" "CARGO_TARGET_DIR=/opt/rustwide/target" "-e" "CARGO_INCREMENTAL=0" "-e" "RUST_BACKTRACE=full" "-e" "RUSTFLAGS=--cap-lints=warn" "-e" "RUSTDOCFLAGS=--cap-lints=warn" "-e" "CARGO_HOME=/opt/rustwide/cargo-home" "-e" "RUSTUP_HOME=/opt/rustwide/rustup-home" "-w" "/opt/rustwide/workdir" "-m" "1610612736" "--user" "0:0" "--network" "none" "ghcr.io/rust-lang/crates-build-env/linux@sha256:5ff2268d62e97bff2cde7d5815dd6ed5b47097566f13b8d0ca110b04b60e07ed" "/opt/rustwide/cargo-home/bin/cargo" "+beta-2023-04-20" "build" "--frozen" "--message-format=json", kill_on_drop: false }`
[INFO] [stdout] d100d619b2e4e5c67b282fcc5abd42d3214a6a4d04bc59178ed7b9f102eee39d
[INFO] running `Command { std: "docker" "start" "-a" "d100d619b2e4e5c67b282fcc5abd42d3214a6a4d04bc59178ed7b9f102eee39d", kill_on_drop: false }`
[INFO] [stderr]    Compiling proc-macro2 v1.0.51
[INFO] [stderr]    Compiling once_cell v1.17.1
[INFO] [stderr]    Compiling pin-project-lite v0.2.9
[INFO] [stderr]    Compiling futures-core v0.3.26
[INFO] [stderr]    Compiling slab v0.4.7
[INFO] [stderr]    Compiling futures-io v0.3.26
[INFO] [stderr]    Compiling syn v1.0.107
[INFO] [stderr]    Compiling indexmap v1.9.2
[INFO] [stderr]    Compiling futures-sink v0.3.26
[INFO] [stderr]    Compiling futures-channel v0.3.26
[INFO] [stderr]    Compiling futures-task v0.3.26
[INFO] [stderr]    Compiling lock_api v0.4.9
[INFO] [stderr]    Compiling futures-util v0.3.26
[INFO] [stderr]    Compiling socket2 v0.4.7
[INFO] [stderr]    Compiling parking_lot_core v0.9.7
[INFO] [stderr]    Compiling ring v0.16.20
[INFO] [stderr]    Compiling generic-array v0.14.6
[INFO] [stderr]    Compiling pin-utils v0.1.0
[INFO] [stderr]    Compiling bytes v1.4.0
[INFO] [stderr]    Compiling tokio v1.25.0
[INFO] [stderr]    Compiling mio v0.8.6
[INFO] [stderr]    Compiling signal-hook-registry v1.4.1
[INFO] [stderr]    Compiling num_cpus v1.15.0
[INFO] [stderr]    Compiling spin v0.5.2
[INFO] [stderr]    Compiling untrusted v0.7.1
[INFO] [stderr]    Compiling num-traits v0.2.15
[INFO] [stderr]    Compiling tracing-core v0.1.30
[INFO] [stderr]    Compiling tinyvec_macros v0.1.1
[INFO] [stderr]    Compiling getrandom v0.2.8
[INFO] [stderr]    Compiling num-integer v0.1.45
[INFO] [stderr]    Compiling parking_lot v0.12.1
[INFO] [stderr]    Compiling tinyvec v1.6.0
[INFO] [stderr]    Compiling rustls v0.20.8
[INFO] [stderr]    Compiling nom8 v0.2.0
[INFO] [stderr]    Compiling rand_core v0.6.4
[INFO] [stderr]    Compiling unicase v2.6.0
[INFO] [stderr]    Compiling quote v1.0.23
[INFO] [stderr]    Compiling ppv-lite86 v0.2.17
[INFO] [stderr]    Compiling unicode-bidi v0.3.10
[INFO] [stderr]    Compiling crossbeam-utils v0.8.14
[INFO] [stderr]    Compiling toml_datetime v0.5.1
[INFO] [stderr]    Compiling http v0.2.8
[INFO] [stderr]    Compiling num-bigint v0.4.3
[INFO] [stderr]    Compiling rand_chacha v0.3.1
[INFO] [stderr]    Compiling memoffset v0.6.5
[INFO] [stderr]    Compiling polling v2.5.2
[INFO] [stderr]    Compiling ident_case v1.0.1
[INFO] [stderr]    Compiling parking v2.0.0
[INFO] [stderr]    Compiling heck v0.4.1
[INFO] [stderr]    Compiling waker-fn v1.1.0
[INFO] [stderr]    Compiling httparse v1.8.0
[INFO] [stderr]    Compiling rand v0.8.5
[INFO] [stderr]    Compiling futures-lite v1.12.0
[INFO] [stderr]    Compiling unicode-normalization v0.1.22
[INFO] [stderr]    Compiling digest v0.9.0
[INFO] [stderr]    Compiling num-iter v0.1.43
[INFO] [stderr]    Compiling async-io v1.12.0
[INFO] [stderr]    Compiling num-rational v0.4.1
[INFO] [stderr]    Compiling event-listener v2.5.3
[INFO] [stderr]    Compiling base64 v0.21.0
[INFO] [stderr]    Compiling try-lock v0.2.4
[INFO] [stderr]    Compiling async-trait v0.1.64
[INFO] [stderr]    Compiling idna v0.3.0
[INFO] [stderr]    Compiling subtle v2.4.1
[INFO] [stderr]    Compiling io-lifetimes v1.0.5
[INFO] [stderr]    Compiling serde_json v1.0.93
[INFO] [stderr]    Compiling crypto-mac v0.11.1
[INFO] [stderr]    Compiling rustls-pemfile v1.0.2
[INFO] [stderr]    Compiling async-lock v2.6.0
[INFO] [stderr]    Compiling want v0.3.0
[INFO] [stderr]    Compiling mime_guess v2.0.4
[INFO] [stderr]    Compiling concurrent-queue v2.1.0
[INFO] [stderr]    Compiling http-body v0.4.5
[INFO] [stderr]    Compiling cipher v0.3.0
[INFO] [stderr]    Compiling rustix v0.36.8
[INFO] [stderr]    Compiling url v2.3.1
[INFO] [stderr]    Compiling tower-service v0.3.2
[INFO] [stderr]    Compiling matches v0.1.10
[INFO] [stderr]    Compiling ipnet v2.7.1
[INFO] [stderr]    Compiling opaque-debug v0.3.0
[INFO] [stderr]    Compiling httpdate v1.0.2
[INFO] [stderr]    Compiling either v1.8.1
[INFO] [stderr]    Compiling cpufeatures v0.2.5
[INFO] [stderr]    Compiling match_cfg v0.1.0
[INFO] [stderr]    Compiling idna v0.2.3
[INFO] [stderr]    Compiling console v0.15.5
[INFO] [stderr]    Compiling hostname v0.3.1
[INFO] [stderr]    Compiling nix v0.22.3
[INFO] [stderr]    Compiling proc-macro-error-attr v1.0.4
[INFO] [stderr]    Compiling hmac v0.11.0
[INFO] [stderr]    Compiling num-complex v0.4.3
[INFO] [stderr]    Compiling block-buffer v0.9.0
[INFO] [stderr]    Compiling nb-connect v1.2.0
[INFO] [stderr]    Compiling toml_edit v0.18.1
[INFO] [stderr]    Compiling mime v0.3.16
[INFO] [stderr]    Compiling scoped-tls v1.0.1
[INFO] [stderr]    Compiling quick-error v1.2.3
[INFO] [stderr]    Compiling data-encoding v2.3.3
[INFO] [stderr]    Compiling portable-atomic v0.3.19
[INFO] [stderr]    Compiling block-padding v0.2.1
[INFO] [stderr]    Compiling block-modes v0.8.1
[INFO] [stderr]    Compiling lru-cache v0.1.2
[INFO] [stderr]    Compiling webpki v0.22.0
[INFO] [stderr]    Compiling sct v0.7.0
[INFO] [stderr]    Compiling resolv-conf v0.7.0
[INFO] [stderr]    Compiling sha2 v0.9.9
[INFO] [stderr]    Compiling webpki-roots v0.22.6
[INFO] [stderr]    Compiling hkdf v0.11.0
[INFO] [stderr]    Compiling itertools v0.8.2
[INFO] [stderr]    Compiling aes v0.7.5
[INFO] [stderr]    Compiling dirs-sys v0.3.7
[INFO] [stderr]    Compiling num v0.4.0
[INFO] [stderr]    Compiling encoding_rs v0.8.32
[INFO] [stderr]    Compiling anyhow v1.0.69
[INFO] [stderr]    Compiling tempfile v3.3.0
[INFO] [stderr]    Compiling clap_lex v0.3.1
[INFO] [stderr]    Compiling proc-macro-crate v1.3.0
[INFO] [stderr]    Compiling directories v4.0.1
[INFO] [stderr]    Compiling darling_core v0.14.3
[INFO] [stderr]    Compiling proc-macro-error v1.0.4
[INFO] [stderr]    Compiling is-terminal v0.4.3
[INFO] [stderr]    Compiling itertools v0.10.5
[INFO] [stderr]    Compiling number_prefix v0.4.0
[INFO] [stderr]    Compiling zeroize v1.5.7
[INFO] [stderr]    Compiling unsafe-libyaml v0.2.5
[INFO] [stderr]    Compiling shell-words v1.1.0
[INFO] [stderr]    Compiling termtree v0.4.0
[INFO] [stderr]    Compiling dialoguer v0.10.3
[INFO] [stderr]    Compiling indicatif v0.17.3
[INFO] [stderr]    Compiling serde_derive v1.0.152
[INFO] [stderr]    Compiling futures-macro v0.3.26
[INFO] [stderr]    Compiling tokio-macros v1.8.2
[INFO] [stderr]    Compiling tracing-attributes v0.1.23
[INFO] [stderr]    Compiling enumflags2_derive v0.6.4
[INFO] [stderr]    Compiling thiserror-impl v1.0.38
[INFO] [stderr]    Compiling zvariant_derive v2.10.0
[INFO] [stderr]    Compiling enum-as-inner v0.5.1
[INFO] [stderr]    Compiling serde_repr v0.1.10
[INFO] [stderr]    Compiling derivative v2.2.0
[INFO] [stderr]    Compiling async-stream-impl v0.3.3
[INFO] [stderr]    Compiling aliri_braid_impl v0.3.1
[INFO] [stderr]    Compiling shrinkwraprs v0.3.0
[INFO] [stderr]    Compiling clap_derive v4.1.0
[INFO] [stderr]    Compiling darling_macro v0.14.3
[INFO] [stderr]    Compiling async-recursion v1.0.2
[INFO] [stderr]    Compiling async-stream v0.3.3
[INFO] [stderr]    Compiling thiserror v1.0.38
[INFO] [stderr]    Compiling darling v0.14.3
[INFO] [stderr]    Compiling serde_with_macros v2.2.0
[INFO] [stderr]    Compiling tracing v0.1.37
[INFO] [stderr]    Compiling aliri_braid v0.3.1
[INFO] [stderr]    Compiling clap v4.1.6
[INFO] [stderr]    Compiling serde v1.0.152
[INFO] [stderr]    Compiling futures-executor v0.3.26
[INFO] [stderr]    Compiling futures v0.3.26
[INFO] [stderr]    Compiling tokio-util v0.7.7
[INFO] [stderr]    Compiling tokio-rustls v0.23.4
[INFO] [stderr]    Compiling fs-err v2.9.0
[INFO] [stderr]    Compiling trust-dns-proto v0.22.0
[INFO] [stderr]    Compiling h2 v0.3.15
[INFO] [stderr]    Compiling toml v0.5.11
[INFO] [stderr]    Compiling enumflags2 v0.6.4
[INFO] [stderr]    Compiling serde_urlencoded v0.7.1
[INFO] [stderr]    Compiling serde_yaml v0.9.17
[INFO] [stderr]    Compiling zvariant v2.10.0
[INFO] [stderr]    Compiling serde_with v2.2.0
[INFO] [stderr]    Compiling trust-dns-resolver v0.22.0
[INFO] [stderr]    Compiling proc-macro-crate v0.1.5
[INFO] [stderr]    Compiling confy v0.5.1
[INFO] [stderr]    Compiling hyper v0.14.24
[INFO] [stderr]    Compiling zbus_macros v1.9.3
[INFO] [stderr]    Compiling zbus v1.9.3
[INFO] [stderr]    Compiling hyper-rustls v0.23.2
[INFO] [stderr]    Compiling reqwest v0.11.14
[INFO] [stderr]    Compiling secret-service v2.0.2
[INFO] [stderr]    Compiling keyring v1.2.1
[INFO] [stderr]    Compiling chris v0.3.4
[INFO] [stderr]    Compiling chrs v0.2.3 (/opt/rustwide/workdir)
[INFO] [stdout] warning: unused variable: `base_url`
[INFO] [stdout]   --> src/files/fname_util.rs:55:26
[INFO] [stdout]    |
[INFO] [stdout] 55 |     pub fn to_url(&self, base_url: &CUBEApiUrl) {
[INFO] [stdout]    |                          ^^^^^^^^ help: if this is intentional, prefix it with an underscore: `_base_url`
[INFO] [stdout]    |
[INFO] [stdout]    = note: `#[warn(unused_variables)]` on by default
[INFO] [stdout] 
[INFO] [stdout] 
[INFO] [stdout] warning: unused variable: `ufn`
[INFO] [stdout]   --> src/files/fname_util.rs:75:36
[INFO] [stdout]    |
[INFO] [stdout] 75 |     pub fn canonicalize(&mut self, ufn: UnionFnameLike) -> FnameLike {
[INFO] [stdout]    |                                    ^^^ help: if this is intentional, prefix it with an underscore: `_ufn`
[INFO] [stdout] 
[INFO] [stdout] 
[INFO] [stdout] warning: unused variable: `rest`
[INFO] [stdout]    --> src/files/fname_util.rs:489:32
[INFO] [stdout]     |
[INFO] [stdout] 489 |         .filter(|(root_folder, rest)| *root_folder != "SERVICES")
[INFO] [stdout]     |                                ^^^^ help: if this is intentional, prefix it with an underscore: `_rest`
[INFO] [stdout] 
[INFO] [stdout] 
[INFO] [stdout] warning: method `canonicalize` is never used
[INFO] [stdout]   --> src/files/fname_util.rs:75:12
[INFO] [stdout]    |
[INFO] [stdout] 65 | impl MaybeNamer {
[INFO] [stdout]    | --------------- method in this implementation
[INFO] [stdout] ...
[INFO] [stdout] 75 |     pub fn canonicalize(&mut self, ufn: UnionFnameLike) -> FnameLike {
[INFO] [stdout]    |            ^^^^^^^^^^^^
[INFO] [stdout]    |
[INFO] [stdout]    = note: `#[warn(dead_code)]` on by default
[INFO] [stdout] 
[INFO] [stdout] 
[INFO] [stdout] warning: 4 warnings emitted
[INFO] [stdout] 
[INFO] [stdout] 
[INFO] [stderr]     Finished dev [unoptimized + debuginfo] target(s) in 49.65s
[INFO] running `Command { std: "docker" "inspect" "d100d619b2e4e5c67b282fcc5abd42d3214a6a4d04bc59178ed7b9f102eee39d", kill_on_drop: false }`
[INFO] running `Command { std: "docker" "rm" "-f" "d100d619b2e4e5c67b282fcc5abd42d3214a6a4d04bc59178ed7b9f102eee39d", kill_on_drop: false }`
[INFO] [stdout] d100d619b2e4e5c67b282fcc5abd42d3214a6a4d04bc59178ed7b9f102eee39d
[INFO] running `Command { std: "docker" "create" "-v" "/var/lib/crater-agent-workspace/builds/worker-4-tc2/target:/opt/rustwide/target:rw,Z" "-v" "/var/lib/crater-agent-workspace/builds/worker-4-tc2/source:/opt/rustwide/workdir:ro,Z" "-v" "/var/lib/crater-agent-workspace/cargo-home:/opt/rustwide/cargo-home:ro,Z" "-v" "/var/lib/crater-agent-workspace/rustup-home:/opt/rustwide/rustup-home:ro,Z" "-e" "SOURCE_DIR=/opt/rustwide/workdir" "-e" "CARGO_TARGET_DIR=/opt/rustwide/target" "-e" "CARGO_INCREMENTAL=0" "-e" "RUST_BACKTRACE=full" "-e" "RUSTFLAGS=--cap-lints=warn" "-e" "RUSTDOCFLAGS=--cap-lints=warn" "-e" "CARGO_HOME=/opt/rustwide/cargo-home" "-e" "RUSTUP_HOME=/opt/rustwide/rustup-home" "-w" "/opt/rustwide/workdir" "-m" "1610612736" "--user" "0:0" "--network" "none" "ghcr.io/rust-lang/crates-build-env/linux@sha256:5ff2268d62e97bff2cde7d5815dd6ed5b47097566f13b8d0ca110b04b60e07ed" "/opt/rustwide/cargo-home/bin/cargo" "+beta-2023-04-20" "test" "--frozen" "--no-run" "--message-format=json", kill_on_drop: false }`
[INFO] [stdout] 5053ba6a1d04c4c784b93f3b0d731e356895ed6dd96a6bd382a153878c597fe4
[INFO] running `Command { std: "docker" "start" "-a" "5053ba6a1d04c4c784b93f3b0d731e356895ed6dd96a6bd382a153878c597fe4", kill_on_drop: false }`
[INFO] [stderr]    Compiling semver v1.0.16
[INFO] [stderr]    Compiling futures-timer v3.0.2
[INFO] [stderr]    Compiling rustc_version v0.4.0
[INFO] [stderr]    Compiling rstest_macros v0.16.0
[INFO] [stderr]    Compiling rstest v0.16.0
[INFO] [stderr]    Compiling chrs v0.2.3 (/opt/rustwide/workdir)
[INFO] [stdout] warning: unused import: `PluginParameterUrl`
[INFO] [stdout]    --> src/plugin.rs:237:44
[INFO] [stdout]     |
[INFO] [stdout] 237 |     use chris::models::{PluginParameterId, PluginParameterUrl};
[INFO] [stdout]     |                                            ^^^^^^^^^^^^^^^^^^
[INFO] [stdout]     |
[INFO] [stdout]     = note: `#[warn(unused_imports)]` on by default
[INFO] [stdout] 
[INFO] [stdout] 
[INFO] [stdout] warning: unused variable: `base_url`
[INFO] [stdout]   --> src/files/fname_util.rs:55:26
[INFO] [stdout]    |
[INFO] [stdout] 55 |     pub fn to_url(&self, base_url: &CUBEApiUrl) {
[INFO] [stdout]    |                          ^^^^^^^^ help: if this is intentional, prefix it with an underscore: `_base_url`
[INFO] [stdout]    |
[INFO] [stdout]    = note: `#[warn(unused_variables)]` on by default
[INFO] [stdout] 
[INFO] [stdout] 
[INFO] [stdout] warning: unused variable: `ufn`
[INFO] [stdout]   --> src/files/fname_util.rs:75:36
[INFO] [stdout]    |
[INFO] [stdout] 75 |     pub fn canonicalize(&mut self, ufn: UnionFnameLike) -> FnameLike {
[INFO] [stdout]    |                                    ^^^ help: if this is intentional, prefix it with an underscore: `_ufn`
[INFO] [stdout] 
[INFO] [stdout] 
[INFO] [stdout] warning: unused variable: `rest`
[INFO] [stdout]    --> src/files/fname_util.rs:489:32
[INFO] [stdout]     |
[INFO] [stdout] 489 |         .filter(|(root_folder, rest)| *root_folder != "SERVICES")
[INFO] [stdout]     |                                ^^^^ help: if this is intentional, prefix it with an underscore: `_rest`
[INFO] [stdout] 
[INFO] [stdout] 
[INFO] [stdout] warning: variable does not need to be mutable
[INFO] [stdout]    --> src/plugin.rs:326:43
[INFO] [stdout]     |
[INFO] [stdout] 326 |     fn test_parse_args_not_optional_param(mut command: Command, params: &[PluginParameter]) {
[INFO] [stdout]     |                                           ----^^^^^^^
[INFO] [stdout]     |                                           |
[INFO] [stdout]     |                                           help: remove this `mut`
[INFO] [stdout]     |
[INFO] [stdout]     = note: `#[warn(unused_mut)]` on by default
[INFO] [stdout] 
[INFO] [stdout] 
[INFO] [stdout] warning: method `canonicalize` is never used
[INFO] [stdout]   --> src/files/fname_util.rs:75:12
[INFO] [stdout]    |
[INFO] [stdout] 65 | impl MaybeNamer {
[INFO] [stdout]    | --------------- method in this implementation
[INFO] [stdout] ...
[INFO] [stdout] 75 |     pub fn canonicalize(&mut self, ufn: UnionFnameLike) -> FnameLike {
[INFO] [stdout]    |            ^^^^^^^^^^^^
[INFO] [stdout]    |
[INFO] [stdout]    = note: `#[warn(dead_code)]` on by default
[INFO] [stdout] 
[INFO] [stdout] 
[INFO] [stdout] warning: 6 warnings emitted
[INFO] [stdout] 
[INFO] [stdout] 
[INFO] [stderr]     Finished test [unoptimized + debuginfo] target(s) in 12.60s
[INFO] running `Command { std: "docker" "inspect" "5053ba6a1d04c4c784b93f3b0d731e356895ed6dd96a6bd382a153878c597fe4", kill_on_drop: false }`
[INFO] running `Command { std: "docker" "rm" "-f" "5053ba6a1d04c4c784b93f3b0d731e356895ed6dd96a6bd382a153878c597fe4", kill_on_drop: false }`
[INFO] [stdout] 5053ba6a1d04c4c784b93f3b0d731e356895ed6dd96a6bd382a153878c597fe4
[INFO] running `Command { std: "docker" "create" "-v" "/var/lib/crater-agent-workspace/builds/worker-4-tc2/target:/opt/rustwide/target:rw,Z" "-v" "/var/lib/crater-agent-workspace/builds/worker-4-tc2/source:/opt/rustwide/workdir:ro,Z" "-v" "/var/lib/crater-agent-workspace/cargo-home:/opt/rustwide/cargo-home:ro,Z" "-v" "/var/lib/crater-agent-workspace/rustup-home:/opt/rustwide/rustup-home:ro,Z" "-e" "SOURCE_DIR=/opt/rustwide/workdir" "-e" "CARGO_TARGET_DIR=/opt/rustwide/target" "-e" "CARGO_INCREMENTAL=0" "-e" "RUST_BACKTRACE=full" "-e" "RUSTFLAGS=--cap-lints=warn" "-e" "RUSTDOCFLAGS=--cap-lints=warn" "-e" "CARGO_HOME=/opt/rustwide/cargo-home" "-e" "RUSTUP_HOME=/opt/rustwide/rustup-home" "-w" "/opt/rustwide/workdir" "-m" "1610612736" "--user" "0:0" "--network" "none" "ghcr.io/rust-lang/crates-build-env/linux@sha256:5ff2268d62e97bff2cde7d5815dd6ed5b47097566f13b8d0ca110b04b60e07ed" "/opt/rustwide/cargo-home/bin/cargo" "+beta-2023-04-20" "test" "--frozen", kill_on_drop: false }`
[INFO] [stdout] 4e68c636362cc0f73935c4f49049e8181ac3bb7f2a70bd51f4aea5041c19e385
[INFO] running `Command { std: "docker" "start" "-a" "4e68c636362cc0f73935c4f49049e8181ac3bb7f2a70bd51f4aea5041c19e385", kill_on_drop: false }`
[INFO] [stderr]     Blocking waiting for file lock on package cache
[INFO] [stderr]     Blocking waiting for file lock on package cache
[INFO] [stderr] warning: unused import: `PluginParameterUrl`
[INFO] [stderr]    --> src/plugin.rs:237:44
[INFO] [stderr]     |
[INFO] [stderr] 237 |     use chris::models::{PluginParameterId, PluginParameterUrl};
[INFO] [stderr]     |                                            ^^^^^^^^^^^^^^^^^^
[INFO] [stderr]     |
[INFO] [stderr]     = note: `#[warn(unused_imports)]` on by default
[INFO] [stderr] 
[INFO] [stderr] warning: unused variable: `base_url`
[INFO] [stderr]   --> src/files/fname_util.rs:55:26
[INFO] [stderr]    |
[INFO] [stderr] 55 |     pub fn to_url(&self, base_url: &CUBEApiUrl) {
[INFO] [stderr]    |                          ^^^^^^^^ help: if this is intentional, prefix it with an underscore: `_base_url`
[INFO] [stderr]    |
[INFO] [stderr]    = note: `#[warn(unused_variables)]` on by default
[INFO] [stderr] 
[INFO] [stderr] warning: unused variable: `ufn`
[INFO] [stderr]   --> src/files/fname_util.rs:75:36
[INFO] [stderr]    |
[INFO] [stderr] 75 |     pub fn canonicalize(&mut self, ufn: UnionFnameLike) -> FnameLike {
[INFO] [stderr]    |                                    ^^^ help: if this is intentional, prefix it with an underscore: `_ufn`
[INFO] [stderr] 
[INFO] [stderr] warning: unused variable: `rest`
[INFO] [stderr]    --> src/files/fname_util.rs:489:32
[INFO] [stderr]     |
[INFO] [stderr] 489 |         .filter(|(root_folder, rest)| *root_folder != "SERVICES")
[INFO] [stderr]     |                                ^^^^ help: if this is intentional, prefix it with an underscore: `_rest`
[INFO] [stderr] 
[INFO] [stderr] warning: variable does not need to be mutable
[INFO] [stderr]    --> src/plugin.rs:326:43
[INFO] [stderr]     |
[INFO] [stderr] 326 |     fn test_parse_args_not_optional_param(mut command: Command, params: &[PluginParameter]) {
[INFO] [stderr]     |                                           ----^^^^^^^
[INFO] [stderr]     |                                           |
[INFO] [stderr]     |                                           help: remove this `mut`
[INFO] [stderr]     |
[INFO] [stderr]     = note: `#[warn(unused_mut)]` on by default
[INFO] [stderr] 
[INFO] [stderr] warning: method `canonicalize` is never used
[INFO] [stderr]   --> src/files/fname_util.rs:75:12
[INFO] [stderr]    |
[INFO] [stderr] 65 | impl MaybeNamer {
[INFO] [stderr]    | --------------- method in this implementation
[INFO] [stderr] ...
[INFO] [stderr] 75 |     pub fn canonicalize(&mut self, ufn: UnionFnameLike) -> FnameLike {
[INFO] [stderr]    |            ^^^^^^^^^^^^
[INFO] [stderr]    |
[INFO] [stderr]    = note: `#[warn(dead_code)]` on by default
[INFO] [stderr] 
[INFO] [stderr] warning: `chrs` (bin "chrs" test) generated 6 warnings (run `cargo fix --bin "chrs" --tests` to apply 5 suggestions)
[INFO] [stderr]     Finished test [unoptimized + debuginfo] target(s) in 0.93s
[INFO] [stderr]      Running unittests src/main.rs (/opt/rustwide/target/debug/deps/chrs-22f6fa726322558f)
[INFO] [stdout] 
[INFO] [stdout] running 99 tests
[INFO] [stdout] test files::download::tests::test_choose_dst::case_1 ... ok
[INFO] [stdout] test files::download::tests::test_choose_dst::case_2 ... ok
[INFO] [stdout] test files::download::tests::test_choose_dst::case_4 ... ok
[INFO] [stdout] test files::download::tests::test_choose_dst::case_3 ... ok
[INFO] [stdout] test files::download::tests::test_dir_length_of::case_1 ... ok
[INFO] [stdout] test files::download::tests::test_choose_dst::case_5 ... ok
[INFO] [stdout] test files::download::tests::test_dir_length_of::case_2 ... ok
[INFO] [stdout] test files::download::tests::test_dir_length_of::case_3 ... ok
[INFO] [stdout] test executor::tests::test_do_with_progress_ok ... ok
[INFO] [stdout] test executor::tests::test_do_with_progress_err ... ok
[INFO] [stdout] test files::download::tests::test_shorten_target::case_1 ... ok
[INFO] [stdout] test files::download::tests::test_shorten_target::case_4 ... ok
[INFO] [stdout] test files::download::tests::test_shorten_target::case_5 ... ok
[INFO] [stdout] test files::download::tests::test_shorten_target::case_2 ... ok
[INFO] [stdout] test files::download::tests::test_shorten_target::case_3 ... ok
[INFO] [stdout] test files::download::tests::test_shorten_target::case_7 ... ok
[INFO] [stdout] test files::download::tests::test_shorten_target::case_6 ... ok
[INFO] [stdout] test files::download::tests::test_shorten_target::case_8 ... ok
[INFO] [stdout] test executor::tests::test_overfull ... ok
[INFO] [stdout] test files::download::tests::test_where_to_download::case_1 ... ok
[INFO] [stdout] test files::download::tests::test_where_to_download::case_2 ... ok
[INFO] [stdout] test files::download::tests::test_split_path::case_3 ... ok
[INFO] [stdout] test files::download::tests::test_split_path::case_2 ... ok
[INFO] [stdout] test executor::tests::test_underfull ... ok
[INFO] [stdout] test files::download::tests::test_split_path::case_4 ... ok
[INFO] [stdout] test files::download::tests::test_split_path::case_1 ... ok
[INFO] [stdout] test files::download::tests::test_split_path::case_5 ... ok
[INFO] [stdout] test files::fname_util::tests::test_parse_feed_folder::case_2 ... ok
[INFO] [stdout] test files::fname_util::tests::test_consume_feed_fname ... ok
[INFO] [stdout] test files::fname_util::tests::test_parse_feed_folder::case_1 ... ok
[INFO] [stdout] test files::fname_util::tests::test_parse_plinst_id::case_2 ... ok
[INFO] [stdout] test files::download::tests::test_where_to_download::case_3 ... ok
[INFO] [stdout] test files::fname_util::tests::test_parse_plinst_id::case_3 ... ok
[INFO] [stdout] test files::fname_util::tests::test_parse_feed_folder::case_3 ... ok
[INFO] [stdout] test files::download::tests::test_where_to_download::case_5 ... ok
[INFO] [stdout] test files::fname_util::tests::test_parse_plinst_id::case_1 ... ok
[INFO] [stdout] test files::fname_util::tests::test_parse_src_url::case_1 ... ok
[INFO] [stdout] test files::fname_util::tests::test_parse_feed_folder::case_4 ... ok
[INFO] [stdout] test files::fname_util::tests::test_parse_plinst_id::case_4 ... ok
[INFO] [stdout] test files::fname_util::tests::test_parse_src_url::case_2 ... ok
[INFO] [stdout] test files::fname_util::tests::test_parse_src_url::case_3 ... ok
[INFO] [stdout] test files::fname_util::tests::test_replace_unallowed::case_1 ... ok
[INFO] [stdout] test files::fname_util::tests::test_split_renamed_path::case_01 ... ok
[INFO] [stdout] test files::fname_util::tests::test_replace_unallowed::case_2 ... ok
[INFO] [stdout] test files::fname_util::tests::test_split_renamed_path::case_02 ... ok
[INFO] [stdout] test files::fname_util::tests::test_parse_feed_folder::case_5 ... ok
[INFO] [stdout] test files::fname_util::tests::test_split_renamed_path::case_03 ... ok
[INFO] [stdout] test files::fname_util::tests::test_split_renamed_path::case_04 ... ok
[INFO] [stdout] test files::fname_util::tests::test_parse_src_url::case_4 ... ok
[INFO] [stdout] test files::download::tests::test_where_to_download::case_4 ... ok
[INFO] [stdout] test files::fname_util::tests::test_split_renamed_path::case_06 ... ok
[INFO] [stdout] test files::fname_util::tests::test_split_renamed_path::case_07 ... ok
[INFO] [stdout] test files::fname_util::tests::test_split_renamed_path::case_09 ... ok
[INFO] [stdout] test files::fname_util::tests::test_split_renamed_path::case_10 ... ok
[INFO] [stdout] test files::fname_util::tests::test_split_renamed_path::case_11 ... ok
[INFO] [stdout] test files::fname_util::tests::test_split_renamed_path::case_08 ... ok
[INFO] [stdout] test files::fname_util::tests::test_split_renamed_path::case_05 ... ok
[INFO] [stdout] test files::tree::tests::test_initial_context::case_01 ... ok
[INFO] [stdout] test files::tree::tests::test_initial_context::case_02 ... ok
[INFO] [stdout] test files::tree::tests::test_initial_context::case_03 ... ok
[INFO] [stdout] test files::tree::tests::test_initial_context::case_04 ... ok
[INFO] [stdout] test files::tree::tests::test_initial_context::case_05 ... ok
[INFO] [stdout] test files::tree::tests::test_initial_context::case_06 ... ok
[INFO] [stdout] test files::tree::tests::test_initial_context::case_07 ... ok
[INFO] [stdout] test files::tree::tests::test_initial_context::case_08 ... ok
[INFO] [stdout] test files::tree::tests::test_initial_context::case_09 ... ok
[INFO] [stdout] test files::tree::tests::test_initial_context::case_10 ... ok
[INFO] [stdout] test files::tree::tests::test_initial_context::case_11 ... ok
[INFO] [stdout] test files::tree::tests::test_initial_context::case_12 ... ok
[INFO] [stdout] test files::tree::tests::test_initial_context::case_13 ... ok
[INFO] [stdout] test files::tree::tests::test_initial_context::case_14 ... ok
[INFO] [stdout] test files::tree::tests::test_initial_context::case_15 ... ok
[INFO] [stdout] test login::saved::tests::test_add ... ok
[INFO] [stdout] test login::saved::tests::test_empty_config ... ok
[INFO] [stdout] test login::saved::tests::test_get_cube_by_address ... ok
[INFO] [stdout] test login::tokenstore::tests::test_into_login_from_text ... ok
[INFO] [stdout] test login::saved::tests::test_same_cube_different_users ... ok
[INFO] [stdout] test login::saved::tests::test_remove ... ok
[INFO] [stdout] test plugin::tests::test_get_long_flag_name::case_1 ... ok
[INFO] [stdout] test plugin::tests::test_get_long_flag_name::case_2 ... ok
[INFO] [stdout] test login::tokenstore::tests::test_into_login_from_keyring ... FAILED
[INFO] [stdout] test login::tokenstore::tests::test_into_saved_with_keyring ... FAILED
[INFO] [stdout] test plugin::tests::test_get_long_flag_name::case_3 ... ok
[INFO] [stdout] test login::saved::tests::test_get_default_cube ... ok
[INFO] [stdout] test plugin::tests::test_get_long_flag_name::case_4 ... ok
[INFO] [stdout] test plugin::tests::test_get_long_flag_name::case_5 ... ok
[INFO] [stdout] test plugin::tests::test_get_long_flag_name::case_6 ... ok
[INFO] [stdout] test plugin::tests::test_get_short_flag_char::case_1 ... ok
[INFO] [stdout] test plugin::tests::test_get_short_flag_char::case_2 ... ok
[INFO] [stderr] error: test failed, to rerun pass `--bin chrs`
[INFO] [stdout] test plugin::tests::test_get_short_flag_char::case_3 ... ok
[INFO] [stdout] test plugin::tests::test_get_short_flag_char::case_4 ... ok
[INFO] [stdout] test plugin::tests::test_get_short_flag_char::case_5 ... ok
[INFO] [stdout] test login::get_client::tests::test_get_url_from ... ok
[INFO] [stdout] test plugin::tests::test_parse_args_not_optional_param ... ok
[INFO] [stdout] test upload::tests::test_files_under_dne ... ok
[INFO] [stdout] test upload::tests::test_files_under_file ... ok
[INFO] [stdout] test upload::tests::test_choose_dircopy_path ... ok
[INFO] [stdout] test upload::tests::test_from_parent ... ok
[INFO] [stdout] test upload::tests::test_files_under_dir ... ok
[INFO] [stdout] 
[INFO] [stdout] failures:
[INFO] [stdout] 
[INFO] [stdout] ---- login::tokenstore::tests::test_into_login_from_keyring stdout ----
[INFO] [stdout] Error: Platform secure storage failure: zbus error: I/O error: No such file or directory (os error 2)
[INFO] [stdout] 
[INFO] [stdout] Caused by:
[INFO] [stdout]     0: zbus error: I/O error: No such file or directory (os error 2)
[INFO] [stdout]     1: I/O error: No such file or directory (os error 2)
[INFO] [stdout]     2: No such file or directory (os error 2)
[INFO] [stdout] 
[INFO] [stdout] ---- login::tokenstore::tests::test_into_saved_with_keyring stdout ----
[INFO] [stdout] Error: Unable to use keyring. Please try again with --no-keyring
[INFO] [stdout] 
[INFO] [stdout] 
[INFO] [stdout] failures:
[INFO] [stdout]     login::tokenstore::tests::test_into_login_from_keyring
[INFO] [stdout]     login::tokenstore::tests::test_into_saved_with_keyring
[INFO] [stdout] 
[INFO] [stdout] test result: FAILED. 97 passed; 2 failed; 0 ignored; 0 measured; 0 filtered out; finished in 0.02s
[INFO] [stdout] 
[INFO] running `Command { std: "docker" "inspect" "4e68c636362cc0f73935c4f49049e8181ac3bb7f2a70bd51f4aea5041c19e385", kill_on_drop: false }`
[INFO] running `Command { std: "docker" "rm" "-f" "4e68c636362cc0f73935c4f49049e8181ac3bb7f2a70bd51f4aea5041c19e385", kill_on_drop: false }`
[INFO] [stdout] 4e68c636362cc0f73935c4f49049e8181ac3bb7f2a70bd51f4aea5041c19e385
