[INFO] fetching crate chrony-candm 0.1.1...
[INFO] testing chrony-candm-0.1.1 against beta-2023-04-20 for beta-1.70-1
[INFO] extracting crate chrony-candm 0.1.1 into /workspace/builds/worker-4-tc2/source
[INFO] validating manifest of crates.io crate chrony-candm 0.1.1 on toolchain beta-2023-04-20
[INFO] running `Command { std: CARGO_HOME="/workspace/cargo-home" RUSTUP_HOME="/workspace/rustup-home" "/workspace/cargo-home/bin/cargo" "+beta-2023-04-20" "metadata" "--manifest-path" "Cargo.toml" "--no-deps", kill_on_drop: false }`
[INFO] started tweaking crates.io crate chrony-candm 0.1.1
[INFO] finished tweaking crates.io crate chrony-candm 0.1.1
[INFO] tweaked toml for crates.io crate chrony-candm 0.1.1 written to /workspace/builds/worker-4-tc2/source/Cargo.toml
[INFO] crate crates.io crate chrony-candm 0.1.1 already has a lockfile, it will not be regenerated
[INFO] running `Command { std: CARGO_HOME="/workspace/cargo-home" RUSTUP_HOME="/workspace/rustup-home" "/workspace/cargo-home/bin/cargo" "+beta-2023-04-20" "fetch" "--manifest-path" "Cargo.toml", kill_on_drop: false }`
[INFO] [stderr]     Updating crates.io index
[INFO] [stderr]  Downloading crates ...
[INFO] [stderr]   Downloaded futures-util v0.3.19
[INFO] [stderr]   Downloaded chrony-candm-derive v0.1.0
[INFO] [stderr]   Downloaded futures-executor v0.3.19
[INFO] [stderr]   Downloaded futures-sink v0.3.19
[INFO] [stderr]   Downloaded num_enum_derive v0.5.5
[INFO] [stderr]   Downloaded num_enum v0.5.5
[INFO] [stderr]   Downloaded futures-task v0.3.19
[INFO] [stderr]   Downloaded futures v0.3.19
[INFO] [stderr]   Downloaded ppv-lite86 v0.2.15
[INFO] [stderr]   Downloaded futures-channel v0.3.19
[INFO] [stderr]   Downloaded futures-io v0.3.19
[INFO] [stderr]   Downloaded futures-macro v0.3.19
[INFO] running `Command { std: "docker" "create" "-v" "/var/lib/crater-agent-workspace/builds/worker-4-tc2/target:/opt/rustwide/target:rw,Z" "-v" "/var/lib/crater-agent-workspace/builds/worker-4-tc2/source:/opt/rustwide/workdir:ro,Z" "-v" "/var/lib/crater-agent-workspace/cargo-home:/opt/rustwide/cargo-home:ro,Z" "-v" "/var/lib/crater-agent-workspace/rustup-home:/opt/rustwide/rustup-home:ro,Z" "-e" "SOURCE_DIR=/opt/rustwide/workdir" "-e" "CARGO_TARGET_DIR=/opt/rustwide/target" "-e" "CARGO_HOME=/opt/rustwide/cargo-home" "-e" "RUSTUP_HOME=/opt/rustwide/rustup-home" "-w" "/opt/rustwide/workdir" "-m" "1610612736" "--user" "0:0" "--network" "none" "ghcr.io/rust-lang/crates-build-env/linux@sha256:5ff2268d62e97bff2cde7d5815dd6ed5b47097566f13b8d0ca110b04b60e07ed" "/opt/rustwide/cargo-home/bin/cargo" "+beta-2023-04-20" "metadata" "--no-deps" "--format-version=1", kill_on_drop: false }`
[INFO] [stdout] 248ed468f63cce8dd4b32d735caa0671af068de61786285976ef428bc324e41e
[INFO] running `Command { std: "docker" "start" "-a" "248ed468f63cce8dd4b32d735caa0671af068de61786285976ef428bc324e41e", kill_on_drop: false }`
[INFO] running `Command { std: "docker" "inspect" "248ed468f63cce8dd4b32d735caa0671af068de61786285976ef428bc324e41e", kill_on_drop: false }`
[INFO] running `Command { std: "docker" "rm" "-f" "248ed468f63cce8dd4b32d735caa0671af068de61786285976ef428bc324e41e", kill_on_drop: false }`
[INFO] [stdout] 248ed468f63cce8dd4b32d735caa0671af068de61786285976ef428bc324e41e
[INFO] running `Command { std: "docker" "create" "-v" "/var/lib/crater-agent-workspace/builds/worker-4-tc2/target:/opt/rustwide/target:rw,Z" "-v" "/var/lib/crater-agent-workspace/builds/worker-4-tc2/source:/opt/rustwide/workdir:ro,Z" "-v" "/var/lib/crater-agent-workspace/cargo-home:/opt/rustwide/cargo-home:ro,Z" "-v" "/var/lib/crater-agent-workspace/rustup-home:/opt/rustwide/rustup-home:ro,Z" "-e" "SOURCE_DIR=/opt/rustwide/workdir" "-e" "CARGO_TARGET_DIR=/opt/rustwide/target" "-e" "CARGO_INCREMENTAL=0" "-e" "RUST_BACKTRACE=full" "-e" "RUSTFLAGS=--cap-lints=warn" "-e" "RUSTDOCFLAGS=--cap-lints=warn" "-e" "CARGO_HOME=/opt/rustwide/cargo-home" "-e" "RUSTUP_HOME=/opt/rustwide/rustup-home" "-w" "/opt/rustwide/workdir" "-m" "1610612736" "--user" "0:0" "--network" "none" "ghcr.io/rust-lang/crates-build-env/linux@sha256:5ff2268d62e97bff2cde7d5815dd6ed5b47097566f13b8d0ca110b04b60e07ed" "/opt/rustwide/cargo-home/bin/cargo" "+beta-2023-04-20" "build" "--frozen" "--message-format=json", kill_on_drop: false }`
[INFO] [stdout] 054b0afbd1a5140b975409ce04e00979723b134cf708d7a0b77e7fef2b4b6cae
[INFO] running `Command { std: "docker" "start" "-a" "054b0afbd1a5140b975409ce04e00979723b134cf708d7a0b77e7fef2b4b6cae", kill_on_drop: false }`
[INFO] [stderr]    Compiling proc-macro2 v1.0.34
[INFO] [stderr]    Compiling unicode-xid v0.2.2
[INFO] [stderr]    Compiling syn v1.0.83
[INFO] [stderr]    Compiling libc v0.2.112
[INFO] [stderr]    Compiling cfg-if v1.0.0
[INFO] [stderr]    Compiling futures-core v0.3.19
[INFO] [stderr]    Compiling serde v1.0.132
[INFO] [stderr]    Compiling memchr v2.4.1
[INFO] [stderr]    Compiling futures-task v0.3.19
[INFO] [stderr]    Compiling futures-channel v0.3.19
[INFO] [stderr]    Compiling futures-sink v0.3.19
[INFO] [stderr]    Compiling pin-project-lite v0.2.7
[INFO] [stderr]    Compiling log v0.4.14
[INFO] [stderr]    Compiling futures-util v0.3.19
[INFO] [stderr]    Compiling slab v0.4.5
[INFO] [stderr]    Compiling futures-io v0.3.19
[INFO] [stderr]    Compiling pin-utils v0.1.0
[INFO] [stderr]    Compiling ppv-lite86 v0.2.15
[INFO] [stderr]    Compiling bytes v1.1.0
[INFO] [stderr]    Compiling hex v0.4.3
[INFO] [stderr]    Compiling bitflags v1.3.2
[INFO] [stderr]    Compiling siphasher v0.3.7
[INFO] [stderr]    Compiling arrayvec v0.7.2
[INFO] [stderr]    Compiling quote v1.0.10
[INFO] [stderr]    Compiling getrandom v0.2.3
[INFO] [stderr]    Compiling mio v0.7.14
[INFO] [stderr]    Compiling rand_core v0.6.3
[INFO] [stderr]    Compiling rand_chacha v0.3.1
[INFO] [stderr]    Compiling rand v0.8.4
[INFO] [stderr]    Compiling toml v0.5.8
[INFO] [stderr]    Compiling thiserror-impl v1.0.30
[INFO] [stderr]    Compiling futures-macro v0.3.19
[INFO] [stderr]    Compiling derivative v2.2.0
[INFO] [stderr]    Compiling tokio-macros v1.7.0
[INFO] [stderr]    Compiling chrony-candm-derive v0.1.0
[INFO] [stderr]    Compiling tokio v1.15.0
[INFO] [stderr]    Compiling thiserror v1.0.30
[INFO] [stderr]    Compiling proc-macro-crate v1.1.0
[INFO] [stderr]    Compiling num_enum_derive v0.5.5
[INFO] [stderr]    Compiling num_enum v0.5.5
[INFO] [stderr]    Compiling futures-executor v0.3.19
[INFO] [stderr]    Compiling futures v0.3.19
[INFO] [stderr]    Compiling chrony-candm v0.1.1 (/opt/rustwide/workdir)
[INFO] [stdout] warning: field `task_handle` is never read
[INFO] [stdout]    --> src/async_net.rs:134:5
[INFO] [stdout]     |
[INFO] [stdout] 133 | pub struct Client {
[INFO] [stdout]     |            ------ field in this struct
[INFO] [stdout] 134 |     task_handle: tokio::task::JoinHandle<()>,
[INFO] [stdout]     |     ^^^^^^^^^^^
[INFO] [stdout]     |
[INFO] [stdout]     = note: `Client` has a derived impl for the trait `Debug`, but this is intentionally ignored during dead code analysis
[INFO] [stdout]     = note: `#[warn(dead_code)]` on by default
[INFO] [stdout] 
[INFO] [stdout] 
[INFO] [stdout] warning: 1 warning emitted
[INFO] [stdout] 
[INFO] [stdout] 
[INFO] [stderr]     Finished dev [unoptimized + debuginfo] target(s) in 11.40s
[INFO] running `Command { std: "docker" "inspect" "054b0afbd1a5140b975409ce04e00979723b134cf708d7a0b77e7fef2b4b6cae", kill_on_drop: false }`
[INFO] running `Command { std: "docker" "rm" "-f" "054b0afbd1a5140b975409ce04e00979723b134cf708d7a0b77e7fef2b4b6cae", kill_on_drop: false }`
[INFO] [stdout] 054b0afbd1a5140b975409ce04e00979723b134cf708d7a0b77e7fef2b4b6cae
[INFO] running `Command { std: "docker" "create" "-v" "/var/lib/crater-agent-workspace/builds/worker-4-tc2/target:/opt/rustwide/target:rw,Z" "-v" "/var/lib/crater-agent-workspace/builds/worker-4-tc2/source:/opt/rustwide/workdir:ro,Z" "-v" "/var/lib/crater-agent-workspace/cargo-home:/opt/rustwide/cargo-home:ro,Z" "-v" "/var/lib/crater-agent-workspace/rustup-home:/opt/rustwide/rustup-home:ro,Z" "-e" "SOURCE_DIR=/opt/rustwide/workdir" "-e" "CARGO_TARGET_DIR=/opt/rustwide/target" "-e" "CARGO_INCREMENTAL=0" "-e" "RUST_BACKTRACE=full" "-e" "RUSTFLAGS=--cap-lints=warn" "-e" "RUSTDOCFLAGS=--cap-lints=warn" "-e" "CARGO_HOME=/opt/rustwide/cargo-home" "-e" "RUSTUP_HOME=/opt/rustwide/rustup-home" "-w" "/opt/rustwide/workdir" "-m" "1610612736" "--user" "0:0" "--network" "none" "ghcr.io/rust-lang/crates-build-env/linux@sha256:5ff2268d62e97bff2cde7d5815dd6ed5b47097566f13b8d0ca110b04b60e07ed" "/opt/rustwide/cargo-home/bin/cargo" "+beta-2023-04-20" "test" "--frozen" "--no-run" "--message-format=json", kill_on_drop: false }`
[INFO] [stdout] 635d03c4d1aabfd09a6a1293725d8f4305ba2567b5d4d097fca7bec541c388c9
[INFO] running `Command { std: "docker" "start" "-a" "635d03c4d1aabfd09a6a1293725d8f4305ba2567b5d4d097fca7bec541c388c9", kill_on_drop: false }`
[INFO] [stderr]    Compiling autocfg v1.0.1
[INFO] [stderr]    Compiling time v0.1.43
[INFO] [stdout] warning: field `task_handle` is never read
[INFO] [stdout]    --> src/async_net.rs:134:5
[INFO] [stdout]     |
[INFO] [stdout] 133 | pub struct Client {
[INFO] [stdout]     |            ------ field in this struct
[INFO] [stdout] 134 |     task_handle: tokio::task::JoinHandle<()>,
[INFO] [stdout]     |     ^^^^^^^^^^^
[INFO] [stdout]     |
[INFO] [stdout]     = note: `Client` has a derived impl for the trait `Debug`, but this is intentionally ignored during dead code analysis
[INFO] [stdout]     = note: `#[warn(dead_code)]` on by default
[INFO] [stdout] 
[INFO] [stdout] 
[INFO] [stdout] warning: 1 warning emitted
[INFO] [stdout] 
[INFO] [stdout] 
[INFO] [stderr]    Compiling num-traits v0.2.14
[INFO] [stderr]    Compiling num-integer v0.1.44
[INFO] [stderr]    Compiling chrono v0.4.19
[INFO] [stderr]    Compiling chrony-candm v0.1.1 (/opt/rustwide/workdir)
[INFO] [stdout] warning: field `task_handle` is never read
[INFO] [stdout]    --> src/async_net.rs:134:5
[INFO] [stdout]     |
[INFO] [stdout] 133 | pub struct Client {
[INFO] [stdout]     |            ------ field in this struct
[INFO] [stdout] 134 |     task_handle: tokio::task::JoinHandle<()>,
[INFO] [stdout]     |     ^^^^^^^^^^^
[INFO] [stdout]     |
[INFO] [stdout]     = note: `Client` has a derived impl for the trait `Debug`, but this is intentionally ignored during dead code analysis
[INFO] [stdout]     = note: `#[warn(dead_code)]` on by default
[INFO] [stdout] 
[INFO] [stdout] 
[INFO] [stdout] warning: 1 warning emitted
[INFO] [stdout] 
[INFO] [stdout] 
[INFO] [stderr]     Finished test [unoptimized + debuginfo] target(s) in 3.20s
[INFO] running `Command { std: "docker" "inspect" "635d03c4d1aabfd09a6a1293725d8f4305ba2567b5d4d097fca7bec541c388c9", kill_on_drop: false }`
[INFO] running `Command { std: "docker" "rm" "-f" "635d03c4d1aabfd09a6a1293725d8f4305ba2567b5d4d097fca7bec541c388c9", kill_on_drop: false }`
[INFO] [stdout] 635d03c4d1aabfd09a6a1293725d8f4305ba2567b5d4d097fca7bec541c388c9
[INFO] running `Command { std: "docker" "create" "-v" "/var/lib/crater-agent-workspace/builds/worker-4-tc2/target:/opt/rustwide/target:rw,Z" "-v" "/var/lib/crater-agent-workspace/builds/worker-4-tc2/source:/opt/rustwide/workdir:ro,Z" "-v" "/var/lib/crater-agent-workspace/cargo-home:/opt/rustwide/cargo-home:ro,Z" "-v" "/var/lib/crater-agent-workspace/rustup-home:/opt/rustwide/rustup-home:ro,Z" "-e" "SOURCE_DIR=/opt/rustwide/workdir" "-e" "CARGO_TARGET_DIR=/opt/rustwide/target" "-e" "CARGO_INCREMENTAL=0" "-e" "RUST_BACKTRACE=full" "-e" "RUSTFLAGS=--cap-lints=warn" "-e" "RUSTDOCFLAGS=--cap-lints=warn" "-e" "CARGO_HOME=/opt/rustwide/cargo-home" "-e" "RUSTUP_HOME=/opt/rustwide/rustup-home" "-w" "/opt/rustwide/workdir" "-m" "1610612736" "--user" "0:0" "--network" "none" "ghcr.io/rust-lang/crates-build-env/linux@sha256:5ff2268d62e97bff2cde7d5815dd6ed5b47097566f13b8d0ca110b04b60e07ed" "/opt/rustwide/cargo-home/bin/cargo" "+beta-2023-04-20" "test" "--frozen", kill_on_drop: false }`
[INFO] [stdout] 4dd196d965ef0298c3804dd8316f5e90bb4fd7a361df8213976b9fbd423cfe97
[INFO] running `Command { std: "docker" "start" "-a" "4dd196d965ef0298c3804dd8316f5e90bb4fd7a361df8213976b9fbd423cfe97", kill_on_drop: false }`
[INFO] [stderr]     Blocking waiting for file lock on package cache
[INFO] [stderr] warning: field `task_handle` is never read
[INFO] [stderr]    --> src/async_net.rs:134:5
[INFO] [stderr]     |
[INFO] [stderr] 133 | pub struct Client {
[INFO] [stderr]     |            ------ field in this struct
[INFO] [stderr] 134 |     task_handle: tokio::task::JoinHandle<()>,
[INFO] [stderr]     |     ^^^^^^^^^^^
[INFO] [stderr]     |
[INFO] [stderr]     = note: `Client` has a derived impl for the trait `Debug`, but this is intentionally ignored during dead code analysis
[INFO] [stderr]     = note: `#[warn(dead_code)]` on by default
[INFO] [stderr] 
[INFO] [stderr] warning: `chrony-candm` (lib) generated 1 warning
[INFO] [stderr] warning: `chrony-candm` (lib test) generated 1 warning (1 duplicate)
[INFO] [stderr]     Finished test [unoptimized + debuginfo] target(s) in 0.53s
[INFO] [stderr]      Running unittests src/lib.rs (/opt/rustwide/target/debug/deps/chrony_candm-5d2ac6d8a8907b91)
[INFO] [stdout] 
[INFO] [stdout] running 0 tests
[INFO] [stdout] 
[INFO] [stdout] test result: ok. 0 passed; 0 failed; 0 ignored; 0 measured; 0 filtered out; finished in 0.00s
[INFO] [stdout] 
[INFO] [stderr]    Doc-tests chrony-candm
[INFO] [stdout] 
[INFO] [stdout] running 1 test
[INFO] [stdout] test src/lib.rs - (line 13) - compile ... FAILED
[INFO] [stdout] 
[INFO] [stdout] failures:
[INFO] [stdout] 
[INFO] [stdout] ---- src/lib.rs - (line 13) stdout ----
[INFO] [stdout] error[E0432]: unresolved import `chrony_candm::LOCAL_SERVER_ADDR`
[INFO] [stdout]  --> src/lib.rs:16:35
[INFO] [stdout]   |
[INFO] [stdout] 6 | use chrony_candm::{blocking_query,LOCAL_SERVER_ADDR};
[INFO] [stdout]   |                                   ^^^^^^^^^^^^^^^^^ no `LOCAL_SERVER_ADDR` in the root
[INFO] [stdout] 
[INFO] [stdout] error: aborting due to previous error
[INFO] [stdout] 
[INFO] [stdout] For more information about this error, try `rustc --explain E0432`.
[INFO] [stdout] Couldn't compile the test.
[INFO] [stdout] 
[INFO] [stdout] failures:
[INFO] [stdout]     src/lib.rs - (line 13)
[INFO] [stdout] 
[INFO] [stdout] test result: FAILED. 0 passed; 1 failed; 0 ignored; 0 measured; 0 filtered out; finished in 0.07s
[INFO] [stdout] 
[INFO] [stderr] error: doctest failed, to rerun pass `--doc`
[INFO] running `Command { std: "docker" "inspect" "4dd196d965ef0298c3804dd8316f5e90bb4fd7a361df8213976b9fbd423cfe97", kill_on_drop: false }`
[INFO] running `Command { std: "docker" "rm" "-f" "4dd196d965ef0298c3804dd8316f5e90bb4fd7a361df8213976b9fbd423cfe97", kill_on_drop: false }`
[INFO] [stdout] 4dd196d965ef0298c3804dd8316f5e90bb4fd7a361df8213976b9fbd423cfe97
