[INFO] fetching crate chomp1 0.3.2...
[INFO] testing chomp1-0.3.2 against beta-2023-04-20 for beta-1.70-1
[INFO] extracting crate chomp1 0.3.2 into /workspace/builds/worker-1-tc2/source
[INFO] validating manifest of crates.io crate chomp1 0.3.2 on toolchain beta-2023-04-20
[INFO] running `Command { std: CARGO_HOME="/workspace/cargo-home" RUSTUP_HOME="/workspace/rustup-home" "/workspace/cargo-home/bin/cargo" "+beta-2023-04-20" "metadata" "--manifest-path" "Cargo.toml" "--no-deps", kill_on_drop: false }`
[INFO] started tweaking crates.io crate chomp1 0.3.2
[INFO] finished tweaking crates.io crate chomp1 0.3.2
[INFO] tweaked toml for crates.io crate chomp1 0.3.2 written to /workspace/builds/worker-1-tc2/source/Cargo.toml
[INFO] crate crates.io crate chomp1 0.3.2 already has a lockfile, it will not be regenerated
[INFO] running `Command { std: CARGO_HOME="/workspace/cargo-home" RUSTUP_HOME="/workspace/rustup-home" "/workspace/cargo-home/bin/cargo" "+beta-2023-04-20" "fetch" "--manifest-path" "Cargo.toml", kill_on_drop: false }`
[INFO] [stderr]     Updating crates.io index
[INFO] [stderr]  Downloading crates ...
[INFO] [stderr]   Downloaded conv v0.3.3
[INFO] [stderr]   Downloaded dbghelp-sys v0.2.0
[INFO] [stderr]   Downloaded term v0.7.0
[INFO] [stderr]   Downloaded rustfix v0.5.1
[INFO] [stderr]   Downloaded diff v0.1.12
[INFO] [stderr]   Downloaded tester v0.9.0
[INFO] [stderr]   Downloaded precision v0.1.14
[INFO] [stderr]   Downloaded benchmark-simple v0.1.7
[INFO] [stderr]   Downloaded clippy v0.0.302
[INFO] [stderr]   Downloaded debug-builders v0.1.0
[INFO] [stderr]   Downloaded debugtrace v0.1.0
[INFO] [stderr]   Downloaded custom_derive v0.1.7
[INFO] [stderr]   Downloaded backtrace v0.1.8
[INFO] [stderr]   Downloaded compiletest_rs v0.7.1
[INFO] [stderr]   Downloaded syn v1.0.92
[INFO] running `Command { std: "docker" "create" "-v" "/var/lib/crater-agent-workspace/builds/worker-1-tc2/target:/opt/rustwide/target:rw,Z" "-v" "/var/lib/crater-agent-workspace/builds/worker-1-tc2/source:/opt/rustwide/workdir:ro,Z" "-v" "/var/lib/crater-agent-workspace/cargo-home:/opt/rustwide/cargo-home:ro,Z" "-v" "/var/lib/crater-agent-workspace/rustup-home:/opt/rustwide/rustup-home:ro,Z" "-e" "SOURCE_DIR=/opt/rustwide/workdir" "-e" "CARGO_TARGET_DIR=/opt/rustwide/target" "-e" "CARGO_HOME=/opt/rustwide/cargo-home" "-e" "RUSTUP_HOME=/opt/rustwide/rustup-home" "-w" "/opt/rustwide/workdir" "-m" "1610612736" "--user" "0:0" "--network" "none" "ghcr.io/rust-lang/crates-build-env/linux@sha256:97d61d7686bf65f8ecb15491ab51835e82dc9176a96a831f143a431b191fc501" "/opt/rustwide/cargo-home/bin/cargo" "+beta-2023-04-20" "metadata" "--no-deps" "--format-version=1", kill_on_drop: false }`
[INFO] [stdout] 9acddbe0ebacfe90e32efe1df468652f5a64e961945a85c27c1af6902da49deb
[INFO] running `Command { std: "docker" "start" "-a" "9acddbe0ebacfe90e32efe1df468652f5a64e961945a85c27c1af6902da49deb", kill_on_drop: false }`
[INFO] running `Command { std: "docker" "inspect" "9acddbe0ebacfe90e32efe1df468652f5a64e961945a85c27c1af6902da49deb", kill_on_drop: false }`
[INFO] running `Command { std: "docker" "rm" "-f" "9acddbe0ebacfe90e32efe1df468652f5a64e961945a85c27c1af6902da49deb", kill_on_drop: false }`
[INFO] [stdout] 9acddbe0ebacfe90e32efe1df468652f5a64e961945a85c27c1af6902da49deb
[INFO] running `Command { std: "docker" "create" "-v" "/var/lib/crater-agent-workspace/builds/worker-1-tc2/target:/opt/rustwide/target:rw,Z" "-v" "/var/lib/crater-agent-workspace/builds/worker-1-tc2/source:/opt/rustwide/workdir:ro,Z" "-v" "/var/lib/crater-agent-workspace/cargo-home:/opt/rustwide/cargo-home:ro,Z" "-v" "/var/lib/crater-agent-workspace/rustup-home:/opt/rustwide/rustup-home:ro,Z" "-e" "SOURCE_DIR=/opt/rustwide/workdir" "-e" "CARGO_TARGET_DIR=/opt/rustwide/target" "-e" "CARGO_INCREMENTAL=0" "-e" "RUST_BACKTRACE=full" "-e" "RUSTFLAGS=--cap-lints=warn" "-e" "RUSTDOCFLAGS=--cap-lints=warn" "-e" "CARGO_HOME=/opt/rustwide/cargo-home" "-e" "RUSTUP_HOME=/opt/rustwide/rustup-home" "-w" "/opt/rustwide/workdir" "-m" "1610612736" "--user" "0:0" "--network" "none" "ghcr.io/rust-lang/crates-build-env/linux@sha256:97d61d7686bf65f8ecb15491ab51835e82dc9176a96a831f143a431b191fc501" "/opt/rustwide/cargo-home/bin/cargo" "+beta-2023-04-20" "build" "--frozen" "--message-format=json", kill_on_drop: false }`
[INFO] [stdout] de77ba3aacda8f4829dc63bb02ac51beb778e63c651c01e62b645bd350fdc6ad
[INFO] running `Command { std: "docker" "start" "-a" "de77ba3aacda8f4829dc63bb02ac51beb778e63c651c01e62b645bd350fdc6ad", kill_on_drop: false }`
[INFO] [stderr]    Compiling libc v0.2.125
[INFO] [stderr]    Compiling proc-macro2 v1.0.38
[INFO] [stderr]    Compiling unicode-xid v0.2.3
[INFO] [stderr]    Compiling winapi-build v0.1.1
[INFO] [stderr]    Compiling syn v1.0.92
[INFO] [stderr]    Compiling cc v1.0.73
[INFO] [stderr]    Compiling serde_json v1.0.81
[INFO] [stderr]    Compiling winapi v0.2.8
[INFO] [stderr]    Compiling anyhow v1.0.57
[INFO] [stderr]    Compiling unicode-width v0.1.9
[INFO] [stderr]    Compiling ryu v1.0.9
[INFO] [stderr]    Compiling itoa v1.0.1
[INFO] [stderr]    Compiling compiletest_rs v0.7.1
[INFO] [stderr]    Compiling debugtrace v0.1.0
[INFO] [stderr]    Compiling debug-builders v0.1.0
[INFO] [stderr]    Compiling regex-syntax v0.6.25
[INFO] [stderr]    Compiling diff v0.1.12
[INFO] [stderr]    Compiling getopts v0.2.21
[INFO] [stderr]    Compiling custom_derive v0.1.7
[INFO] [stderr]    Compiling dbghelp-sys v0.2.0
[INFO] [stderr]    Compiling kernel32-sys v0.2.2
[INFO] [stderr]    Compiling conv v0.3.3
[INFO] [stderr]    Compiling backtrace-sys v0.1.37
[INFO] [stderr]    Compiling quote v1.0.18
[INFO] [stderr]    Compiling dirs-sys-next v0.1.2
[INFO] [stderr]    Compiling num_cpus v1.13.1
[INFO] [stderr]    Compiling filetime v0.2.16
[INFO] [stderr]    Compiling dirs-next v2.0.0
[INFO] [stderr]    Compiling term v0.7.0
[INFO] [stderr]    Compiling tester v0.9.0
[INFO] [stderr]    Compiling backtrace v0.1.8
[INFO] [stderr]    Compiling regex v1.5.5
[INFO] [stderr]    Compiling serde_derive v1.0.137
[INFO] [stderr]    Compiling serde v1.0.137
[INFO] [stderr]    Compiling rustfix v0.5.1
[INFO] [stderr]    Compiling chomp1 v0.3.2 (/opt/rustwide/workdir)
[INFO] [stdout] warning: field `request` is never read
[INFO] [stdout]   --> src/buffer/stateful.rs:32:5
[INFO] [stdout]    |
[INFO] [stdout] 26 | pub struct Source<S: DataSource, B: Buffer<S::Item>> {
[INFO] [stdout]    |            ------ field in this struct
[INFO] [stdout] ...
[INFO] [stdout] 32 |     request: usize,
[INFO] [stdout]    |     ^^^^^^^
[INFO] [stdout]    |
[INFO] [stdout]    = note: `Source` has a derived impl for the trait `Debug`, but this is intentionally ignored during dead code analysis
[INFO] [stdout]    = note: `#[warn(dead_code)]` on by default
[INFO] [stdout] 
[INFO] [stdout] 
[INFO] [stdout] warning: 1 warning emitted
[INFO] [stdout] 
[INFO] [stdout] 
[INFO] [stderr]     Finished dev [unoptimized + debuginfo] target(s) in 12.18s
[INFO] running `Command { std: "docker" "inspect" "de77ba3aacda8f4829dc63bb02ac51beb778e63c651c01e62b645bd350fdc6ad", kill_on_drop: false }`
[INFO] running `Command { std: "docker" "rm" "-f" "de77ba3aacda8f4829dc63bb02ac51beb778e63c651c01e62b645bd350fdc6ad", kill_on_drop: false }`
[INFO] [stdout] de77ba3aacda8f4829dc63bb02ac51beb778e63c651c01e62b645bd350fdc6ad
[INFO] running `Command { std: "docker" "create" "-v" "/var/lib/crater-agent-workspace/builds/worker-1-tc2/target:/opt/rustwide/target:rw,Z" "-v" "/var/lib/crater-agent-workspace/builds/worker-1-tc2/source:/opt/rustwide/workdir:ro,Z" "-v" "/var/lib/crater-agent-workspace/cargo-home:/opt/rustwide/cargo-home:ro,Z" "-v" "/var/lib/crater-agent-workspace/rustup-home:/opt/rustwide/rustup-home:ro,Z" "-e" "SOURCE_DIR=/opt/rustwide/workdir" "-e" "CARGO_TARGET_DIR=/opt/rustwide/target" "-e" "CARGO_INCREMENTAL=0" "-e" "RUST_BACKTRACE=full" "-e" "RUSTFLAGS=--cap-lints=warn" "-e" "RUSTDOCFLAGS=--cap-lints=warn" "-e" "CARGO_HOME=/opt/rustwide/cargo-home" "-e" "RUSTUP_HOME=/opt/rustwide/rustup-home" "-w" "/opt/rustwide/workdir" "-m" "1610612736" "--user" "0:0" "--network" "none" "ghcr.io/rust-lang/crates-build-env/linux@sha256:97d61d7686bf65f8ecb15491ab51835e82dc9176a96a831f143a431b191fc501" "/opt/rustwide/cargo-home/bin/cargo" "+beta-2023-04-20" "test" "--frozen" "--no-run" "--message-format=json", kill_on_drop: false }`
[INFO] [stdout] 65fb658b173c70e82161ba8a86ca87164b3d43510958a020dacce60737787967
[INFO] running `Command { std: "docker" "start" "-a" "65fb658b173c70e82161ba8a86ca87164b3d43510958a020dacce60737787967", kill_on_drop: false }`
[INFO] [stderr]    Compiling semver v1.0.9
[INFO] [stdout] warning: field `request` is never read
[INFO] [stdout]   --> src/buffer/stateful.rs:32:5
[INFO] [stdout]    |
[INFO] [stdout] 26 | pub struct Source<S: DataSource, B: Buffer<S::Item>> {
[INFO] [stdout]    |            ------ field in this struct
[INFO] [stdout] ...
[INFO] [stdout] 32 |     request: usize,
[INFO] [stdout]    |     ^^^^^^^
[INFO] [stdout]    |
[INFO] [stdout]    = note: `Source` has a derived impl for the trait `Debug`, but this is intentionally ignored during dead code analysis
[INFO] [stdout]    = note: `#[warn(dead_code)]` on by default
[INFO] [stdout] 
[INFO] [stdout] 
[INFO] [stdout] warning: 1 warning emitted
[INFO] [stdout] 
[INFO] [stdout] 
[INFO] [stderr]    Compiling rustc_version v0.4.0
[INFO] [stderr]    Compiling precision v0.1.14
[INFO] [stderr]    Compiling benchmark-simple v0.1.7
[INFO] [stderr]    Compiling chomp1 v0.3.2 (/opt/rustwide/workdir)
[INFO] [stdout] warning: fields `method`, `uri`, and `version` are never read
[INFO] [stdout]   --> examples/http_parser.rs:23:5
[INFO] [stdout]    |
[INFO] [stdout] 22 | struct Request<B> {
[INFO] [stdout]    |        ------- fields in this struct
[INFO] [stdout] 23 |     method: B,
[INFO] [stdout]    |     ^^^^^^
[INFO] [stdout] 24 |     uri: B,
[INFO] [stdout]    |     ^^^
[INFO] [stdout] 25 |     version: B,
[INFO] [stdout]    |     ^^^^^^^
[INFO] [stdout]    |
[INFO] [stdout]    = note: `Request` has a derived impl for the trait `Debug`, but this is intentionally ignored during dead code analysis
[INFO] [stdout]    = note: `#[warn(dead_code)]` on by default
[INFO] [stdout] 
[INFO] [stdout] 
[INFO] [stdout] warning: fields `name` and `value` are never read
[INFO] [stdout]   --> examples/http_parser.rs:30:5
[INFO] [stdout]    |
[INFO] [stdout] 29 | struct Header<B> {
[INFO] [stdout]    |        ------ fields in this struct
[INFO] [stdout] 30 |     name: B,
[INFO] [stdout]    |     ^^^^
[INFO] [stdout] 31 |     value: Vec<B>,
[INFO] [stdout]    |     ^^^^^
[INFO] [stdout]    |
[INFO] [stdout]    = note: `Header` has a derived impl for the trait `Debug`, but this is intentionally ignored during dead code analysis
[INFO] [stdout] 
[INFO] [stdout] 
[INFO] [stdout] warning: 2 warnings emitted
[INFO] [stdout] 
[INFO] [stdout] 
[INFO] [stdout] warning: field `request` is never read
[INFO] [stdout]   --> src/buffer/stateful.rs:32:5
[INFO] [stdout]    |
[INFO] [stdout] 26 | pub struct Source<S: DataSource, B: Buffer<S::Item>> {
[INFO] [stdout]    |            ------ field in this struct
[INFO] [stdout] ...
[INFO] [stdout] 32 |     request: usize,
[INFO] [stdout]    |     ^^^^^^^
[INFO] [stdout]    |
[INFO] [stdout]    = note: `Source` has a derived impl for the trait `Debug`, but this is intentionally ignored during dead code analysis
[INFO] [stdout]    = note: `#[warn(dead_code)]` on by default
[INFO] [stdout] 
[INFO] [stdout] 
[INFO] [stdout] warning: 1 warning emitted
[INFO] [stdout] 
[INFO] [stdout] 
[INFO] [stderr]     Finished test [unoptimized + debuginfo] target(s) in 8.46s
[INFO] running `Command { std: "docker" "inspect" "65fb658b173c70e82161ba8a86ca87164b3d43510958a020dacce60737787967", kill_on_drop: false }`
[INFO] running `Command { std: "docker" "rm" "-f" "65fb658b173c70e82161ba8a86ca87164b3d43510958a020dacce60737787967", kill_on_drop: false }`
[INFO] [stdout] 65fb658b173c70e82161ba8a86ca87164b3d43510958a020dacce60737787967
[INFO] running `Command { std: "docker" "create" "-v" "/var/lib/crater-agent-workspace/builds/worker-1-tc2/target:/opt/rustwide/target:rw,Z" "-v" "/var/lib/crater-agent-workspace/builds/worker-1-tc2/source:/opt/rustwide/workdir:ro,Z" "-v" "/var/lib/crater-agent-workspace/cargo-home:/opt/rustwide/cargo-home:ro,Z" "-v" "/var/lib/crater-agent-workspace/rustup-home:/opt/rustwide/rustup-home:ro,Z" "-e" "SOURCE_DIR=/opt/rustwide/workdir" "-e" "CARGO_TARGET_DIR=/opt/rustwide/target" "-e" "CARGO_INCREMENTAL=0" "-e" "RUST_BACKTRACE=full" "-e" "RUSTFLAGS=--cap-lints=warn" "-e" "RUSTDOCFLAGS=--cap-lints=warn" "-e" "CARGO_HOME=/opt/rustwide/cargo-home" "-e" "RUSTUP_HOME=/opt/rustwide/rustup-home" "-w" "/opt/rustwide/workdir" "-m" "1610612736" "--user" "0:0" "--network" "none" "ghcr.io/rust-lang/crates-build-env/linux@sha256:97d61d7686bf65f8ecb15491ab51835e82dc9176a96a831f143a431b191fc501" "/opt/rustwide/cargo-home/bin/cargo" "+beta-2023-04-20" "test" "--frozen", kill_on_drop: false }`
[INFO] [stdout] d2b3326199e563a55805a31275f73d365aa497e16de99e08e03a16bc1950861f
[INFO] running `Command { std: "docker" "start" "-a" "d2b3326199e563a55805a31275f73d365aa497e16de99e08e03a16bc1950861f", kill_on_drop: false }`
[INFO] [stderr]     Blocking waiting for file lock on package cache
[INFO] [stderr] warning: field `request` is never read
[INFO] [stdout] 
[INFO] [stderr]   --> src/buffer/stateful.rs:32:5
[INFO] [stdout] running 125 tests
[INFO] [stderr]    |
[INFO] [stderr] 26 | pub struct Source<S: DataSource, B: Buffer<S::Item>> {
[INFO] [stderr]    |            ------ field in this struct
[INFO] [stderr] ...
[INFO] [stderr] 32 |     request: usize,
[INFO] [stderr]    |     ^^^^^^^
[INFO] [stderr]    |
[INFO] [stderr]    = note: `Source` has a derived impl for the trait `Debug`, but this is intentionally ignored during dead code analysis
[INFO] [stderr]    = note: `#[warn(dead_code)]` on by default
[INFO] [stderr] 
[INFO] [stderr] warning: `chomp1` (lib) generated 1 warning
[INFO] [stderr] warning: `chomp1` (lib test) generated 1 warning (1 duplicate)
[INFO] [stderr] warning: fields `method`, `uri`, and `version` are never read
[INFO] [stderr]   --> examples/http_parser.rs:23:5
[INFO] [stderr]    |
[INFO] [stderr] 22 | struct Request<B> {
[INFO] [stderr]    |        ------- fields in this struct
[INFO] [stderr] 23 |     method: B,
[INFO] [stderr]    |     ^^^^^^
[INFO] [stderr] 24 |     uri: B,
[INFO] [stderr]    |     ^^^
[INFO] [stderr] 25 |     version: B,
[INFO] [stderr]    |     ^^^^^^^
[INFO] [stderr]    |
[INFO] [stderr]    = note: `Request` has a derived impl for the trait `Debug`, but this is intentionally ignored during dead code analysis
[INFO] [stderr]    = note: `#[warn(dead_code)]` on by default
[INFO] [stderr] 
[INFO] [stderr] warning: fields `name` and `value` are never read
[INFO] [stderr]   --> examples/http_parser.rs:30:5
[INFO] [stderr]    |
[INFO] [stderr] 29 | struct Header<B> {
[INFO] [stderr]    |        ------ fields in this struct
[INFO] [stderr] 30 |     name: B,
[INFO] [stderr]    |     ^^^^
[INFO] [stderr] 31 |     value: Vec<B>,
[INFO] [stderr]    |     ^^^^^
[INFO] [stderr]    |
[INFO] [stderr]    = note: `Header` has a derived impl for the trait `Debug`, but this is intentionally ignored during dead code analysis
[INFO] [stderr] 
[INFO] [stderr] warning: `chomp1` (example "http_parser") generated 2 warnings
[INFO] [stderr]     Finished test [unoptimized + debuginfo] target(s) in 0.27s
[INFO] [stderr]      Running unittests src/lib.rs (/opt/rustwide/target/debug/deps/chomp1-47f1a3932412c11b)
[INFO] [stdout] test buffer::stateful::test::no_autofill ... ok
[INFO] [stdout] test buffer::stateful::test::no_autofill_first ... ok
[INFO] [stdout] test buffer::test::err ... ok
[INFO] [stdout] test buffer::stateful::test::incomplete ... ok
[INFO] [stdout] test buffer::test::ret ... ok
[INFO] [stdout] test buffer::stateful::test::fill3 ... ok
[INFO] [stdout] test buffer::stateful::test::fill2 ... ok
[INFO] [stdout] test buffer::stateful::test::empty_buf ... ok
[INFO] [stdout] test buffer::stateful::test::fill ... ok
[INFO] [stdout] test ascii::test::match_float_test ... ok
[INFO] [stdout] test ascii::test::test_to_decimal_u8 ... ok
[INFO] [stdout] test ascii::test::float_test ... ok
[INFO] [stdout] test buffer::stateful::test::incomplete2 ... ok
[INFO] [stdout] test combinators::bounded::test::many_exact ... ok
[INFO] [stdout] test combinators::bounded::test::many_range_to ... ok
[INFO] [stdout] test combinators::bounded::test::many_till_exact ... ok
[INFO] [stdout] test ascii::test::compare_ci_test ... ok
[INFO] [stdout] test ascii::test::string_ci_test ... ok
[INFO] [stdout] test combinators::bounded::test::many_till_range_full ... ok
[INFO] [stdout] test combinators::bounded::test::many_range ... ok
[INFO] [stdout] test combinators::bounded::test::many_range_from ... ok
[INFO] [stdout] test combinators::bounded::test::many_till_range ... ok
[INFO] [stdout] test combinators::bounded::test::many_till_range_from ... ok
[INFO] [stdout] test buffer::test::test_consuming_whole_buffer_does_not_reset_the_pointer ... ok
[INFO] [stdout] test buffer::stateful::test::default_bufsize ... ok
[INFO] [stdout] test combinators::bounded::test::many_range_full ... ok
[INFO] [stdout] test buffer::test::test_input_buf ... ok
[INFO] [stdout] test combinators::bounded::test::many_till_range_to ... ok
[INFO] [stdout] test combinators::test::look_ahead_test ... ok
[INFO] [stdout] test combinators::test::many1_test ... ok
[INFO] [stdout] test combinators::bounded::test::skip_range_to ... ok
[INFO] [stdout] test combinators::bounded::test::skip_range ... ok
[INFO] [stdout] test combinators::test::count_test ... ok
[INFO] [stdout] test combinators::bounded::test::skip_range_full ... ok
[INFO] [stdout] test combinators::bounded::test::skip_range_from ... ok
[INFO] [stdout] test combinators::bounded::test::skip_exact ... ok
[INFO] [stdout] test combinators::test::many_test ... ok
[INFO] [stdout] test combinators::test::sep_by1_test ... ok
[INFO] [stdout] test combinators::test::option_test ... ok
[INFO] [stdout] test combinators::test::matched_by_test ... ok
[INFO] [stdout] test combinators::test::or_test ... ok
[INFO] [stdout] test combinators::test::many_till_test ... ok
[INFO] [stdout] test combinators::test::sep_by_test ... ok
[INFO] [stdout] test combinators::test::choice_tests::choice_test ... ok
[INFO] [stdout] test combinators::test::skip_many1_test ... ok
[INFO] [stdout] test macros::test::alt2 ... ok
[INFO] [stdout] test macros::test::alt ... ok
[INFO] [stdout] test macros::test::action_err2 ... ok
[INFO] [stdout] test macros::test::action_err ... ok
[INFO] [stdout] test macros::test::action_ret2 ... ok
[INFO] [stdout] test macros::test::action2 ... ok
[INFO] [stdout] test macros::test::action3 ... ok
[INFO] [stdout] test macros::test::action ... ok
[INFO] [stdout] test macros::test::bind_pattern ... ok
[INFO] [stdout] test macros::test::action_ret ... ok
[INFO] [stdout] test macros::test::bind3 ... ok
[INFO] [stdout] test macros::test::alt_inline_action ... ok
[INFO] [stdout] test macros::test::bind2 ... ok
[INFO] [stdout] test buffer::stateful::test::bufsize_zero - should panic ... ok
[INFO] [stdout] test combinators::test::choice_tests::choice_empty - should panic ... ok
[INFO] [stdout] test macros::test::bind ... ok
[INFO] [stdout] test macros::test::bind4 ... ok
[INFO] [stdout] test macros::test::bind_type ... ok
[INFO] [stdout] test macros::test::bind_then ... ok
[INFO] [stdout] test macros::test::bind_then2 ... ok
[INFO] [stdout] test macros::test::bind_pattern2 ... ok
[INFO] [stdout] test combinators::bounded::test::panic_skip_many_range_lt - should panic ... ok
[INFO] [stdout] test combinators::bounded::test::panic_many_range_lt - should panic ... ok
[INFO] [stdout] test combinators::bounded::test::panic_many_till_range_lt - should panic ... ok
[INFO] [stdout] test macros::test::precedence_skip_alt ... ok
[INFO] [stdout] test macros::test::precedence_alt_then ... ok
[INFO] [stdout] test macros::test::expr_err ... ok
[INFO] [stdout] test macros::test::ret_typed ... ok
[INFO] [stdout] test macros::test::ret_typed2 ... ok
[INFO] [stdout] test macros::test::skip_inline_action ... ok
[INFO] [stdout] test macros::test::then_inline_action ... ok
[INFO] [stdout] test macros::test::two_actions ... ok
[INFO] [stdout] test macros::test::two_actions2 ... ok
[INFO] [stdout] test macros::test::two_actions3 ... ok
[INFO] [stdout] test parse::test::err ... ok
[INFO] [stdout] test parse::test::err_str ... ok
[INFO] [stdout] test parse::test::inspect_input ... ok
[INFO] [stdout] test parse::test::inspect_input_str ... ok
[INFO] [stdout] test parsers::test::error_test ... ok
[INFO] [stdout] test parsers::test::parse_decimal ... ok
[INFO] [stdout] test parsers::test::parse_remainder_empty ... ok
[INFO] [stdout] test parsers::test::peek_next_test ... ok
[INFO] [stdout] test parsers::test::satisfy_with_test ... ok
[INFO] [stdout] test parsers::test::skip_while1_test ... ok
[INFO] [stdout] test parsers::test::string_test ... ok
[INFO] [stdout] test parsers::test::take_test ... ok
[INFO] [stdout] test parsers::test::take_while1_empty ... ok
[INFO] [stdout] test parsers::test::take_while1_test ... ok
[INFO] [stdout] test parsers::test::take_while_test ... ok
[INFO] [stdout] test parsers::test::token_test ... ok
[INFO] [stdout] test types::numbering::test::basic_test ... ok
[INFO] [stdout] test types::test::err ... ok
[INFO] [stdout] test types::test::error_propagation ... ok
[INFO] [stdout] test types::test::from_result ... ok
[INFO] [stdout] test types::test::input_propagation ... ok
[INFO] [stdout] test types::test::monad_associativity ... ok
[INFO] [stdout] test types::test::monad_left_identity ... ok
[INFO] [stdout] test types::test::monad_right_identity ... ok
[INFO] [stdout] test types::test::parse_result_inspect ... ok
[INFO] [stdout] test types::test::ret ... ok
[INFO] [stdout] test types::test::slice ... ok
[INFO] [stdout] test types::test::test_consuming_whole_slice_does_not_reset_the_pointer ... ok
[INFO] [stdout] test types::test::test_consuming_whole_str_does_not_reset_the_pointer ... ok
[INFO] [stdout] test types::test::test_slice ... ok
[INFO] [stdout] test types::test::test_string ... ok
[INFO] [stdout] test macros::test::inline_action ... ok
[INFO] [stdout] test macros::test::err ... ok
[INFO] [stdout] test macros::test::expr_ret ... ok
[INFO] [stdout] test macros::test::inline_action2 ... ok
[INFO] [stdout] test macros::test::chain_alt ... ok
[INFO] [stdout] test macros::test::err_typed2 ... ok
[INFO] [stdout] test macros::test::empty_expr ... ok
[INFO] [stdout] test macros::test::empty ... ok
[INFO] [stdout] test macros::test::ret ... ok
[INFO] [stdout] test macros::test::err_typed ... ok
[INFO] [stdout] test macros::test::inline_action_bind2 ... ok
[INFO] [stdout] test macros::test::inline_action3 ... ok
[INFO] [stdout] test macros::test::inline_action_bind ... ok
[INFO] [stdout] test macros::test::precedence_skip_then ... ok
[INFO] [stdout] test macros::test::max_alt ... ok
[INFO] [stdout] 
[INFO] [stdout] test result: ok. 125 passed; 0 failed; 0 ignored; 0 measured; 0 filtered out; finished in 0.16s
[INFO] [stdout] 
[INFO] [stderr]      Running tests/compile-fail_test.rs (/opt/rustwide/target/debug/deps/compile_fail_test-23acf960577faf14)
[INFO] [stdout] 
[INFO] [stdout] running 1 test
[INFO] [stdout] 
[INFO] [stdout] running 9 tests
[INFO] [stdout] test [compile-fail] compile-fail/ascii_signed_unsigned_type3.rs ... FAILED
[INFO] [stdout] test [compile-fail] compile-fail/ascii_signed_unsigned_type2.rs ... FAILED
[INFO] [stdout] test [compile-fail] compile-fail/ascii_signed_unsigned_type1.rs ... FAILED
[INFO] [stdout] test [compile-fail] compile-fail/ascii_signed_unsigned_type.rs ... FAILED
[INFO] [stdout] test [compile-fail] compile-fail/ascii_signed_unsigned_type4.rs ... FAILED
[INFO] [stdout] test [compile-fail] compile-fail/macros_tailing_bind3.rs ... FAILED
[INFO] [stdout] test [compile-fail] compile-fail/macros_tailing_bind2.rs ... FAILED
[INFO] [stdout] test [compile-fail] compile-fail/macros_tailing_bind1.rs ... FAILED
[INFO] [stdout] test [compile-fail] compile-fail/macros_tailing_bind4.rs ... FAILED
[INFO] [stdout] 
[INFO] [stdout] failures:
[INFO] [stdout] 
[INFO] [stdout] failures:
[INFO] [stdout]     [compile-fail] compile-fail/ascii_signed_unsigned_type.rs
[INFO] [stdout]     [compile-fail] compile-fail/ascii_signed_unsigned_type1.rs
[INFO] [stdout]     [compile-fail] compile-fail/ascii_signed_unsigned_type2.rs
[INFO] [stdout]     [compile-fail] compile-fail/ascii_signed_unsigned_type3.rs
[INFO] [stdout]     [compile-fail] compile-fail/ascii_signed_unsigned_type4.rs
[INFO] [stdout]     [compile-fail] compile-fail/macros_tailing_bind1.rs
[INFO] [stdout]     [compile-fail] compile-fail/macros_tailing_bind2.rs
[INFO] [stdout]     [compile-fail] compile-fail/macros_tailing_bind3.rs
[INFO] [stdout]     [compile-fail] compile-fail/macros_tailing_bind4.rs
[INFO] [stdout] 
[INFO] [stdout] test result: FAILED. 0 passed; 9 failed; 0 ignored; 0 measured; 0 filtered out; finished in 0.38s
[INFO] [stdout] 
[INFO] [stdout] test compile_test ... FAILED
[INFO] [stdout] 
[INFO] [stdout] failures:
[INFO] [stdout] 
[INFO] [stdout] ---- compile_test stdout ----
[INFO] [stdout] 
[INFO] [stdout] error: error pattern 'error[E0271]: type mismatch resolving `<u64 as conv::ValueFrom<i8>>::Err == conv::errors::NoError`' not found!
[INFO] [stdout] status: exit status: 1
[INFO] [stdout] command: "rustc" "tests/compile-fail/ascii_signed_unsigned_type3.rs" "-L" "/tmp" "--target=x86_64-unknown-linux-gnu" "-C" "prefer-dynamic" "-o" "/tmp/ascii_signed_unsigned_type3.stage-id" "-A" "unused" "-L" "target/debug" "-L" "target/debug/deps" "-L" "/tmp/ascii_signed_unsigned_type3.stage-id.aux"
[INFO] [stdout] stdout:
[INFO] [stdout] ------------------------------------------
[INFO] [stdout] 
[INFO] [stdout] ------------------------------------------
[INFO] [stdout] stderr:
[INFO] [stdout] ------------------------------------------
[INFO] [stdout] error[E0463]: can't find crate for `chomp1`
[INFO] [stdout]  --> tests/compile-fail/ascii_signed_unsigned_type3.rs:3:1
[INFO] [stdout]   |
[INFO] [stdout] 3 | extern crate chomp1;
[INFO] [stdout]   | ^^^^^^^^^^^^^^^^^^^^ can't find crate
[INFO] [stdout] 
[INFO] [stdout] error: aborting due to previous error
[INFO] [stdout] 
[INFO] [stdout] For more information about this error, try `rustc --explain E0463`.
[INFO] [stdout] 
[INFO] [stdout] ------------------------------------------
[INFO] [stdout] 
[INFO] [stdout] 
[INFO] [stdout] error: error pattern 'error[E0271]: type mismatch resolving `<u32 as conv::ValueFrom<i8>>::Err == conv::errors::NoError`' not found!
[INFO] [stdout] status: exit status: 1
[INFO] [stdout] command: "rustc" "tests/compile-fail/ascii_signed_unsigned_type2.rs" "-L" "/tmp" "--target=x86_64-unknown-linux-gnu" "-C" "prefer-dynamic" "-o" "/tmp/ascii_signed_unsigned_type2.stage-id" "-A" "unused" "-L" "target/debug" "-L" "target/debug/deps" "-L" "/tmp/ascii_signed_unsigned_type2.stage-id.aux"
[INFO] [stdout] stdout:
[INFO] [stdout] ------------------------------------------
[INFO] [stdout] 
[INFO] [stdout] ------------------------------------------
[INFO] [stdout] stderr:
[INFO] [stdout] ------------------------------------------
[INFO] [stdout] error[E0463]: can't find crate for `chomp1`
[INFO] [stdout]  --> tests/compile-fail/ascii_signed_unsigned_type2.rs:3:1
[INFO] [stdout]   |
[INFO] [stdout] 3 | extern crate chomp1;
[INFO] [stdout]   | ^^^^^^^^^^^^^^^^^^^^ can't find crate
[INFO] [stdout] 
[INFO] [stdout] error: aborting due to previous error
[INFO] [stdout] 
[INFO] [stdout] For more information about this error, try `rustc --explain E0463`.
[INFO] [stdout] 
[INFO] [stdout] ------------------------------------------
[INFO] [stdout] 
[INFO] [stdout] 
[INFO] [stdout] error: error pattern 'error[E0271]: type mismatch resolving `<u16 as conv::ValueFrom<i8>>::Err == conv::errors::NoError`' not found!
[INFO] [stdout] status: exit status: 1
[INFO] [stdout] command: "rustc" "tests/compile-fail/ascii_signed_unsigned_type1.rs" "-L" "/tmp" "--target=x86_64-unknown-linux-gnu" "-C" "prefer-dynamic" "-o" "/tmp/ascii_signed_unsigned_type1.stage-id" "-A" "unused" "-L" "target/debug" "-L" "target/debug/deps" "-L" "/tmp/ascii_signed_unsigned_type1.stage-id.aux"
[INFO] [stdout] stdout:
[INFO] [stdout] ------------------------------------------
[INFO] [stdout] 
[INFO] [stdout] ------------------------------------------
[INFO] [stdout] stderr:
[INFO] [stdout] ------------------------------------------
[INFO] [stdout] error[E0463]: can't find crate for `chomp1`
[INFO] [stdout]  --> tests/compile-fail/ascii_signed_unsigned_type1.rs:3:1
[INFO] [stdout]   |
[INFO] [stdout] 3 | extern crate chomp1;
[INFO] [stdout]   | ^^^^^^^^^^^^^^^^^^^^ can't find crate
[INFO] [stdout] 
[INFO] [stdout] error: aborting due to previous error
[INFO] [stdout] 
[INFO] [stdout] For more information about this error, try `rustc --explain E0463`.
[INFO] [stdout] 
[INFO] [stdout] ------------------------------------------
[INFO] [stdout] 
[INFO] [stdout] 
[INFO] [stdout] error: error pattern 'error[E0271]: type mismatch resolving `<u8 as conv::ValueFrom<i8>>::Err == conv::errors::NoError`' not found!
[INFO] [stdout] status: exit status: 1
[INFO] [stdout] command: "rustc" "tests/compile-fail/ascii_signed_unsigned_type.rs" "-L" "/tmp" "--target=x86_64-unknown-linux-gnu" "-C" "prefer-dynamic" "-o" "/tmp/ascii_signed_unsigned_type.stage-id" "-A" "unused" "-L" "target/debug" "-L" "target/debug/deps" "-L" "/tmp/ascii_signed_unsigned_type.stage-id.aux"
[INFO] [stdout] stdout:
[INFO] [stdout] ------------------------------------------
[INFO] [stdout] 
[INFO] [stdout] ------------------------------------------
[INFO] [stdout] stderr:
[INFO] [stdout] ------------------------------------------
[INFO] [stdout] error[E0463]: can't find crate for `chomp1`
[INFO] [stdout]  --> tests/compile-fail/ascii_signed_unsigned_type.rs:3:1
[INFO] [stdout]   |
[INFO] [stdout] 3 | extern crate chomp1;
[INFO] [stdout]   | ^^^^^^^^^^^^^^^^^^^^ can't find crate
[INFO] [stdout] 
[INFO] [stdout] error: aborting due to previous error
[INFO] [stdout] 
[INFO] [stdout] For more information about this error, try `rustc --explain E0463`.
[INFO] [stdout] 
[INFO] [stdout] ------------------------------------------
[INFO] [stdout] 
[INFO] [stdout] 
[INFO] [stdout] error: error pattern 'error[E0271]: type mismatch resolving `<i8 as conv::ValueFrom<u8>>::Err == conv::errors::NoError`' not found!
[INFO] [stdout] status: exit status: 1
[INFO] [stdout] command: "rustc" "tests/compile-fail/ascii_signed_unsigned_type4.rs" "-L" "/tmp" "--target=x86_64-unknown-linux-gnu" "-C" "prefer-dynamic" "-o" "/tmp/ascii_signed_unsigned_type4.stage-id" "-A" "unused" "-L" "target/debug" "-L" "target/debug/deps" "-L" "/tmp/ascii_signed_unsigned_type4.stage-id.aux"
[INFO] [stdout] stdout:
[INFO] [stdout] ------------------------------------------
[INFO] [stdout] 
[INFO] [stdout] ------------------------------------------
[INFO] [stdout] stderr:
[INFO] [stdout] ------------------------------------------
[INFO] [stdout] error[E0463]: can't find crate for `chomp1`
[INFO] [stdout]  --> tests/compile-fail/ascii_signed_unsigned_type4.rs:3:1
[INFO] [stdout]   |
[INFO] [stdout] 3 | extern crate chomp1;
[INFO] [stdout]   | ^^^^^^^^^^^^^^^^^^^^ can't find crate
[INFO] [stdout] 
[INFO] [stdout] error: aborting due to previous error
[INFO] [stdout] 
[INFO] [stdout] For more information about this error, try `rustc --explain E0463`.
[INFO] [stdout] 
[INFO] [stdout] ------------------------------------------
[INFO] [stdout] 
[INFO] [stdout] 
[INFO] [stdout] error: error pattern 'error: no rules expected the token `x`' not found!
[INFO] [stdout] status: exit status: 1
[INFO] [stdout] command: "rustc" "tests/compile-fail/macros_tailing_bind3.rs" "-L" "/tmp" "--target=x86_64-unknown-linux-gnu" "-C" "prefer-dynamic" "-o" "/tmp/macros_tailing_bind3.stage-id" "-A" "unused" "-L" "target/debug" "-L" "target/debug/deps" "-L" "/tmp/macros_tailing_bind3.stage-id.aux"
[INFO] [stdout] stdout:
[INFO] [stdout] ------------------------------------------
[INFO] [stdout] 
[INFO] [stdout] ------------------------------------------
[INFO] [stdout] stderr:
[INFO] [stdout] ------------------------------------------
[INFO] [stdout] error[E0463]: can't find crate for `chomp1`
[INFO] [stdout]  --> tests/compile-fail/macros_tailing_bind3.rs:4:1
[INFO] [stdout]   |
[INFO] [stdout] 4 | extern crate chomp1;
[INFO] [stdout]   | ^^^^^^^^^^^^^^^^^^^^ can't find crate
[INFO] [stdout] 
[INFO] [stdout] error: cannot find macro `parse` in this scope
[INFO] [stdout]   --> tests/compile-fail/macros_tailing_bind3.rs:13:5
[INFO] [stdout]    |
[INFO] [stdout] 13 |     parse!{i;
[INFO] [stdout]    |     ^^^^^
[INFO] [stdout] 
[INFO] [stdout] error: aborting due to 2 previous errors
[INFO] [stdout] 
[INFO] [stdout] For more information about this error, try `rustc --explain E0463`.
[INFO] [stdout] 
[INFO] [stdout] ------------------------------------------
[INFO] [stdout] 
[INFO] [stdout] 
[INFO] [stdout] error: error pattern 'error: no rules expected the token `x`' not found!
[INFO] [stdout] status: exit status: 1
[INFO] [stdout] command: "rustc" "tests/compile-fail/macros_tailing_bind2.rs" "-L" "/tmp" "--target=x86_64-unknown-linux-gnu" "-C" "prefer-dynamic" "-o" "/tmp/macros_tailing_bind2.stage-id" "-A" "unused" "-L" "target/debug" "-L" "target/debug/deps" "-L" "/tmp/macros_tailing_bind2.stage-id.aux"
[INFO] [stdout] stdout:
[INFO] [stdout] ------------------------------------------
[INFO] [stdout] 
[INFO] [stdout] ------------------------------------------
[INFO] [stdout] stderr:
[INFO] [stdout] ------------------------------------------
[INFO] [stdout] error[E0463]: can't find crate for `chomp1`
[INFO] [stdout]  --> tests/compile-fail/macros_tailing_bind2.rs:4:1
[INFO] [stdout]   |
[INFO] [stdout] 4 | extern crate chomp1;
[INFO] [stdout]   | ^^^^^^^^^^^^^^^^^^^^ can't find crate
[INFO] [stdout] 
[INFO] [stdout] error: cannot find macro `parse` in this scope
[INFO] [stdout]   --> tests/compile-fail/macros_tailing_bind2.rs:13:5
[INFO] [stdout]    |
[INFO] [stdout] 13 |     parse!{i;
[INFO] [stdout]    |     ^^^^^
[INFO] [stdout] 
[INFO] [stdout] error: aborting due to 2 previous errors
[INFO] [stdout] 
[INFO] [stdout] For more information about this error, try `rustc --explain E0463`.
[INFO] [stdout] 
[INFO] [stdout] ------------------------------------------
[INFO] [stdout] 
[INFO] [stdout] 
[INFO] [stdout] error: error pattern 'error: no rules expected the token `x`' not found!
[INFO] [stdout] status: exit status: 1
[INFO] [stdout] command: "rustc" "tests/compile-fail/macros_tailing_bind1.rs" "-L" "/tmp" "--target=x86_64-unknown-linux-gnu" "-C" "prefer-dynamic" "-o" "/tmp/macros_tailing_bind1.stage-id" "-A" "unused" "-L" "target/debug" "-L" "target/debug/deps" "-L" "/tmp/macros_tailing_bind1.stage-id.aux"
[INFO] [stdout] stdout:
[INFO] [stdout] ------------------------------------------
[INFO] [stdout] 
[INFO] [stdout] ------------------------------------------
[INFO] [stdout] stderr:
[INFO] [stdout] ------------------------------------------
[INFO] [stdout] error[E0463]: can't find crate for `chomp1`
[INFO] [stdout]  --> tests/compile-fail/macros_tailing_bind1.rs:4:1
[INFO] [stdout]   |
[INFO] [stdout] 4 | extern crate chomp1;
[INFO] [stdout]   | ^^^^^^^^^^^^^^^^^^^^ can't find crate
[INFO] [stdout] 
[INFO] [stdout] error: cannot find macro `parse` in this scope
[INFO] [stdout]   --> tests/compile-fail/macros_tailing_bind1.rs:13:5
[INFO] [stdout]    |
[INFO] [stdout] 13 |     parse!{i;
[INFO] [stdout]    |     ^^^^^
[INFO] [stdout] 
[INFO] [stdout] error: aborting due to 2 previous errors
[INFO] [stdout] 
[INFO] [stdout] For more information about this error, try `rustc --explain E0463`.
[INFO] [stdout] 
[INFO] [stdout] ------------------------------------------
[INFO] [stdout] 
[INFO] [stdout] 
[INFO] [stdout] error: error pattern 'error: no rules expected the token `x`' not found!
[INFO] [stdout] status: exit status: 1
[INFO] [stdout] command: "rustc" "tests/compile-fail/macros_tailing_bind4.rs" "-L" "/tmp" "--target=x86_64-unknown-linux-gnu" "-C" "prefer-dynamic" "-o" "/tmp/macros_tailing_bind4.stage-id" "-A" "unused" "-L" "target/debug" "-L" "target/debug/deps" "-L" "/tmp/macros_tailing_bind4.stage-id.aux"
[INFO] [stdout] stdout:
[INFO] [stdout] ------------------------------------------
[INFO] [stdout] 
[INFO] [stdout] ------------------------------------------
[INFO] [stdout] stderr:
[INFO] [stdout] ------------------------------------------
[INFO] [stdout] error[E0463]: can't find crate for `chomp1`
[INFO] [stdout]  --> tests/compile-fail/macros_tailing_bind4.rs:4:1
[INFO] [stdout]   |
[INFO] [stdout] 4 | extern crate chomp1;
[INFO] [stdout]   | ^^^^^^^^^^^^^^^^^^^^ can't find crate
[INFO] [stdout] 
[INFO] [stdout] error: cannot find macro `parse` in this scope
[INFO] [stdout]   --> tests/compile-fail/macros_tailing_bind4.rs:13:5
[INFO] [stdout]    |
[INFO] [stdout] 13 |     parse!{i;
[INFO] [stdout]    |     ^^^^^
[INFO] [stdout] 
[INFO] [stdout] error: aborting due to 2 previous errors
[INFO] [stdout] 
[INFO] [stdout] For more information about this error, try `rustc --explain E0463`.
[INFO] [stdout] 
[INFO] [stdout] ------------------------------------------
[INFO] [stdout] 
[INFO] [stdout] thread 'compile_test' panicked at 'Some tests failed', /opt/rustwide/cargo-home/registry/src/index.crates.io-6f17d22bba15001f/compiletest_rs-0.7.1/src/lib.rs:105:22
[INFO] [stdout] stack backtrace:
[INFO] [stdout]    0:     0x559eb385c4ea - std::backtrace_rs::backtrace::libunwind::trace::h2f05d0192276a8f6
[INFO] [stdout]                                at /rustc/1b7dd2252b99671ce5d1cb9664c5f8636329436d/library/std/src/../../backtrace/src/backtrace/libunwind.rs:93:5
[INFO] [stdout]    1:     0x559eb385c4ea - std::backtrace_rs::backtrace::trace_unsynchronized::hedc23dff7a1af150
[INFO] [stdout]                                at /rustc/1b7dd2252b99671ce5d1cb9664c5f8636329436d/library/std/src/../../backtrace/src/backtrace/mod.rs:66:5
[INFO] [stdout]    2:     0x559eb385c4ea - std::sys_common::backtrace::_print_fmt::h17541ef7592f3ce2
[INFO] [stdout]                                at /rustc/1b7dd2252b99671ce5d1cb9664c5f8636329436d/library/std/src/sys_common/backtrace.rs:65:5
[INFO] [stdout]    3:     0x559eb385c4ea - <std::sys_common::backtrace::_print::DisplayBacktrace as core::fmt::Display>::fmt::h20f75df5ab0c0792
[INFO] [stdout]                                at /rustc/1b7dd2252b99671ce5d1cb9664c5f8636329436d/library/std/src/sys_common/backtrace.rs:44:22
[INFO] [stdout]    4:     0x559eb388319f - core::fmt::write::h78109e6f466b3af6
[INFO] [stdout]                                at /rustc/1b7dd2252b99671ce5d1cb9664c5f8636329436d/library/core/src/fmt/mod.rs:1254:17
[INFO] [stdout]    5:     0x559eb3858c05 - std::io::Write::write_fmt::hd24bfb68a1b35a25
[INFO] [stdout]                                at /rustc/1b7dd2252b99671ce5d1cb9664c5f8636329436d/library/std/src/io/mod.rs:1698:15
[INFO] [stdout]    6:     0x559eb385c2b5 - std::sys_common::backtrace::_print::h8dac57a9f8fbf9a5
[INFO] [stdout]                                at /rustc/1b7dd2252b99671ce5d1cb9664c5f8636329436d/library/std/src/sys_common/backtrace.rs:47:5
[INFO] [stdout]    7:     0x559eb385c2b5 - std::sys_common::backtrace::print::hf9ecbf41d1aa712f
[INFO] [stdout]                                at /rustc/1b7dd2252b99671ce5d1cb9664c5f8636329436d/library/std/src/sys_common/backtrace.rs:34:9
[INFO] [stdout]    8:     0x559eb385e65e - std::panicking::default_hook::{{closure}}::h04c07acfc84ca028
[INFO] [stdout]                                at /rustc/1b7dd2252b99671ce5d1cb9664c5f8636329436d/library/std/src/panicking.rs:269:22
[INFO] [stdout]    9:     0x559eb385e391 - std::panicking::default_hook::h01f6bb23e1eceb2c
[INFO] [stdout]                                at /rustc/1b7dd2252b99671ce5d1cb9664c5f8636329436d/library/std/src/panicking.rs:285:9
[INFO] [stdout]   10:     0x559eb34fff7b - <alloc::boxed::Box<F,A> as core::ops::function::Fn<Args>>::call::h87fe9f7b2fd49e4c
[INFO] [stdout]                                at /rustc/1b7dd2252b99671ce5d1cb9664c5f8636329436d/library/alloc/src/boxed.rs:1987:9
[INFO] [stdout]   11:     0x559eb34fff7b - test::test_main::{{closure}}::he94d679243a7531b
[INFO] [stdout]                                at /rustc/1b7dd2252b99671ce5d1cb9664c5f8636329436d/library/test/src/lib.rs:134:21
[INFO] [stdout]   12:     0x559eb385ed44 - <alloc::boxed::Box<F,A> as core::ops::function::Fn<Args>>::call::h3f2d6d8b14c4769f
[INFO] [stdout]                                at /rustc/1b7dd2252b99671ce5d1cb9664c5f8636329436d/library/alloc/src/boxed.rs:1987:9
[INFO] [stdout]   13:     0x559eb385ed44 - std::panicking::rust_panic_with_hook::h2bb3722bbaf2f6df
[INFO] [stdout]                                at /rustc/1b7dd2252b99671ce5d1cb9664c5f8636329436d/library/std/src/panicking.rs:695:13
[INFO] [stdout]   14:     0x559eb382f0ea - std::panicking::begin_panic::{{closure}}::h9603ae42aaaed5c1
[INFO] [stdout]                                at /rustc/1b7dd2252b99671ce5d1cb9664c5f8636329436d/library/std/src/panicking.rs:611:9
[INFO] [stdout]   15:     0x559eb382efdd - std::sys_common::backtrace::__rust_end_short_backtrace::h02e973f1440ede18
[INFO] [stdout]                                at /rustc/1b7dd2252b99671ce5d1cb9664c5f8636329436d/library/std/src/sys_common/backtrace.rs:150:18
[INFO] [stdout]   16:     0x559eb382f027 - std::panicking::begin_panic::h9886aeb869746ebb
[INFO] [stdout]                                at /rustc/1b7dd2252b99671ce5d1cb9664c5f8636329436d/library/std/src/panicking.rs:610:12
[INFO] [stdout]   17:     0x559eb350c58a - compiletest_rs::run_tests::h7d23bdcc34800730
[INFO] [stdout]                                at /opt/rustwide/cargo-home/registry/src/index.crates.io-6f17d22bba15001f/compiletest_rs-0.7.1/src/lib.rs:105:22
[INFO] [stdout]   18:     0x559eb34cc8e2 - compile_fail_test::run_mode::h188b4c8ac5eddf0c
[INFO] [stdout]                                at /opt/rustwide/workdir/tests/compile-fail_test.rs:14:5
[INFO] [stdout]   19:     0x559eb34cc962 - compile_fail_test::compile_test::h4e3351dfe880dc0d
[INFO] [stdout]                                at /opt/rustwide/workdir/tests/compile-fail_test.rs:19:5
[INFO] [stdout]   20:     0x559eb34cc937 - compile_fail_test::compile_test::{{closure}}::h9cd58ce3ed30366f
[INFO] [stdout]                                at /opt/rustwide/workdir/tests/compile-fail_test.rs:18:19
[INFO] [stdout]   21:     0x559eb34cc615 - core::ops::function::FnOnce::call_once::hadc4159c1a42a48c
[INFO] [stdout]                                at /rustc/1b7dd2252b99671ce5d1cb9664c5f8636329436d/library/core/src/ops/function.rs:250:5
[INFO] [stdout]   22:     0x559eb3504e4f - core::ops::function::FnOnce::call_once::ha6a70e79f7481a7e
[INFO] [stdout]                                at /rustc/1b7dd2252b99671ce5d1cb9664c5f8636329436d/library/core/src/ops/function.rs:250:5
[INFO] [stdout]   23:     0x559eb3504e4f - test::__rust_begin_short_backtrace::hce33033019b61e69
[INFO] [stdout]                                at /rustc/1b7dd2252b99671ce5d1cb9664c5f8636329436d/library/test/src/lib.rs:655:18
[INFO] [stdout]   24:     0x559eb34d263c - test::run_test::{{closure}}::h858d3528838ae3e5
[INFO] [stdout]                                at /rustc/1b7dd2252b99671ce5d1cb9664c5f8636329436d/library/test/src/lib.rs:646:30
[INFO] [stdout]   25:     0x559eb34d263c - core::ops::function::FnOnce::call_once{{vtable.shim}}::he8ac2b00f01ae79e
[INFO] [stdout]                                at /rustc/1b7dd2252b99671ce5d1cb9664c5f8636329436d/library/core/src/ops/function.rs:250:5
[INFO] [stdout]   26:     0x559eb3503f26 - <alloc::boxed::Box<F,A> as core::ops::function::FnOnce<Args>>::call_once::h8093d25b522725ef
[INFO] [stdout]                                at /rustc/1b7dd2252b99671ce5d1cb9664c5f8636329436d/library/alloc/src/boxed.rs:1973:9
[INFO] [stdout]   27:     0x559eb3503f26 - <core::panic::unwind_safe::AssertUnwindSafe<F> as core::ops::function::FnOnce<()>>::call_once::h5c334c204e4a3913
[INFO] [stdout]                                at /rustc/1b7dd2252b99671ce5d1cb9664c5f8636329436d/library/core/src/panic/unwind_safe.rs:271:9
[INFO] [stdout]   28:     0x559eb3503f26 - std::panicking::try::do_call::ha8b740c7b9478074
[INFO] [stdout]                                at /rustc/1b7dd2252b99671ce5d1cb9664c5f8636329436d/library/std/src/panicking.rs:485:40
[INFO] [stdout]   29:     0x559eb3503f26 - std::panicking::try::h5d34f63d0e41b64e
[INFO] [stdout]                                at /rustc/1b7dd2252b99671ce5d1cb9664c5f8636329436d/library/std/src/panicking.rs:449:19
[INFO] [stdout]   30:     0x559eb3503f26 - std::panic::catch_unwind::hcfbb511e1aa7fc67
[INFO] [stdout]                                at /rustc/1b7dd2252b99671ce5d1cb9664c5f8636329436d/library/std/src/panic.rs:140:14
[INFO] [stdout]   31:     0x559eb3503f26 - test::run_test_in_process::h9abda90f802eaf21
[INFO] [stdout]                                at /rustc/1b7dd2252b99671ce5d1cb9664c5f8636329436d/library/test/src/lib.rs:678:27
[INFO] [stdout]   32:     0x559eb3503f26 - test::run_test::run_test_inner::{{closure}}::h0f058de91f6c6edf
[INFO] [stdout]                                at /rustc/1b7dd2252b99671ce5d1cb9664c5f8636329436d/library/test/src/lib.rs:572:39
[INFO] [stdout]   33:     0x559eb34cce45 - test::run_test::run_test_inner::{{closure}}::h5ca48a4c59c6c1fb
[INFO] [stdout]                                at /rustc/1b7dd2252b99671ce5d1cb9664c5f8636329436d/library/test/src/lib.rs:599:37
[INFO] [stdout]   34:     0x559eb34cce45 - std::sys_common::backtrace::__rust_begin_short_backtrace::h32bd51e1495d4a33
[INFO] [stdout]                                at /rustc/1b7dd2252b99671ce5d1cb9664c5f8636329436d/library/std/src/sys_common/backtrace.rs:134:18
[INFO] [stdout]   35:     0x559eb34d2381 - std::thread::Builder::spawn_unchecked_::{{closure}}::{{closure}}::hc086fae9b128b2db
[INFO] [stdout]                                at /rustc/1b7dd2252b99671ce5d1cb9664c5f8636329436d/library/std/src/thread/mod.rs:526:17
[INFO] [stdout]   36:     0x559eb34d2381 - <core::panic::unwind_safe::AssertUnwindSafe<F> as core::ops::function::FnOnce<()>>::call_once::hb66571888d270d43
[INFO] [stdout]                                at /rustc/1b7dd2252b99671ce5d1cb9664c5f8636329436d/library/core/src/panic/unwind_safe.rs:271:9
[INFO] [stdout]   37:     0x559eb34d2381 - std::panicking::try::do_call::h4fa2ef4f6e51fecf
[INFO] [stdout]                                at /rustc/1b7dd2252b99671ce5d1cb9664c5f8636329436d/library/std/src/panicking.rs:485:40
[INFO] [stdout]   38:     0x559eb34d2381 - std::panicking::try::h1e9e22b8584489b5
[INFO] [stdout]                                at /rustc/1b7dd2252b99671ce5d1cb9664c5f8636329436d/library/std/src/panicking.rs:449:19
[INFO] [stdout]   39:     0x559eb34d2381 - std::panic::catch_unwind::h44698a3de0e0769e
[INFO] [stdout]                                at /rustc/1b7dd2252b99671ce5d1cb9664c5f8636329436d/library/std/src/panic.rs:140:14
[INFO] [stdout]   40:     0x559eb34d2381 - std::thread::Builder::spawn_unchecked_::{{closure}}::h50153abde3fe239e
[INFO] [stdout]                                at /rustc/1b7dd2252b99671ce5d1cb9664c5f8636329436d/library/std/src/thread/mod.rs:525:30
[INFO] [stdout]   41:     0x559eb34d2381 - core::ops::function::FnOnce::call_once{{vtable.shim}}::hbe5bbf6f38394364
[INFO] [stdout]                                at /rustc/1b7dd2252b99671ce5d1cb9664c5f8636329436d/library/core/src/ops/function.rs:250:5
[INFO] [stdout]   42:     0x559eb3864a85 - <alloc::boxed::Box<F,A> as core::ops::function::FnOnce<Args>>::call_once::h0d83cb2920a49046
[INFO] [stdout]                                at /rustc/1b7dd2252b99671ce5d1cb9664c5f8636329436d/library/alloc/src/boxed.rs:1973:9
[INFO] [stdout]   43:     0x559eb3864a85 - <alloc::boxed::Box<F,A> as core::ops::function::FnOnce<Args>>::call_once::hbe0a008aa7d9ef59
[INFO] [stdout]                                at /rustc/1b7dd2252b99671ce5d1cb9664c5f8636329436d/library/alloc/src/boxed.rs:1973:9
[INFO] [stdout]   44:     0x559eb3864a85 - std::sys::unix::thread::Thread::new::thread_start::h3a466996bdf6b1f9
[INFO] [stdout]                                at /rustc/1b7dd2252b99671ce5d1cb9664c5f8636329436d/library/std/src/sys/unix/thread.rs:108:17
[INFO] [stdout]   45:     0x7f26fee70b43 - <unknown>
[INFO] [stdout]   46:     0x7f26fef01bb4 - __clone
[INFO] [stdout]   47:                0x0 - <unknown>
[INFO] [stdout] 
[INFO] [stdout] 
[INFO] [stdout] failures:
[INFO] [stdout]     compile_test
[INFO] [stdout] 
[INFO] [stdout] test result: FAILED. 0 passed; 1 failed; 0 ignored; 0 measured; 0 filtered out; finished in 0.41s
[INFO] [stdout] 
[INFO] [stderr] error: test failed, to rerun pass `--test compile-fail_test`
[INFO] running `Command { std: "docker" "inspect" "d2b3326199e563a55805a31275f73d365aa497e16de99e08e03a16bc1950861f", kill_on_drop: false }`
[INFO] running `Command { std: "docker" "rm" "-f" "d2b3326199e563a55805a31275f73d365aa497e16de99e08e03a16bc1950861f", kill_on_drop: false }`
[INFO] [stdout] d2b3326199e563a55805a31275f73d365aa497e16de99e08e03a16bc1950861f
