[INFO] fetching crate chisel 0.6.0...
[INFO] testing chisel-0.6.0 against beta-2023-04-20 for beta-1.70-1
[INFO] extracting crate chisel 0.6.0 into /workspace/builds/worker-4-tc2/source
[INFO] validating manifest of crates.io crate chisel 0.6.0 on toolchain beta-2023-04-20
[INFO] running `Command { std: CARGO_HOME="/workspace/cargo-home" RUSTUP_HOME="/workspace/rustup-home" "/workspace/cargo-home/bin/cargo" "+beta-2023-04-20" "metadata" "--manifest-path" "Cargo.toml" "--no-deps", kill_on_drop: false }`
[INFO] started tweaking crates.io crate chisel 0.6.0
[INFO] finished tweaking crates.io crate chisel 0.6.0
[INFO] tweaked toml for crates.io crate chisel 0.6.0 written to /workspace/builds/worker-4-tc2/source/Cargo.toml
[INFO] crate crates.io crate chisel 0.6.0 already has a lockfile, it will not be regenerated
[INFO] running `Command { std: CARGO_HOME="/workspace/cargo-home" RUSTUP_HOME="/workspace/rustup-home" "/workspace/cargo-home/bin/cargo" "+beta-2023-04-20" "fetch" "--manifest-path" "Cargo.toml", kill_on_drop: false }`
[INFO] [stderr]     Updating crates.io index
[INFO] [stderr]  Downloading crates ...
[INFO] [stderr]   Downloaded leb128 v0.2.4
[INFO] [stderr]   Downloaded dtoa v0.4.4
[INFO] [stderr]   Downloaded linked-hash-map v0.5.2
[INFO] [stderr]   Downloaded serde_yaml v0.8.11
[INFO] [stderr]   Downloaded crossbeam-deque v0.7.2
[INFO] [stderr]   Downloaded binaryen v0.9.0
[INFO] [stderr]   Downloaded libchisel v0.6.0
[INFO] [stderr]   Downloaded serde_derive v1.0.104
[INFO] [stderr]   Downloaded yaml-rust v0.4.3
[INFO] [stderr]   Downloaded hex v0.4.0
[INFO] [stderr]   Downloaded clang-sys v0.28.1
[INFO] [stderr]   Downloaded rustc-demangle v0.1.16
[INFO] [stderr]   Downloaded crossbeam-queue v0.2.1
[INFO] [stderr]   Downloaded rustc-hash v1.0.1
[INFO] [stderr]   Downloaded failure v0.1.6
[INFO] [stderr]   Downloaded aho-corasick v0.7.6
[INFO] [stderr]   Downloaded bindgen v0.52.0
[INFO] [stderr]   Downloaded cexpr v0.3.6
[INFO] [stderr]   Downloaded termcolor v1.1.0
[INFO] [stderr]   Downloaded wat v1.0.7
[INFO] [stderr]   Downloaded which v3.1.0
[INFO] [stderr]   Downloaded failure_derive v0.1.6
[INFO] [stderr]   Downloaded crossbeam-epoch v0.8.0
[INFO] [stderr]   Downloaded proc-macro2 v1.0.7
[INFO] [stderr]   Downloaded backtrace v0.3.42
[INFO] [stderr]   Downloaded regex v1.3.3
[INFO] [stderr]   Downloaded syn v1.0.13
[INFO] [stderr]   Downloaded walrus v0.8.0
[INFO] [stderr]   Downloaded binaryen-sys v0.9.0
[INFO] [stderr]   Downloaded wasm-snip v0.2.0
[INFO] [stderr]   Downloaded rayon-core v1.7.0
[INFO] [stderr]   Downloaded id-arena v2.2.1
[INFO] [stderr]   Downloaded either v1.5.3
[INFO] [stderr]   Downloaded wasmprinter v0.2.0
[INFO] [stderr]   Downloaded backtrace-sys v0.1.32
[INFO] [stderr]   Downloaded wasmparser v0.30.0
[INFO] [stderr]   Downloaded byteorder v1.3.2
[INFO] [stderr]   Downloaded shlex v0.1.1
[INFO] [stderr]   Downloaded memoffset v0.5.3
[INFO] [stderr]   Downloaded scopeguard v1.0.0
[INFO] [stderr]   Downloaded num_cpus v1.11.1
[INFO] [stderr]   Downloaded synstructure v0.12.3
[INFO] [stderr]   Downloaded rayon v1.3.0
[INFO] [stderr]   Downloaded walrus-macro v0.8.0
[INFO] [stderr]   Downloaded wast v6.0.0
[INFO] [stderr]   Downloaded winapi-util v0.1.3
[INFO] [stderr]   Downloaded cmake v0.1.42
[INFO] [stderr]   Downloaded parity-wasm v0.40.3
[INFO] [stderr]   Downloaded regex-syntax v0.6.13
[INFO] [stderr]   Downloaded anyhow v1.0.26
[INFO] [stderr]   Downloaded wasmparser v0.42.1
[INFO] running `Command { std: "docker" "create" "-v" "/var/lib/crater-agent-workspace/builds/worker-4-tc2/target:/opt/rustwide/target:rw,Z" "-v" "/var/lib/crater-agent-workspace/builds/worker-4-tc2/source:/opt/rustwide/workdir:ro,Z" "-v" "/var/lib/crater-agent-workspace/cargo-home:/opt/rustwide/cargo-home:ro,Z" "-v" "/var/lib/crater-agent-workspace/rustup-home:/opt/rustwide/rustup-home:ro,Z" "-e" "SOURCE_DIR=/opt/rustwide/workdir" "-e" "CARGO_TARGET_DIR=/opt/rustwide/target" "-e" "CARGO_HOME=/opt/rustwide/cargo-home" "-e" "RUSTUP_HOME=/opt/rustwide/rustup-home" "-w" "/opt/rustwide/workdir" "-m" "1610612736" "--user" "0:0" "--network" "none" "ghcr.io/rust-lang/crates-build-env/linux@sha256:5ff2268d62e97bff2cde7d5815dd6ed5b47097566f13b8d0ca110b04b60e07ed" "/opt/rustwide/cargo-home/bin/cargo" "+beta-2023-04-20" "metadata" "--no-deps" "--format-version=1", kill_on_drop: false }`
[INFO] [stdout] 41b57f934b913b4751a1b02441374fb4735fb2e4477da63c43c4ac01a7084cfd
[INFO] running `Command { std: "docker" "start" "-a" "41b57f934b913b4751a1b02441374fb4735fb2e4477da63c43c4ac01a7084cfd", kill_on_drop: false }`
[INFO] running `Command { std: "docker" "inspect" "41b57f934b913b4751a1b02441374fb4735fb2e4477da63c43c4ac01a7084cfd", kill_on_drop: false }`
[INFO] running `Command { std: "docker" "rm" "-f" "41b57f934b913b4751a1b02441374fb4735fb2e4477da63c43c4ac01a7084cfd", kill_on_drop: false }`
[INFO] [stdout] 41b57f934b913b4751a1b02441374fb4735fb2e4477da63c43c4ac01a7084cfd
[INFO] running `Command { std: "docker" "create" "-v" "/var/lib/crater-agent-workspace/builds/worker-4-tc2/target:/opt/rustwide/target:rw,Z" "-v" "/var/lib/crater-agent-workspace/builds/worker-4-tc2/source:/opt/rustwide/workdir:ro,Z" "-v" "/var/lib/crater-agent-workspace/cargo-home:/opt/rustwide/cargo-home:ro,Z" "-v" "/var/lib/crater-agent-workspace/rustup-home:/opt/rustwide/rustup-home:ro,Z" "-e" "SOURCE_DIR=/opt/rustwide/workdir" "-e" "CARGO_TARGET_DIR=/opt/rustwide/target" "-e" "CARGO_INCREMENTAL=0" "-e" "RUST_BACKTRACE=full" "-e" "RUSTFLAGS=--cap-lints=warn" "-e" "RUSTDOCFLAGS=--cap-lints=warn" "-e" "CARGO_HOME=/opt/rustwide/cargo-home" "-e" "RUSTUP_HOME=/opt/rustwide/rustup-home" "-w" "/opt/rustwide/workdir" "-m" "1610612736" "--user" "0:0" "--network" "none" "ghcr.io/rust-lang/crates-build-env/linux@sha256:5ff2268d62e97bff2cde7d5815dd6ed5b47097566f13b8d0ca110b04b60e07ed" "/opt/rustwide/cargo-home/bin/cargo" "+beta-2023-04-20" "build" "--frozen" "--message-format=json", kill_on_drop: false }`
[INFO] [stdout] 9aa855d1bc8fb4dc5fd1bc8d5cb0b5386b2cd65379afd38c3051de6bfcf9802c
[INFO] running `Command { std: "docker" "start" "-a" "9aa855d1bc8fb4dc5fd1bc8d5cb0b5386b2cd65379afd38c3051de6bfcf9802c", kill_on_drop: false }`
[INFO] [stderr]    Compiling libc v0.2.66
[INFO] [stderr]    Compiling autocfg v0.1.7
[INFO] [stderr]    Compiling semver-parser v0.7.0
[INFO] [stderr]    Compiling proc-macro2 v1.0.7
[INFO] [stderr]    Compiling unicode-xid v0.2.0
[INFO] [stderr]    Compiling syn v1.0.13
[INFO] [stderr]    Compiling proc-macro2 v0.4.30
[INFO] [stderr]    Compiling scopeguard v1.0.0
[INFO] [stderr]    Compiling cc v1.0.50
[INFO] [stderr]    Compiling rayon-core v1.7.0
[INFO] [stderr]    Compiling semver v0.9.0
[INFO] [stderr]    Compiling unicode-xid v0.1.0
[INFO] [stderr]    Compiling crossbeam-utils v0.7.0
[INFO] [stderr]    Compiling crossbeam-epoch v0.8.0
[INFO] [stderr]    Compiling rustc_version v0.2.3
[INFO] [stderr]    Compiling failure_derive v0.1.6
[INFO] [stderr]    Compiling quote v1.0.2
[INFO] [stderr]    Compiling memoffset v0.5.3
[INFO] [stderr]    Compiling num_cpus v1.11.1
[INFO] [stderr]    Compiling crossbeam-queue v0.2.1
[INFO] [stderr]    Compiling memchr v2.3.0
[INFO] [stderr]    Compiling backtrace-sys v0.1.32
[INFO] [stderr]    Compiling syn v0.15.44
[INFO] [stderr]    Compiling crossbeam-deque v0.7.2
[INFO] [stderr]    Compiling quote v0.6.13
[INFO] [stderr]    Compiling leb128 v0.2.4
[INFO] [stderr]    Compiling rustc-demangle v0.1.16
[INFO] [stderr]    Compiling log v0.4.8
[INFO] [stderr]    Compiling unicode-segmentation v1.6.0
[INFO] [stderr]    Compiling either v1.5.3
[INFO] [stderr]    Compiling rayon v1.3.0
[INFO] [stderr]    Compiling unicode-width v0.1.7
[INFO] [stderr]    Compiling textwrap v0.11.0
[INFO] [stderr]    Compiling heck v0.3.1
[INFO] [stderr]    Compiling backtrace v0.3.42
[INFO] [stderr]    Compiling aho-corasick v0.7.6
[INFO] [stderr]    Compiling atty v0.2.14
[INFO] [stderr]    Compiling serde v1.0.104
[INFO] [stderr]    Compiling wasmparser v0.30.0
[INFO] [stderr]    Compiling regex-syntax v0.6.13
[INFO] [stderr]    Compiling vec_map v0.8.1
[INFO] [stderr]    Compiling anyhow v1.0.26
[INFO] [stderr]    Compiling clap v2.33.0
[INFO] [stderr]    Compiling id-arena v2.2.1
[INFO] [stderr]    Compiling synstructure v0.12.3
[INFO] [stderr]    Compiling linked-hash-map v0.5.2
[INFO] [stderr]    Compiling yaml-rust v0.4.3
[INFO] [stderr]    Compiling regex v1.3.3
[INFO] [stderr]    Compiling wast v6.0.0
[INFO] [stderr]    Compiling walrus-macro v0.8.0
[INFO] [stderr]    Compiling wasmparser v0.42.1
[INFO] [stderr]    Compiling failure v0.1.6
[INFO] [stderr]    Compiling dtoa v0.4.4
[INFO] [stderr]    Compiling parity-wasm v0.40.3
[INFO] [stderr]    Compiling serde_derive v1.0.104
[INFO] [stderr]    Compiling serde_yaml v0.8.11
[INFO] [stderr]    Compiling walrus v0.8.0
[INFO] [stderr]    Compiling wat v1.0.7
[INFO] [stderr]    Compiling wasmprinter v0.2.0
[INFO] [stderr]    Compiling ansi_term v0.12.1
[INFO] [stderr]    Compiling hex v0.4.0
[INFO] [stderr]    Compiling wasm-snip v0.2.0
[INFO] [stderr]    Compiling libchisel v0.6.0
[INFO] [stderr]    Compiling chisel v0.6.0 (/opt/rustwide/workdir)
[INFO] [stdout] warning: trailing semicolon in macro used in expression position
[INFO] [stdout]   --> src/logger.rs:6:81
[INFO] [stdout]    |
[INFO] [stdout] 6  |         crate::logger::Logger::with_global_level().log($lvl, &format!($($arg)*));
[INFO] [stdout]    |                                                                                 ^
[INFO] [stdout]    |
[INFO] [stdout]   ::: src/cmd_run.rs:33:28
[INFO] [stdout]    |
[INFO] [stdout] 33 |         .for_each(|(k, v)| chisel_debug!(1, "\t{}: {}", k, v));
[INFO] [stdout]    |                            ---------------------------------- in this macro invocation
[INFO] [stdout]    |
[INFO] [stdout]    = warning: this was previously accepted by the compiler but is being phased out; it will become a hard error in a future release!
[INFO] [stdout]    = note: for more information, see issue #79813 <https://github.com/rust-lang/rust/issues/79813>
[INFO] [stdout]    = note: `#[warn(semicolon_in_expressions_from_macros)]` on by default
[INFO] [stdout]    = note: this warning originates in the macro `chisel_debug` (in Nightly builds, run with -Z macro-backtrace for more info)
[INFO] [stdout] 
[INFO] [stdout] 
[INFO] [stdout] warning: use of deprecated method `std::error::Error::description`: use the Display impl or to_string()
[INFO] [stdout]    --> src/cmd_oneliner.rs:104:70
[INFO] [stdout]     |
[INFO] [stdout] 104 |                     &format!("failed to write output to file: {}", e.description()),
[INFO] [stdout]     |                                                                      ^^^^^^^^^^^
[INFO] [stdout]     |
[INFO] [stdout]     = note: `#[warn(deprecated)]` on by default
[INFO] [stdout] 
[INFO] [stdout] 
[INFO] [stdout] warning: use of deprecated method `std::error::Error::description`: use the Display impl or to_string()
[INFO] [stdout]   --> src/cmd_run.rs:48:19
[INFO] [stdout]    |
[INFO] [stdout] 48 |                 e.description()
[INFO] [stdout]    |                   ^^^^^^^^^^^
[INFO] [stdout] 
[INFO] [stdout] 
[INFO] [stdout] warning: use of deprecated method `std::error::Error::description`: use the Display impl or to_string()
[INFO] [stdout]   --> src/cmd_run.rs:67:60
[INFO] [stdout]    |
[INFO] [stdout] 67 |             &format!("failed to load configuration: {}", e.description()),
[INFO] [stdout]    |                                                            ^^^^^^^^^^^
[INFO] [stdout] 
[INFO] [stdout] 
[INFO] [stdout] warning: use of deprecated method `std::error::Error::description`: use the Display impl or to_string()
[INFO] [stdout]   --> src/cmd_run.rs:74:61
[INFO] [stdout]    |
[INFO] [stdout] 74 |             &format!("failed to parse configuration: {}", e.description()),
[INFO] [stdout]    |                                                             ^^^^^^^^^^^
[INFO] [stdout] 
[INFO] [stdout] 
[INFO] [stdout] warning: use of deprecated method `std::error::Error::description`: use the Display impl or to_string()
[INFO] [stdout]    --> src/cmd_run.rs:140:23
[INFO] [stdout]     |
[INFO] [stdout] 140 |                 error.description()
[INFO] [stdout]     |                       ^^^^^^^^^^^
[INFO] [stdout] 
[INFO] [stdout] 
[INFO] [stdout] warning: use of deprecated method `std::error::Error::description`: use the Display impl or to_string()
[INFO] [stdout]    --> src/result.rs:162:71
[INFO] [stdout]     |
[INFO] [stdout] 162 |                     Err(e) => Red.bold().paint(format!("ERROR; {}", e.description())),
[INFO] [stdout]     |                                                                       ^^^^^^^^^^^
[INFO] [stdout] 
[INFO] [stdout] 
[INFO] [stdout] warning: use of deprecated method `std::error::Error::description`: use the Display impl or to_string()
[INFO] [stdout]    --> src/result.rs:177:71
[INFO] [stdout]     |
[INFO] [stdout] 177 |                     Err(e) => Red.bold().paint(format!("ERROR; {}", e.description())),
[INFO] [stdout]     |                                                                       ^^^^^^^^^^^
[INFO] [stdout] 
[INFO] [stdout] 
[INFO] [stdout] warning: use of deprecated method `std::error::Error::description`: use the Display impl or to_string()
[INFO] [stdout]    --> src/result.rs:192:71
[INFO] [stdout]     |
[INFO] [stdout] 192 |                     Err(e) => Red.bold().paint(format!("ERROR; {}", e.description())),
[INFO] [stdout]     |                                                                       ^^^^^^^^^^^
[INFO] [stdout] 
[INFO] [stdout] 
[INFO] [stdout] warning: method `rulesets` is never used
[INFO] [stdout]   --> src/config.rs:56:12
[INFO] [stdout]    |
[INFO] [stdout] 55 | impl ChiselConfig {
[INFO] [stdout]    | ----------------- method in this implementation
[INFO] [stdout] 56 |     pub fn rulesets(&self) -> &VecDeque<(String, Ruleset)> {
[INFO] [stdout]    |            ^^^^^^^^
[INFO] [stdout]    |
[INFO] [stdout]    = note: `#[warn(dead_code)]` on by default
[INFO] [stdout] 
[INFO] [stdout] 
[INFO] [stdout] warning: method `modules` is never used
[INFO] [stdout]   --> src/config.rs:74:12
[INFO] [stdout]    |
[INFO] [stdout] 65 | impl Ruleset {
[INFO] [stdout]    | ------------ method in this implementation
[INFO] [stdout] ...
[INFO] [stdout] 74 |     pub fn modules(&self) -> &VecDeque<(String, ModuleConfig)> {
[INFO] [stdout]    |            ^^^^^^^
[INFO] [stdout] 
[INFO] [stdout] 
[INFO] [stdout] warning: variant `Creator` is never constructed
[INFO] [stdout]   --> src/result.rs:38:5
[INFO] [stdout]    |
[INFO] [stdout] 37 | pub enum ModuleResult {
[INFO] [stdout]    |          ------------ variant in this enum
[INFO] [stdout] 38 |     Creator(String, Result<bool, ModuleError>),
[INFO] [stdout]    |     ^^^^^^^
[INFO] [stdout]    |
[INFO] [stdout]    = note: `ModuleResult` has a derived impl for the trait `Clone`, but this is intentionally ignored during dead code analysis
[INFO] [stdout] 
[INFO] [stdout] 
[INFO] [stdout] warning: method `rulesets` is never used
[INFO] [stdout]   --> src/result.rs:52:12
[INFO] [stdout]    |
[INFO] [stdout] 43 | impl ChiselResult {
[INFO] [stdout]    | ----------------- method in this implementation
[INFO] [stdout] ...
[INFO] [stdout] 52 |     pub fn rulesets(&self) -> &Vec<RulesetResult> {
[INFO] [stdout]    |            ^^^^^^^^
[INFO] [stdout] 
[INFO] [stdout] 
[INFO] [stdout] warning: 13 warnings emitted
[INFO] [stdout] 
[INFO] [stdout] 
[INFO] [stderr]     Finished dev [unoptimized + debuginfo] target(s) in 31.27s
[INFO] [stderr] warning: the following packages contain code that will be rejected by a future version of Rust: chisel v0.6.0 (/opt/rustwide/workdir)
[INFO] [stderr] note: to see what the problems were, use the option `--future-incompat-report`, or run `cargo report future-incompatibilities --id 1`
[INFO] running `Command { std: "docker" "inspect" "9aa855d1bc8fb4dc5fd1bc8d5cb0b5386b2cd65379afd38c3051de6bfcf9802c", kill_on_drop: false }`
[INFO] running `Command { std: "docker" "rm" "-f" "9aa855d1bc8fb4dc5fd1bc8d5cb0b5386b2cd65379afd38c3051de6bfcf9802c", kill_on_drop: false }`
[INFO] [stdout] 9aa855d1bc8fb4dc5fd1bc8d5cb0b5386b2cd65379afd38c3051de6bfcf9802c
[INFO] running `Command { std: "docker" "create" "-v" "/var/lib/crater-agent-workspace/builds/worker-4-tc2/target:/opt/rustwide/target:rw,Z" "-v" "/var/lib/crater-agent-workspace/builds/worker-4-tc2/source:/opt/rustwide/workdir:ro,Z" "-v" "/var/lib/crater-agent-workspace/cargo-home:/opt/rustwide/cargo-home:ro,Z" "-v" "/var/lib/crater-agent-workspace/rustup-home:/opt/rustwide/rustup-home:ro,Z" "-e" "SOURCE_DIR=/opt/rustwide/workdir" "-e" "CARGO_TARGET_DIR=/opt/rustwide/target" "-e" "CARGO_INCREMENTAL=0" "-e" "RUST_BACKTRACE=full" "-e" "RUSTFLAGS=--cap-lints=warn" "-e" "RUSTDOCFLAGS=--cap-lints=warn" "-e" "CARGO_HOME=/opt/rustwide/cargo-home" "-e" "RUSTUP_HOME=/opt/rustwide/rustup-home" "-w" "/opt/rustwide/workdir" "-m" "1610612736" "--user" "0:0" "--network" "none" "ghcr.io/rust-lang/crates-build-env/linux@sha256:5ff2268d62e97bff2cde7d5815dd6ed5b47097566f13b8d0ca110b04b60e07ed" "/opt/rustwide/cargo-home/bin/cargo" "+beta-2023-04-20" "test" "--frozen" "--no-run" "--message-format=json", kill_on_drop: false }`
[INFO] [stdout] d9b6cc42b68db401186cd7fc81833e688bceb29408c51f174740e28407641a1d
[INFO] running `Command { std: "docker" "start" "-a" "d9b6cc42b68db401186cd7fc81833e688bceb29408c51f174740e28407641a1d", kill_on_drop: false }`
[INFO] [stderr]    Compiling chisel v0.6.0 (/opt/rustwide/workdir)
[INFO] [stdout] warning: trailing semicolon in macro used in expression position
[INFO] [stdout]   --> src/logger.rs:6:81
[INFO] [stdout]    |
[INFO] [stdout] 6  |         crate::logger::Logger::with_global_level().log($lvl, &format!($($arg)*));
[INFO] [stdout]    |                                                                                 ^
[INFO] [stdout]    |
[INFO] [stdout]   ::: src/cmd_run.rs:33:28
[INFO] [stdout]    |
[INFO] [stdout] 33 |         .for_each(|(k, v)| chisel_debug!(1, "\t{}: {}", k, v));
[INFO] [stdout]    |                            ---------------------------------- in this macro invocation
[INFO] [stdout]    |
[INFO] [stdout]    = warning: this was previously accepted by the compiler but is being phased out; it will become a hard error in a future release!
[INFO] [stdout]    = note: for more information, see issue #79813 <https://github.com/rust-lang/rust/issues/79813>
[INFO] [stdout]    = note: `#[warn(semicolon_in_expressions_from_macros)]` on by default
[INFO] [stdout]    = note: this warning originates in the macro `chisel_debug` (in Nightly builds, run with -Z macro-backtrace for more info)
[INFO] [stdout] 
[INFO] [stdout] 
[INFO] [stdout] warning: use of deprecated method `std::error::Error::description`: use the Display impl or to_string()
[INFO] [stdout]    --> src/cmd_oneliner.rs:104:70
[INFO] [stdout]     |
[INFO] [stdout] 104 |                     &format!("failed to write output to file: {}", e.description()),
[INFO] [stdout]     |                                                                      ^^^^^^^^^^^
[INFO] [stdout]     |
[INFO] [stdout]     = note: `#[warn(deprecated)]` on by default
[INFO] [stdout] 
[INFO] [stdout] 
[INFO] [stdout] warning: use of deprecated method `std::error::Error::description`: use the Display impl or to_string()
[INFO] [stdout]   --> src/cmd_run.rs:48:19
[INFO] [stdout]    |
[INFO] [stdout] 48 |                 e.description()
[INFO] [stdout]    |                   ^^^^^^^^^^^
[INFO] [stdout] 
[INFO] [stdout] 
[INFO] [stdout] warning: use of deprecated method `std::error::Error::description`: use the Display impl or to_string()
[INFO] [stdout]   --> src/cmd_run.rs:67:60
[INFO] [stdout]    |
[INFO] [stdout] 67 |             &format!("failed to load configuration: {}", e.description()),
[INFO] [stdout]    |                                                            ^^^^^^^^^^^
[INFO] [stdout] 
[INFO] [stdout] 
[INFO] [stdout] warning: use of deprecated method `std::error::Error::description`: use the Display impl or to_string()
[INFO] [stdout]   --> src/cmd_run.rs:74:61
[INFO] [stdout]    |
[INFO] [stdout] 74 |             &format!("failed to parse configuration: {}", e.description()),
[INFO] [stdout]    |                                                             ^^^^^^^^^^^
[INFO] [stdout] 
[INFO] [stdout] 
[INFO] [stdout] warning: use of deprecated method `std::error::Error::description`: use the Display impl or to_string()
[INFO] [stdout]    --> src/cmd_run.rs:140:23
[INFO] [stdout]     |
[INFO] [stdout] 140 |                 error.description()
[INFO] [stdout]     |                       ^^^^^^^^^^^
[INFO] [stdout] 
[INFO] [stdout] 
[INFO] [stdout] warning: use of deprecated method `std::error::Error::description`: use the Display impl or to_string()
[INFO] [stdout]    --> src/result.rs:162:71
[INFO] [stdout]     |
[INFO] [stdout] 162 |                     Err(e) => Red.bold().paint(format!("ERROR; {}", e.description())),
[INFO] [stdout]     |                                                                       ^^^^^^^^^^^
[INFO] [stdout] 
[INFO] [stdout] 
[INFO] [stdout] warning: use of deprecated method `std::error::Error::description`: use the Display impl or to_string()
[INFO] [stdout]    --> src/result.rs:177:71
[INFO] [stdout]     |
[INFO] [stdout] 177 |                     Err(e) => Red.bold().paint(format!("ERROR; {}", e.description())),
[INFO] [stdout]     |                                                                       ^^^^^^^^^^^
[INFO] [stdout] 
[INFO] [stdout] 
[INFO] [stdout] warning: use of deprecated method `std::error::Error::description`: use the Display impl or to_string()
[INFO] [stdout]    --> src/result.rs:192:71
[INFO] [stdout]     |
[INFO] [stdout] 192 |                     Err(e) => Red.bold().paint(format!("ERROR; {}", e.description())),
[INFO] [stdout]     |                                                                       ^^^^^^^^^^^
[INFO] [stdout] 
[INFO] [stdout] 
[INFO] [stdout] warning: variant `Creator` is never constructed
[INFO] [stdout]   --> src/result.rs:38:5
[INFO] [stdout]    |
[INFO] [stdout] 37 | pub enum ModuleResult {
[INFO] [stdout]    |          ------------ variant in this enum
[INFO] [stdout] 38 |     Creator(String, Result<bool, ModuleError>),
[INFO] [stdout]    |     ^^^^^^^
[INFO] [stdout]    |
[INFO] [stdout]    = note: `ModuleResult` has a derived impl for the trait `Clone`, but this is intentionally ignored during dead code analysis
[INFO] [stdout]    = note: `#[warn(dead_code)]` on by default
[INFO] [stdout] 
[INFO] [stdout] 
[INFO] [stdout] warning: 10 warnings emitted
[INFO] [stdout] 
[INFO] [stdout] 
[INFO] [stderr]     Finished test [unoptimized + debuginfo] target(s) in 3.39s
[INFO] [stderr] warning: the following packages contain code that will be rejected by a future version of Rust: chisel v0.6.0 (/opt/rustwide/workdir)
[INFO] [stderr]     Blocking waiting for file lock on package cache
[INFO] [stderr] note: to see what the problems were, use the option `--future-incompat-report`, or run `cargo report future-incompatibilities --id 1`
[INFO] running `Command { std: "docker" "inspect" "d9b6cc42b68db401186cd7fc81833e688bceb29408c51f174740e28407641a1d", kill_on_drop: false }`
[INFO] running `Command { std: "docker" "rm" "-f" "d9b6cc42b68db401186cd7fc81833e688bceb29408c51f174740e28407641a1d", kill_on_drop: false }`
[INFO] [stdout] d9b6cc42b68db401186cd7fc81833e688bceb29408c51f174740e28407641a1d
[INFO] running `Command { std: "docker" "create" "-v" "/var/lib/crater-agent-workspace/builds/worker-4-tc2/target:/opt/rustwide/target:rw,Z" "-v" "/var/lib/crater-agent-workspace/builds/worker-4-tc2/source:/opt/rustwide/workdir:ro,Z" "-v" "/var/lib/crater-agent-workspace/cargo-home:/opt/rustwide/cargo-home:ro,Z" "-v" "/var/lib/crater-agent-workspace/rustup-home:/opt/rustwide/rustup-home:ro,Z" "-e" "SOURCE_DIR=/opt/rustwide/workdir" "-e" "CARGO_TARGET_DIR=/opt/rustwide/target" "-e" "CARGO_INCREMENTAL=0" "-e" "RUST_BACKTRACE=full" "-e" "RUSTFLAGS=--cap-lints=warn" "-e" "RUSTDOCFLAGS=--cap-lints=warn" "-e" "CARGO_HOME=/opt/rustwide/cargo-home" "-e" "RUSTUP_HOME=/opt/rustwide/rustup-home" "-w" "/opt/rustwide/workdir" "-m" "1610612736" "--user" "0:0" "--network" "none" "ghcr.io/rust-lang/crates-build-env/linux@sha256:5ff2268d62e97bff2cde7d5815dd6ed5b47097566f13b8d0ca110b04b60e07ed" "/opt/rustwide/cargo-home/bin/cargo" "+beta-2023-04-20" "test" "--frozen", kill_on_drop: false }`
[INFO] [stdout] e7810487987f8ca06ed835216e640e1b66cee625643f08fc657f482037181f10
[INFO] running `Command { std: "docker" "start" "-a" "e7810487987f8ca06ed835216e640e1b66cee625643f08fc657f482037181f10", kill_on_drop: false }`
[INFO] [stderr] warning: trailing semicolon in macro used in expression position
[INFO] [stdout] 
[INFO] [stderr]   --> src/logger.rs:6:81
[INFO] [stdout] running 17 tests
[INFO] [stderr]    |
[INFO] [stderr] 6  |         crate::logger::Logger::with_global_level().log($lvl, &format!($($arg)*));
[INFO] [stderr]    |                                                                                 ^
[INFO] [stderr]    |
[INFO] [stderr]   ::: src/cmd_run.rs:33:28
[INFO] [stderr]    |
[INFO] [stderr] 33 |         .for_each(|(k, v)| chisel_debug!(1, "\t{}: {}", k, v));
[INFO] [stderr]    |                            ---------------------------------- in this macro invocation
[INFO] [stderr]    |
[INFO] [stderr]    = warning: this was previously accepted by the compiler but is being phased out; it will become a hard error in a future release!
[INFO] [stderr]    = note: for more information, see issue #79813 <https://github.com/rust-lang/rust/issues/79813>
[INFO] [stderr]    = note: `#[warn(semicolon_in_expressions_from_macros)]` on by default
[INFO] [stderr]    = note: this warning originates in the macro `chisel_debug` (in Nightly builds, run with -Z macro-backtrace for more info)
[INFO] [stderr] 
[INFO] [stderr] warning: use of deprecated method `std::error::Error::description`: use the Display impl or to_string()
[INFO] [stderr]    --> src/cmd_oneliner.rs:104:70
[INFO] [stderr]     |
[INFO] [stderr] 104 |                     &format!("failed to write output to file: {}", e.description()),
[INFO] [stderr]     |                                                                      ^^^^^^^^^^^
[INFO] [stderr]     |
[INFO] [stderr]     = note: `#[warn(deprecated)]` on by default
[INFO] [stderr] 
[INFO] [stderr] warning: use of deprecated method `std::error::Error::description`: use the Display impl or to_string()
[INFO] [stderr]   --> src/cmd_run.rs:48:19
[INFO] [stderr]    |
[INFO] [stderr] 48 |                 e.description()
[INFO] [stderr]    |                   ^^^^^^^^^^^
[INFO] [stderr] 
[INFO] [stderr] warning: use of deprecated method `std::error::Error::description`: use the Display impl or to_string()
[INFO] [stderr]   --> src/cmd_run.rs:67:60
[INFO] [stderr]    |
[INFO] [stderr] 67 |             &format!("failed to load configuration: {}", e.description()),
[INFO] [stderr]    |                                                            ^^^^^^^^^^^
[INFO] [stderr] 
[INFO] [stderr] warning: use of deprecated method `std::error::Error::description`: use the Display impl or to_string()
[INFO] [stderr]   --> src/cmd_run.rs:74:61
[INFO] [stderr]    |
[INFO] [stderr] 74 |             &format!("failed to parse configuration: {}", e.description()),
[INFO] [stderr]    |                                                             ^^^^^^^^^^^
[INFO] [stderr] 
[INFO] [stderr] warning: use of deprecated method `std::error::Error::description`: use the Display impl or to_string()
[INFO] [stderr]    --> src/cmd_run.rs:140:23
[INFO] [stderr]     |
[INFO] [stderr] 140 |                 error.description()
[INFO] [stderr]     |                       ^^^^^^^^^^^
[INFO] [stderr] 
[INFO] [stderr] warning: use of deprecated method `std::error::Error::description`: use the Display impl or to_string()
[INFO] [stderr]    --> src/result.rs:162:71
[INFO] [stderr]     |
[INFO] [stderr] 162 |                     Err(e) => Red.bold().paint(format!("ERROR; {}", e.description())),
[INFO] [stderr]     |                                                                       ^^^^^^^^^^^
[INFO] [stderr] 
[INFO] [stderr] warning: use of deprecated method `std::error::Error::description`: use the Display impl or to_string()
[INFO] [stderr]    --> src/result.rs:177:71
[INFO] [stderr]     |
[INFO] [stderr] 177 |                     Err(e) => Red.bold().paint(format!("ERROR; {}", e.description())),
[INFO] [stderr]     |                                                                       ^^^^^^^^^^^
[INFO] [stderr] 
[INFO] [stderr] warning: use of deprecated method `std::error::Error::description`: use the Display impl or to_string()
[INFO] [stderr]    --> src/result.rs:192:71
[INFO] [stderr]     |
[INFO] [stderr] 192 |                     Err(e) => Red.bold().paint(format!("ERROR; {}", e.description())),
[INFO] [stderr]     |                                                                       ^^^^^^^^^^^
[INFO] [stderr] 
[INFO] [stderr] warning: variant `Creator` is never constructed
[INFO] [stderr]   --> src/result.rs:38:5
[INFO] [stderr]    |
[INFO] [stderr] 37 | pub enum ModuleResult {
[INFO] [stderr]    |          ------------ variant in this enum
[INFO] [stderr] 38 |     Creator(String, Result<bool, ModuleError>),
[INFO] [stderr]    |     ^^^^^^^
[INFO] [stderr]    |
[INFO] [stderr]    = note: `ModuleResult` has a derived impl for the trait `Clone`, but this is intentionally ignored during dead code analysis
[INFO] [stderr]    = note: `#[warn(dead_code)]` on by default
[INFO] [stderr] 
[INFO] [stderr] warning: `chisel` (bin "chisel" test) generated 10 warnings
[INFO] [stderr]     Finished test [unoptimized + debuginfo] target(s) in 0.08s
[INFO] [stderr] warning: the following packages contain code that will be rejected by a future version of Rust: chisel v0.6.0 (/opt/rustwide/workdir)
[INFO] [stderr] note: to see what the problems were, use the option `--future-incompat-report`, or run `cargo report future-incompatibilities --id 1`
[INFO] [stderr]      Running unittests src/main.rs (/opt/rustwide/target/debug/deps/chisel-946d1e16b56e64c4)
[INFO] [stdout] test config::tests::from_args_multidot ... ok
[INFO] [stdout] test config::tests::from_args_nooptions ... ok
[INFO] [stdout] test config::tests::from_args_toomanyequals ... ok
[INFO] [stdout] test config::tests::yaml_mapping_type_mismatch ... ok
[INFO] [stdout] test config::tests::from_yaml ... ok
[INFO] [stdout] test config::tests::from_args ... ok
[INFO] [stdout] test config::tests::from_args_garbage_options ... ok
[INFO] [stdout] test options::tests::default_options ... ok
[INFO] [stdout] test config::tests::yaml_not_mapping ... ok
[INFO] [stdout] test driver::tests::config_missing_path ... ok
[INFO] [stdout] test driver::tests::module_not_found ... ok
[INFO] [stdout] test result::tests::writer_deny_raw_binary_to_stdout ... ok
[INFO] [stdout] test result::tests::writer_invalid_mode ... ok
[INFO] [stdout] test result::tests::writer_no_module ... ok
[INFO] [stdout] 0061736d01000000test result::tests::writer_success_to_stdout ... ok
[INFO] [stdout] test driver::tests::execute_module_smoke ... FAILED
[INFO] [stdout] test driver::tests::take_result_ready ... ok
[INFO] [stdout] 
[INFO] [stdout] failures:
[INFO] [stdout] 
[INFO] [stdout] ---- driver::tests::execute_module_smoke stdout ----
[INFO] [stdout] thread 'driver::tests::execute_module_smoke' panicked at 'Must succeed', src/driver.rs:522:18
[INFO] [stdout] stack backtrace:
[INFO] [stdout]    0:     0x55ec6da7c0ea - std::backtrace_rs::backtrace::libunwind::trace::h2f05d0192276a8f6
[INFO] [stdout]                                at /rustc/1b7dd2252b99671ce5d1cb9664c5f8636329436d/library/std/src/../../backtrace/src/backtrace/libunwind.rs:93:5
[INFO] [stdout]    1:     0x55ec6da7c0ea - std::backtrace_rs::backtrace::trace_unsynchronized::hedc23dff7a1af150
[INFO] [stdout]                                at /rustc/1b7dd2252b99671ce5d1cb9664c5f8636329436d/library/std/src/../../backtrace/src/backtrace/mod.rs:66:5
[INFO] [stdout]    2:     0x55ec6da7c0ea - std::sys_common::backtrace::_print_fmt::h17541ef7592f3ce2
[INFO] [stdout]                                at /rustc/1b7dd2252b99671ce5d1cb9664c5f8636329436d/library/std/src/sys_common/backtrace.rs:65:5
[INFO] [stdout]    3:     0x55ec6da7c0ea - <std::sys_common::backtrace::_print::DisplayBacktrace as core::fmt::Display>::fmt::h20f75df5ab0c0792
[INFO] [stdout]                                at /rustc/1b7dd2252b99671ce5d1cb9664c5f8636329436d/library/std/src/sys_common/backtrace.rs:44:22
[INFO] [stdout]    4:     0x55ec6daa2aef - core::fmt::write::h78109e6f466b3af6
[INFO] [stdout]                                at /rustc/1b7dd2252b99671ce5d1cb9664c5f8636329436d/library/core/src/fmt/mod.rs:1254:17
[INFO] [stdout]    5:     0x55ec6da79335 - std::io::Write::write_fmt::hd24bfb68a1b35a25
[INFO] [stdout]                                at /rustc/1b7dd2252b99671ce5d1cb9664c5f8636329436d/library/std/src/io/mod.rs:1698:15
[INFO] [stdout]    6:     0x55ec6da7beb5 - std::sys_common::backtrace::_print::h8dac57a9f8fbf9a5
[INFO] [stdout]                                at /rustc/1b7dd2252b99671ce5d1cb9664c5f8636329436d/library/std/src/sys_common/backtrace.rs:47:5
[INFO] [stdout]    7:     0x55ec6da7beb5 - std::sys_common::backtrace::print::hf9ecbf41d1aa712f
[INFO] [stdout]                                at /rustc/1b7dd2252b99671ce5d1cb9664c5f8636329436d/library/std/src/sys_common/backtrace.rs:34:9
[INFO] [stdout]    8:     0x55ec6da7db6e - std::panicking::default_hook::{{closure}}::h04c07acfc84ca028
[INFO] [stdout]                                at /rustc/1b7dd2252b99671ce5d1cb9664c5f8636329436d/library/std/src/panicking.rs:269:22
[INFO] [stdout]    9:     0x55ec6da7d8a1 - std::panicking::default_hook::h01f6bb23e1eceb2c
[INFO] [stdout]                                at /rustc/1b7dd2252b99671ce5d1cb9664c5f8636329436d/library/std/src/panicking.rs:285:9
[INFO] [stdout]   10:     0x55ec6d66975b - <alloc::boxed::Box<F,A> as core::ops::function::Fn<Args>>::call::h87fe9f7b2fd49e4c
[INFO] [stdout]                                at /rustc/1b7dd2252b99671ce5d1cb9664c5f8636329436d/library/alloc/src/boxed.rs:1987:9
[INFO] [stdout]   11:     0x55ec6d66975b - test::test_main::{{closure}}::he94d679243a7531b
[INFO] [stdout]                                at /rustc/1b7dd2252b99671ce5d1cb9664c5f8636329436d/library/test/src/lib.rs:134:21
[INFO] [stdout]   12:     0x55ec6da7e254 - <alloc::boxed::Box<F,A> as core::ops::function::Fn<Args>>::call::h3f2d6d8b14c4769f
[INFO] [stdout]                                at /rustc/1b7dd2252b99671ce5d1cb9664c5f8636329436d/library/alloc/src/boxed.rs:1987:9
[INFO] [stdout]   13:     0x55ec6da7e254 - std::panicking::rust_panic_with_hook::h2bb3722bbaf2f6df
[INFO] [stdout]                                at /rustc/1b7dd2252b99671ce5d1cb9664c5f8636329436d/library/std/src/panicking.rs:695:13
[INFO] [stdout]   14:     0x55ec6d59dc1a - std::panicking::begin_panic::{{closure}}::hdc9768f71d6b1451
[INFO] [stdout]                                at /rustc/1b7dd2252b99671ce5d1cb9664c5f8636329436d/library/std/src/panicking.rs:611:9
[INFO] [stdout]   15:     0x55ec6d5a85bd - std::sys_common::backtrace::__rust_end_short_backtrace::hf03a52a27709debc
[INFO] [stdout]                                at /rustc/1b7dd2252b99671ce5d1cb9664c5f8636329436d/library/std/src/sys_common/backtrace.rs:150:18
[INFO] [stdout]   16:     0x55ec6d59db57 - std::panicking::begin_panic::h541b86c51a0b97c9
[INFO] [stdout]                                at /rustc/1b7dd2252b99671ce5d1cb9664c5f8636329436d/library/std/src/panicking.rs:610:12
[INFO] [stdout]   17:     0x55ec6d51ee89 - chisel::driver::tests::execute_module_smoke::hdac903eb1d2d2134
[INFO] [stdout]                                at /opt/rustwide/workdir/src/driver.rs:522:18
[INFO] [stdout]   18:     0x55ec6d51eb37 - chisel::driver::tests::execute_module_smoke::{{closure}}::h3ce56b8d1f22f63f
[INFO] [stdout]                                at /opt/rustwide/workdir/src/driver.rs:509:31
[INFO] [stdout]   19:     0x55ec6d5225f5 - core::ops::function::FnOnce::call_once::h22eb24b2e77e4f9a
[INFO] [stdout]                                at /rustc/1b7dd2252b99671ce5d1cb9664c5f8636329436d/library/core/src/ops/function.rs:250:5
[INFO] [stdout]   20:     0x55ec6d66e62f - core::ops::function::FnOnce::call_once::ha6a70e79f7481a7e
[INFO] [stdout]                                at /rustc/1b7dd2252b99671ce5d1cb9664c5f8636329436d/library/core/src/ops/function.rs:250:5
[INFO] [stdout]   21:     0x55ec6d66e62f - test::__rust_begin_short_backtrace::hce33033019b61e69
[INFO] [stdout]                                at /rustc/1b7dd2252b99671ce5d1cb9664c5f8636329436d/library/test/src/lib.rs:655:18
[INFO] [stdout]   22:     0x55ec6d63be1c - test::run_test::{{closure}}::h858d3528838ae3e5
[INFO] [stdout]                                at /rustc/1b7dd2252b99671ce5d1cb9664c5f8636329436d/library/test/src/lib.rs:646:30
[INFO] [stdout]   23:     0x55ec6d63be1c - core::ops::function::FnOnce::call_once{{vtable.shim}}::he8ac2b00f01ae79e
[INFO] [stdout]                                at /rustc/1b7dd2252b99671ce5d1cb9664c5f8636329436d/library/core/src/ops/function.rs:250:5
[INFO] [stdout]   24:     0x55ec6d66d706 - <alloc::boxed::Box<F,A> as core::ops::function::FnOnce<Args>>::call_once::h8093d25b522725ef
[INFO] [stdout]                                at /rustc/1b7dd2252b99671ce5d1cb9664c5f8636329436d/library/alloc/src/boxed.rs:1973:9
[INFO] [stdout]   25:     0x55ec6d66d706 - <core::panic::unwind_safe::AssertUnwindSafe<F> as core::ops::function::FnOnce<()>>::call_once::h5c334c204e4a3913
[INFO] [stdout]                                at /rustc/1b7dd2252b99671ce5d1cb9664c5f8636329436d/library/core/src/panic/unwind_safe.rs:271:9
[INFO] [stdout]   26:     0x55ec6d66d706 - std::panicking::try::do_call::ha8b740c7b9478074
[INFO] [stdout]                                at /rustc/1b7dd2252b99671ce5d1cb9664c5f8636329436d/library/std/src/panicking.rs:485:40
[INFO] [stdout]   27:     0x55ec6d66d706 - std::panicking::try::h5d34f63d0e41b64e
[INFO] [stdout]                                at /rustc/1b7dd2252b99671ce5d1cb9664c5f8636329436d/library/std/src/panicking.rs:449:19
[INFO] [stdout]   28:     0x55ec6d66d706 - std::panic::catch_unwind::hcfbb511e1aa7fc67
[INFO] [stdout]                                at /rustc/1b7dd2252b99671ce5d1cb9664c5f8636329436d/library/std/src/panic.rs:140:14
[INFO] [stdout]   29:     0x55ec6d66d706 - test::run_test_in_process::h9abda90f802eaf21
[INFO] [stdout]                                at /rustc/1b7dd2252b99671ce5d1cb9664c5f8636329436d/library/test/src/lib.rs:678:27
[INFO] [stdout]   30:     0x55ec6d66d706 - test::run_test::run_test_inner::{{closure}}::h0f058de91f6c6edf
[INFO] [stdout]                                at /rustc/1b7dd2252b99671ce5d1cb9664c5f8636329436d/library/test/src/lib.rs:572:39
[INFO] [stdout]   31:     0x55ec6d636625 - test::run_test::run_test_inner::{{closure}}::h5ca48a4c59c6c1fb
[INFO] [stdout]                                at /rustc/1b7dd2252b99671ce5d1cb9664c5f8636329436d/library/test/src/lib.rs:599:37
[INFO] [stdout]   32:     0x55ec6d636625 - std::sys_common::backtrace::__rust_begin_short_backtrace::h32bd51e1495d4a33
[INFO] [stdout]                                at /rustc/1b7dd2252b99671ce5d1cb9664c5f8636329436d/library/std/src/sys_common/backtrace.rs:134:18
[INFO] [stdout]   33:     0x55ec6d63bb61 - std::thread::Builder::spawn_unchecked_::{{closure}}::{{closure}}::hc086fae9b128b2db
[INFO] [stdout]                                at /rustc/1b7dd2252b99671ce5d1cb9664c5f8636329436d/library/std/src/thread/mod.rs:526:17
[INFO] [stdout]   34:     0x55ec6d63bb61 - <core::panic::unwind_safe::AssertUnwindSafe<F> as core::ops::function::FnOnce<()>>::call_once::hb66571888d270d43
[INFO] [stdout]                                at /rustc/1b7dd2252b99671ce5d1cb9664c5f8636329436d/library/core/src/panic/unwind_safe.rs:271:9
[INFO] [stdout]   35:     0x55ec6d63bb61 - std::panicking::try::do_call::h4fa2ef4f6e51fecf
[INFO] [stdout]                                at /rustc/1b7dd2252b99671ce5d1cb9664c5f8636329436d/library/std/src/panicking.rs:485:40
[INFO] [stdout]   36:     0x55ec6d63bb61 - std::panicking::try::h1e9e22b8584489b5
[INFO] [stdout]                                at /rustc/1b7dd2252b99671ce5d1cb9664c5f8636329436d/library/std/src/panicking.rs:449:19
[INFO] [stdout]   37:     0x55ec6d63bb61 - std::panic::catch_unwind::h44698a3de0e0769e
[INFO] [stdout]                                at /rustc/1b7dd2252b99671ce5d1cb9664c5f8636329436d/library/std/src/panic.rs:140:14
[INFO] [stdout]   38:     0x55ec6d63bb61 - std::thread::Builder::spawn_unchecked_::{{closure}}::h50153abde3fe239e
[INFO] [stdout]                                at /rustc/1b7dd2252b99671ce5d1cb9664c5f8636329436d/library/std/src/thread/mod.rs:525:30
[INFO] [stdout]   39:     0x55ec6d63bb61 - core::ops::function::FnOnce::call_once{{vtable.shim}}::hbe5bbf6f38394364
[INFO] [stdout]                                at /rustc/1b7dd2252b99671ce5d1cb9664c5f8636329436d/library/core/src/ops/function.rs:250:5
[INFO] [stdout]   40:     0x55ec6da827d5 - <alloc::boxed::Box<F,A> as core::ops::function::FnOnce<Args>>::call_once::h0d83cb2920a49046
[INFO] [stdout]                                at /rustc/1b7dd2252b99671ce5d1cb9664c5f8636329436d/library/alloc/src/boxed.rs:1973:9
[INFO] [stdout]   41:     0x55ec6da827d5 - <alloc::boxed::Box<F,A> as core::ops::function::FnOnce<Args>>::call_once::hbe0a008aa7d9ef59
[INFO] [stdout]                                at /rustc/1b7dd2252b99671ce5d1cb9664c5f8636329436d/library/alloc/src/boxed.rs:1973:9
[INFO] [stdout]   42:     0x55ec6da827d5 - std::sys::unix::thread::Thread::new::thread_start::h3a466996bdf6b1f9
[INFO] [stdout]                                at /rustc/1b7dd2252b99671ce5d1cb9664c5f8636329436d/library/std/src/sys/unix/thread.rs:108:17
[INFO] [stdout]   43:     0x7f7738643b43 - <unknown>
[INFO] [stdout]   44:     0x7f77386d4bb4 - __clone
[INFO] [stdout]   45:                0x0 - <unknown>
[INFO] [stdout] 
[INFO] [stdout] 
[INFO] [stdout] failures:
[INFO] [stdout]     driver::tests::execute_module_smoke
[INFO] [stdout] 
[INFO] [stdout] test result: FAILED. 16 passed; 1 failed; 0 ignored; 0 measured; 0 filtered out; finished in 0.06s
[INFO] [stdout] 
[INFO] [stderr] error: test failed, to rerun pass `--bin chisel`
[INFO] running `Command { std: "docker" "inspect" "e7810487987f8ca06ed835216e640e1b66cee625643f08fc657f482037181f10", kill_on_drop: false }`
[INFO] running `Command { std: "docker" "rm" "-f" "e7810487987f8ca06ed835216e640e1b66cee625643f08fc657f482037181f10", kill_on_drop: false }`
[INFO] [stdout] e7810487987f8ca06ed835216e640e1b66cee625643f08fc657f482037181f10
