[INFO] fetching crate cheatsheet 0.1.0...
[INFO] testing cheatsheet-0.1.0 against 1.69.0 for beta-1.70-1
[INFO] extracting crate cheatsheet 0.1.0 into /workspace/builds/worker-6-tc1/source
[INFO] validating manifest of crates.io crate cheatsheet 0.1.0 on toolchain 1.69.0
[INFO] running `Command { std: CARGO_HOME="/workspace/cargo-home" RUSTUP_HOME="/workspace/rustup-home" "/workspace/cargo-home/bin/cargo" "+1.69.0" "metadata" "--manifest-path" "Cargo.toml" "--no-deps", kill_on_drop: false }`
[INFO] started tweaking crates.io crate cheatsheet 0.1.0
[INFO] finished tweaking crates.io crate cheatsheet 0.1.0
[INFO] tweaked toml for crates.io crate cheatsheet 0.1.0 written to /workspace/builds/worker-6-tc1/source/Cargo.toml
[INFO] running `Command { std: CARGO_HOME="/workspace/cargo-home" RUSTUP_HOME="/workspace/rustup-home" __CARGO_TEST_CHANNEL_OVERRIDE_DO_NOT_USE_THIS="nightly" "/workspace/cargo-home/bin/cargo" "+1.69.0" "generate-lockfile" "--manifest-path" "Cargo.toml" "-Zno-index-update", kill_on_drop: false }`
[INFO] [stderr]     Blocking waiting for file lock on package cache
[INFO] running `Command { std: CARGO_HOME="/workspace/cargo-home" RUSTUP_HOME="/workspace/rustup-home" "/workspace/cargo-home/bin/cargo" "+1.69.0" "fetch" "--manifest-path" "Cargo.toml", kill_on_drop: false }`
[INFO] running `Command { std: "docker" "create" "-v" "/var/lib/crater-agent-workspace/builds/worker-6-tc1/target:/opt/rustwide/target:rw,Z" "-v" "/var/lib/crater-agent-workspace/builds/worker-6-tc1/source:/opt/rustwide/workdir:ro,Z" "-v" "/var/lib/crater-agent-workspace/cargo-home:/opt/rustwide/cargo-home:ro,Z" "-v" "/var/lib/crater-agent-workspace/rustup-home:/opt/rustwide/rustup-home:ro,Z" "-e" "SOURCE_DIR=/opt/rustwide/workdir" "-e" "CARGO_TARGET_DIR=/opt/rustwide/target" "-e" "CARGO_HOME=/opt/rustwide/cargo-home" "-e" "RUSTUP_HOME=/opt/rustwide/rustup-home" "-w" "/opt/rustwide/workdir" "-m" "1610612736" "--user" "0:0" "--network" "none" "ghcr.io/rust-lang/crates-build-env/linux@sha256:5ff2268d62e97bff2cde7d5815dd6ed5b47097566f13b8d0ca110b04b60e07ed" "/opt/rustwide/cargo-home/bin/cargo" "+1.69.0" "metadata" "--no-deps" "--format-version=1", kill_on_drop: false }`
[INFO] [stdout] 867dfcafa3177e02329d8b303431d5062e67141f2a077d45b92979938e624f43
[INFO] running `Command { std: "docker" "start" "-a" "867dfcafa3177e02329d8b303431d5062e67141f2a077d45b92979938e624f43", kill_on_drop: false }`
[INFO] running `Command { std: "docker" "inspect" "867dfcafa3177e02329d8b303431d5062e67141f2a077d45b92979938e624f43", kill_on_drop: false }`
[INFO] running `Command { std: "docker" "rm" "-f" "867dfcafa3177e02329d8b303431d5062e67141f2a077d45b92979938e624f43", kill_on_drop: false }`
[INFO] [stdout] 867dfcafa3177e02329d8b303431d5062e67141f2a077d45b92979938e624f43
[INFO] running `Command { std: "docker" "create" "-v" "/var/lib/crater-agent-workspace/builds/worker-6-tc1/target:/opt/rustwide/target:rw,Z" "-v" "/var/lib/crater-agent-workspace/builds/worker-6-tc1/source:/opt/rustwide/workdir:ro,Z" "-v" "/var/lib/crater-agent-workspace/cargo-home:/opt/rustwide/cargo-home:ro,Z" "-v" "/var/lib/crater-agent-workspace/rustup-home:/opt/rustwide/rustup-home:ro,Z" "-e" "SOURCE_DIR=/opt/rustwide/workdir" "-e" "CARGO_TARGET_DIR=/opt/rustwide/target" "-e" "CARGO_INCREMENTAL=0" "-e" "RUST_BACKTRACE=full" "-e" "RUSTFLAGS=--cap-lints=warn" "-e" "RUSTDOCFLAGS=--cap-lints=warn" "-e" "CARGO_HOME=/opt/rustwide/cargo-home" "-e" "RUSTUP_HOME=/opt/rustwide/rustup-home" "-w" "/opt/rustwide/workdir" "-m" "1610612736" "--user" "0:0" "--network" "none" "ghcr.io/rust-lang/crates-build-env/linux@sha256:5ff2268d62e97bff2cde7d5815dd6ed5b47097566f13b8d0ca110b04b60e07ed" "/opt/rustwide/cargo-home/bin/cargo" "+1.69.0" "build" "--frozen" "--message-format=json", kill_on_drop: false }`
[INFO] [stdout] 60d4e8b31548035c8635cc41954974cbd94ae0512492ddf6870df14f1786b2eb
[INFO] running `Command { std: "docker" "start" "-a" "60d4e8b31548035c8635cc41954974cbd94ae0512492ddf6870df14f1786b2eb", kill_on_drop: false }`
[INFO] [stderr]    Compiling cheatsheet v0.1.0 (/opt/rustwide/workdir)
[INFO] [stderr]     Finished dev [unoptimized + debuginfo] target(s) in 0.08s
[INFO] running `Command { std: "docker" "inspect" "60d4e8b31548035c8635cc41954974cbd94ae0512492ddf6870df14f1786b2eb", kill_on_drop: false }`
[INFO] running `Command { std: "docker" "rm" "-f" "60d4e8b31548035c8635cc41954974cbd94ae0512492ddf6870df14f1786b2eb", kill_on_drop: false }`
[INFO] [stdout] 60d4e8b31548035c8635cc41954974cbd94ae0512492ddf6870df14f1786b2eb
[INFO] running `Command { std: "docker" "create" "-v" "/var/lib/crater-agent-workspace/builds/worker-6-tc1/target:/opt/rustwide/target:rw,Z" "-v" "/var/lib/crater-agent-workspace/builds/worker-6-tc1/source:/opt/rustwide/workdir:ro,Z" "-v" "/var/lib/crater-agent-workspace/cargo-home:/opt/rustwide/cargo-home:ro,Z" "-v" "/var/lib/crater-agent-workspace/rustup-home:/opt/rustwide/rustup-home:ro,Z" "-e" "SOURCE_DIR=/opt/rustwide/workdir" "-e" "CARGO_TARGET_DIR=/opt/rustwide/target" "-e" "CARGO_INCREMENTAL=0" "-e" "RUST_BACKTRACE=full" "-e" "RUSTFLAGS=--cap-lints=warn" "-e" "RUSTDOCFLAGS=--cap-lints=warn" "-e" "CARGO_HOME=/opt/rustwide/cargo-home" "-e" "RUSTUP_HOME=/opt/rustwide/rustup-home" "-w" "/opt/rustwide/workdir" "-m" "1610612736" "--user" "0:0" "--network" "none" "ghcr.io/rust-lang/crates-build-env/linux@sha256:5ff2268d62e97bff2cde7d5815dd6ed5b47097566f13b8d0ca110b04b60e07ed" "/opt/rustwide/cargo-home/bin/cargo" "+1.69.0" "test" "--frozen" "--no-run" "--message-format=json", kill_on_drop: false }`
[INFO] [stdout] 302e309c5c145bf18a28f3bba346af0c168f355912f1feea692b1d6552e44f01
[INFO] running `Command { std: "docker" "start" "-a" "302e309c5c145bf18a28f3bba346af0c168f355912f1feea692b1d6552e44f01", kill_on_drop: false }`
[INFO] [stderr]    Compiling cheatsheet v0.1.0 (/opt/rustwide/workdir)
[INFO] [stderr]     Finished test [unoptimized + debuginfo] target(s) in 0.32s
[INFO] running `Command { std: "docker" "inspect" "302e309c5c145bf18a28f3bba346af0c168f355912f1feea692b1d6552e44f01", kill_on_drop: false }`
[INFO] running `Command { std: "docker" "rm" "-f" "302e309c5c145bf18a28f3bba346af0c168f355912f1feea692b1d6552e44f01", kill_on_drop: false }`
[INFO] [stdout] 302e309c5c145bf18a28f3bba346af0c168f355912f1feea692b1d6552e44f01
[INFO] running `Command { std: "docker" "create" "-v" "/var/lib/crater-agent-workspace/builds/worker-6-tc1/target:/opt/rustwide/target:rw,Z" "-v" "/var/lib/crater-agent-workspace/builds/worker-6-tc1/source:/opt/rustwide/workdir:ro,Z" "-v" "/var/lib/crater-agent-workspace/cargo-home:/opt/rustwide/cargo-home:ro,Z" "-v" "/var/lib/crater-agent-workspace/rustup-home:/opt/rustwide/rustup-home:ro,Z" "-e" "SOURCE_DIR=/opt/rustwide/workdir" "-e" "CARGO_TARGET_DIR=/opt/rustwide/target" "-e" "CARGO_INCREMENTAL=0" "-e" "RUST_BACKTRACE=full" "-e" "RUSTFLAGS=--cap-lints=warn" "-e" "RUSTDOCFLAGS=--cap-lints=warn" "-e" "CARGO_HOME=/opt/rustwide/cargo-home" "-e" "RUSTUP_HOME=/opt/rustwide/rustup-home" "-w" "/opt/rustwide/workdir" "-m" "1610612736" "--user" "0:0" "--network" "none" "ghcr.io/rust-lang/crates-build-env/linux@sha256:5ff2268d62e97bff2cde7d5815dd6ed5b47097566f13b8d0ca110b04b60e07ed" "/opt/rustwide/cargo-home/bin/cargo" "+1.69.0" "test" "--frozen", kill_on_drop: false }`
[INFO] [stdout] c15c75b908ded7ec3eff607faf35b3cc0b0ea444a91bf40096ca13c8bca7072d
[INFO] running `Command { std: "docker" "start" "-a" "c15c75b908ded7ec3eff607faf35b3cc0b0ea444a91bf40096ca13c8bca7072d", kill_on_drop: false }`
[INFO] [stdout] 
[INFO] [stderr]     Finished test [unoptimized + debuginfo] target(s) in 0.00s
[INFO] [stdout] running 0 tests
[INFO] [stderr]      Running unittests lib.rs (/opt/rustwide/target/debug/deps/cheatsheet-3c294216f583f977)
[INFO] [stdout] 
[INFO] [stderr]    Doc-tests cheatsheet
[INFO] [stdout] test result: ok. 0 passed; 0 failed; 0 ignored; 0 measured; 0 filtered out; finished in 0.00s
[INFO] [stdout] 
[INFO] [stdout] 
[INFO] [stdout] running 9 tests
[INFO] [stdout] test cargo.rs - cargo (line 17) ... FAILED
[INFO] [stdout] test cargo.rs - cargo (line 11) ... FAILED
[INFO] [stdout] test rustup.rs - rustup (line 9) ... FAILED
[INFO] [stdout] test cargo.rs - cargo (line 23) ... FAILED
[INFO] [stdout] test git.rs - git (line 18) ... FAILED
[INFO] [stdout] test git.rs - git (line 11) ... FAILED
[INFO] [stdout] test rustup.rs - rustup (line 3) ... FAILED
[INFO] [stdout] test git.rs - git (line 5) ... FAILED
[INFO] [stdout] test cargo.rs - cargo (line 5) ... FAILED
[INFO] [stdout] 
[INFO] [stdout] failures:
[INFO] [stdout] 
[INFO] [stdout] ---- cargo.rs - cargo (line 17) stdout ----
[INFO] [stdout] error: expected one of `!`, `.`, `::`, `;`, `?`, `{`, `}`, or an operator, found `doc`
[INFO] [stdout]  --> cargo.rs:18:7
[INFO] [stdout]   |
[INFO] [stdout] 3 | cargo doc --open
[INFO] [stdout]   |       ^^^ expected one of 8 possible tokens
[INFO] [stdout] 
[INFO] [stdout] error: aborting due to previous error
[INFO] [stdout] 
[INFO] [stdout] Couldn't compile the test.
[INFO] [stdout] ---- cargo.rs - cargo (line 11) stdout ----
[INFO] [stdout] error: expected one of `!`, `.`, `::`, `;`, `?`, `{`, `}`, or an operator, found `new`
[INFO] [stdout]  --> cargo.rs:12:7
[INFO] [stdout]   |
[INFO] [stdout] 3 | cargo new --lib mylib
[INFO] [stdout]   |       ^^^ expected one of 8 possible tokens
[INFO] [stdout] 
[INFO] [stdout] error: aborting due to previous error
[INFO] [stdout] 
[INFO] [stdout] Couldn't compile the test.
[INFO] [stdout] ---- rustup.rs - rustup (line 9) stdout ----
[INFO] [stdout] error: expected one of `!`, `.`, `::`, `;`, `?`, `{`, `}`, or an operator, found `toolchain`
[INFO] [stdout]  --> rustup.rs:10:8
[INFO] [stdout]   |
[INFO] [stdout] 3 | rustup toolchain add stable nightly
[INFO] [stdout]   |        ^^^^^^^^^ expected one of 8 possible tokens
[INFO] [stdout] 
[INFO] [stdout] error: aborting due to previous error
[INFO] [stdout] 
[INFO] [stdout] Couldn't compile the test.
[INFO] [stdout] ---- cargo.rs - cargo (line 23) stdout ----
[INFO] [stdout] error: expected one of `!`, `.`, `::`, `;`, `?`, `{`, `}`, or an operator, found `publish`
[INFO] [stdout]  --> cargo.rs:24:7
[INFO] [stdout]   |
[INFO] [stdout] 3 | cargo publish --allow-dirty
[INFO] [stdout]   |       ^^^^^^^ expected one of 8 possible tokens
[INFO] [stdout] 
[INFO] [stdout] error: aborting due to previous error
[INFO] [stdout] 
[INFO] [stdout] Couldn't compile the test.
[INFO] [stdout] ---- git.rs - git (line 18) stdout ----
[INFO] [stdout] error: expected one of `!`, `.`, `::`, `;`, `?`, `{`, `}`, or an operator, found `grep`
[INFO] [stdout]  --> git.rs:19:5
[INFO] [stdout]   |
[INFO] [stdout] 3 | git grep -e "bar" --recurse-submodule
[INFO] [stdout]   |     ^^^^ expected one of 8 possible tokens
[INFO] [stdout] 
[INFO] [stdout] error: aborting due to previous error
[INFO] [stdout] 
[INFO] [stdout] Couldn't compile the test.
[INFO] [stdout] ---- git.rs - git (line 11) stdout ----
[INFO] [stdout] error: expected one of `!`, `.`, `::`, `;`, `?`, `{`, `}`, or an operator, found `clone`
[INFO] [stdout]  --> git.rs:12:5
[INFO] [stdout]   |
[INFO] [stdout] 3 | git clone ...
[INFO] [stdout]   |     ^^^^^ expected one of 8 possible tokens
[INFO] [stdout] 
[INFO] [stdout] error: aborting due to previous error
[INFO] [stdout] 
[INFO] [stdout] Couldn't compile the test.
[INFO] [stdout] ---- rustup.rs - rustup (line 3) stdout ----
[INFO] [stdout] error: expected one of `!`, `.`, `::`, `;`, `?`, `{`, `}`, or an operator, found `install`
[INFO] [stdout]  --> rustup.rs:4:8
[INFO] [stdout]   |
[INFO] [stdout] 3 | rustup install nightly-2021-12-13
[INFO] [stdout]   |        ^^^^^^^ expected one of 8 possible tokens
[INFO] [stdout] 
[INFO] [stdout] error: aborting due to previous error
[INFO] [stdout] 
[INFO] [stdout] Couldn't compile the test.
[INFO] [stdout] ---- git.rs - git (line 5) stdout ----
[INFO] [stdout] error: expected one of `!`, `.`, `::`, `;`, `?`, `{`, `}`, or an operator, found `clone`
[INFO] [stdout]  --> git.rs:6:5
[INFO] [stdout]   |
[INFO] [stdout] 3 | git clone --recursive ...
[INFO] [stdout]   |     ^^^^^ expected one of 8 possible tokens
[INFO] [stdout] 
[INFO] [stdout] error: aborting due to previous error
[INFO] [stdout] 
[INFO] [stdout] Couldn't compile the test.
[INFO] [stdout] ---- cargo.rs - cargo (line 5) stdout ----
[INFO] [stdout] error: expected one of `!`, `.`, `::`, `;`, `?`, `{`, `}`, or an operator, found `new`
[INFO] [stdout]  --> cargo.rs:6:7
[INFO] [stdout]   |
[INFO] [stdout] 3 | cargo new mybin
[INFO] [stdout]   |       ^^^ expected one of 8 possible tokens
[INFO] [stdout] 
[INFO] [stdout] error: aborting due to previous error
[INFO] [stdout] 
[INFO] [stdout] Couldn't compile the test.
[INFO] [stdout] 
[INFO] [stdout] failures:
[INFO] [stdout]     cargo.rs - cargo (line 11)
[INFO] [stdout]     cargo.rs - cargo (line 17)
[INFO] [stdout]     cargo.rs - cargo (line 23)
[INFO] [stdout]     cargo.rs - cargo (line 5)
[INFO] [stdout]     git.rs - git (line 11)
[INFO] [stdout]     git.rs - git (line 18)
[INFO] [stdout]     git.rs - git (line 5)
[INFO] [stdout]     rustup.rs - rustup (line 3)
[INFO] [stdout]     rustup.rs - rustup (line 9)
[INFO] [stdout] 
[INFO] [stdout] test result: FAILED. 0 passed; 9 failed; 0 ignored; 0 measured; 0 filtered out; finished in 0.09s
[INFO] [stdout] 
[INFO] [stderr] error: doctest failed, to rerun pass `--doc`
[INFO] running `Command { std: "docker" "inspect" "c15c75b908ded7ec3eff607faf35b3cc0b0ea444a91bf40096ca13c8bca7072d", kill_on_drop: false }`
[INFO] running `Command { std: "docker" "rm" "-f" "c15c75b908ded7ec3eff607faf35b3cc0b0ea444a91bf40096ca13c8bca7072d", kill_on_drop: false }`
[INFO] [stdout] c15c75b908ded7ec3eff607faf35b3cc0b0ea444a91bf40096ca13c8bca7072d
