[INFO] fetching crate cfwidget 1.0.1...
[INFO] testing cfwidget-1.0.1 against beta-2023-04-20 for beta-1.70-1
[INFO] extracting crate cfwidget 1.0.1 into /workspace/builds/worker-0-tc2/source
[INFO] validating manifest of crates.io crate cfwidget 1.0.1 on toolchain beta-2023-04-20
[INFO] running `Command { std: CARGO_HOME="/workspace/cargo-home" RUSTUP_HOME="/workspace/rustup-home" "/workspace/cargo-home/bin/cargo" "+beta-2023-04-20" "metadata" "--manifest-path" "Cargo.toml" "--no-deps", kill_on_drop: false }`
[INFO] started tweaking crates.io crate cfwidget 1.0.1
[INFO] finished tweaking crates.io crate cfwidget 1.0.1
[INFO] tweaked toml for crates.io crate cfwidget 1.0.1 written to /workspace/builds/worker-0-tc2/source/Cargo.toml
[INFO] running `Command { std: CARGO_HOME="/workspace/cargo-home" RUSTUP_HOME="/workspace/rustup-home" __CARGO_TEST_CHANNEL_OVERRIDE_DO_NOT_USE_THIS="nightly" "/workspace/cargo-home/bin/cargo" "+beta-2023-04-20" "generate-lockfile" "--manifest-path" "Cargo.toml" "-Zno-index-update", kill_on_drop: false }`
[INFO] running `Command { std: CARGO_HOME="/workspace/cargo-home" RUSTUP_HOME="/workspace/rustup-home" "/workspace/cargo-home/bin/cargo" "+beta-2023-04-20" "fetch" "--manifest-path" "Cargo.toml", kill_on_drop: false }`
[INFO] [stderr]  Downloading crates ...
[INFO] [stderr]   Downloaded rustc-demangle v0.1.23
[INFO] running `Command { std: "docker" "create" "-v" "/var/lib/crater-agent-workspace/builds/worker-0-tc2/target:/opt/rustwide/target:rw,Z" "-v" "/var/lib/crater-agent-workspace/builds/worker-0-tc2/source:/opt/rustwide/workdir:ro,Z" "-v" "/var/lib/crater-agent-workspace/cargo-home:/opt/rustwide/cargo-home:ro,Z" "-v" "/var/lib/crater-agent-workspace/rustup-home:/opt/rustwide/rustup-home:ro,Z" "-e" "SOURCE_DIR=/opt/rustwide/workdir" "-e" "CARGO_TARGET_DIR=/opt/rustwide/target" "-e" "CARGO_HOME=/opt/rustwide/cargo-home" "-e" "RUSTUP_HOME=/opt/rustwide/rustup-home" "-w" "/opt/rustwide/workdir" "-m" "1610612736" "--user" "0:0" "--network" "none" "ghcr.io/rust-lang/crates-build-env/linux@sha256:97d61d7686bf65f8ecb15491ab51835e82dc9176a96a831f143a431b191fc501" "/opt/rustwide/cargo-home/bin/cargo" "+beta-2023-04-20" "metadata" "--no-deps" "--format-version=1", kill_on_drop: false }`
[INFO] [stdout] 8f4ebffd6e3cbd0df6194d4d2ebb1558a07db4adf3cb21d58080012ac4da4a67
[INFO] running `Command { std: "docker" "start" "-a" "8f4ebffd6e3cbd0df6194d4d2ebb1558a07db4adf3cb21d58080012ac4da4a67", kill_on_drop: false }`
[INFO] running `Command { std: "docker" "inspect" "8f4ebffd6e3cbd0df6194d4d2ebb1558a07db4adf3cb21d58080012ac4da4a67", kill_on_drop: false }`
[INFO] running `Command { std: "docker" "rm" "-f" "8f4ebffd6e3cbd0df6194d4d2ebb1558a07db4adf3cb21d58080012ac4da4a67", kill_on_drop: false }`
[INFO] [stdout] 8f4ebffd6e3cbd0df6194d4d2ebb1558a07db4adf3cb21d58080012ac4da4a67
[INFO] running `Command { std: "docker" "create" "-v" "/var/lib/crater-agent-workspace/builds/worker-0-tc2/target:/opt/rustwide/target:rw,Z" "-v" "/var/lib/crater-agent-workspace/builds/worker-0-tc2/source:/opt/rustwide/workdir:ro,Z" "-v" "/var/lib/crater-agent-workspace/cargo-home:/opt/rustwide/cargo-home:ro,Z" "-v" "/var/lib/crater-agent-workspace/rustup-home:/opt/rustwide/rustup-home:ro,Z" "-e" "SOURCE_DIR=/opt/rustwide/workdir" "-e" "CARGO_TARGET_DIR=/opt/rustwide/target" "-e" "CARGO_INCREMENTAL=0" "-e" "RUST_BACKTRACE=full" "-e" "RUSTFLAGS=--cap-lints=warn" "-e" "RUSTDOCFLAGS=--cap-lints=warn" "-e" "CARGO_HOME=/opt/rustwide/cargo-home" "-e" "RUSTUP_HOME=/opt/rustwide/rustup-home" "-w" "/opt/rustwide/workdir" "-m" "1610612736" "--user" "0:0" "--network" "none" "ghcr.io/rust-lang/crates-build-env/linux@sha256:97d61d7686bf65f8ecb15491ab51835e82dc9176a96a831f143a431b191fc501" "/opt/rustwide/cargo-home/bin/cargo" "+beta-2023-04-20" "build" "--frozen" "--message-format=json", kill_on_drop: false }`
[INFO] [stdout] 4ed599f0ae4a90f8dc8f7bbbb8e30a5002a90853dd6bee2e0f1919b832377c63
[INFO] running `Command { std: "docker" "start" "-a" "4ed599f0ae4a90f8dc8f7bbbb8e30a5002a90853dd6bee2e0f1919b832377c63", kill_on_drop: false }`
[INFO] [stderr]    Compiling libc v0.2.142
[INFO] [stderr]    Compiling log v0.4.17
[INFO] [stderr]    Compiling futures-core v0.3.28
[INFO] [stderr]    Compiling openssl-sys v0.9.87
[INFO] [stderr]    Compiling tokio v1.28.0
[INFO] [stderr]    Compiling syn v2.0.15
[INFO] [stderr]    Compiling ring v0.16.20
[INFO] [stderr]    Compiling futures-task v0.3.28
[INFO] [stderr]    Compiling indexmap v1.9.3
[INFO] [stderr]    Compiling openssl v0.10.52
[INFO] [stderr]    Compiling futures-util v0.3.28
[INFO] [stderr]    Compiling untrusted v0.7.1
[INFO] [stderr]    Compiling spin v0.5.2
[INFO] [stderr]    Compiling futures-sink v0.3.28
[INFO] [stderr]    Compiling memchr v2.5.0
[INFO] [stderr]    Compiling futures-channel v0.3.28
[INFO] [stderr]    Compiling thiserror v1.0.40
[INFO] [stderr]    Compiling syn v1.0.109
[INFO] [stderr]    Compiling native-tls v0.2.11
[INFO] [stderr]    Compiling want v0.3.0
[INFO] [stderr]    Compiling backtrace v0.3.67
[INFO] [stderr]    Compiling unicode-xid v0.2.4
[INFO] [stderr]    Compiling gimli v0.27.2
[INFO] [stderr]    Compiling mio v0.8.6
[INFO] [stderr]    Compiling socket2 v0.4.9
[INFO] [stderr]    Compiling ucd-trie v0.1.5
[INFO] [stderr]    Compiling rustls v0.20.8
[INFO] [stderr]    Compiling unicode-bidi v0.3.13
[INFO] [stderr]    Compiling adler v1.0.2
[INFO] [stderr]    Compiling failure_derive v0.1.8
[INFO] [stderr]    Compiling miniz_oxide v0.6.2
[INFO] [stderr]    Compiling idna v0.3.0
[INFO] [stderr]    Compiling webpki v0.22.0
[INFO] [stderr]    Compiling addr2line v0.19.0
[INFO] [stderr]    Compiling serde_derive v1.0.160
[INFO] [stderr]    Compiling openssl-macros v0.1.1
[INFO] [stderr]    Compiling thiserror-impl v1.0.40
[INFO] [stderr]    Compiling sct v0.7.0
[INFO] [stderr]    Compiling object v0.30.3
[INFO] [stderr]    Compiling rustc-demangle v0.1.23
[INFO] [stderr]    Compiling synstructure v0.12.6
[INFO] [stderr]    Compiling mime v0.3.17
[INFO] [stderr]    Compiling tokio-util v0.7.8
[INFO] [stderr]    Compiling pest v2.6.0
[INFO] [stderr]    Compiling h2 v0.3.18
[INFO] [stderr]    Compiling semver-parser v0.10.2
[INFO] [stderr]    Compiling tokio-native-tls v0.3.1
[INFO] [stderr]    Compiling ipnet v2.7.2
[INFO] [stderr]    Compiling serde v1.0.160
[INFO] [stderr]    Compiling failure v0.1.8
[INFO] [stderr]    Compiling hyper v0.14.26
[INFO] [stderr]    Compiling hyper-tls v0.5.0
[INFO] [stderr]    Compiling url v2.3.1
[INFO] [stderr]    Compiling serde_json v1.0.96
[INFO] [stderr]    Compiling serde_urlencoded v0.7.1
[INFO] [stderr]    Compiling semver v0.11.0
[INFO] [stderr]    Compiling reqwest v0.11.17
[INFO] [stderr]    Compiling cfwidget v1.0.1 (/opt/rustwide/workdir)
[INFO] [stderr]     Finished dev [unoptimized + debuginfo] target(s) in 43.57s
[INFO] running `Command { std: "docker" "inspect" "4ed599f0ae4a90f8dc8f7bbbb8e30a5002a90853dd6bee2e0f1919b832377c63", kill_on_drop: false }`
[INFO] running `Command { std: "docker" "rm" "-f" "4ed599f0ae4a90f8dc8f7bbbb8e30a5002a90853dd6bee2e0f1919b832377c63", kill_on_drop: false }`
[INFO] [stdout] 4ed599f0ae4a90f8dc8f7bbbb8e30a5002a90853dd6bee2e0f1919b832377c63
[INFO] running `Command { std: "docker" "create" "-v" "/var/lib/crater-agent-workspace/builds/worker-0-tc2/target:/opt/rustwide/target:rw,Z" "-v" "/var/lib/crater-agent-workspace/builds/worker-0-tc2/source:/opt/rustwide/workdir:ro,Z" "-v" "/var/lib/crater-agent-workspace/cargo-home:/opt/rustwide/cargo-home:ro,Z" "-v" "/var/lib/crater-agent-workspace/rustup-home:/opt/rustwide/rustup-home:ro,Z" "-e" "SOURCE_DIR=/opt/rustwide/workdir" "-e" "CARGO_TARGET_DIR=/opt/rustwide/target" "-e" "CARGO_INCREMENTAL=0" "-e" "RUST_BACKTRACE=full" "-e" "RUSTFLAGS=--cap-lints=warn" "-e" "RUSTDOCFLAGS=--cap-lints=warn" "-e" "CARGO_HOME=/opt/rustwide/cargo-home" "-e" "RUSTUP_HOME=/opt/rustwide/rustup-home" "-w" "/opt/rustwide/workdir" "-m" "1610612736" "--user" "0:0" "--network" "none" "ghcr.io/rust-lang/crates-build-env/linux@sha256:97d61d7686bf65f8ecb15491ab51835e82dc9176a96a831f143a431b191fc501" "/opt/rustwide/cargo-home/bin/cargo" "+beta-2023-04-20" "test" "--frozen" "--no-run" "--message-format=json", kill_on_drop: false }`
[INFO] [stdout] d3a2901c59210682c63a81f0c06928ee18200017e05d81e7c458c5bd46e003d5
[INFO] running `Command { std: "docker" "start" "-a" "d3a2901c59210682c63a81f0c06928ee18200017e05d81e7c458c5bd46e003d5", kill_on_drop: false }`
[INFO] [stderr]    Compiling cfwidget v1.0.1 (/opt/rustwide/workdir)
[INFO] [stderr]     Finished test [unoptimized + debuginfo] target(s) in 0.89s
[INFO] running `Command { std: "docker" "inspect" "d3a2901c59210682c63a81f0c06928ee18200017e05d81e7c458c5bd46e003d5", kill_on_drop: false }`
[INFO] running `Command { std: "docker" "rm" "-f" "d3a2901c59210682c63a81f0c06928ee18200017e05d81e7c458c5bd46e003d5", kill_on_drop: false }`
[INFO] [stdout] d3a2901c59210682c63a81f0c06928ee18200017e05d81e7c458c5bd46e003d5
[INFO] running `Command { std: "docker" "create" "-v" "/var/lib/crater-agent-workspace/builds/worker-0-tc2/target:/opt/rustwide/target:rw,Z" "-v" "/var/lib/crater-agent-workspace/builds/worker-0-tc2/source:/opt/rustwide/workdir:ro,Z" "-v" "/var/lib/crater-agent-workspace/cargo-home:/opt/rustwide/cargo-home:ro,Z" "-v" "/var/lib/crater-agent-workspace/rustup-home:/opt/rustwide/rustup-home:ro,Z" "-e" "SOURCE_DIR=/opt/rustwide/workdir" "-e" "CARGO_TARGET_DIR=/opt/rustwide/target" "-e" "CARGO_INCREMENTAL=0" "-e" "RUST_BACKTRACE=full" "-e" "RUSTFLAGS=--cap-lints=warn" "-e" "RUSTDOCFLAGS=--cap-lints=warn" "-e" "CARGO_HOME=/opt/rustwide/cargo-home" "-e" "RUSTUP_HOME=/opt/rustwide/rustup-home" "-w" "/opt/rustwide/workdir" "-m" "1610612736" "--user" "0:0" "--network" "none" "ghcr.io/rust-lang/crates-build-env/linux@sha256:97d61d7686bf65f8ecb15491ab51835e82dc9176a96a831f143a431b191fc501" "/opt/rustwide/cargo-home/bin/cargo" "+beta-2023-04-20" "test" "--frozen", kill_on_drop: false }`
[INFO] [stdout] eeb550f986596f4fd2a697ae1c2bcc0cfd75741ea60cf13b896d2262038c1fe4
[INFO] running `Command { std: "docker" "start" "-a" "eeb550f986596f4fd2a697ae1c2bcc0cfd75741ea60cf13b896d2262038c1fe4", kill_on_drop: false }`
[INFO] [stderr]     Finished test [unoptimized + debuginfo] target(s) in 0.11s
[INFO] [stderr]      Running unittests src/lib.rs (/opt/rustwide/target/debug/deps/cfwidget-ae2a117852b2eed0)
[INFO] [stdout] 
[INFO] [stdout] running 0 tests
[INFO] [stdout] 
[INFO] [stdout] test result: ok. 0 passed; 0 failed; 0 ignored; 0 measured; 0 filtered out; finished in 0.00s
[INFO] [stdout] 
[INFO] [stderr]    Doc-tests cfwidget
[INFO] [stdout] 
[INFO] [stdout] running 2 tests
[INFO] [stdout] test src/lib.rs - fetch_project_by_id (line 41) ... FAILED
[INFO] [stdout] test src/lib.rs - fetch_project_by_info (line 18) ... FAILED
[INFO] [stdout] 
[INFO] [stdout] failures:
[INFO] [stdout] 
[INFO] [stdout] ---- src/lib.rs - fetch_project_by_id (line 41) stdout ----
[INFO] [stdout] error[E0425]: cannot find function `fetch_project_by_id` in this scope
[INFO] [stdout]  --> src/lib.rs:42:19
[INFO] [stdout]   |
[INFO] [stdout] 3 | let minimap_mod = fetch_project_by_id(263420).unwrap();
[INFO] [stdout]   |                   ^^^^^^^^^^^^^^^^^^^ not found in this scope
[INFO] [stdout]   |
[INFO] [stdout] help: consider importing this function
[INFO] [stdout]   |
[INFO] [stdout] 2 + use cfwidget::fetch_project_by_id;
[INFO] [stdout]   |
[INFO] [stdout] 
[INFO] [stdout] error: aborting due to previous error
[INFO] [stdout] 
[INFO] [stdout] For more information about this error, try `rustc --explain E0425`.
[INFO] [stdout] Couldn't compile the test.
[INFO] [stdout] ---- src/lib.rs - fetch_project_by_info (line 18) stdout ----
[INFO] [stdout] error[E0425]: cannot find function `fetch_project_by_info` in this scope
[INFO] [stdout]  --> src/lib.rs:19:19
[INFO] [stdout]   |
[INFO] [stdout] 3 | let minimap_mod = fetch_project_by_info("minecraft", "mc-mods", "xaeros-minimap").unwrap();
[INFO] [stdout]   |                   ^^^^^^^^^^^^^^^^^^^^^ not found in this scope
[INFO] [stdout]   |
[INFO] [stdout] help: consider importing this function
[INFO] [stdout]   |
[INFO] [stdout] 2 + use cfwidget::fetch_project_by_info;
[INFO] [stdout]   |
[INFO] [stdout] 
[INFO] [stdout] error: aborting due to previous error
[INFO] [stdout] 
[INFO] [stdout] For more information about this error, try `rustc --explain E0425`.
[INFO] [stdout] Couldn't compile the test.
[INFO] [stdout] 
[INFO] [stdout] failures:
[INFO] [stdout]     src/lib.rs - fetch_project_by_id (line 41)
[INFO] [stdout]     src/lib.rs - fetch_project_by_info (line 18)
[INFO] [stdout] 
[INFO] [stdout] test result: FAILED. 0 passed; 2 failed; 0 ignored; 0 measured; 0 filtered out; finished in 0.10s
[INFO] [stdout] 
[INFO] [stderr] error: doctest failed, to rerun pass `--doc`
[INFO] running `Command { std: "docker" "inspect" "eeb550f986596f4fd2a697ae1c2bcc0cfd75741ea60cf13b896d2262038c1fe4", kill_on_drop: false }`
[INFO] running `Command { std: "docker" "rm" "-f" "eeb550f986596f4fd2a697ae1c2bcc0cfd75741ea60cf13b896d2262038c1fe4", kill_on_drop: false }`
[INFO] [stdout] eeb550f986596f4fd2a697ae1c2bcc0cfd75741ea60cf13b896d2262038c1fe4
