[INFO] fetching crate ceiling-macros 0.1.3...
[INFO] testing ceiling-macros-0.1.3 against beta-2023-04-20 for beta-1.70-1
[INFO] extracting crate ceiling-macros 0.1.3 into /workspace/builds/worker-6-tc2/source
[INFO] validating manifest of crates.io crate ceiling-macros 0.1.3 on toolchain beta-2023-04-20
[INFO] running `Command { std: CARGO_HOME="/workspace/cargo-home" RUSTUP_HOME="/workspace/rustup-home" "/workspace/cargo-home/bin/cargo" "+beta-2023-04-20" "metadata" "--manifest-path" "Cargo.toml" "--no-deps", kill_on_drop: false }`
[INFO] started tweaking crates.io crate ceiling-macros 0.1.3
[INFO] finished tweaking crates.io crate ceiling-macros 0.1.3
[INFO] tweaked toml for crates.io crate ceiling-macros 0.1.3 written to /workspace/builds/worker-6-tc2/source/Cargo.toml
[INFO] running `Command { std: CARGO_HOME="/workspace/cargo-home" RUSTUP_HOME="/workspace/rustup-home" __CARGO_TEST_CHANNEL_OVERRIDE_DO_NOT_USE_THIS="nightly" "/workspace/cargo-home/bin/cargo" "+beta-2023-04-20" "generate-lockfile" "--manifest-path" "Cargo.toml" "-Zno-index-update", kill_on_drop: false }`
[INFO] running `Command { std: CARGO_HOME="/workspace/cargo-home" RUSTUP_HOME="/workspace/rustup-home" "/workspace/cargo-home/bin/cargo" "+beta-2023-04-20" "fetch" "--manifest-path" "Cargo.toml", kill_on_drop: false }`
[INFO] running `Command { std: "docker" "create" "-v" "/var/lib/crater-agent-workspace/builds/worker-6-tc2/target:/opt/rustwide/target:rw,Z" "-v" "/var/lib/crater-agent-workspace/builds/worker-6-tc2/source:/opt/rustwide/workdir:ro,Z" "-v" "/var/lib/crater-agent-workspace/cargo-home:/opt/rustwide/cargo-home:ro,Z" "-v" "/var/lib/crater-agent-workspace/rustup-home:/opt/rustwide/rustup-home:ro,Z" "-e" "SOURCE_DIR=/opt/rustwide/workdir" "-e" "CARGO_TARGET_DIR=/opt/rustwide/target" "-e" "CARGO_HOME=/opt/rustwide/cargo-home" "-e" "RUSTUP_HOME=/opt/rustwide/rustup-home" "-w" "/opt/rustwide/workdir" "-m" "1610612736" "--user" "0:0" "--network" "none" "ghcr.io/rust-lang/crates-build-env/linux@sha256:5ff2268d62e97bff2cde7d5815dd6ed5b47097566f13b8d0ca110b04b60e07ed" "/opt/rustwide/cargo-home/bin/cargo" "+beta-2023-04-20" "metadata" "--no-deps" "--format-version=1", kill_on_drop: false }`
[INFO] [stdout] 19cbab5bc1b96797b5176f1a32bfa7bc24fb805f602d092bc6e31b76d3d90aff
[INFO] running `Command { std: "docker" "start" "-a" "19cbab5bc1b96797b5176f1a32bfa7bc24fb805f602d092bc6e31b76d3d90aff", kill_on_drop: false }`
[INFO] running `Command { std: "docker" "inspect" "19cbab5bc1b96797b5176f1a32bfa7bc24fb805f602d092bc6e31b76d3d90aff", kill_on_drop: false }`
[INFO] running `Command { std: "docker" "rm" "-f" "19cbab5bc1b96797b5176f1a32bfa7bc24fb805f602d092bc6e31b76d3d90aff", kill_on_drop: false }`
[INFO] [stdout] 19cbab5bc1b96797b5176f1a32bfa7bc24fb805f602d092bc6e31b76d3d90aff
[INFO] running `Command { std: "docker" "create" "-v" "/var/lib/crater-agent-workspace/builds/worker-6-tc2/target:/opt/rustwide/target:rw,Z" "-v" "/var/lib/crater-agent-workspace/builds/worker-6-tc2/source:/opt/rustwide/workdir:ro,Z" "-v" "/var/lib/crater-agent-workspace/cargo-home:/opt/rustwide/cargo-home:ro,Z" "-v" "/var/lib/crater-agent-workspace/rustup-home:/opt/rustwide/rustup-home:ro,Z" "-e" "SOURCE_DIR=/opt/rustwide/workdir" "-e" "CARGO_TARGET_DIR=/opt/rustwide/target" "-e" "CARGO_INCREMENTAL=0" "-e" "RUST_BACKTRACE=full" "-e" "RUSTFLAGS=--cap-lints=warn" "-e" "RUSTDOCFLAGS=--cap-lints=warn" "-e" "CARGO_HOME=/opt/rustwide/cargo-home" "-e" "RUSTUP_HOME=/opt/rustwide/rustup-home" "-w" "/opt/rustwide/workdir" "-m" "1610612736" "--user" "0:0" "--network" "none" "ghcr.io/rust-lang/crates-build-env/linux@sha256:5ff2268d62e97bff2cde7d5815dd6ed5b47097566f13b8d0ca110b04b60e07ed" "/opt/rustwide/cargo-home/bin/cargo" "+beta-2023-04-20" "build" "--frozen" "--message-format=json", kill_on_drop: false }`
[INFO] [stdout] e36509d779175b4ee77f83f27eb1a999b02d630ef32fa6032d2829476fa8dbd6
[INFO] running `Command { std: "docker" "start" "-a" "e36509d779175b4ee77f83f27eb1a999b02d630ef32fa6032d2829476fa8dbd6", kill_on_drop: false }`
[INFO] [stderr]    Compiling libc v0.2.142
[INFO] [stderr]    Compiling cfg-if v1.0.0
[INFO] [stderr]    Compiling syn v1.0.109
[INFO] [stderr]    Compiling ppv-lite86 v0.2.17
[INFO] [stderr]    Compiling getrandom v0.2.9
[INFO] [stderr]    Compiling rand_core v0.6.4
[INFO] [stderr]    Compiling rand_chacha v0.3.1
[INFO] [stderr]    Compiling rand v0.8.5
[INFO] [stderr]    Compiling ceiling-macros v0.1.3 (/opt/rustwide/workdir)
[INFO] [stderr]     Finished dev [unoptimized + debuginfo] target(s) in 3.18s
[INFO] running `Command { std: "docker" "inspect" "e36509d779175b4ee77f83f27eb1a999b02d630ef32fa6032d2829476fa8dbd6", kill_on_drop: false }`
[INFO] running `Command { std: "docker" "rm" "-f" "e36509d779175b4ee77f83f27eb1a999b02d630ef32fa6032d2829476fa8dbd6", kill_on_drop: false }`
[INFO] [stdout] e36509d779175b4ee77f83f27eb1a999b02d630ef32fa6032d2829476fa8dbd6
[INFO] running `Command { std: "docker" "create" "-v" "/var/lib/crater-agent-workspace/builds/worker-6-tc2/target:/opt/rustwide/target:rw,Z" "-v" "/var/lib/crater-agent-workspace/builds/worker-6-tc2/source:/opt/rustwide/workdir:ro,Z" "-v" "/var/lib/crater-agent-workspace/cargo-home:/opt/rustwide/cargo-home:ro,Z" "-v" "/var/lib/crater-agent-workspace/rustup-home:/opt/rustwide/rustup-home:ro,Z" "-e" "SOURCE_DIR=/opt/rustwide/workdir" "-e" "CARGO_TARGET_DIR=/opt/rustwide/target" "-e" "CARGO_INCREMENTAL=0" "-e" "RUST_BACKTRACE=full" "-e" "RUSTFLAGS=--cap-lints=warn" "-e" "RUSTDOCFLAGS=--cap-lints=warn" "-e" "CARGO_HOME=/opt/rustwide/cargo-home" "-e" "RUSTUP_HOME=/opt/rustwide/rustup-home" "-w" "/opt/rustwide/workdir" "-m" "1610612736" "--user" "0:0" "--network" "none" "ghcr.io/rust-lang/crates-build-env/linux@sha256:5ff2268d62e97bff2cde7d5815dd6ed5b47097566f13b8d0ca110b04b60e07ed" "/opt/rustwide/cargo-home/bin/cargo" "+beta-2023-04-20" "test" "--frozen" "--no-run" "--message-format=json", kill_on_drop: false }`
[INFO] [stdout] b1d205c809113069ca5933da10f4af8878c83ca208e3bf5eba520d8ac2a41f87
[INFO] running `Command { std: "docker" "start" "-a" "b1d205c809113069ca5933da10f4af8878c83ca208e3bf5eba520d8ac2a41f87", kill_on_drop: false }`
[INFO] [stderr]     Blocking waiting for file lock on package cache
[INFO] [stderr]    Compiling ceiling-macros v0.1.3 (/opt/rustwide/workdir)
[INFO] [stderr]     Finished test [unoptimized + debuginfo] target(s) in 1.47s
[INFO] running `Command { std: "docker" "inspect" "b1d205c809113069ca5933da10f4af8878c83ca208e3bf5eba520d8ac2a41f87", kill_on_drop: false }`
[INFO] running `Command { std: "docker" "rm" "-f" "b1d205c809113069ca5933da10f4af8878c83ca208e3bf5eba520d8ac2a41f87", kill_on_drop: false }`
[INFO] [stdout] b1d205c809113069ca5933da10f4af8878c83ca208e3bf5eba520d8ac2a41f87
[INFO] running `Command { std: "docker" "create" "-v" "/var/lib/crater-agent-workspace/builds/worker-6-tc2/target:/opt/rustwide/target:rw,Z" "-v" "/var/lib/crater-agent-workspace/builds/worker-6-tc2/source:/opt/rustwide/workdir:ro,Z" "-v" "/var/lib/crater-agent-workspace/cargo-home:/opt/rustwide/cargo-home:ro,Z" "-v" "/var/lib/crater-agent-workspace/rustup-home:/opt/rustwide/rustup-home:ro,Z" "-e" "SOURCE_DIR=/opt/rustwide/workdir" "-e" "CARGO_TARGET_DIR=/opt/rustwide/target" "-e" "CARGO_INCREMENTAL=0" "-e" "RUST_BACKTRACE=full" "-e" "RUSTFLAGS=--cap-lints=warn" "-e" "RUSTDOCFLAGS=--cap-lints=warn" "-e" "CARGO_HOME=/opt/rustwide/cargo-home" "-e" "RUSTUP_HOME=/opt/rustwide/rustup-home" "-w" "/opt/rustwide/workdir" "-m" "1610612736" "--user" "0:0" "--network" "none" "ghcr.io/rust-lang/crates-build-env/linux@sha256:5ff2268d62e97bff2cde7d5815dd6ed5b47097566f13b8d0ca110b04b60e07ed" "/opt/rustwide/cargo-home/bin/cargo" "+beta-2023-04-20" "test" "--frozen", kill_on_drop: false }`
[INFO] [stdout] 4f8828bbe399a016ee9a335497d2e1809f440ecbf97a292d3ed7587056aef981
[INFO] running `Command { std: "docker" "start" "-a" "4f8828bbe399a016ee9a335497d2e1809f440ecbf97a292d3ed7587056aef981", kill_on_drop: false }`
[INFO] [stderr]     Finished test [unoptimized + debuginfo] target(s) in 0.02s
[INFO] [stderr]      Running unittests src/lib.rs (/opt/rustwide/target/debug/deps/ceiling_macros-56e3cc2c98bca472)
[INFO] [stdout] 
[INFO] [stdout] running 0 tests
[INFO] [stdout] 
[INFO] [stdout] test result: ok. 0 passed; 0 failed; 0 ignored; 0 measured; 0 filtered out; finished in 0.00s
[INFO] [stdout] 
[INFO] [stderr]    Doc-tests ceiling-macros
[INFO] [stdout] 
[INFO] [stdout] running 3 tests
[INFO] [stdout] test src/lib.rs - group (line 348) ... FAILED
[INFO] [stdout] test src/lib.rs - rate_limiter (line 19) ... FAILED
[INFO] [stdout] test src/lib.rs - rate_limiter (line 39) ... FAILED
[INFO] [stdout] 
[INFO] [stdout] failures:
[INFO] [stdout] 
[INFO] [stdout] ---- src/lib.rs - group (line 348) stdout ----
[INFO] [stdout] error[E0433]: failed to resolve: use of undeclared crate or module `ceiling`
[INFO] [stdout]  --> src/lib.rs:353:1
[INFO] [stdout]   |
[INFO] [stdout] 7 | ceiling::group! {
[INFO] [stdout]   | ^^^^^^^ use of undeclared crate or module `ceiling`
[INFO] [stdout] 
[INFO] [stdout] error: aborting due to previous error
[INFO] [stdout] 
[INFO] [stdout] For more information about this error, try `rustc --explain E0433`.
[INFO] [stdout] Couldn't compile the test.
[INFO] [stdout] ---- src/lib.rs - rate_limiter (line 19) stdout ----
[INFO] [stdout] error[E0433]: failed to resolve: use of undeclared crate or module `ceiling`
[INFO] [stdout]  --> src/lib.rs:20:1
[INFO] [stdout]   |
[INFO] [stdout] 3 | ceiling::rate_limiter! {
[INFO] [stdout]   | ^^^^^^^ use of undeclared crate or module `ceiling`
[INFO] [stdout] 
[INFO] [stdout] error: aborting due to previous error
[INFO] [stdout] 
[INFO] [stdout] For more information about this error, try `rustc --explain E0433`.
[INFO] [stdout] Couldn't compile the test.
[INFO] [stdout] ---- src/lib.rs - rate_limiter (line 39) stdout ----
[INFO] [stdout] error[E0425]: cannot find value `response` in this scope
[INFO] [stdout]   --> src/lib.rs:53:5
[INFO] [stdout]    |
[INFO] [stdout] 16 |     response.header(header, value);
[INFO] [stdout]    |     ^^^^^^^^ not found in this scope
[INFO] [stdout] 
[INFO] [stdout] error[E0728]: `await` is only allowed inside `async` functions and blocks
[INFO] [stdout]  --> src/lib.rs:46:73
[INFO] [stdout]   |
[INFO] [stdout] 2 | fn main() { #[allow(non_snake_case)] fn _doctest_main_src_lib_rs_39_0() {
[INFO] [stdout]   |                                         ----------------------------- this is not `async`
[INFO] [stdout] ...
[INFO] [stdout] 9 | let (rate_limiter, hit) = rate_limiter.hit("1.1.1.1", "/example", "GET").await;
[INFO] [stdout]   |                                                                         ^^^^^^ only allowed inside `async` functions and blocks
[INFO] [stdout] 
[INFO] [stdout] error[E0433]: failed to resolve: use of undeclared type `RateLimiter`
[INFO] [stdout]  --> src/lib.rs:40:20
[INFO] [stdout]   |
[INFO] [stdout] 3 | let rate_limiter = RateLimiter::new();
[INFO] [stdout]   |                    ^^^^^^^^^^^ use of undeclared type `RateLimiter`
[INFO] [stdout] 
[INFO] [stdout] error: aborting due to 3 previous errors
[INFO] [stdout] 
[INFO] [stdout] Some errors have detailed explanations: E0425, E0433, E0728.
[INFO] [stdout] For more information about an error, try `rustc --explain E0425`.
[INFO] [stdout] Couldn't compile the test.
[INFO] [stdout] 
[INFO] [stdout] failures:
[INFO] [stdout]     src/lib.rs - group (line 348)
[INFO] [stdout]     src/lib.rs - rate_limiter (line 19)
[INFO] [stdout]     src/lib.rs - rate_limiter (line 39)
[INFO] [stdout] 
[INFO] [stdout] test result: FAILED. 0 passed; 3 failed; 0 ignored; 0 measured; 0 filtered out; finished in 0.05s
[INFO] [stdout] 
[INFO] [stderr] error: doctest failed, to rerun pass `--doc`
[INFO] running `Command { std: "docker" "inspect" "4f8828bbe399a016ee9a335497d2e1809f440ecbf97a292d3ed7587056aef981", kill_on_drop: false }`
[INFO] running `Command { std: "docker" "rm" "-f" "4f8828bbe399a016ee9a335497d2e1809f440ecbf97a292d3ed7587056aef981", kill_on_drop: false }`
[INFO] [stdout] 4f8828bbe399a016ee9a335497d2e1809f440ecbf97a292d3ed7587056aef981
