[INFO] fetching crate cargo_bullhorn 0.3.0...
[INFO] testing cargo_bullhorn-0.3.0 against 1.69.0 for beta-1.70-1
[INFO] extracting crate cargo_bullhorn 0.3.0 into /workspace/builds/worker-4-tc1/source
[INFO] validating manifest of crates.io crate cargo_bullhorn 0.3.0 on toolchain 1.69.0
[INFO] running `Command { std: CARGO_HOME="/workspace/cargo-home" RUSTUP_HOME="/workspace/rustup-home" "/workspace/cargo-home/bin/cargo" "+1.69.0" "metadata" "--manifest-path" "Cargo.toml" "--no-deps", kill_on_drop: false }`
[INFO] started tweaking crates.io crate cargo_bullhorn 0.3.0
[INFO] finished tweaking crates.io crate cargo_bullhorn 0.3.0
[INFO] tweaked toml for crates.io crate cargo_bullhorn 0.3.0 written to /workspace/builds/worker-4-tc1/source/Cargo.toml
[INFO] crate crates.io crate cargo_bullhorn 0.3.0 already has a lockfile, it will not be regenerated
[INFO] running `Command { std: CARGO_HOME="/workspace/cargo-home" RUSTUP_HOME="/workspace/rustup-home" "/workspace/cargo-home/bin/cargo" "+1.69.0" "fetch" "--manifest-path" "Cargo.toml", kill_on_drop: false }`
[INFO] [stderr]  Downloading crates ...
[INFO] [stderr]   Downloaded quick-xml v0.20.0
[INFO] [stderr]   Downloaded syn v1.0.73
[INFO] [stderr]   Downloaded security-framework-sys v2.3.0
[INFO] [stderr]   Downloaded hyper v0.14.9
[INFO] [stderr]   Downloaded console v0.14.1
[INFO] [stderr]   Downloaded object v0.25.3
[INFO] [stderr]   Downloaded anyhow v1.0.41
[INFO] [stderr]   Downloaded zstd-safe v4.1.1+zstd.1.5.0
[INFO] [stderr]   Downloaded open v1.7.0
[INFO] [stderr]   Downloaded sharded-slab v0.1.1
[INFO] [stderr]   Downloaded os_str_bytes v2.4.0
[INFO] [stderr]   Downloaded clap_derive v3.0.0-beta.2
[INFO] [stderr]   Downloaded clap v3.0.0-beta.2
[INFO] [stderr]   Downloaded synstructure v0.12.4
[INFO] [stderr]   Downloaded unicode-segmentation v1.8.0
[INFO] [stderr]   Downloaded deunicode v0.4.3
[INFO] [stderr]   Downloaded mio v0.7.13
[INFO] [stderr]   Downloaded tokio-macros v1.3.0
[INFO] [stderr]   Downloaded textwrap v0.12.1
[INFO] [stderr]   Downloaded serde_yaml v0.8.17
[INFO] [stderr]   Downloaded libz-sys v1.1.3
[INFO] [stderr]   Downloaded gimli v0.24.0
[INFO] [stderr]   Downloaded tokio v1.8.1
[INFO] [stderr]   Downloaded shellexpand v2.1.0
[INFO] [stderr]   Downloaded libgit2-sys v0.12.21+1.1.0
[INFO] [stderr]   Downloaded diligent-date-parser v0.1.2
[INFO] [stderr]   Downloaded oauth-credentials v0.3.0
[INFO] [stderr]   Downloaded graphql-introspection-query v0.1.0
[INFO] [stderr]   Downloaded oauth1-request-derive v0.4.1
[INFO] [stderr]   Downloaded graphql_query_derive v0.9.0
[INFO] [stderr]   Downloaded graphql_client v0.9.0
[INFO] [stderr]   Downloaded graphql_client_codegen v0.9.0
[INFO] [stderr]   Downloaded rss v1.10.0
[INFO] [stderr]   Downloaded atom_syndication v0.9.1
[INFO] [stderr]   Downloaded oauth1-request v0.5.0
[INFO] [stderr]   Downloaded zstd-sys v1.6.1+zstd.1.5.0
[INFO] [stderr]   Downloaded slug v0.1.4
[INFO] [stderr]   Downloaded thiserror-impl v1.0.26
[INFO] [stderr]   Downloaded thiserror v1.0.26
[INFO] [stderr]   Downloaded redox_syscall v0.2.9
[INFO] [stderr]   Downloaded tracing-subscriber v0.2.19
[INFO] [stderr]   Downloaded ipnet v2.3.1
[INFO] [stderr]   Downloaded zstd v0.9.0+zstd.1.5.0
[INFO] [stderr]   Downloaded git2 v0.13.20
[INFO] [stderr]   Downloaded addr2line v0.15.2
[INFO] [stderr]   Downloaded backtrace v0.3.60
[INFO] [stderr]   Downloaded graphql-parser v0.2.3
[INFO] [stderr]   Downloaded cpufeatures v0.1.5
[INFO] [stderr]   Downloaded sha-1 v0.9.6
[INFO] [stderr]   Downloaded which v4.1.0
[INFO] [stderr]   Downloaded quick-xml v0.22.0
[INFO] [stderr]   Downloaded openssl v0.10.35
[INFO] [stderr]   Downloaded openssl-sys v0.9.65
[INFO] [stderr]   Downloaded security-framework v2.3.1
[INFO] [stderr]   Downloaded reqwest v0.11.4
[INFO] running `Command { std: "docker" "create" "-v" "/var/lib/crater-agent-workspace/builds/worker-4-tc1/target:/opt/rustwide/target:rw,Z" "-v" "/var/lib/crater-agent-workspace/builds/worker-4-tc1/source:/opt/rustwide/workdir:ro,Z" "-v" "/var/lib/crater-agent-workspace/cargo-home:/opt/rustwide/cargo-home:ro,Z" "-v" "/var/lib/crater-agent-workspace/rustup-home:/opt/rustwide/rustup-home:ro,Z" "-e" "SOURCE_DIR=/opt/rustwide/workdir" "-e" "CARGO_TARGET_DIR=/opt/rustwide/target" "-e" "CARGO_HOME=/opt/rustwide/cargo-home" "-e" "RUSTUP_HOME=/opt/rustwide/rustup-home" "-w" "/opt/rustwide/workdir" "-m" "1610612736" "--user" "0:0" "--network" "none" "ghcr.io/rust-lang/crates-build-env/linux@sha256:5ff2268d62e97bff2cde7d5815dd6ed5b47097566f13b8d0ca110b04b60e07ed" "/opt/rustwide/cargo-home/bin/cargo" "+1.69.0" "metadata" "--no-deps" "--format-version=1", kill_on_drop: false }`
[INFO] [stdout] 63cc3a2a63e42c4424b570dabb7c29db011d4b6ee1b7a69adbf09dfa76c261aa
[INFO] running `Command { std: "docker" "start" "-a" "63cc3a2a63e42c4424b570dabb7c29db011d4b6ee1b7a69adbf09dfa76c261aa", kill_on_drop: false }`
[INFO] running `Command { std: "docker" "inspect" "63cc3a2a63e42c4424b570dabb7c29db011d4b6ee1b7a69adbf09dfa76c261aa", kill_on_drop: false }`
[INFO] running `Command { std: "docker" "rm" "-f" "63cc3a2a63e42c4424b570dabb7c29db011d4b6ee1b7a69adbf09dfa76c261aa", kill_on_drop: false }`
[INFO] [stdout] 63cc3a2a63e42c4424b570dabb7c29db011d4b6ee1b7a69adbf09dfa76c261aa
[INFO] running `Command { std: "docker" "create" "-v" "/var/lib/crater-agent-workspace/builds/worker-4-tc1/target:/opt/rustwide/target:rw,Z" "-v" "/var/lib/crater-agent-workspace/builds/worker-4-tc1/source:/opt/rustwide/workdir:ro,Z" "-v" "/var/lib/crater-agent-workspace/cargo-home:/opt/rustwide/cargo-home:ro,Z" "-v" "/var/lib/crater-agent-workspace/rustup-home:/opt/rustwide/rustup-home:ro,Z" "-e" "SOURCE_DIR=/opt/rustwide/workdir" "-e" "CARGO_TARGET_DIR=/opt/rustwide/target" "-e" "CARGO_INCREMENTAL=0" "-e" "RUST_BACKTRACE=full" "-e" "RUSTFLAGS=--cap-lints=warn" "-e" "RUSTDOCFLAGS=--cap-lints=warn" "-e" "CARGO_HOME=/opt/rustwide/cargo-home" "-e" "RUSTUP_HOME=/opt/rustwide/rustup-home" "-w" "/opt/rustwide/workdir" "-m" "1610612736" "--user" "0:0" "--network" "none" "ghcr.io/rust-lang/crates-build-env/linux@sha256:5ff2268d62e97bff2cde7d5815dd6ed5b47097566f13b8d0ca110b04b60e07ed" "/opt/rustwide/cargo-home/bin/cargo" "+1.69.0" "build" "--frozen" "--message-format=json", kill_on_drop: false }`
[INFO] [stdout] e4959528dc728bbbdd81485579654e8bd17f8f4819f0275249a346087fb62a02
[INFO] running `Command { std: "docker" "start" "-a" "e4959528dc728bbbdd81485579654e8bd17f8f4819f0275249a346087fb62a02", kill_on_drop: false }`
[INFO] [stderr]    Compiling libc v0.2.97
[INFO] [stderr]    Compiling autocfg v1.0.1
[INFO] [stderr]    Compiling proc-macro2 v1.0.27
[INFO] [stderr]    Compiling unicode-xid v0.2.2
[INFO] [stderr]    Compiling syn v1.0.73
[INFO] [stderr]    Compiling memchr v2.4.0
[INFO] [stderr]    Compiling pkg-config v0.3.19
[INFO] [stderr]    Compiling log v0.4.14
[INFO] [stderr]    Compiling serde_derive v1.0.126
[INFO] [stderr]    Compiling pin-project-lite v0.2.7
[INFO] [stderr]    Compiling serde v1.0.126
[INFO] [stderr]    Compiling itoa v0.4.7
[INFO] [stderr]    Compiling once_cell v1.8.0
[INFO] [stderr]    Compiling futures-core v0.3.15
[INFO] [stderr]    Compiling proc-macro-hack v0.5.19
[INFO] [stderr]    Compiling smallvec v1.6.1
[INFO] [stderr]    Compiling futures-macro v0.3.15
[INFO] [stderr]    Compiling instant v0.1.9
[INFO] [stderr]    Compiling proc-macro-nested v0.1.7
[INFO] [stderr]    Compiling ryu v1.0.5
[INFO] [stderr]    Compiling bytes v1.0.1
[INFO] [stderr]    Compiling bitflags v1.2.1
[INFO] [stderr]    Compiling futures-task v0.3.15
[INFO] [stderr]    Compiling futures-sink v0.3.15
[INFO] [stderr]    Compiling quote v1.0.9
[INFO] [stderr]    Compiling jobserver v0.1.22
[INFO] [stderr]    Compiling futures-channel v0.3.15
[INFO] [stderr]    Compiling cc v1.0.68
[INFO] [stderr]    Compiling lock_api v0.4.4
[INFO] [stderr]    Compiling parking_lot_core v0.8.3
[INFO] [stderr]    Compiling num-traits v0.2.14
[INFO] [stderr]    Compiling miniz_oxide v0.4.4
[INFO] [stderr]    Compiling futures-util v0.3.15
[INFO] [stderr]    Compiling tokio v1.8.1
[INFO] [stderr]    Compiling tracing-core v0.1.18
[INFO] [stderr]    Compiling version_check v0.9.3
[INFO] [stderr]    Compiling parking_lot v0.11.1
[INFO] [stderr]    Compiling openssl-sys v0.9.65
[INFO] [stderr]    Compiling backtrace v0.3.60
[INFO] [stderr]    Compiling libz-sys v1.1.3
[INFO] [stderr]    Compiling num_cpus v1.13.0
[INFO] [stderr]    Compiling mio v0.7.13
[INFO] [stderr]    Compiling signal-hook-registry v1.4.0
[INFO] [stderr]    Compiling indexmap v1.7.0
[INFO] [stderr]    Compiling num-integer v0.1.44
[INFO] [stderr]    Compiling slab v0.4.3
[INFO] [stderr]    Compiling futures-io v0.3.15
[INFO] [stderr]    Compiling gimli v0.24.0
[INFO] [stderr]    Compiling strsim v0.9.3
[INFO] [stderr]    Compiling ident_case v1.0.1
[INFO] [stderr]    Compiling serde_json v1.0.64
[INFO] [stderr]    Compiling matches v0.1.8
[INFO] [stderr]    Compiling object v0.25.3
[INFO] [stderr]    Compiling hashbrown v0.11.2
[INFO] [stderr]    Compiling tinyvec_macros v0.1.0
[INFO] [stderr]    Compiling openssl v0.10.35
[INFO] [stderr]    Compiling void v1.0.2
[INFO] [stderr]    Compiling encoding_rs v0.8.28
[INFO] [stderr]    Compiling unicode-segmentation v1.8.0
[INFO] [stderr]    Compiling rustc-demangle v0.1.20
[INFO] [stderr]    Compiling foreign-types-shared v0.1.1
[INFO] [stderr]    Compiling foreign-types v0.3.2
[INFO] [stderr]    Compiling unreachable v1.0.0
[INFO] [stderr]    Compiling tinyvec v1.2.0
[INFO] [stderr]    Compiling heck v0.3.3
[INFO] [stderr]    Compiling libssh2-sys v0.2.21
[INFO] [stderr]    Compiling proc-macro-error-attr v1.0.4
[INFO] [stderr]    Compiling http v0.2.4
[INFO] [stderr]    Compiling time v0.1.43
[INFO] [stderr]    Compiling ascii v0.9.3
[INFO] [stderr]    Compiling darling_core v0.10.2
[INFO] [stderr]    Compiling addr2line v0.15.2
[INFO] [stderr]    Compiling synstructure v0.12.4
[INFO] [stderr]    Compiling either v1.6.1
[INFO] [stderr]    Compiling openssl-probe v0.1.4
[INFO] [stderr]    Compiling regex-syntax v0.6.25
[INFO] [stderr]    Compiling native-tls v0.2.7
[INFO] [stderr]    Compiling httparse v1.4.1
[INFO] [stderr]    Compiling percent-encoding v2.1.0
[INFO] [stderr]    Compiling byteorder v1.4.3
[INFO] [stderr]    Compiling form_urlencoded v1.0.1
[INFO] [stderr]    Compiling combine v3.8.1
[INFO] [stderr]    Compiling unicode-normalization v0.1.19
[INFO] [stderr]    Compiling chrono v0.4.19
[INFO] [stderr]    Compiling unicode-bidi v0.3.5
[INFO] [stderr]    Compiling proc-macro-error v1.0.4
[INFO] [stderr]    Compiling derive_builder v0.9.0
[INFO] [stderr]    Compiling tokio-macros v1.3.0
[INFO] [stderr]    Compiling tracing-attributes v0.1.15
[INFO] [stderr]    Compiling darling_macro v0.10.2
[INFO] [stderr]    Compiling tracing v0.1.26
[INFO] [stderr]    Compiling failure_derive v0.1.8
[INFO] [stderr]    Compiling try-lock v0.2.3
[INFO] [stderr]    Compiling want v0.3.0
[INFO] [stderr]    Compiling darling v0.10.2
[INFO] [stderr]    Compiling derive_builder_core v0.9.0
[INFO] [stderr]    Compiling idna v0.2.3
[INFO] [stderr]    Compiling failure v0.1.8
[INFO] [stderr]    Compiling http-body v0.4.2
[INFO] [stderr]    Compiling graphql-parser v0.2.3
[INFO] [stderr]    Compiling libgit2-sys v0.12.21+1.1.0
[INFO] [stderr]    Compiling socket2 v0.4.0
[INFO] [stderr]    Compiling aho-corasick v0.7.18
[INFO] [stderr]    Compiling tower-service v0.3.1
[INFO] [stderr]    Compiling doc-comment v0.3.3
[INFO] [stderr]    Compiling httpdate v1.0.1
[INFO] [stderr]    Compiling url v2.2.2
[INFO] [stderr]    Compiling quick-xml v0.20.0
[INFO] [stderr]    Compiling regex v1.5.4
[INFO] [stderr]    Compiling tokio-util v0.6.7
[INFO] [stderr]    Compiling tokio-native-tls v0.3.0
[INFO] [stderr]    Compiling regex-automata v0.1.10
[INFO] [stderr]    Compiling diligent-date-parser v0.1.2
[INFO] [stderr]    Compiling h2 v0.3.3
[INFO] [stderr]    Compiling dirs-sys-next v0.1.2
[INFO] [stderr]    Compiling terminal_size v0.1.17
[INFO] [stderr]    Compiling anyhow v1.0.41
[INFO] [stderr]    Compiling unicode-width v0.1.8
[INFO] [stderr]    Compiling linked-hash-map v0.5.4
[INFO] [stderr]    Compiling yaml-rust v0.4.5
[INFO] [stderr]    Compiling textwrap v0.12.1
[INFO] [stderr]    Compiling matchers v0.0.1
[INFO] [stderr]    Compiling console v0.14.1
[INFO] [stderr]    Compiling dirs-next v2.0.0
[INFO] [stderr]    Compiling atom_syndication v0.9.1
[INFO] [stderr]    Compiling graphql-introspection-query v0.1.0
[INFO] [stderr]    Compiling tracing-serde v0.1.2
[INFO] [stderr]    Compiling serde_urlencoded v0.7.0
[INFO] [stderr]    Compiling clap_derive v3.0.0-beta.2
[INFO] [stderr]    Compiling futures-executor v0.3.15
[INFO] [stderr]    Compiling thiserror-impl v1.0.26
[INFO] [stderr]    Compiling graphql_client_codegen v0.9.0
[INFO] [stderr]    Compiling tracing-log v0.1.2
[INFO] [stderr]    Compiling atty v0.2.14
[INFO] [stderr]    Compiling thread_local v1.1.3
[INFO] [stderr]    Compiling sharded-slab v0.1.1
[INFO] [stderr]    Compiling vec_map v0.8.2
[INFO] [stderr]    Compiling ansi_term v0.12.1
[INFO] [stderr]    Compiling termcolor v1.1.2
[INFO] [stderr]    Compiling number_prefix v0.4.0
[INFO] [stderr]    Compiling os_str_bytes v2.4.0
[INFO] [stderr]    Compiling ipnet v2.3.1
[INFO] [stderr]    Compiling dtoa v0.4.8
[INFO] [stderr]    Compiling deunicode v0.4.3
[INFO] [stderr]    Compiling mime v0.3.16
[INFO] [stderr]    Compiling base64 v0.13.0
[INFO] [stderr]    Compiling hyper v0.14.9
[INFO] [stderr]    Compiling slug v0.1.4
[INFO] [stderr]    Compiling serde_yaml v0.8.17
[INFO] [stderr]    Compiling clap v3.0.0-beta.2
[INFO] [stderr]    Compiling thiserror v1.0.26
[INFO] [stderr]    Compiling indicatif v0.16.2
[INFO] [stderr]    Compiling tracing-subscriber v0.2.19
[INFO] [stderr]    Compiling futures v0.3.15
[INFO] [stderr]    Compiling rss v1.10.0
[INFO] [stderr]    Compiling shellexpand v2.1.0
[INFO] [stderr]    Compiling quick-xml v0.22.0
[INFO] [stderr]    Compiling graphql_query_derive v0.9.0
[INFO] [stderr]    Compiling graphql_client v0.9.0
[INFO] [stderr]    Compiling hyper-tls v0.5.0
[INFO] [stderr]    Compiling reqwest v0.11.4
[INFO] [stderr]    Compiling git2 v0.13.20
[INFO] [stderr]    Compiling cargo_bullhorn v0.3.0 (/opt/rustwide/workdir)
[INFO] [stdout] warning: value assigned to `is_head` is never read
[INFO] [stdout]    --> src/platforms/medium.rs:198:17
[INFO] [stdout]     |
[INFO] [stdout] 198 |                 is_head = false;
[INFO] [stdout]     |                 ^^^^^^^
[INFO] [stdout]     |
[INFO] [stdout]     = help: maybe it is overwritten before being read?
[INFO] [stdout]     = note: `#[warn(unused_assignments)]` on by default
[INFO] [stdout] 
[INFO] [stdout] 
[INFO] [stdout] warning: multiple fields are never read
[INFO] [stdout]    --> src/platforms/devto.rs:168:5
[INFO] [stdout]     |
[INFO] [stdout] 167 | struct Response {
[INFO] [stdout]     |        -------- fields in this struct
[INFO] [stdout] 168 |     type_of: String,
[INFO] [stdout]     |     ^^^^^^^
[INFO] [stdout] 169 |     id: u32,
[INFO] [stdout]     |     ^^
[INFO] [stdout] 170 |     title: String,
[INFO] [stdout]     |     ^^^^^
[INFO] [stdout] 171 |     description: String,
[INFO] [stdout]     |     ^^^^^^^^^^^
[INFO] [stdout] 172 |     slug: String,
[INFO] [stdout]     |     ^^^^
[INFO] [stdout] 173 |     path: String,
[INFO] [stdout]     |     ^^^^
[INFO] [stdout] 174 |     canonical_url: String,
[INFO] [stdout]     |     ^^^^^^^^^^^^^
[INFO] [stdout]     |
[INFO] [stdout]     = note: `Response` has a derived impl for the trait `Debug`, but this is intentionally ignored during dead code analysis
[INFO] [stdout]     = note: `#[warn(dead_code)]` on by default
[INFO] [stdout] 
[INFO] [stdout] 
[INFO] [stdout] warning: field `status_code` is never read
[INFO] [stdout]    --> src/platforms/hashnode.rs:327:5
[INFO] [stdout]     |
[INFO] [stdout] 326 | struct PageProps {
[INFO] [stdout]     |        --------- field in this struct
[INFO] [stdout] 327 |     status_code: i32,
[INFO] [stdout]     |     ^^^^^^^^^^^
[INFO] [stdout] 
[INFO] [stdout] 
[INFO] [stdout] warning: field `slug` is never read
[INFO] [stdout]    --> src/platforms/hashnode.rs:336:5
[INFO] [stdout]     |
[INFO] [stdout] 332 | struct ExtraData {
[INFO] [stdout]     |        --------- field in this struct
[INFO] [stdout] ...
[INFO] [stdout] 336 |     slug: String,
[INFO] [stdout]     |     ^^^^
[INFO] [stdout] 
[INFO] [stdout] 
[INFO] [stdout] warning: variant `Html` is never constructed
[INFO] [stdout]   --> src/platforms/medium.rs:11:5
[INFO] [stdout]    |
[INFO] [stdout] 10 | enum ContentFormat {
[INFO] [stdout]    |      ------------- variant in this enum
[INFO] [stdout] 11 |     Html,
[INFO] [stdout]    |     ^^^^
[INFO] [stdout] 
[INFO] [stdout] 
[INFO] [stdout] warning: variant `Unlisted` is never constructed
[INFO] [stdout]   --> src/platforms/medium.rs:20:5
[INFO] [stdout]    |
[INFO] [stdout] 17 | enum PublishStatus {
[INFO] [stdout]    |      ------------- variant in this enum
[INFO] [stdout] ...
[INFO] [stdout] 20 |     Unlisted,
[INFO] [stdout]    |     ^^^^^^^^
[INFO] [stdout] 
[INFO] [stdout] 
[INFO] [stdout] warning: field `pub_id` is never read
[INFO] [stdout]   --> src/platforms/medium.rs:61:5
[INFO] [stdout]    |
[INFO] [stdout] 58 | pub struct Medium {
[INFO] [stdout]    |            ------ field in this struct
[INFO] [stdout] ...
[INFO] [stdout] 61 |     pub_id: Option<String>,
[INFO] [stdout]    |     ^^^^^^
[INFO] [stdout] 
[INFO] [stdout] 
[INFO] [stdout] warning: fields `url` and `image_url` are never read
[INFO] [stdout]    --> src/platforms/medium.rs:238:5
[INFO] [stdout]     |
[INFO] [stdout] 234 | struct UserData {
[INFO] [stdout]     |        -------- fields in this struct
[INFO] [stdout] ...
[INFO] [stdout] 238 |     url: String,
[INFO] [stdout]     |     ^^^
[INFO] [stdout] 239 |     image_url: String,
[INFO] [stdout]     |     ^^^^^^^^^
[INFO] [stdout] 
[INFO] [stdout] 
[INFO] [stdout] warning: associated function `new` is never used
[INFO] [stdout]   --> src/post.rs:54:12
[INFO] [stdout]    |
[INFO] [stdout] 54 |     pub fn new(text: &str) -> Result<Self> {
[INFO] [stdout]    |            ^^^
[INFO] [stdout] 
[INFO] [stdout] 
[INFO] [stdout] warning: method `to_string` is never used
[INFO] [stdout]   --> src/post.rs:96:12
[INFO] [stdout]    |
[INFO] [stdout] 96 |     pub fn to_string(&self) -> Result<String> {
[INFO] [stdout]    |            ^^^^^^^^^
[INFO] [stdout] 
[INFO] [stdout] 
[INFO] [stdout] warning: 10 warnings emitted
[INFO] [stdout] 
[INFO] [stdout] 
[INFO] [stderr]     Finished dev [unoptimized + debuginfo] target(s) in 2m 22s
[INFO] [stderr] warning: the following packages contain code that will be rejected by a future version of Rust: quick-xml v0.20.0, quick-xml v0.22.0
[INFO] [stderr] note: to see what the problems were, use the option `--future-incompat-report`, or run `cargo report future-incompatibilities --id 1`
[INFO] running `Command { std: "docker" "inspect" "e4959528dc728bbbdd81485579654e8bd17f8f4819f0275249a346087fb62a02", kill_on_drop: false }`
[INFO] running `Command { std: "docker" "rm" "-f" "e4959528dc728bbbdd81485579654e8bd17f8f4819f0275249a346087fb62a02", kill_on_drop: false }`
[INFO] [stdout] e4959528dc728bbbdd81485579654e8bd17f8f4819f0275249a346087fb62a02
[INFO] running `Command { std: "docker" "create" "-v" "/var/lib/crater-agent-workspace/builds/worker-4-tc1/target:/opt/rustwide/target:rw,Z" "-v" "/var/lib/crater-agent-workspace/builds/worker-4-tc1/source:/opt/rustwide/workdir:ro,Z" "-v" "/var/lib/crater-agent-workspace/cargo-home:/opt/rustwide/cargo-home:ro,Z" "-v" "/var/lib/crater-agent-workspace/rustup-home:/opt/rustwide/rustup-home:ro,Z" "-e" "SOURCE_DIR=/opt/rustwide/workdir" "-e" "CARGO_TARGET_DIR=/opt/rustwide/target" "-e" "CARGO_INCREMENTAL=0" "-e" "RUST_BACKTRACE=full" "-e" "RUSTFLAGS=--cap-lints=warn" "-e" "RUSTDOCFLAGS=--cap-lints=warn" "-e" "CARGO_HOME=/opt/rustwide/cargo-home" "-e" "RUSTUP_HOME=/opt/rustwide/rustup-home" "-w" "/opt/rustwide/workdir" "-m" "1610612736" "--user" "0:0" "--network" "none" "ghcr.io/rust-lang/crates-build-env/linux@sha256:5ff2268d62e97bff2cde7d5815dd6ed5b47097566f13b8d0ca110b04b60e07ed" "/opt/rustwide/cargo-home/bin/cargo" "+1.69.0" "test" "--frozen" "--no-run" "--message-format=json", kill_on_drop: false }`
[INFO] [stdout] 24fdf397017bf85f4cdd2c0e85ad3b4f0ebc140716beaa5c26b71c4c56c551d2
[INFO] running `Command { std: "docker" "start" "-a" "24fdf397017bf85f4cdd2c0e85ad3b4f0ebc140716beaa5c26b71c4c56c551d2", kill_on_drop: false }`
[INFO] [stderr]    Compiling zstd-sys v1.6.1+zstd.1.5.0
[INFO] [stderr]    Compiling zstd-safe v4.1.1+zstd.1.5.0
[INFO] [stdout] warning: value assigned to `is_head` is never read
[INFO] [stdout]    --> src/platforms/medium.rs:198:17
[INFO] [stdout]     |
[INFO] [stdout] 198 |                 is_head = false;
[INFO] [stdout]     |                 ^^^^^^^
[INFO] [stdout]     |
[INFO] [stdout]     = help: maybe it is overwritten before being read?
[INFO] [stdout]     = note: `#[warn(unused_assignments)]` on by default
[INFO] [stdout] 
[INFO] [stdout] 
[INFO] [stdout] warning: multiple fields are never read
[INFO] [stdout]    --> src/platforms/devto.rs:168:5
[INFO] [stdout]     |
[INFO] [stdout] 167 | struct Response {
[INFO] [stdout]     |        -------- fields in this struct
[INFO] [stdout] 168 |     type_of: String,
[INFO] [stdout]     |     ^^^^^^^
[INFO] [stdout] 169 |     id: u32,
[INFO] [stdout]     |     ^^
[INFO] [stdout] 170 |     title: String,
[INFO] [stdout]     |     ^^^^^
[INFO] [stdout] 171 |     description: String,
[INFO] [stdout]     |     ^^^^^^^^^^^
[INFO] [stdout] 172 |     slug: String,
[INFO] [stdout]     |     ^^^^
[INFO] [stdout] 173 |     path: String,
[INFO] [stdout]     |     ^^^^
[INFO] [stdout] 174 |     canonical_url: String,
[INFO] [stdout]     |     ^^^^^^^^^^^^^
[INFO] [stdout]     |
[INFO] [stdout]     = note: `Response` has a derived impl for the trait `Debug`, but this is intentionally ignored during dead code analysis
[INFO] [stdout]     = note: `#[warn(dead_code)]` on by default
[INFO] [stdout] 
[INFO] [stdout] 
[INFO] [stdout] warning: field `status_code` is never read
[INFO] [stdout]    --> src/platforms/hashnode.rs:327:5
[INFO] [stdout]     |
[INFO] [stdout] 326 | struct PageProps {
[INFO] [stdout]     |        --------- field in this struct
[INFO] [stdout] 327 |     status_code: i32,
[INFO] [stdout]     |     ^^^^^^^^^^^
[INFO] [stdout] 
[INFO] [stdout] 
[INFO] [stdout] warning: field `slug` is never read
[INFO] [stdout]    --> src/platforms/hashnode.rs:336:5
[INFO] [stdout]     |
[INFO] [stdout] 332 | struct ExtraData {
[INFO] [stdout]     |        --------- field in this struct
[INFO] [stdout] ...
[INFO] [stdout] 336 |     slug: String,
[INFO] [stdout]     |     ^^^^
[INFO] [stdout] 
[INFO] [stdout] 
[INFO] [stdout] warning: variant `Html` is never constructed
[INFO] [stdout]   --> src/platforms/medium.rs:11:5
[INFO] [stdout]    |
[INFO] [stdout] 10 | enum ContentFormat {
[INFO] [stdout]    |      ------------- variant in this enum
[INFO] [stdout] 11 |     Html,
[INFO] [stdout]    |     ^^^^
[INFO] [stdout] 
[INFO] [stdout] 
[INFO] [stdout] warning: variant `Unlisted` is never constructed
[INFO] [stdout]   --> src/platforms/medium.rs:20:5
[INFO] [stdout]    |
[INFO] [stdout] 17 | enum PublishStatus {
[INFO] [stdout]    |      ------------- variant in this enum
[INFO] [stdout] ...
[INFO] [stdout] 20 |     Unlisted,
[INFO] [stdout]    |     ^^^^^^^^
[INFO] [stdout] 
[INFO] [stdout] 
[INFO] [stdout] warning: field `pub_id` is never read
[INFO] [stdout]   --> src/platforms/medium.rs:61:5
[INFO] [stdout]    |
[INFO] [stdout] 58 | pub struct Medium {
[INFO] [stdout]    |            ------ field in this struct
[INFO] [stdout] ...
[INFO] [stdout] 61 |     pub_id: Option<String>,
[INFO] [stdout]    |     ^^^^^^
[INFO] [stdout] 
[INFO] [stdout] 
[INFO] [stdout] warning: fields `url` and `image_url` are never read
[INFO] [stdout]    --> src/platforms/medium.rs:238:5
[INFO] [stdout]     |
[INFO] [stdout] 234 | struct UserData {
[INFO] [stdout]     |        -------- fields in this struct
[INFO] [stdout] ...
[INFO] [stdout] 238 |     url: String,
[INFO] [stdout]     |     ^^^
[INFO] [stdout] 239 |     image_url: String,
[INFO] [stdout]     |     ^^^^^^^^^
[INFO] [stdout] 
[INFO] [stdout] 
[INFO] [stdout] warning: associated function `new` is never used
[INFO] [stdout]   --> src/post.rs:54:12
[INFO] [stdout]    |
[INFO] [stdout] 54 |     pub fn new(text: &str) -> Result<Self> {
[INFO] [stdout]    |            ^^^
[INFO] [stdout] 
[INFO] [stdout] 
[INFO] [stdout] warning: method `to_string` is never used
[INFO] [stdout]   --> src/post.rs:96:12
[INFO] [stdout]    |
[INFO] [stdout] 96 |     pub fn to_string(&self) -> Result<String> {
[INFO] [stdout]    |            ^^^^^^^^^
[INFO] [stdout] 
[INFO] [stdout] 
[INFO] [stdout] warning: 10 warnings emitted
[INFO] [stdout] 
[INFO] [stdout] 
[INFO] [stderr]    Compiling zstd v0.9.0+zstd.1.5.0
[INFO] [stderr]    Compiling cargo_bullhorn v0.3.0 (/opt/rustwide/workdir)
[INFO] [stdout] warning: unused import: `super::*`
[INFO] [stdout]    --> src/main.rs:179:9
[INFO] [stdout]     |
[INFO] [stdout] 179 |     use super::*;
[INFO] [stdout]     |         ^^^^^^^^
[INFO] [stdout]     |
[INFO] [stdout]     = note: `#[warn(unused_imports)]` on by default
[INFO] [stdout] 
[INFO] [stdout] 
[INFO] [stdout] warning: value assigned to `is_head` is never read
[INFO] [stdout]    --> src/platforms/medium.rs:198:17
[INFO] [stdout]     |
[INFO] [stdout] 198 |                 is_head = false;
[INFO] [stdout]     |                 ^^^^^^^
[INFO] [stdout]     |
[INFO] [stdout]     = help: maybe it is overwritten before being read?
[INFO] [stdout]     = note: `#[warn(unused_assignments)]` on by default
[INFO] [stdout] 
[INFO] [stdout] 
[INFO] [stdout] warning: multiple fields are never read
[INFO] [stdout]    --> src/platforms/devto.rs:168:5
[INFO] [stdout]     |
[INFO] [stdout] 167 | struct Response {
[INFO] [stdout]     |        -------- fields in this struct
[INFO] [stdout] 168 |     type_of: String,
[INFO] [stdout]     |     ^^^^^^^
[INFO] [stdout] 169 |     id: u32,
[INFO] [stdout]     |     ^^
[INFO] [stdout] 170 |     title: String,
[INFO] [stdout]     |     ^^^^^
[INFO] [stdout] 171 |     description: String,
[INFO] [stdout]     |     ^^^^^^^^^^^
[INFO] [stdout] 172 |     slug: String,
[INFO] [stdout]     |     ^^^^
[INFO] [stdout] 173 |     path: String,
[INFO] [stdout]     |     ^^^^
[INFO] [stdout] 174 |     canonical_url: String,
[INFO] [stdout]     |     ^^^^^^^^^^^^^
[INFO] [stdout]     |
[INFO] [stdout]     = note: `Response` has a derived impl for the trait `Debug`, but this is intentionally ignored during dead code analysis
[INFO] [stdout]     = note: `#[warn(dead_code)]` on by default
[INFO] [stdout] 
[INFO] [stdout] 
[INFO] [stdout] warning: field `status_code` is never read
[INFO] [stdout]    --> src/platforms/hashnode.rs:327:5
[INFO] [stdout]     |
[INFO] [stdout] 326 | struct PageProps {
[INFO] [stdout]     |        --------- field in this struct
[INFO] [stdout] 327 |     status_code: i32,
[INFO] [stdout]     |     ^^^^^^^^^^^
[INFO] [stdout] 
[INFO] [stdout] 
[INFO] [stdout] warning: field `slug` is never read
[INFO] [stdout]    --> src/platforms/hashnode.rs:336:5
[INFO] [stdout]     |
[INFO] [stdout] 332 | struct ExtraData {
[INFO] [stdout]     |        --------- field in this struct
[INFO] [stdout] ...
[INFO] [stdout] 336 |     slug: String,
[INFO] [stdout]     |     ^^^^
[INFO] [stdout] 
[INFO] [stdout] 
[INFO] [stdout] warning: variant `Html` is never constructed
[INFO] [stdout]   --> src/platforms/medium.rs:11:5
[INFO] [stdout]    |
[INFO] [stdout] 10 | enum ContentFormat {
[INFO] [stdout]    |      ------------- variant in this enum
[INFO] [stdout] 11 |     Html,
[INFO] [stdout]    |     ^^^^
[INFO] [stdout] 
[INFO] [stdout] 
[INFO] [stdout] warning: variant `Unlisted` is never constructed
[INFO] [stdout]   --> src/platforms/medium.rs:20:5
[INFO] [stdout]    |
[INFO] [stdout] 17 | enum PublishStatus {
[INFO] [stdout]    |      ------------- variant in this enum
[INFO] [stdout] ...
[INFO] [stdout] 20 |     Unlisted,
[INFO] [stdout]    |     ^^^^^^^^
[INFO] [stdout] 
[INFO] [stdout] 
[INFO] [stdout] warning: field `pub_id` is never read
[INFO] [stdout]   --> src/platforms/medium.rs:61:5
[INFO] [stdout]    |
[INFO] [stdout] 58 | pub struct Medium {
[INFO] [stdout]    |            ------ field in this struct
[INFO] [stdout] ...
[INFO] [stdout] 61 |     pub_id: Option<String>,
[INFO] [stdout]    |     ^^^^^^
[INFO] [stdout] 
[INFO] [stdout] 
[INFO] [stdout] warning: fields `url` and `image_url` are never read
[INFO] [stdout]    --> src/platforms/medium.rs:238:5
[INFO] [stdout]     |
[INFO] [stdout] 234 | struct UserData {
[INFO] [stdout]     |        -------- fields in this struct
[INFO] [stdout] ...
[INFO] [stdout] 238 |     url: String,
[INFO] [stdout]     |     ^^^
[INFO] [stdout] 239 |     image_url: String,
[INFO] [stdout]     |     ^^^^^^^^^
[INFO] [stdout] 
[INFO] [stdout] 
[INFO] [stdout] warning: 9 warnings emitted
[INFO] [stdout] 
[INFO] [stdout] 
[INFO] [stderr]     Finished test [unoptimized + debuginfo] target(s) in 23.83s
[INFO] [stderr] warning: the following packages contain code that will be rejected by a future version of Rust: quick-xml v0.20.0, quick-xml v0.22.0
[INFO] [stderr] note: to see what the problems were, use the option `--future-incompat-report`, or run `cargo report future-incompatibilities --id 1`
[INFO] running `Command { std: "docker" "inspect" "24fdf397017bf85f4cdd2c0e85ad3b4f0ebc140716beaa5c26b71c4c56c551d2", kill_on_drop: false }`
[INFO] running `Command { std: "docker" "rm" "-f" "24fdf397017bf85f4cdd2c0e85ad3b4f0ebc140716beaa5c26b71c4c56c551d2", kill_on_drop: false }`
[INFO] [stdout] 24fdf397017bf85f4cdd2c0e85ad3b4f0ebc140716beaa5c26b71c4c56c551d2
[INFO] running `Command { std: "docker" "create" "-v" "/var/lib/crater-agent-workspace/builds/worker-4-tc1/target:/opt/rustwide/target:rw,Z" "-v" "/var/lib/crater-agent-workspace/builds/worker-4-tc1/source:/opt/rustwide/workdir:ro,Z" "-v" "/var/lib/crater-agent-workspace/cargo-home:/opt/rustwide/cargo-home:ro,Z" "-v" "/var/lib/crater-agent-workspace/rustup-home:/opt/rustwide/rustup-home:ro,Z" "-e" "SOURCE_DIR=/opt/rustwide/workdir" "-e" "CARGO_TARGET_DIR=/opt/rustwide/target" "-e" "CARGO_INCREMENTAL=0" "-e" "RUST_BACKTRACE=full" "-e" "RUSTFLAGS=--cap-lints=warn" "-e" "RUSTDOCFLAGS=--cap-lints=warn" "-e" "CARGO_HOME=/opt/rustwide/cargo-home" "-e" "RUSTUP_HOME=/opt/rustwide/rustup-home" "-w" "/opt/rustwide/workdir" "-m" "1610612736" "--user" "0:0" "--network" "none" "ghcr.io/rust-lang/crates-build-env/linux@sha256:5ff2268d62e97bff2cde7d5815dd6ed5b47097566f13b8d0ca110b04b60e07ed" "/opt/rustwide/cargo-home/bin/cargo" "+1.69.0" "test" "--frozen", kill_on_drop: false }`
[INFO] [stdout] b6101e8bb6b958123515ab6fcd9bc5bda3b81d8e8fe4b9449d60181fae30f40a
[INFO] running `Command { std: "docker" "start" "-a" "b6101e8bb6b958123515ab6fcd9bc5bda3b81d8e8fe4b9449d60181fae30f40a", kill_on_drop: false }`
[INFO] [stderr]     Blocking waiting for file lock on package cache
[INFO] [stderr] warning: value assigned to `is_head` is never read
[INFO] [stderr]    --> src/platforms/medium.rs:198:17
[INFO] [stderr]     |
[INFO] [stderr] 198 |                 is_head = false;
[INFO] [stderr]     |                 ^^^^^^^
[INFO] [stderr]     |
[INFO] [stderr]     = help: maybe it is overwritten before being read?
[INFO] [stderr]     = note: `#[warn(unused_assignments)]` on by default
[INFO] [stderr] 
[INFO] [stderr] warning: multiple fields are never read
[INFO] [stderr]    --> src/platforms/devto.rs:168:5
[INFO] [stderr]     |
[INFO] [stderr] 167 | struct Response {
[INFO] [stderr]     |        -------- fields in this struct
[INFO] [stderr] 168 |     type_of: String,
[INFO] [stderr]     |     ^^^^^^^
[INFO] [stderr] 169 |     id: u32,
[INFO] [stderr]     |     ^^
[INFO] [stderr] 170 |     title: String,
[INFO] [stderr]     |     ^^^^^
[INFO] [stderr] 171 |     description: String,
[INFO] [stderr]     |     ^^^^^^^^^^^
[INFO] [stderr] 172 |     slug: String,
[INFO] [stderr]     |     ^^^^
[INFO] [stderr] 173 |     path: String,
[INFO] [stderr]     |     ^^^^
[INFO] [stderr] 174 |     canonical_url: String,
[INFO] [stderr]     |     ^^^^^^^^^^^^^
[INFO] [stderr]     |
[INFO] [stderr]     = note: `Response` has a derived impl for the trait `Debug`, but this is intentionally ignored during dead code analysis
[INFO] [stderr]     = note: `#[warn(dead_code)]` on by default
[INFO] [stderr] 
[INFO] [stderr] warning: field `status_code` is never read
[INFO] [stderr]    --> src/platforms/hashnode.rs:327:5
[INFO] [stderr]     |
[INFO] [stderr] 326 | struct PageProps {
[INFO] [stderr]     |        --------- field in this struct
[INFO] [stderr] 327 |     status_code: i32,
[INFO] [stderr]     |     ^^^^^^^^^^^
[INFO] [stderr] 
[INFO] [stderr] warning: field `slug` is never read
[INFO] [stderr]    --> src/platforms/hashnode.rs:336:5
[INFO] [stderr]     |
[INFO] [stderr] 332 | struct ExtraData {
[INFO] [stderr]     |        --------- field in this struct
[INFO] [stderr] ...
[INFO] [stderr] 336 |     slug: String,
[INFO] [stderr]     |     ^^^^
[INFO] [stderr] 
[INFO] [stderr] warning: variant `Html` is never constructed
[INFO] [stderr]   --> src/platforms/medium.rs:11:5
[INFO] [stderr]    |
[INFO] [stderr] 10 | enum ContentFormat {
[INFO] [stderr]    |      ------------- variant in this enum
[INFO] [stderr] 11 |     Html,
[INFO] [stderr]    |     ^^^^
[INFO] [stderr] 
[INFO] [stderr] warning: variant `Unlisted` is never constructed
[INFO] [stderr]   --> src/platforms/medium.rs:20:5
[INFO] [stderr]    |
[INFO] [stderr] 17 | enum PublishStatus {
[INFO] [stderr]    |      ------------- variant in this enum
[INFO] [stderr] ...
[INFO] [stderr] 20 |     Unlisted,
[INFO] [stderr]    |     ^^^^^^^^
[INFO] [stderr] 
[INFO] [stderr] warning: field `pub_id` is never read
[INFO] [stderr]   --> src/platforms/medium.rs:61:5
[INFO] [stderr]    |
[INFO] [stderr] 58 | pub struct Medium {
[INFO] [stderr]    |            ------ field in this struct
[INFO] [stderr] ...
[INFO] [stderr] 61 |     pub_id: Option<String>,
[INFO] [stderr]    |     ^^^^^^
[INFO] [stderr] 
[INFO] [stderr] warning: fields `url` and `image_url` are never read
[INFO] [stderr]    --> src/platforms/medium.rs:238:5
[INFO] [stderr]     |
[INFO] [stderr] 234 | struct UserData {
[INFO] [stderr]     |        -------- fields in this struct
[INFO] [stderr] ...
[INFO] [stderr] 238 |     url: String,
[INFO] [stderr]     |     ^^^
[INFO] [stderr] 239 |     image_url: String,
[INFO] [stderr]     |     ^^^^^^^^^
[INFO] [stderr] 
[INFO] [stderr] warning: associated function `new` is never used
[INFO] [stderr]   --> src/post.rs:54:12
[INFO] [stderr]    |
[INFO] [stderr] 54 |     pub fn new(text: &str) -> Result<Self> {
[INFO] [stderr]    |            ^^^
[INFO] [stderr] 
[INFO] [stderr] warning: method `to_string` is never used
[INFO] [stderr]   --> src/post.rs:96:12
[INFO] [stderr]    |
[INFO] [stderr] 96 |     pub fn to_string(&self) -> Result<String> {
[INFO] [stderr]    |            ^^^^^^^^^
[INFO] [stderr] 
[INFO] [stderr] warning: `cargo_bullhorn` (bin "cargo_bullhorn") generated 10 warnings
[INFO] [stderr] warning: unused import: `super::*`
[INFO] [stderr]    --> src/main.rs:179:9
[INFO] [stderr]     |
[INFO] [stderr] 179 |     use super::*;
[INFO] [stderr]     |         ^^^^^^^^
[INFO] [stderr]     |
[INFO] [stderr]     = note: `#[warn(unused_imports)]` on by default
[INFO] [stderr] 
[INFO] [stderr] warning: `cargo_bullhorn` (bin "cargo_bullhorn" test) generated 9 warnings (8 duplicates) (run `cargo fix --bin "cargo_bullhorn" --tests` to apply 1 suggestion)
[INFO] [stderr]     Finished test [unoptimized + debuginfo] target(s) in 0.15s
[INFO] [stderr] warning: the following packages contain code that will be rejected by a future version of Rust: quick-xml v0.20.0, quick-xml v0.22.0
[INFO] [stderr] note: to see what the problems were, use the option `--future-incompat-report`, or run `cargo report future-incompatibilities --id 1`
[INFO] [stderr]      Running unittests src/main.rs (/opt/rustwide/target/debug/deps/cargo_bullhorn-158c75fefc5da305)
[INFO] [stdout] 
[INFO] [stdout] running 19 tests
[INFO] [stdout] test platforms::devto::tests::response ... ok
[INFO] [stdout] test post::tests::bad_field ... ok
[INFO] [stdout] test platforms::hashnode::tests::parse_tag ... ok
[INFO] [stdout] test post::tests::crlf ... ok
[INFO] [stdout] test post::tests::comment ... ok
[INFO] [stdout] test post::tests::all_fields ... ok
[INFO] [stdout] test post::tests::dashes_code ... ok
[INFO] [stdout] test platforms::medium::tests::parse_article ... ok
[INFO] [stdout] test post::tests::lf ... ok
[INFO] [stdout] test post::tests::mixed_line_endings ... ok
[INFO] [stdout] test post::tests::dashes_table ... ok
[INFO] [stdout] test settings::tests::apply_config ... ok
[INFO] [stdout] test tests::apply_config ... ok
[INFO] [stdout] test post::tests::tags ... ok
[INFO] [stdout] test post::tests::missing ... ok
[INFO] [stdout] test platforms::github_pages::tests::parse_filename ... ok
[INFO] [stdout] test post::tests::to_string ... FAILED
[INFO] [stdout] test platforms::github_pages::tests::get_canonical_url ... FAILED
[INFO] [stdout] test platforms::github_pages::tests::create ... FAILED
[INFO] [stdout] 
[INFO] [stdout] failures:
[INFO] [stdout] 
[INFO] [stdout] ---- post::tests::to_string stdout ----
[INFO] [stdout] thread 'post::tests::to_string' panicked at 'assertion failed: `(left == right)`
[INFO] [stdout]   left: `"---\ntitle: title\npublished: true\nslug: title\n---\nbody"`,
[INFO] [stdout]  right: `"---\ntitle: title\n---\nbody"`', src/post.rs:121:9
[INFO] [stdout] stack backtrace:
[INFO] [stdout]    0:     0x56136654e73a - std::backtrace_rs::backtrace::libunwind::trace::ha9053a9a07ca49cb
[INFO] [stdout]                                at /rustc/84c898d65adf2f39a5a98507f1fe0ce10a2b8dbc/library/std/src/../../backtrace/src/backtrace/libunwind.rs:93:5
[INFO] [stdout]    1:     0x56136654e73a - std::backtrace_rs::backtrace::trace_unsynchronized::h9c2852a457ad564e
[INFO] [stdout]                                at /rustc/84c898d65adf2f39a5a98507f1fe0ce10a2b8dbc/library/std/src/../../backtrace/src/backtrace/mod.rs:66:5
[INFO] [stdout]    2:     0x56136654e73a - std::sys_common::backtrace::_print_fmt::h457936fbfaa0070f
[INFO] [stdout]                                at /rustc/84c898d65adf2f39a5a98507f1fe0ce10a2b8dbc/library/std/src/sys_common/backtrace.rs:65:5
[INFO] [stdout]    3:     0x56136654e73a - <std::sys_common::backtrace::_print::DisplayBacktrace as core::fmt::Display>::fmt::h5779d7bf7f70cb0c
[INFO] [stdout]                                at /rustc/84c898d65adf2f39a5a98507f1fe0ce10a2b8dbc/library/std/src/sys_common/backtrace.rs:44:22
[INFO] [stdout]    4:     0x561366573ace - core::fmt::write::h5a4baaff1bcd3eb5
[INFO] [stdout]                                at /rustc/84c898d65adf2f39a5a98507f1fe0ce10a2b8dbc/library/core/src/fmt/mod.rs:1232:17
[INFO] [stdout]    5:     0x56136654b8a5 - std::io::Write::write_fmt::h478f79c628ef31d1
[INFO] [stdout]                                at /rustc/84c898d65adf2f39a5a98507f1fe0ce10a2b8dbc/library/std/src/io/mod.rs:1684:15
[INFO] [stdout]    6:     0x56136654e505 - std::sys_common::backtrace::_print::h5fcdc36060f177e8
[INFO] [stdout]                                at /rustc/84c898d65adf2f39a5a98507f1fe0ce10a2b8dbc/library/std/src/sys_common/backtrace.rs:47:5
[INFO] [stdout]    7:     0x56136654e505 - std::sys_common::backtrace::print::h54ca9458b876c8bf
[INFO] [stdout]                                at /rustc/84c898d65adf2f39a5a98507f1fe0ce10a2b8dbc/library/std/src/sys_common/backtrace.rs:34:9
[INFO] [stdout]    8:     0x5613665502cf - std::panicking::default_hook::{{closure}}::hbe471161c7664ed6
[INFO] [stdout]                                at /rustc/84c898d65adf2f39a5a98507f1fe0ce10a2b8dbc/library/std/src/panicking.rs:271:22
[INFO] [stdout]    9:     0x56136654ff8f - std::panicking::default_hook::ha3500da57aa4ac4f
[INFO] [stdout]                                at /rustc/84c898d65adf2f39a5a98507f1fe0ce10a2b8dbc/library/std/src/panicking.rs:287:9
[INFO] [stdout]   10:     0x5613664d43b7 - <alloc::boxed::Box<F,A> as core::ops::function::Fn<Args>>::call::hdf1b89dd137ece34
[INFO] [stdout]                                at /rustc/84c898d65adf2f39a5a98507f1fe0ce10a2b8dbc/library/alloc/src/boxed.rs:2001:9
[INFO] [stdout]   11:     0x5613664d43b7 - test::test_main::{{closure}}::h9081a79f20e75698
[INFO] [stdout]                                at /rustc/84c898d65adf2f39a5a98507f1fe0ce10a2b8dbc/library/test/src/lib.rs:135:21
[INFO] [stdout]   12:     0x5613665509fd - <alloc::boxed::Box<F,A> as core::ops::function::Fn<Args>>::call::h6507bddc3eebb4a5
[INFO] [stdout]                                at /rustc/84c898d65adf2f39a5a98507f1fe0ce10a2b8dbc/library/alloc/src/boxed.rs:2001:9
[INFO] [stdout]   13:     0x5613665509fd - std::panicking::rust_panic_with_hook::h50c09d000dc561d2
[INFO] [stdout]                                at /rustc/84c898d65adf2f39a5a98507f1fe0ce10a2b8dbc/library/std/src/panicking.rs:696:13
[INFO] [stdout]   14:     0x561366550779 - std::panicking::begin_panic_handler::{{closure}}::h9e2b2176e00e0d9c
[INFO] [stdout]                                at /rustc/84c898d65adf2f39a5a98507f1fe0ce10a2b8dbc/library/std/src/panicking.rs:583:13
[INFO] [stdout]   15:     0x56136654eba6 - std::sys_common::backtrace::__rust_end_short_backtrace::h5739b8e512c09d02
[INFO] [stdout]                                at /rustc/84c898d65adf2f39a5a98507f1fe0ce10a2b8dbc/library/std/src/sys_common/backtrace.rs:150:18
[INFO] [stdout]   16:     0x561366550482 - rust_begin_unwind
[INFO] [stdout]                                at /rustc/84c898d65adf2f39a5a98507f1fe0ce10a2b8dbc/library/std/src/panicking.rs:579:5
[INFO] [stdout]   17:     0x561366113943 - core::panicking::panic_fmt::hf33a1475b4dc5c3e
[INFO] [stdout]                                at /rustc/84c898d65adf2f39a5a98507f1fe0ce10a2b8dbc/library/core/src/panicking.rs:64:14
[INFO] [stdout]   18:     0x561366113c7f - core::panicking::assert_failed_inner::haf9816227b20b6f2
[INFO] [stdout]   19:     0x5613661293de - core::panicking::assert_failed::hcc96dda4a5eac2a6
[INFO] [stdout]                                at /rustc/84c898d65adf2f39a5a98507f1fe0ce10a2b8dbc/library/core/src/panicking.rs:211:5
[INFO] [stdout]   20:     0x561366169c99 - cargo_bullhorn::post::tests::to_string::h9c2670efcb3e2551
[INFO] [stdout]                                at /opt/rustwide/workdir/src/post.rs:121:9
[INFO] [stdout]   21:     0x561366169b07 - cargo_bullhorn::post::tests::to_string::{{closure}}::haafb65b427f762fc
[INFO] [stdout]                                at /opt/rustwide/workdir/src/post.rs:118:20
[INFO] [stdout]   22:     0x56136615d0e5 - core::ops::function::FnOnce::call_once::ha852435ecb2adbb4
[INFO] [stdout]                                at /rustc/84c898d65adf2f39a5a98507f1fe0ce10a2b8dbc/library/core/src/ops/function.rs:250:5
[INFO] [stdout]   23:     0x5613664d979f - core::ops::function::FnOnce::call_once::h7d969581be7d0075
[INFO] [stdout]                                at /rustc/84c898d65adf2f39a5a98507f1fe0ce10a2b8dbc/library/core/src/ops/function.rs:250:5
[INFO] [stdout]   24:     0x5613664d979f - test::__rust_begin_short_backtrace::hca25a52684e56655
[INFO] [stdout]                                at /rustc/84c898d65adf2f39a5a98507f1fe0ce10a2b8dbc/library/test/src/lib.rs:656:18
[INFO] [stdout]   25:     0x5613664aadbc - test::run_test::{{closure}}::ha8ac744c4af1a4bb
[INFO] [stdout]                                at /rustc/84c898d65adf2f39a5a98507f1fe0ce10a2b8dbc/library/test/src/lib.rs:647:30
[INFO] [stdout]   26:     0x5613664aadbc - core::ops::function::FnOnce::call_once{{vtable.shim}}::h7b411a9ed45bdecf
[INFO] [stdout]                                at /rustc/84c898d65adf2f39a5a98507f1fe0ce10a2b8dbc/library/core/src/ops/function.rs:250:5
[INFO] [stdout]   27:     0x5613664d8766 - <alloc::boxed::Box<F,A> as core::ops::function::FnOnce<Args>>::call_once::hd05328869a8ed200
[INFO] [stdout]                                at /rustc/84c898d65adf2f39a5a98507f1fe0ce10a2b8dbc/library/alloc/src/boxed.rs:1987:9
[INFO] [stdout]   28:     0x5613664d8766 - <core::panic::unwind_safe::AssertUnwindSafe<F> as core::ops::function::FnOnce<()>>::call_once::h0c601ce20bd5b2be
[INFO] [stdout]                                at /rustc/84c898d65adf2f39a5a98507f1fe0ce10a2b8dbc/library/core/src/panic/unwind_safe.rs:271:9
[INFO] [stdout]   29:     0x5613664d8766 - std::panicking::try::do_call::ha4be5c164fe30854
[INFO] [stdout]                                at /rustc/84c898d65adf2f39a5a98507f1fe0ce10a2b8dbc/library/std/src/panicking.rs:487:40
[INFO] [stdout]   30:     0x5613664d8766 - std::panicking::try::h604546f3609af05f
[INFO] [stdout]                                at /rustc/84c898d65adf2f39a5a98507f1fe0ce10a2b8dbc/library/std/src/panicking.rs:451:19
[INFO] [stdout]   31:     0x5613664d8766 - std::panic::catch_unwind::h5bfa8afe44c9c2f9
[INFO] [stdout]                                at /rustc/84c898d65adf2f39a5a98507f1fe0ce10a2b8dbc/library/std/src/panic.rs:140:14
[INFO] [stdout]   32:     0x5613664d8766 - test::run_test_in_process::hd50dee55dd63e6aa
[INFO] [stdout]                                at /rustc/84c898d65adf2f39a5a98507f1fe0ce10a2b8dbc/library/test/src/lib.rs:679:27
[INFO] [stdout]   33:     0x5613664d8766 - test::run_test::run_test_inner::{{closure}}::h4aa0f433aa85cea8
[INFO] [stdout]                                at /rustc/84c898d65adf2f39a5a98507f1fe0ce10a2b8dbc/library/test/src/lib.rs:573:39
[INFO] [stdout]   34:     0x5613664a5431 - test::run_test::run_test_inner::{{closure}}::had56431adf24b4d6
[INFO] [stdout]                                at /rustc/84c898d65adf2f39a5a98507f1fe0ce10a2b8dbc/library/test/src/lib.rs:600:37
[INFO] [stdout]   35:     0x5613664a5431 - std::sys_common::backtrace::__rust_begin_short_backtrace::ha8d9890e0c73bf13
[INFO] [stdout]                                at /rustc/84c898d65adf2f39a5a98507f1fe0ce10a2b8dbc/library/std/src/sys_common/backtrace.rs:134:18
[INFO] [stdout]   36:     0x5613664aae4b - std::thread::Builder::spawn_unchecked_::{{closure}}::{{closure}}::h251832bcb4a95327
[INFO] [stdout]                                at /rustc/84c898d65adf2f39a5a98507f1fe0ce10a2b8dbc/library/std/src/thread/mod.rs:560:17
[INFO] [stdout]   37:     0x5613664aae4b - <core::panic::unwind_safe::AssertUnwindSafe<F> as core::ops::function::FnOnce<()>>::call_once::h8fdff598fa414831
[INFO] [stdout]                                at /rustc/84c898d65adf2f39a5a98507f1fe0ce10a2b8dbc/library/core/src/panic/unwind_safe.rs:271:9
[INFO] [stdout]   38:     0x5613664aae4b - std::panicking::try::do_call::h455dd2f7764a950f
[INFO] [stdout]                                at /rustc/84c898d65adf2f39a5a98507f1fe0ce10a2b8dbc/library/std/src/panicking.rs:487:40
[INFO] [stdout]   39:     0x5613664aae4b - std::panicking::try::had6f23b7b73ae72a
[INFO] [stdout]                                at /rustc/84c898d65adf2f39a5a98507f1fe0ce10a2b8dbc/library/std/src/panicking.rs:451:19
[INFO] [stdout]   40:     0x5613664aae4b - std::panic::catch_unwind::ha6a5ca3915b4dad0
[INFO] [stdout]                                at /rustc/84c898d65adf2f39a5a98507f1fe0ce10a2b8dbc/library/std/src/panic.rs:140:14
[INFO] [stdout]   41:     0x5613664aae4b - std::thread::Builder::spawn_unchecked_::{{closure}}::h883b72ef75da6231
[INFO] [stdout]                                at /rustc/84c898d65adf2f39a5a98507f1fe0ce10a2b8dbc/library/std/src/thread/mod.rs:559:30
[INFO] [stdout]   42:     0x5613664aae4b - core::ops::function::FnOnce::call_once{{vtable.shim}}::hb7dff73dc8bd2ccb
[INFO] [stdout]                                at /rustc/84c898d65adf2f39a5a98507f1fe0ce10a2b8dbc/library/core/src/ops/function.rs:250:5
[INFO] [stdout]   43:     0x561366554f63 - <alloc::boxed::Box<F,A> as core::ops::function::FnOnce<Args>>::call_once::h39990b24eedef2ab
[INFO] [stdout]                                at /rustc/84c898d65adf2f39a5a98507f1fe0ce10a2b8dbc/library/alloc/src/boxed.rs:1987:9
[INFO] [stdout]   44:     0x561366554f63 - <alloc::boxed::Box<F,A> as core::ops::function::FnOnce<Args>>::call_once::h01a027258444143b
[INFO] [stdout]                                at /rustc/84c898d65adf2f39a5a98507f1fe0ce10a2b8dbc/library/alloc/src/boxed.rs:1987:9
[INFO] [stdout]   45:     0x561366554f63 - std::sys::unix::thread::Thread::new::thread_start::ha4f1cdd9c25884ba
[INFO] [stdout]                                at /rustc/84c898d65adf2f39a5a98507f1fe0ce10a2b8dbc/library/std/src/sys/unix/thread.rs:108:17
[INFO] [stdout]   46:     0x7fe27843db43 - <unknown>
[INFO] [stdout]   47:     0x7fe2784cebb4 - __clone
[INFO] [stdout]   48:                0x0 - <unknown>
[INFO] [stdout] 
[INFO] [stdout] ---- platforms::github_pages::tests::get_canonical_url stdout ----
[INFO] [stdout] Error: Not found: Git repository for: "/opt/rustwide/workdir/2021-7-1-test.md"
[INFO] [stdout] 
[INFO] [stdout] ---- platforms::github_pages::tests::create stdout ----
[INFO] [stdout] Error: Not found: Git repository for: "/opt/rustwide/workdir/2021-7-1-test.md"
[INFO] [stdout] 
[INFO] [stdout] 
[INFO] [stdout] failures:
[INFO] [stdout]     platforms::github_pages::tests::create
[INFO] [stdout]     platforms::github_pages::tests::get_canonical_url
[INFO] [stdout]     post::tests::to_string
[INFO] [stdout] 
[INFO] [stdout] test result: FAILED. 16 passed; 3 failed; 0 ignored; 0 measured; 0 filtered out; finished in 0.10s
[INFO] [stdout] 
[INFO] [stderr] error: test failed, to rerun pass `--bin cargo_bullhorn`
[INFO] running `Command { std: "docker" "inspect" "b6101e8bb6b958123515ab6fcd9bc5bda3b81d8e8fe4b9449d60181fae30f40a", kill_on_drop: false }`
[INFO] running `Command { std: "docker" "rm" "-f" "b6101e8bb6b958123515ab6fcd9bc5bda3b81d8e8fe4b9449d60181fae30f40a", kill_on_drop: false }`
[INFO] [stdout] b6101e8bb6b958123515ab6fcd9bc5bda3b81d8e8fe4b9449d60181fae30f40a
