[INFO] fetching crate cargo-wipe 0.3.3...
[INFO] testing cargo-wipe-0.3.3 against beta-2023-04-20 for beta-1.70-1
[INFO] extracting crate cargo-wipe 0.3.3 into /workspace/builds/worker-2-tc2/source
[INFO] validating manifest of crates.io crate cargo-wipe 0.3.3 on toolchain beta-2023-04-20
[INFO] running `Command { std: CARGO_HOME="/workspace/cargo-home" RUSTUP_HOME="/workspace/rustup-home" "/workspace/cargo-home/bin/cargo" "+beta-2023-04-20" "metadata" "--manifest-path" "Cargo.toml" "--no-deps", kill_on_drop: false }`
[INFO] started tweaking crates.io crate cargo-wipe 0.3.3
[INFO] finished tweaking crates.io crate cargo-wipe 0.3.3
[INFO] tweaked toml for crates.io crate cargo-wipe 0.3.3 written to /workspace/builds/worker-2-tc2/source/Cargo.toml
[INFO] crate crates.io crate cargo-wipe 0.3.3 already has a lockfile, it will not be regenerated
[INFO] running `Command { std: CARGO_HOME="/workspace/cargo-home" RUSTUP_HOME="/workspace/rustup-home" "/workspace/cargo-home/bin/cargo" "+beta-2023-04-20" "fetch" "--manifest-path" "Cargo.toml", kill_on_drop: false }`
[INFO] [stderr]     Updating crates.io index
[INFO] [stderr]  Downloading crates ...
[INFO] [stderr]   Downloaded indexmap v1.6.2
[INFO] [stderr]   Downloaded num-format v0.4.0
[INFO] [stderr]   Downloaded anyhow v1.0.62
[INFO] [stderr]   Downloaded parameterized v1.0.0
[INFO] [stderr]   Downloaded parameterized-macro v1.0.0
[INFO] running `Command { std: "docker" "create" "-v" "/var/lib/crater-agent-workspace/builds/worker-2-tc2/target:/opt/rustwide/target:rw,Z" "-v" "/var/lib/crater-agent-workspace/builds/worker-2-tc2/source:/opt/rustwide/workdir:ro,Z" "-v" "/var/lib/crater-agent-workspace/cargo-home:/opt/rustwide/cargo-home:ro,Z" "-v" "/var/lib/crater-agent-workspace/rustup-home:/opt/rustwide/rustup-home:ro,Z" "-e" "SOURCE_DIR=/opt/rustwide/workdir" "-e" "CARGO_TARGET_DIR=/opt/rustwide/target" "-e" "CARGO_HOME=/opt/rustwide/cargo-home" "-e" "RUSTUP_HOME=/opt/rustwide/rustup-home" "-w" "/opt/rustwide/workdir" "-m" "1610612736" "--user" "0:0" "--network" "none" "ghcr.io/rust-lang/crates-build-env/linux@sha256:97d61d7686bf65f8ecb15491ab51835e82dc9176a96a831f143a431b191fc501" "/opt/rustwide/cargo-home/bin/cargo" "+beta-2023-04-20" "metadata" "--no-deps" "--format-version=1", kill_on_drop: false }`
[INFO] [stdout] 1c7e6591c0501ff04ca2cf76a479f7384138b18d5ef4031da1e17e1920aed287
[INFO] running `Command { std: "docker" "start" "-a" "1c7e6591c0501ff04ca2cf76a479f7384138b18d5ef4031da1e17e1920aed287", kill_on_drop: false }`
[INFO] running `Command { std: "docker" "inspect" "1c7e6591c0501ff04ca2cf76a479f7384138b18d5ef4031da1e17e1920aed287", kill_on_drop: false }`
[INFO] running `Command { std: "docker" "rm" "-f" "1c7e6591c0501ff04ca2cf76a479f7384138b18d5ef4031da1e17e1920aed287", kill_on_drop: false }`
[INFO] [stdout] 1c7e6591c0501ff04ca2cf76a479f7384138b18d5ef4031da1e17e1920aed287
[INFO] running `Command { std: "docker" "create" "-v" "/var/lib/crater-agent-workspace/builds/worker-2-tc2/target:/opt/rustwide/target:rw,Z" "-v" "/var/lib/crater-agent-workspace/builds/worker-2-tc2/source:/opt/rustwide/workdir:ro,Z" "-v" "/var/lib/crater-agent-workspace/cargo-home:/opt/rustwide/cargo-home:ro,Z" "-v" "/var/lib/crater-agent-workspace/rustup-home:/opt/rustwide/rustup-home:ro,Z" "-e" "SOURCE_DIR=/opt/rustwide/workdir" "-e" "CARGO_TARGET_DIR=/opt/rustwide/target" "-e" "CARGO_INCREMENTAL=0" "-e" "RUST_BACKTRACE=full" "-e" "RUSTFLAGS=--cap-lints=warn" "-e" "RUSTDOCFLAGS=--cap-lints=warn" "-e" "CARGO_HOME=/opt/rustwide/cargo-home" "-e" "RUSTUP_HOME=/opt/rustwide/rustup-home" "-w" "/opt/rustwide/workdir" "-m" "1610612736" "--user" "0:0" "--network" "none" "ghcr.io/rust-lang/crates-build-env/linux@sha256:97d61d7686bf65f8ecb15491ab51835e82dc9176a96a831f143a431b191fc501" "/opt/rustwide/cargo-home/bin/cargo" "+beta-2023-04-20" "build" "--frozen" "--message-format=json", kill_on_drop: false }`
[INFO] [stdout] 567e83b5d927b85f663bd122361a88f82d6a3b2c6c83b6ade574b48ca2390d77
[INFO] running `Command { std: "docker" "start" "-a" "567e83b5d927b85f663bd122361a88f82d6a3b2c6c83b6ade574b48ca2390d77", kill_on_drop: false }`
[INFO] [stderr]     Blocking waiting for file lock on package cache
[INFO] [stderr]    Compiling proc-macro2 v1.0.43
[INFO] [stderr]    Compiling unicode-ident v1.0.3
[INFO] [stderr]    Compiling libc v0.2.132
[INFO] [stderr]    Compiling syn v1.0.99
[INFO] [stderr]    Compiling unicode-width v0.1.9
[INFO] [stderr]    Compiling unicode-segmentation v1.9.0
[INFO] [stderr]    Compiling arrayvec v0.4.12
[INFO] [stderr]    Compiling anyhow v1.0.62
[INFO] [stderr]    Compiling nodrop v0.1.14
[INFO] [stderr]    Compiling ansi_term v0.12.1
[INFO] [stderr]    Compiling itoa v0.4.8
[INFO] [stderr]    Compiling yansi v0.5.1
[INFO] [stderr]    Compiling number_prefix v0.4.0
[INFO] [stderr]    Compiling textwrap v0.11.0
[INFO] [stderr]    Compiling heck v0.3.3
[INFO] [stderr]    Compiling num-format v0.4.0
[INFO] [stderr]    Compiling quote v1.0.21
[INFO] [stderr]    Compiling atty v0.2.14
[INFO] [stderr]    Compiling clap v2.34.0
[INFO] [stderr]    Compiling proc-macro-error-attr v1.0.4
[INFO] [stderr]    Compiling proc-macro-error v1.0.4
[INFO] [stderr]    Compiling structopt-derive v0.4.18
[INFO] [stderr]    Compiling structopt v0.3.26
[INFO] [stderr]    Compiling cargo-wipe v0.3.3 (/opt/rustwide/workdir)
[INFO] [stderr]     Finished dev [unoptimized + debuginfo] target(s) in 11.18s
[INFO] running `Command { std: "docker" "inspect" "567e83b5d927b85f663bd122361a88f82d6a3b2c6c83b6ade574b48ca2390d77", kill_on_drop: false }`
[INFO] running `Command { std: "docker" "rm" "-f" "567e83b5d927b85f663bd122361a88f82d6a3b2c6c83b6ade574b48ca2390d77", kill_on_drop: false }`
[INFO] [stdout] 567e83b5d927b85f663bd122361a88f82d6a3b2c6c83b6ade574b48ca2390d77
[INFO] running `Command { std: "docker" "create" "-v" "/var/lib/crater-agent-workspace/builds/worker-2-tc2/target:/opt/rustwide/target:rw,Z" "-v" "/var/lib/crater-agent-workspace/builds/worker-2-tc2/source:/opt/rustwide/workdir:ro,Z" "-v" "/var/lib/crater-agent-workspace/cargo-home:/opt/rustwide/cargo-home:ro,Z" "-v" "/var/lib/crater-agent-workspace/rustup-home:/opt/rustwide/rustup-home:ro,Z" "-e" "SOURCE_DIR=/opt/rustwide/workdir" "-e" "CARGO_TARGET_DIR=/opt/rustwide/target" "-e" "CARGO_INCREMENTAL=0" "-e" "RUST_BACKTRACE=full" "-e" "RUSTFLAGS=--cap-lints=warn" "-e" "RUSTDOCFLAGS=--cap-lints=warn" "-e" "CARGO_HOME=/opt/rustwide/cargo-home" "-e" "RUSTUP_HOME=/opt/rustwide/rustup-home" "-w" "/opt/rustwide/workdir" "-m" "1610612736" "--user" "0:0" "--network" "none" "ghcr.io/rust-lang/crates-build-env/linux@sha256:97d61d7686bf65f8ecb15491ab51835e82dc9176a96a831f143a431b191fc501" "/opt/rustwide/cargo-home/bin/cargo" "+beta-2023-04-20" "test" "--frozen" "--no-run" "--message-format=json", kill_on_drop: false }`
[INFO] [stdout] 3df884067c551da4bf21a131311f65a07b9fce452f65245e195b5dd588d360d2
[INFO] running `Command { std: "docker" "start" "-a" "3df884067c551da4bf21a131311f65a07b9fce452f65245e195b5dd588d360d2", kill_on_drop: false }`
[INFO] [stderr]    Compiling hashbrown v0.9.1
[INFO] [stderr]    Compiling indexmap v1.6.2
[INFO] [stderr]    Compiling getrandom v0.2.7
[INFO] [stderr]    Compiling rand_core v0.6.3
[INFO] [stderr]    Compiling rand_chacha v0.3.1
[INFO] [stderr]    Compiling rand v0.8.5
[INFO] [stderr]    Compiling parameterized-macro v1.0.0
[INFO] [stderr]    Compiling parameterized v1.0.0
[INFO] [stderr]    Compiling cargo-wipe v0.3.3 (/opt/rustwide/workdir)
[INFO] [stderr]     Finished test [unoptimized + debuginfo] target(s) in 4.94s
[INFO] running `Command { std: "docker" "inspect" "3df884067c551da4bf21a131311f65a07b9fce452f65245e195b5dd588d360d2", kill_on_drop: false }`
[INFO] running `Command { std: "docker" "rm" "-f" "3df884067c551da4bf21a131311f65a07b9fce452f65245e195b5dd588d360d2", kill_on_drop: false }`
[INFO] [stdout] 3df884067c551da4bf21a131311f65a07b9fce452f65245e195b5dd588d360d2
[INFO] running `Command { std: "docker" "create" "-v" "/var/lib/crater-agent-workspace/builds/worker-2-tc2/target:/opt/rustwide/target:rw,Z" "-v" "/var/lib/crater-agent-workspace/builds/worker-2-tc2/source:/opt/rustwide/workdir:ro,Z" "-v" "/var/lib/crater-agent-workspace/cargo-home:/opt/rustwide/cargo-home:ro,Z" "-v" "/var/lib/crater-agent-workspace/rustup-home:/opt/rustwide/rustup-home:ro,Z" "-e" "SOURCE_DIR=/opt/rustwide/workdir" "-e" "CARGO_TARGET_DIR=/opt/rustwide/target" "-e" "CARGO_INCREMENTAL=0" "-e" "RUST_BACKTRACE=full" "-e" "RUSTFLAGS=--cap-lints=warn" "-e" "RUSTDOCFLAGS=--cap-lints=warn" "-e" "CARGO_HOME=/opt/rustwide/cargo-home" "-e" "RUSTUP_HOME=/opt/rustwide/rustup-home" "-w" "/opt/rustwide/workdir" "-m" "1610612736" "--user" "0:0" "--network" "none" "ghcr.io/rust-lang/crates-build-env/linux@sha256:97d61d7686bf65f8ecb15491ab51835e82dc9176a96a831f143a431b191fc501" "/opt/rustwide/cargo-home/bin/cargo" "+beta-2023-04-20" "test" "--frozen", kill_on_drop: false }`
[INFO] [stdout] 461f4eac97e1492d847caa680b2bf945546c772809f1247052397537533b2dd5
[INFO] running `Command { std: "docker" "start" "-a" "461f4eac97e1492d847caa680b2bf945546c772809f1247052397537533b2dd5", kill_on_drop: false }`
[INFO] [stderr]     Finished test [unoptimized + debuginfo] target(s) in 0.05s
[INFO] [stderr]      Running unittests src/main.rs (/opt/rustwide/target/debug/deps/cargo_wipe-34bd7914bdff756e)
[INFO] [stdout] 
[INFO] [stdout] running 48 tests
[INFO] [stdout] test dir_helpers::tests::size_formatted_flex::case_1 ... ok
[INFO] [stdout] test dir_helpers::tests::size_formatted_flex::case_0 ... ok
[INFO] [stdout] test tests::command::language_enum_to_directory_enum::case_2 ... ok
[INFO] [stdout] test tests::command::language_enum_to_directory_enum::case_1 ... ok
[INFO] [stdout] test dir_helpers::tests::size_formatted_flex::case_3 ... ok
[INFO] [stdout] test tests::command::directory_enum_to_string::case_1 ... ok
[INFO] [stdout] test tests::command::directory_enum_to_string::case_0 ... ok
[INFO] [stdout] test dir_helpers::tests::size_formatted_flex::case_5 ... ok
[INFO] [stdout] test tests::command::language_enum_to_directory_enum::case_3 ... ok
[INFO] [stdout] test dir_helpers::tests::size_formatted_flex::case_2 ... ok
[INFO] [stdout] test tests::command::language_enum_to_directory_enum::case_0 ... ok
[INFO] [stdout] test tests::command::language_string_to_enum::case_5 ... ok
[INFO] [stdout] test tests::command::language_string_to_enum_error::case_0 ... ok
[INFO] [stdout] test dir_helpers::tests::size_formatted_flex::case_4 ... ok
[INFO] [stdout] test tests::command::language_enum_to_string::case_0 ... ok
[INFO] [stdout] test tests::command::language_string_to_enum_error::case_1 ... ok
[INFO] [stdout] test tests::command::language_string_to_enum::case_0 ... ok
[INFO] [stdout] test tests::command::language_enum_to_string::case_1 ... ok
[INFO] [stdout] test tests::wipe::run_with_hits::case_3 ... ok
[INFO] [stdout] test tests::command::language_string_to_enum::case_4 ... ok
[INFO] [stdout] test tests::wipe::run_no_hits::case_0 ... ok
[INFO] [stdout] test tests::wipe::run_with_hits::case_1 ... ok
[INFO] [stdout] test tests::command::language_string_to_enum::case_2 ... ok
[INFO] [stdout] test tests::command::language_string_to_enum::case_3 ... ok
[INFO] [stdout] test tests::wipe::run_no_hits::case_3 ... ok
[INFO] [stdout] test tests::wipe::run_with_hits::case_0 ... ok
[INFO] [stdout] test tests::wipe::run_with_hits::case_2 ... ok
[INFO] [stdout] test tests::wipe::run_with_ignores::case_1 ... ok
[INFO] [stdout] test tests::command::language_string_to_enum::case_1 ... ok
[INFO] [stdout] test tests::wipe::run_with_ignores::case_0 ... ok
[INFO] [stdout] test tests::wipe_params::node::case_0 ... ok
[INFO] [stdout] test tests::wipe::run_no_hits::case_2 ... ok
[INFO] [stdout] test tests::wipe::run_with_ignores::case_2 ... ok
[INFO] [stdout] test tests::wipe_params::node::case_4 ... ok
[INFO] [stdout] test tests::wipe_params::rust::case_3 ... ok
[INFO] [stdout] test tests::wipe_params::rust::case_2 ... ok
[INFO] [stdout] test tests::wipe_params::node::case_1 ... ok
[INFO] [stdout] test tests::wipe::run_no_hits::case_1 ... ok
[INFO] [stdout] test tests::wipe_params::node::case_2 ... ok
[INFO] [stdout] test tests::wipe_params::node::case_3 ... ok
[INFO] [stdout] test tests::wipe_params::rust::case_0 ... ok
[INFO] [stdout] test tests::wipe_permissions::wipe_permissions_tests::node_with_inaccessible_folders::case_0 ... ok
[INFO] [stdout] test tests::wipe_params::rust::case_4 ... ok
[INFO] [stdout] test tests::wipe::run_with_ignores::case_3 ... ok
[INFO] [stdout] test tests::wipe_params::rust::case_1 ... ok
[INFO] [stdout] test tests::wipe_permissions::wipe_permissions_tests::rust_with_inaccessible_folders::case_1 ... FAILED
[INFO] [stdout] test tests::wipe_permissions::wipe_permissions_tests::rust_with_inaccessible_folders::case_0 ... FAILED
[INFO] [stdout] test tests::wipe_permissions::wipe_permissions_tests::node_with_inaccessible_folders::case_1 ... FAILED
[INFO] [stdout] 
[INFO] [stdout] failures:
[INFO] [stdout] 
[INFO] [stdout] ---- tests::wipe_permissions::wipe_permissions_tests::rust_with_inaccessible_folders::case_1 stdout ----
[INFO] [stdout] [1;31m[WIPING][0m Recursively searching for all "[36mtarget[0m" folders in [36m/tmp/.cargo-wipe-tests/wBVmCaDwoM8enoEL[0m...
[INFO] [stdout] 
[INFO] [stdout] [36m     Files #[0m[36m         Size (MB)[0m         [36mPath[0m
[INFO] [stdout]            1                 0         /tmp/.cargo-wipe-tests/wBVmCaDwoM8enoEL/dPLl0C48i1rPHRuS/target
[INFO] [stdout]            1                 0         /tmp/.cargo-wipe-tests/wBVmCaDwoM8enoEL/CyDnJ8vZZTB4Zp33/target
[INFO] [stdout]            1                 0         /tmp/.cargo-wipe-tests/wBVmCaDwoM8enoEL/E2urTH1O2bqp3Q6a/target
[INFO] [stdout] 
[INFO] [stdout] [36m     Files #[0m[36m              Size[0m         [36m/tmp/.cargo-wipe-tests/wBVmCaDwoM8enoEL[0m
[INFO] [stdout] [49;39m           3[0m[49;39m           0 bytes[0m         [49;39mPreviously[0m
[INFO] [stdout] [31m           3[0m[31m           0 bytes[0m         [31mWiped[0m
[INFO] [stdout] [32m           0[0m[32m           0 bytes[0m         [32mNow[0m
[INFO] [stdout] 
[INFO] [stdout] [32mAll clear![0m
[INFO] [stdout] 
[INFO] [stdout] thread 'tests::wipe_permissions::wipe_permissions_tests::rust_with_inaccessible_folders::case_1' panicked at 'assertion failed: !output.contains(&expected)', src/tests/wipe_permissions.rs:46:17
[INFO] [stdout] stack backtrace:
[INFO] [stdout]    0:     0x55f1d6c66b8a - std::backtrace_rs::backtrace::libunwind::trace::h2f05d0192276a8f6
[INFO] [stdout]                                at /rustc/1b7dd2252b99671ce5d1cb9664c5f8636329436d/library/std/src/../../backtrace/src/backtrace/libunwind.rs:93:5
[INFO] [stdout]    1:     0x55f1d6c66b8a - std::backtrace_rs::backtrace::trace_unsynchronized::hedc23dff7a1af150
[INFO] [stdout]                                at /rustc/1b7dd2252b99671ce5d1cb9664c5f8636329436d/library/std/src/../../backtrace/src/backtrace/mod.rs:66:5
[INFO] [stdout]    2:     0x55f1d6c66b8a - std::sys_common::backtrace::_print_fmt::h17541ef7592f3ce2
[INFO] [stdout]                                at /rustc/1b7dd2252b99671ce5d1cb9664c5f8636329436d/library/std/src/sys_common/backtrace.rs:65:5
[INFO] [stdout]    3:     0x55f1d6c66b8a - <std::sys_common::backtrace::_print::DisplayBacktrace as core::fmt::Display>::fmt::h20f75df5ab0c0792
[INFO] [stdout]                                at /rustc/1b7dd2252b99671ce5d1cb9664c5f8636329436d/library/std/src/sys_common/backtrace.rs:44:22
[INFO] [stdout]    4:     0x55f1d6c8c10f - core::fmt::write::h78109e6f466b3af6
[INFO] [stdout]                                at /rustc/1b7dd2252b99671ce5d1cb9664c5f8636329436d/library/core/src/fmt/mod.rs:1254:17
[INFO] [stdout]    5:     0x55f1d6c63d35 - std::io::Write::write_fmt::hd24bfb68a1b35a25
[INFO] [stdout]                                at /rustc/1b7dd2252b99671ce5d1cb9664c5f8636329436d/library/std/src/io/mod.rs:1698:15
[INFO] [stdout]    6:     0x55f1d6c66955 - std::sys_common::backtrace::_print::h8dac57a9f8fbf9a5
[INFO] [stdout]                                at /rustc/1b7dd2252b99671ce5d1cb9664c5f8636329436d/library/std/src/sys_common/backtrace.rs:47:5
[INFO] [stdout]    7:     0x55f1d6c66955 - std::sys_common::backtrace::print::hf9ecbf41d1aa712f
[INFO] [stdout]                                at /rustc/1b7dd2252b99671ce5d1cb9664c5f8636329436d/library/std/src/sys_common/backtrace.rs:34:9
[INFO] [stdout]    8:     0x55f1d6c6860e - std::panicking::default_hook::{{closure}}::h04c07acfc84ca028
[INFO] [stdout]                                at /rustc/1b7dd2252b99671ce5d1cb9664c5f8636329436d/library/std/src/panicking.rs:269:22
[INFO] [stdout]    9:     0x55f1d6c68341 - std::panicking::default_hook::h01f6bb23e1eceb2c
[INFO] [stdout]                                at /rustc/1b7dd2252b99671ce5d1cb9664c5f8636329436d/library/std/src/panicking.rs:285:9
[INFO] [stdout]   10:     0x55f1d6beaa6b - <alloc::boxed::Box<F,A> as core::ops::function::Fn<Args>>::call::h87fe9f7b2fd49e4c
[INFO] [stdout]                                at /rustc/1b7dd2252b99671ce5d1cb9664c5f8636329436d/library/alloc/src/boxed.rs:1987:9
[INFO] [stdout]   11:     0x55f1d6beaa6b - test::test_main::{{closure}}::he94d679243a7531b
[INFO] [stdout]                                at /rustc/1b7dd2252b99671ce5d1cb9664c5f8636329436d/library/test/src/lib.rs:134:21
[INFO] [stdout]   12:     0x55f1d6c68cf4 - <alloc::boxed::Box<F,A> as core::ops::function::Fn<Args>>::call::h3f2d6d8b14c4769f
[INFO] [stdout]                                at /rustc/1b7dd2252b99671ce5d1cb9664c5f8636329436d/library/alloc/src/boxed.rs:1987:9
[INFO] [stdout]   13:     0x55f1d6c68cf4 - std::panicking::rust_panic_with_hook::h2bb3722bbaf2f6df
[INFO] [stdout]                                at /rustc/1b7dd2252b99671ce5d1cb9664c5f8636329436d/library/std/src/panicking.rs:695:13
[INFO] [stdout]   14:     0x55f1d6c68a22 - std::panicking::begin_panic_handler::{{closure}}::h91bc7f36a4be011b
[INFO] [stdout]                                at /rustc/1b7dd2252b99671ce5d1cb9664c5f8636329436d/library/std/src/panicking.rs:580:13
[INFO] [stdout]   15:     0x55f1d6c66ff6 - std::sys_common::backtrace::__rust_end_short_backtrace::h8b3d3717114f9e59
[INFO] [stdout]                                at /rustc/1b7dd2252b99671ce5d1cb9664c5f8636329436d/library/std/src/sys_common/backtrace.rs:150:18
[INFO] [stdout]   16:     0x55f1d6c687c2 - rust_begin_unwind
[INFO] [stdout]                                at /rustc/1b7dd2252b99671ce5d1cb9664c5f8636329436d/library/std/src/panicking.rs:578:5
[INFO] [stdout]   17:     0x55f1d6b7c513 - core::panicking::panic_fmt::hfd368e3fbdabea26
[INFO] [stdout]                                at /rustc/1b7dd2252b99671ce5d1cb9664c5f8636329436d/library/core/src/panicking.rs:67:14
[INFO] [stdout]   18:     0x55f1d6b7c5ad - core::panicking::panic::h3f9042d09bd0bf2e
[INFO] [stdout]                                at /rustc/1b7dd2252b99671ce5d1cb9664c5f8636329436d/library/core/src/panicking.rs:117:5
[INFO] [stdout]   19:     0x55f1d6b8bc3c - cargo_wipe::tests::wipe_permissions::wipe_permissions_tests::rust_with_inaccessible_folders::case_1::hd4ec6e9ebc99b78f
[INFO] [stdout]                                at /opt/rustwide/workdir/src/tests/wipe_permissions.rs:46:17
[INFO] [stdout]   20:     0x55f1d6b8b567 - cargo_wipe::tests::wipe_permissions::wipe_permissions_tests::rust_with_inaccessible_folders::case_1::{{closure}}::he0e2744eacf86c0f
[INFO] [stdout]                                at /opt/rustwide/workdir/src/tests/wipe_permissions.rs:11:5
[INFO] [stdout]   21:     0x55f1d6b8c7c5 - core::ops::function::FnOnce::call_once::ha7d5675ca07476f3
[INFO] [stdout]                                at /rustc/1b7dd2252b99671ce5d1cb9664c5f8636329436d/library/core/src/ops/function.rs:250:5
[INFO] [stdout]   22:     0x55f1d6bef93f - core::ops::function::FnOnce::call_once::ha6a70e79f7481a7e
[INFO] [stdout]                                at /rustc/1b7dd2252b99671ce5d1cb9664c5f8636329436d/library/core/src/ops/function.rs:250:5
[INFO] [stdout]   23:     0x55f1d6bef93f - test::__rust_begin_short_backtrace::hce33033019b61e69
[INFO] [stdout]                                at /rustc/1b7dd2252b99671ce5d1cb9664c5f8636329436d/library/test/src/lib.rs:655:18
[INFO] [stdout]   24:     0x55f1d6bbd12c - test::run_test::{{closure}}::h858d3528838ae3e5
[INFO] [stdout]                                at /rustc/1b7dd2252b99671ce5d1cb9664c5f8636329436d/library/test/src/lib.rs:646:30
[INFO] [stdout]   25:     0x55f1d6bbd12c - core::ops::function::FnOnce::call_once{{vtable.shim}}::he8ac2b00f01ae79e
[INFO] [stdout]                                at /rustc/1b7dd2252b99671ce5d1cb9664c5f8636329436d/library/core/src/ops/function.rs:250:5
[INFO] [stdout]   26:     0x55f1d6beea16 - <alloc::boxed::Box<F,A> as core::ops::function::FnOnce<Args>>::call_once::h8093d25b522725ef
[INFO] [stdout]                                at /rustc/1b7dd2252b99671ce5d1cb9664c5f8636329436d/library/alloc/src/boxed.rs:1973:9
[INFO] [stdout]   27:     0x55f1d6beea16 - <core::panic::unwind_safe::AssertUnwindSafe<F> as core::ops::function::FnOnce<()>>::call_once::h5c334c204e4a3913
[INFO] [stdout]                                at /rustc/1b7dd2252b99671ce5d1cb9664c5f8636329436d/library/core/src/panic/unwind_safe.rs:271:9
[INFO] [stdout]   28:     0x55f1d6beea16 - std::panicking::try::do_call::ha8b740c7b9478074
[INFO] [stdout]                                at /rustc/1b7dd2252b99671ce5d1cb9664c5f8636329436d/library/std/src/panicking.rs:485:40
[INFO] [stdout]   29:     0x55f1d6beea16 - std::panicking::try::h5d34f63d0e41b64e
[INFO] [stdout]                                at /rustc/1b7dd2252b99671ce5d1cb9664c5f8636329436d/library/std/src/panicking.rs:449:19
[INFO] [stdout]   30:     0x55f1d6beea16 - std::panic::catch_unwind::hcfbb511e1aa7fc67
[INFO] [stdout]                                at /rustc/1b7dd2252b99671ce5d1cb9664c5f8636329436d/library/std/src/panic.rs:140:14
[INFO] [stdout]   31:     0x55f1d6beea16 - test::run_test_in_process::h9abda90f802eaf21
[INFO] [stdout]                                at /rustc/1b7dd2252b99671ce5d1cb9664c5f8636329436d/library/test/src/lib.rs:678:27
[INFO] [stdout]   32:     0x55f1d6beea16 - test::run_test::run_test_inner::{{closure}}::h0f058de91f6c6edf
[INFO] [stdout]                                at /rustc/1b7dd2252b99671ce5d1cb9664c5f8636329436d/library/test/src/lib.rs:572:39
[INFO] [stdout]   33:     0x55f1d6bb7935 - test::run_test::run_test_inner::{{closure}}::h5ca48a4c59c6c1fb
[INFO] [stdout]                                at /rustc/1b7dd2252b99671ce5d1cb9664c5f8636329436d/library/test/src/lib.rs:599:37
[INFO] [stdout]   34:     0x55f1d6bb7935 - std::sys_common::backtrace::__rust_begin_short_backtrace::h32bd51e1495d4a33
[INFO] [stdout]                                at /rustc/1b7dd2252b99671ce5d1cb9664c5f8636329436d/library/std/src/sys_common/backtrace.rs:134:18
[INFO] [stdout]   35:     0x55f1d6bbce71 - std::thread::Builder::spawn_unchecked_::{{closure}}::{{closure}}::hc086fae9b128b2db
[INFO] [stdout]                                at /rustc/1b7dd2252b99671ce5d1cb9664c5f8636329436d/library/std/src/thread/mod.rs:526:17
[INFO] [stdout]   36:     0x55f1d6bbce71 - <core::panic::unwind_safe::AssertUnwindSafe<F> as core::ops::function::FnOnce<()>>::call_once::hb66571888d270d43
[INFO] [stdout]                                at /rustc/1b7dd2252b99671ce5d1cb9664c5f8636329436d/library/core/src/panic/unwind_safe.rs:271:9
[INFO] [stdout]   37:     0x55f1d6bbce71 - std::panicking::try::do_call::h4fa2ef4f6e51fecf
[INFO] [stdout]                                at /rustc/1b7dd2252b99671ce5d1cb9664c5f8636329436d/library/std/src/panicking.rs:485:40
[INFO] [stdout]   38:     0x55f1d6bbce71 - std::panicking::try::h1e9e22b8584489b5
[INFO] [stdout]                                at /rustc/1b7dd2252b99671ce5d1cb9664c5f8636329436d/library/std/src/panicking.rs:449:19
[INFO] [stdout]   39:     0x55f1d6bbce71 - std::panic::catch_unwind::h44698a3de0e0769e
[INFO] [stdout]                                at /rustc/1b7dd2252b99671ce5d1cb9664c5f8636329436d/library/std/src/panic.rs:140:14
[INFO] [stdout]   40:     0x55f1d6bbce71 - std::thread::Builder::spawn_unchecked_::{{closure}}::h50153abde3fe239e
[INFO] [stdout]                                at /rustc/1b7dd2252b99671ce5d1cb9664c5f8636329436d/library/std/src/thread/mod.rs:525:30
[INFO] [stdout]   41:     0x55f1d6bbce71 - core::ops::function::FnOnce::call_once{{vtable.shim}}::hbe5bbf6f38394364
[INFO] [stdout]                                at /rustc/1b7dd2252b99671ce5d1cb9664c5f8636329436d/library/core/src/ops/function.rs:250:5
[INFO] [stdout]   42:     0x55f1d6c6dde5 - <alloc::boxed::Box<F,A> as core::ops::function::FnOnce<Args>>::call_once::h0d83cb2920a49046
[INFO] [stdout]                                at /rustc/1b7dd2252b99671ce5d1cb9664c5f8636329436d/library/alloc/src/boxed.rs:1973:9
[INFO] [stdout]   43:     0x55f1d6c6dde5 - <alloc::boxed::Box<F,A> as core::ops::function::FnOnce<Args>>::call_once::hbe0a008aa7d9ef59
[INFO] [stdout]                                at /rustc/1b7dd2252b99671ce5d1cb9664c5f8636329436d/library/alloc/src/boxed.rs:1973:9
[INFO] [stdout]   44:     0x55f1d6c6dde5 - std::sys::unix::thread::Thread::new::thread_start::h3a466996bdf6b1f9
[INFO] [stdout]                                at /rustc/1b7dd2252b99671ce5d1cb9664c5f8636329436d/library/std/src/sys/unix/thread.rs:108:17
[INFO] [stdout]   45:     0x7f187db66b43 - <unknown>
[INFO] [stdout]   46:     0x7f187dbf7bb4 - __clone
[INFO] [stdout]   47:                0x0 - <unknown>
[INFO] [stdout] 
[INFO] [stdout] ---- tests::wipe_permissions::wipe_permissions_tests::rust_with_inaccessible_folders::case_0 stdout ----
[INFO] [stdout] [1;32m[DRY RUN][0m Recursively searching for all "[36mtarget[0m" folders in [36m/tmp/.cargo-wipe-tests/hQ9oneBkKhpX8K8M[0m...
[INFO] [stdout] 
[INFO] [stdout] [36m     Files #[0m[36m         Size (MB)[0m         [36mPath[0m
[INFO] [stdout]            1                 0         /tmp/.cargo-wipe-tests/hQ9oneBkKhpX8K8M/muWPcelg5MvriSGR/target
[INFO] [stdout]            1                 0         /tmp/.cargo-wipe-tests/hQ9oneBkKhpX8K8M/uQKYRQ6arfwslkFp/target
[INFO] [stdout]            1                 0         /tmp/.cargo-wipe-tests/hQ9oneBkKhpX8K8M/SKdHaoERlSDgROM6/target
[INFO] [stdout] 
[INFO] [stdout] [36m     Files #[0m[36m              Size[0m         [36m/tmp/.cargo-wipe-tests/hQ9oneBkKhpX8K8M[0m
[INFO] [stdout] [49;39m           3[0m[49;39m           0 bytes[0m         [49;39mCurrently[0m
[INFO] [stdout] [31m           3[0m[31m           0 bytes[0m         [31mCan wipe[0m
[INFO] [stdout] [32m           0[0m[32m           0 bytes[0m         [32mAfter wipe[0m
[INFO] [stdout] 
[INFO] [stdout] Run [31mcargo wipe target -w[0m to wipe all folders found. [31mUSE WITH CAUTION![0m
[INFO] [stdout] 
[INFO] [stdout] thread 'tests::wipe_permissions::wipe_permissions_tests::rust_with_inaccessible_folders::case_0' panicked at 'assertion failed: !output.contains(&expected)', src/tests/wipe_permissions.rs:46:17
[INFO] [stdout] stack backtrace:
[INFO] [stdout]    0:     0x55f1d6c66b8a - std::backtrace_rs::backtrace::libunwind::trace::h2f05d0192276a8f6
[INFO] [stdout]                                at /rustc/1b7dd2252b99671ce5d1cb9664c5f8636329436d/library/std/src/../../backtrace/src/backtrace/libunwind.rs:93:5
[INFO] [stdout]    1:     0x55f1d6c66b8a - std::backtrace_rs::backtrace::trace_unsynchronized::hedc23dff7a1af150
[INFO] [stdout]                                at /rustc/1b7dd2252b99671ce5d1cb9664c5f8636329436d/library/std/src/../../backtrace/src/backtrace/mod.rs:66:5
[INFO] [stdout]    2:     0x55f1d6c66b8a - std::sys_common::backtrace::_print_fmt::h17541ef7592f3ce2
[INFO] [stdout]                                at /rustc/1b7dd2252b99671ce5d1cb9664c5f8636329436d/library/std/src/sys_common/backtrace.rs:65:5
[INFO] [stdout]    3:     0x55f1d6c66b8a - <std::sys_common::backtrace::_print::DisplayBacktrace as core::fmt::Display>::fmt::h20f75df5ab0c0792
[INFO] [stdout]                                at /rustc/1b7dd2252b99671ce5d1cb9664c5f8636329436d/library/std/src/sys_common/backtrace.rs:44:22
[INFO] [stdout]    4:     0x55f1d6c8c10f - core::fmt::write::h78109e6f466b3af6
[INFO] [stdout]                                at /rustc/1b7dd2252b99671ce5d1cb9664c5f8636329436d/library/core/src/fmt/mod.rs:1254:17
[INFO] [stdout]    5:     0x55f1d6c63d35 - std::io::Write::write_fmt::hd24bfb68a1b35a25
[INFO] [stdout]                                at /rustc/1b7dd2252b99671ce5d1cb9664c5f8636329436d/library/std/src/io/mod.rs:1698:15
[INFO] [stdout]    6:     0x55f1d6c66955 - std::sys_common::backtrace::_print::h8dac57a9f8fbf9a5
[INFO] [stdout]                                at /rustc/1b7dd2252b99671ce5d1cb9664c5f8636329436d/library/std/src/sys_common/backtrace.rs:47:5
[INFO] [stdout]    7:     0x55f1d6c66955 - std::sys_common::backtrace::print::hf9ecbf41d1aa712f
[INFO] [stdout]                                at /rustc/1b7dd2252b99671ce5d1cb9664c5f8636329436d/library/std/src/sys_common/backtrace.rs:34:9
[INFO] [stdout]    8:     0x55f1d6c6860e - std::panicking::default_hook::{{closure}}::h04c07acfc84ca028
[INFO] [stdout]                                at /rustc/1b7dd2252b99671ce5d1cb9664c5f8636329436d/library/std/src/panicking.rs:269:22
[INFO] [stdout]    9:     0x55f1d6c68341 - std::panicking::default_hook::h01f6bb23e1eceb2c
[INFO] [stdout]                                at /rustc/1b7dd2252b99671ce5d1cb9664c5f8636329436d/library/std/src/panicking.rs:285:9
[INFO] [stdout]   10:     0x55f1d6beaa6b - <alloc::boxed::Box<F,A> as core::ops::function::Fn<Args>>::call::h87fe9f7b2fd49e4c
[INFO] [stdout]                                at /rustc/1b7dd2252b99671ce5d1cb9664c5f8636329436d/library/alloc/src/boxed.rs:1987:9
[INFO] [stdout]   11:     0x55f1d6beaa6b - test::test_main::{{closure}}::he94d679243a7531b
[INFO] [stdout]                                at /rustc/1b7dd2252b99671ce5d1cb9664c5f8636329436d/library/test/src/lib.rs:134:21
[INFO] [stdout]   12:     0x55f1d6c68cf4 - <alloc::boxed::Box<F,A> as core::ops::function::Fn<Args>>::call::h3f2d6d8b14c4769f
[INFO] [stdout]                                at /rustc/1b7dd2252b99671ce5d1cb9664c5f8636329436d/library/alloc/src/boxed.rs:1987:9
[INFO] [stdout]   13:     0x55f1d6c68cf4 - std::panicking::rust_panic_with_hook::h2bb3722bbaf2f6df
[INFO] [stdout]                                at /rustc/1b7dd2252b99671ce5d1cb9664c5f8636329436d/library/std/src/panicking.rs:695:13
[INFO] [stdout]   14:     0x55f1d6c68a22 - std::panicking::begin_panic_handler::{{closure}}::h91bc7f36a4be011b
[INFO] [stdout]                                at /rustc/1b7dd2252b99671ce5d1cb9664c5f8636329436d/library/std/src/panicking.rs:580:13
[INFO] [stdout]   15:     0x55f1d6c66ff6 - std::sys_common::backtrace::__rust_end_short_backtrace::h8b3d3717114f9e59
[INFO] [stdout]                                at /rustc/1b7dd2252b99671ce5d1cb9664c5f8636329436d/library/std/src/sys_common/backtrace.rs:150:18
[INFO] [stdout]   16:     0x55f1d6c687c2 - rust_begin_unwind
[INFO] [stdout]                                at /rustc/1b7dd2252b99671ce5d1cb9664c5f8636329436d/library/std/src/panicking.rs:578:5
[INFO] [stdout]   17:     0x55f1d6b7c513 - core::panicking::panic_fmt::hfd368e3fbdabea26
[INFO] [stdout]                                at /rustc/1b7dd2252b99671ce5d1cb9664c5f8636329436d/library/core/src/panicking.rs:67:14
[INFO] [stdout]   18:     0x55f1d6b7c5ad - core::panicking::panic::h3f9042d09bd0bf2e
[INFO] [stdout]                                at /rustc/1b7dd2252b99671ce5d1cb9664c5f8636329436d/library/core/src/panicking.rs:117:5
[INFO] [stdout]   19:     0x55f1d6b8b35c - cargo_wipe::tests::wipe_permissions::wipe_permissions_tests::rust_with_inaccessible_folders::case_0::hc6572269efadf631
[INFO] [stdout]                                at /opt/rustwide/workdir/src/tests/wipe_permissions.rs:46:17
[INFO] [stdout]   20:     0x55f1d6b8ac87 - cargo_wipe::tests::wipe_permissions::wipe_permissions_tests::rust_with_inaccessible_folders::case_0::{{closure}}::h821124d42034c504
[INFO] [stdout]                                at /opt/rustwide/workdir/src/tests/wipe_permissions.rs:11:5
[INFO] [stdout]   21:     0x55f1d6b8c8c5 - core::ops::function::FnOnce::call_once::hc0eb66aa25ce63a3
[INFO] [stdout]                                at /rustc/1b7dd2252b99671ce5d1cb9664c5f8636329436d/library/core/src/ops/function.rs:250:5
[INFO] [stdout]   22:     0x55f1d6bef93f - core::ops::function::FnOnce::call_once::ha6a70e79f7481a7e
[INFO] [stdout]                                at /rustc/1b7dd2252b99671ce5d1cb9664c5f8636329436d/library/core/src/ops/function.rs:250:5
[INFO] [stdout]   23:     0x55f1d6bef93f - test::__rust_begin_short_backtrace::hce33033019b61e69
[INFO] [stdout]                                at /rustc/1b7dd2252b99671ce5d1cb9664c5f8636329436d/library/test/src/lib.rs:655:18
[INFO] [stdout]   24:     0x55f1d6bbd12c - test::run_test::{{closure}}::h858d3528838ae3e5
[INFO] [stdout]                                at /rustc/1b7dd2252b99671ce5d1cb9664c5f8636329436d/library/test/src/lib.rs:646:30
[INFO] [stdout]   25:     0x55f1d6bbd12c - core::ops::function::FnOnce::call_once{{vtable.shim}}::he8ac2b00f01ae79e
[INFO] [stdout]                                at /rustc/1b7dd2252b99671ce5d1cb9664c5f8636329436d/library/core/src/ops/function.rs:250:5
[INFO] [stdout]   26:     0x55f1d6beea16 - <alloc::boxed::Box<F,A> as core::ops::function::FnOnce<Args>>::call_once::h8093d25b522725ef
[INFO] [stdout]                                at /rustc/1b7dd2252b99671ce5d1cb9664c5f8636329436d/library/alloc/src/boxed.rs:1973:9
[INFO] [stdout]   27:     0x55f1d6beea16 - <core::panic::unwind_safe::AssertUnwindSafe<F> as core::ops::function::FnOnce<()>>::call_once::h5c334c204e4a3913
[INFO] [stdout]                                at /rustc/1b7dd2252b99671ce5d1cb9664c5f8636329436d/library/core/src/panic/unwind_safe.rs:271:9
[INFO] [stdout]   28:     0x55f1d6beea16 - std::panicking::try::do_call::ha8b740c7b9478074
[INFO] [stdout]                                at /rustc/1b7dd2252b99671ce5d1cb9664c5f8636329436d/library/std/src/panicking.rs:485:40
[INFO] [stdout]   29:     0x55f1d6beea16 - std::panicking::try::h5d34f63d0e41b64e
[INFO] [stdout]                                at /rustc/1b7dd2252b99671ce5d1cb9664c5f8636329436d/library/std/src/panicking.rs:449:19
[INFO] [stdout]   30:     0x55f1d6beea16 - std::panic::catch_unwind::hcfbb511e1aa7fc67
[INFO] [stdout]                                at /rustc/1b7dd2252b99671ce5d1cb9664c5f8636329436d/library/std/src/panic.rs:140:14
[INFO] [stdout]   31:     0x55f1d6beea16 - test::run_test_in_process::h9abda90f802eaf21
[INFO] [stdout]                                at /rustc/1b7dd2252b99671ce5d1cb9664c5f8636329436d/library/test/src/lib.rs:678:27
[INFO] [stdout]   32:     0x55f1d6beea16 - test::run_test::run_test_inner::{{closure}}::h0f058de91f6c6edf
[INFO] [stdout]                                at /rustc/1b7dd2252b99671ce5d1cb9664c5f8636329436d/library/test/src/lib.rs:572:39
[INFO] [stdout]   33:     0x55f1d6bb7935 - test::run_test::run_test_inner::{{closure}}::h5ca48a4c59c6c1fb
[INFO] [stdout]                                at /rustc/1b7dd2252b99671ce5d1cb9664c5f8636329436d/library/test/src/lib.rs:599:37
[INFO] [stdout]   34:     0x55f1d6bb7935 - std::sys_common::backtrace::__rust_begin_short_backtrace::h32bd51e1495d4a33
[INFO] [stdout]                                at /rustc/1b7dd2252b99671ce5d1cb9664c5f8636329436d/library/std/src/sys_common/backtrace.rs:134:18
[INFO] [stdout]   35:     0x55f1d6bbce71 - std::thread::Builder::spawn_unchecked_::{{closure}}::{{closure}}::hc086fae9b128b2db
[INFO] [stdout]                                at /rustc/1b7dd2252b99671ce5d1cb9664c5f8636329436d/library/std/src/thread/mod.rs:526:17
[INFO] [stdout]   36:     0x55f1d6bbce71 - <core::panic::unwind_safe::AssertUnwindSafe<F> as core::ops::function::FnOnce<()>>::call_once::hb66571888d270d43
[INFO] [stdout]                                at /rustc/1b7dd2252b99671ce5d1cb9664c5f8636329436d/library/core/src/panic/unwind_safe.rs:271:9
[INFO] [stdout]   37:     0x55f1d6bbce71 - std::panicking::try::do_call::h4fa2ef4f6e51fecf
[INFO] [stdout]                                at /rustc/1b7dd2252b99671ce5d1cb9664c5f8636329436d/library/std/src/panicking.rs:485:40
[INFO] [stdout]   38:     0x55f1d6bbce71 - std::panicking::try::h1e9e22b8584489b5
[INFO] [stdout]                                at /rustc/1b7dd2252b99671ce5d1cb9664c5f8636329436d/library/std/src/panicking.rs:449:19
[INFO] [stdout]   39:     0x55f1d6bbce71 - std::panic::catch_unwind::h44698a3de0e0769e
[INFO] [stdout]                                at /rustc/1b7dd2252b99671ce5d1cb9664c5f8636329436d/library/std/src/panic.rs:140:14
[INFO] [stdout]   40:     0x55f1d6bbce71 - std::thread::Builder::spawn_unchecked_::{{closure}}::h50153abde3fe239e
[INFO] [stdout]                                at /rustc/1b7dd2252b99671ce5d1cb9664c5f8636329436d/library/std/src/thread/mod.rs:525:30
[INFO] [stdout]   41:     0x55f1d6bbce71 - core::ops::function::FnOnce::call_once{{vtable.shim}}::hbe5bbf6f38394364
[INFO] [stdout]                                at /rustc/1b7dd2252b99671ce5d1cb9664c5f8636329436d/library/core/src/ops/function.rs:250:5
[INFO] [stdout]   42:     0x55f1d6c6dde5 - <alloc::boxed::Box<F,A> as core::ops::function::FnOnce<Args>>::call_once::h0d83cb2920a49046
[INFO] [stdout]                                at /rustc/1b7dd2252b99671ce5d1cb9664c5f8636329436d/library/alloc/src/boxed.rs:1973:9
[INFO] [stdout]   43:     0x55f1d6c6dde5 - <alloc::boxed::Box<F,A> as core::ops::function::FnOnce<Args>>::call_once::hbe0a008aa7d9ef59
[INFO] [stdout]                                at /rustc/1b7dd2252b99671ce5d1cb9664c5f8636329436d/library/alloc/src/boxed.rs:1973:9
[INFO] [stdout]   44:     0x55f1d6c6dde5 - std::sys::unix::thread::Thread::new::thread_start::h3a466996bdf6b1f9
[INFO] [stdout]                                at /rustc/1b7dd2252b99671ce5d1cb9664c5f8636329436d/library/std/src/sys/unix/thread.rs:108:17
[INFO] [stdout]   45:     0x7f187db66b43 - <unknown>
[INFO] [stdout]   46:     0x7f187dbf7bb4 - __clone
[INFO] [stdout]   47:                0x0 - <unknown>
[INFO] [stdout] 
[INFO] [stdout] ---- tests::wipe_permissions::wipe_permissions_tests::node_with_inaccessible_folders::case_1 stdout ----
[INFO] [stdout] [1;31m[WIPING][0m Recursively searching for all "[36mnode_modules[0m" folders in [36m/tmp/.cargo-wipe-tests/2r9J7LHldHcYQvkC[0m...
[INFO] [stdout] 
[INFO] [stdout] [36m     Files #[0m[36m         Size (MB)[0m         [36mPath[0m
[INFO] [stdout]            0                 0         /tmp/.cargo-wipe-tests/2r9J7LHldHcYQvkC/MQliNCWiYTuTuQft/node_modules
[INFO] [stdout]            0                 0         /tmp/.cargo-wipe-tests/2r9J7LHldHcYQvkC/iywPuDB88oOuibFr/node_modules
[INFO] [stdout]            0                 0         /tmp/.cargo-wipe-tests/2r9J7LHldHcYQvkC/2kUyKGu1L1atoxkD/node_modules
[INFO] [stdout] 
[INFO] [stdout] [36m     Files #[0m[36m              Size[0m         [36m/tmp/.cargo-wipe-tests/2r9J7LHldHcYQvkC[0m
[INFO] [stdout] [49;39m           0[0m[49;39m           0 bytes[0m         [49;39mPreviously[0m
[INFO] [stdout] [31m           0[0m[31m           0 bytes[0m         [31mWiped[0m
[INFO] [stdout] [32m           0[0m[32m           0 bytes[0m         [32mNow[0m
[INFO] [stdout] 
[INFO] [stdout] [32mAll clear![0m
[INFO] [stdout] 
[INFO] [stdout] thread 'tests::wipe_permissions::wipe_permissions_tests::node_with_inaccessible_folders::case_1' panicked at 'assertion failed: path.exists()', src/tests/wipe_permissions.rs:96:17
[INFO] [stdout] stack backtrace:
[INFO] [stdout]    0:     0x55f1d6c66b8a - std::backtrace_rs::backtrace::libunwind::trace::h2f05d0192276a8f6
[INFO] [stdout]                                at /rustc/1b7dd2252b99671ce5d1cb9664c5f8636329436d/library/std/src/../../backtrace/src/backtrace/libunwind.rs:93:5
[INFO] [stdout]    1:     0x55f1d6c66b8a - std::backtrace_rs::backtrace::trace_unsynchronized::hedc23dff7a1af150
[INFO] [stdout]                                at /rustc/1b7dd2252b99671ce5d1cb9664c5f8636329436d/library/std/src/../../backtrace/src/backtrace/mod.rs:66:5
[INFO] [stdout]    2:     0x55f1d6c66b8a - std::sys_common::backtrace::_print_fmt::h17541ef7592f3ce2
[INFO] [stdout]                                at /rustc/1b7dd2252b99671ce5d1cb9664c5f8636329436d/library/std/src/sys_common/backtrace.rs:65:5
[INFO] [stdout]    3:     0x55f1d6c66b8a - <std::sys_common::backtrace::_print::DisplayBacktrace as core::fmt::Display>::fmt::h20f75df5ab0c0792
[INFO] [stdout]                                at /rustc/1b7dd2252b99671ce5d1cb9664c5f8636329436d/library/std/src/sys_common/backtrace.rs:44:22
[INFO] [stdout]    4:     0x55f1d6c8c10f - core::fmt::write::h78109e6f466b3af6
[INFO] [stdout]                                at /rustc/1b7dd2252b99671ce5d1cb9664c5f8636329436d/library/core/src/fmt/mod.rs:1254:17
[INFO] [stdout]    5:     0x55f1d6c63d35 - std::io::Write::write_fmt::hd24bfb68a1b35a25
[INFO] [stdout]                                at /rustc/1b7dd2252b99671ce5d1cb9664c5f8636329436d/library/std/src/io/mod.rs:1698:15
[INFO] [stdout]    6:     0x55f1d6c66955 - std::sys_common::backtrace::_print::h8dac57a9f8fbf9a5
[INFO] [stdout]                                at /rustc/1b7dd2252b99671ce5d1cb9664c5f8636329436d/library/std/src/sys_common/backtrace.rs:47:5
[INFO] [stdout]    7:     0x55f1d6c66955 - std::sys_common::backtrace::print::hf9ecbf41d1aa712f
[INFO] [stdout]                                at /rustc/1b7dd2252b99671ce5d1cb9664c5f8636329436d/library/std/src/sys_common/backtrace.rs:34:9
[INFO] [stdout]    8:     0x55f1d6c6860e - std::panicking::default_hook::{{closure}}::h04c07acfc84ca028
[INFO] [stdout]                                at /rustc/1b7dd2252b99671ce5d1cb9664c5f8636329436d/library/std/src/panicking.rs:269:22
[INFO] [stdout]    9:     0x55f1d6c68341 - std::panicking::default_hook::h01f6bb23e1eceb2c
[INFO] [stdout]                                at /rustc/1b7dd2252b99671ce5d1cb9664c5f8636329436d/library/std/src/panicking.rs:285:9
[INFO] [stdout]   10:     0x55f1d6beaa6b - <alloc::boxed::Box<F,A> as core::ops::function::Fn<Args>>::call::h87fe9f7b2fd49e4c
[INFO] [stdout]                                at /rustc/1b7dd2252b99671ce5d1cb9664c5f8636329436d/library/alloc/src/boxed.rs:1987:9
[INFO] [stdout]   11:     0x55f1d6beaa6b - test::test_main::{{closure}}::he94d679243a7531b
[INFO] [stdout]                                at /rustc/1b7dd2252b99671ce5d1cb9664c5f8636329436d/library/test/src/lib.rs:134:21
[INFO] [stdout]   12:     0x55f1d6c68cf4 - <alloc::boxed::Box<F,A> as core::ops::function::Fn<Args>>::call::h3f2d6d8b14c4769f
[INFO] [stdout]                                at /rustc/1b7dd2252b99671ce5d1cb9664c5f8636329436d/library/alloc/src/boxed.rs:1987:9
[INFO] [stdout]   13:     0x55f1d6c68cf4 - std::panicking::rust_panic_with_hook::h2bb3722bbaf2f6df
[INFO] [stdout]                                at /rustc/1b7dd2252b99671ce5d1cb9664c5f8636329436d/library/std/src/panicking.rs:695:13
[INFO] [stdout]   14:     0x55f1d6c68a22 - std::panicking::begin_panic_handler::{{closure}}::h91bc7f36a4be011b
[INFO] [stdout]                                at /rustc/1b7dd2252b99671ce5d1cb9664c5f8636329436d/library/std/src/panicking.rs:580:13
[INFO] [stdout]   15:     0x55f1d6c66ff6 - std::sys_common::backtrace::__rust_end_short_backtrace::h8b3d3717114f9e59
[INFO] [stdout]                                at /rustc/1b7dd2252b99671ce5d1cb9664c5f8636329436d/library/std/src/sys_common/backtrace.rs:150:18
[INFO] [stdout]   16:     0x55f1d6c687c2 - rust_begin_unwind
[INFO] [stdout]                                at /rustc/1b7dd2252b99671ce5d1cb9664c5f8636329436d/library/std/src/panicking.rs:578:5
[INFO] [stdout]   17:     0x55f1d6b7c513 - core::panicking::panic_fmt::hfd368e3fbdabea26
[INFO] [stdout]                                at /rustc/1b7dd2252b99671ce5d1cb9664c5f8636329436d/library/core/src/panicking.rs:67:14
[INFO] [stdout]   18:     0x55f1d6b7c5ad - core::panicking::panic::h3f9042d09bd0bf2e
[INFO] [stdout]                                at /rustc/1b7dd2252b99671ce5d1cb9664c5f8636329436d/library/core/src/panicking.rs:117:5
[INFO] [stdout]   19:     0x55f1d6b8f7a2 - cargo_wipe::tests::wipe_permissions::wipe_permissions_tests::node_with_inaccessible_folders::case_1::hda4d9924507e063b
[INFO] [stdout]                                at /opt/rustwide/workdir/src/tests/wipe_permissions.rs:96:17
[INFO] [stdout]   20:     0x55f1d6b8f087 - cargo_wipe::tests::wipe_permissions::wipe_permissions_tests::node_with_inaccessible_folders::case_1::{{closure}}::h763ddf662c7012fb
[INFO] [stdout]                                at /opt/rustwide/workdir/src/tests/wipe_permissions.rs:59:5
[INFO] [stdout]   21:     0x55f1d6b8ca85 - core::ops::function::FnOnce::call_once::he321bd702df6583d
[INFO] [stdout]                                at /rustc/1b7dd2252b99671ce5d1cb9664c5f8636329436d/library/core/src/ops/function.rs:250:5
[INFO] [stdout]   22:     0x55f1d6bef93f - core::ops::function::FnOnce::call_once::ha6a70e79f7481a7e
[INFO] [stdout]                                at /rustc/1b7dd2252b99671ce5d1cb9664c5f8636329436d/library/core/src/ops/function.rs:250:5
[INFO] [stdout]   23:     0x55f1d6bef93f - test::__rust_begin_short_backtrace::hce33033019b61e69
[INFO] [stdout]                                at /rustc/1b7dd2252b99671ce5d1cb9664c5f8636329436d/library/test/src/lib.rs:655:18
[INFO] [stdout]   24:     0x55f1d6bbd12c - test::run_test::{{closure}}::h858d3528838ae3e5
[INFO] [stdout]                                at /rustc/1b7dd2252b99671ce5d1cb9664c5f8636329436d/library/test/src/lib.rs:646:30
[INFO] [stdout]   25:     0x55f1d6bbd12c - core::ops::function::FnOnce::call_once{{vtable.shim}}::he8ac2b00f01ae79e
[INFO] [stdout]                                at /rustc/1b7dd2252b99671ce5d1cb9664c5f8636329436d/library/core/src/ops/function.rs:250:5
[INFO] [stdout]   26:     0x55f1d6beea16 - <alloc::boxed::Box<F,A> as core::ops::function::FnOnce<Args>>::call_once::h8093d25b522725ef
[INFO] [stdout]                                at /rustc/1b7dd2252b99671ce5d1cb9664c5f8636329436d/library/alloc/src/boxed.rs:1973:9
[INFO] [stdout]   27:     0x55f1d6beea16 - <core::panic::unwind_safe::AssertUnwindSafe<F> as core::ops::function::FnOnce<()>>::call_once::h5c334c204e4a3913
[INFO] [stdout]                                at /rustc/1b7dd2252b99671ce5d1cb9664c5f8636329436d/library/core/src/panic/unwind_safe.rs:271:9
[INFO] [stdout]   28:     0x55f1d6beea16 - std::panicking::try::do_call::ha8b740c7b9478074
[INFO] [stdout]                                at /rustc/1b7dd2252b99671ce5d1cb9664c5f8636329436d/library/std/src/panicking.rs:485:40
[INFO] [stdout]   29:     0x55f1d6beea16 - std::panicking::try::h5d34f63d0e41b64e
[INFO] [stdout]                                at /rustc/1b7dd2252b99671ce5d1cb9664c5f8636329436d/library/std/src/panicking.rs:449:19
[INFO] [stdout]   30:     0x55f1d6beea16 - std::panic::catch_unwind::hcfbb511e1aa7fc67
[INFO] [stdout]                                at /rustc/1b7dd2252b99671ce5d1cb9664c5f8636329436d/library/std/src/panic.rs:140:14
[INFO] [stdout]   31:     0x55f1d6beea16 - test::run_test_in_process::h9abda90f802eaf21
[INFO] [stdout]                                at /rustc/1b7dd2252b99671ce5d1cb9664c5f8636329436d/library/test/src/lib.rs:678:27
[INFO] [stdout]   32:     0x55f1d6beea16 - test::run_test::run_test_inner::{{closure}}::h0f058de91f6c6edf
[INFO] [stdout]                                at /rustc/1b7dd2252b99671ce5d1cb9664c5f8636329436d/library/test/src/lib.rs:572:39
[INFO] [stdout]   33:     0x55f1d6bb7935 - test::run_test::run_test_inner::{{closure}}::h5ca48a4c59c6c1fb
[INFO] [stdout]                                at /rustc/1b7dd2252b99671ce5d1cb9664c5f8636329436d/library/test/src/lib.rs:599:37
[INFO] [stdout]   34:     0x55f1d6bb7935 - std::sys_common::backtrace::__rust_begin_short_backtrace::h32bd51e1495d4a33
[INFO] [stdout]                                at /rustc/1b7dd2252b99671ce5d1cb9664c5f8636329436d/library/std/src/sys_common/backtrace.rs:134:18
[INFO] [stdout]   35:     0x55f1d6bbce71 - std::thread::Builder::spawn_unchecked_::{{closure}}::{{closure}}::hc086fae9b128b2db
[INFO] [stdout]                                at /rustc/1b7dd2252b99671ce5d1cb9664c5f8636329436d/library/std/src/thread/mod.rs:526:17
[INFO] [stdout]   36:     0x55f1d6bbce71 - <core::panic::unwind_safe::AssertUnwindSafe<F> as core::ops::function::FnOnce<()>>::call_once::hb66571888d270d43
[INFO] [stdout]                                at /rustc/1b7dd2252b99671ce5d1cb9664c5f8636329436d/library/core/src/panic/unwind_safe.rs:271:9
[INFO] [stdout]   37:     0x55f1d6bbce71 - std::panicking::try::do_call::h4fa2ef4f6e51fecf
[INFO] [stdout]                                at /rustc/1b7dd2252b99671ce5d1cb9664c5f8636329436d/library/std/src/panicking.rs:485:40
[INFO] [stdout]   38:     0x55f1d6bbce71 - std::panicking::try::h1e9e22b8584489b5
[INFO] [stdout]                                at /rustc/1b7dd2252b99671ce5d1cb9664c5f8636329436d/library/std/src/panicking.rs:449:19
[INFO] [stdout]   39:     0x55f1d6bbce71 - std::panic::catch_unwind::h44698a3de0e0769e
[INFO] [stdout]                                at /rustc/1b7dd2252b99671ce5d1cb9664c5f8636329436d/library/std/src/panic.rs:140:14
[INFO] [stdout]   40:     0x55f1d6bbce71 - std::thread::Builder::spawn_unchecked_::{{closure}}::h50153abde3fe239e
[INFO] [stdout]                                at /rustc/1b7dd2252b99671ce5d1cb9664c5f8636329436d/library/std/src/thread/mod.rs:525:30
[INFO] [stdout]   41:     0x55f1d6bbce71 - core::ops::function::FnOnce::call_once{{vtable.shim}}::hbe5bbf6f38394364
[INFO] [stdout]                                at /rustc/1b7dd2252b99671ce5d1cb9664c5f8636329436d/library/core/src/ops/function.rs:250:5
[INFO] [stdout]   42:     0x55f1d6c6dde5 - <alloc::boxed::Box<F,A> as core::ops::function::FnOnce<Args>>::call_once::h0d83cb2920a49046
[INFO] [stdout]                                at /rustc/1b7dd2252b99671ce5d1cb9664c5f8636329436d/library/alloc/src/boxed.rs:1973:9
[INFO] [stdout]   43:     0x55f1d6c6dde5 - <alloc::boxed::Box<F,A> as core::ops::function::FnOnce<Args>>::call_once::hbe0a008aa7d9ef59
[INFO] [stdout]                                at /rustc/1b7dd2252b99671ce5d1cb9664c5f8636329436d/library/alloc/src/boxed.rs:1973:9
[INFO] [stdout]   44:     0x55f1d6c6dde5 - std::sys::unix::thread::Thread::new::thread_start::h3a466996bdf6b1f9
[INFO] [stdout]                                at /rustc/1b7dd2252b99671ce5d1cb9664c5f8636329436d/library/std/src/sys/unix/thread.rs:108:17
[INFO] [stdout]   45:     0x7f187db66b43 - <unknown>
[INFO] [stdout]   46:     0x7f187dbf7bb4 - __clone
[INFO] [stdout]   47:                0x0 - <unknown>
[INFO] [stdout] 
[INFO] [stdout] 
[INFO] [stdout] failures:
[INFO] [stdout]     tests::wipe_permissions::wipe_permissions_tests::node_with_inaccessible_folders::case_1
[INFO] [stdout]     tests::wipe_permissions::wipe_permissions_tests::rust_with_inaccessible_folders::case_0
[INFO] [stdout]     tests::wipe_permissions::wipe_permissions_tests::rust_with_inaccessible_folders::case_1
[INFO] [stdout] 
[INFO] [stdout] test result: FAILED. 45 passed; 3 failed; 0 ignored; 0 measured; 0 filtered out; finished in 0.12s
[INFO] [stdout] 
[INFO] [stderr] error: test failed, to rerun pass `--bin cargo-wipe`
[INFO] running `Command { std: "docker" "inspect" "461f4eac97e1492d847caa680b2bf945546c772809f1247052397537533b2dd5", kill_on_drop: false }`
[INFO] running `Command { std: "docker" "rm" "-f" "461f4eac97e1492d847caa680b2bf945546c772809f1247052397537533b2dd5", kill_on_drop: false }`
[INFO] [stdout] 461f4eac97e1492d847caa680b2bf945546c772809f1247052397537533b2dd5
