[INFO] fetching crate cargo-toml-builder 0.3.0...
[INFO] testing cargo-toml-builder-0.3.0 against beta-2023-04-20 for beta-1.70-1
[INFO] extracting crate cargo-toml-builder 0.3.0 into /workspace/builds/worker-5-tc2/source
[INFO] validating manifest of crates.io crate cargo-toml-builder 0.3.0 on toolchain beta-2023-04-20
[INFO] running `Command { std: CARGO_HOME="/workspace/cargo-home" RUSTUP_HOME="/workspace/rustup-home" "/workspace/cargo-home/bin/cargo" "+beta-2023-04-20" "metadata" "--manifest-path" "Cargo.toml" "--no-deps", kill_on_drop: false }`
[INFO] started tweaking crates.io crate cargo-toml-builder 0.3.0
[INFO] finished tweaking crates.io crate cargo-toml-builder 0.3.0
[INFO] tweaked toml for crates.io crate cargo-toml-builder 0.3.0 written to /workspace/builds/worker-5-tc2/source/Cargo.toml
[INFO] running `Command { std: CARGO_HOME="/workspace/cargo-home" RUSTUP_HOME="/workspace/rustup-home" __CARGO_TEST_CHANNEL_OVERRIDE_DO_NOT_USE_THIS="nightly" "/workspace/cargo-home/bin/cargo" "+beta-2023-04-20" "generate-lockfile" "--manifest-path" "Cargo.toml" "-Zno-index-update", kill_on_drop: false }`
[INFO] running `Command { std: CARGO_HOME="/workspace/cargo-home" RUSTUP_HOME="/workspace/rustup-home" "/workspace/cargo-home/bin/cargo" "+beta-2023-04-20" "fetch" "--manifest-path" "Cargo.toml", kill_on_drop: false }`
[INFO] running `Command { std: "docker" "create" "-v" "/var/lib/crater-agent-workspace/builds/worker-5-tc2/target:/opt/rustwide/target:rw,Z" "-v" "/var/lib/crater-agent-workspace/builds/worker-5-tc2/source:/opt/rustwide/workdir:ro,Z" "-v" "/var/lib/crater-agent-workspace/cargo-home:/opt/rustwide/cargo-home:ro,Z" "-v" "/var/lib/crater-agent-workspace/rustup-home:/opt/rustwide/rustup-home:ro,Z" "-e" "SOURCE_DIR=/opt/rustwide/workdir" "-e" "CARGO_TARGET_DIR=/opt/rustwide/target" "-e" "CARGO_HOME=/opt/rustwide/cargo-home" "-e" "RUSTUP_HOME=/opt/rustwide/rustup-home" "-w" "/opt/rustwide/workdir" "-m" "1610612736" "--user" "0:0" "--network" "none" "ghcr.io/rust-lang/crates-build-env/linux@sha256:5ff2268d62e97bff2cde7d5815dd6ed5b47097566f13b8d0ca110b04b60e07ed" "/opt/rustwide/cargo-home/bin/cargo" "+beta-2023-04-20" "metadata" "--no-deps" "--format-version=1", kill_on_drop: false }`
[INFO] [stdout] 200b27bc59f13bed95ce9141cb323e8a9a2eb42f1032f7bbac84a78f7822b7ef
[INFO] running `Command { std: "docker" "start" "-a" "200b27bc59f13bed95ce9141cb323e8a9a2eb42f1032f7bbac84a78f7822b7ef", kill_on_drop: false }`
[INFO] running `Command { std: "docker" "inspect" "200b27bc59f13bed95ce9141cb323e8a9a2eb42f1032f7bbac84a78f7822b7ef", kill_on_drop: false }`
[INFO] running `Command { std: "docker" "rm" "-f" "200b27bc59f13bed95ce9141cb323e8a9a2eb42f1032f7bbac84a78f7822b7ef", kill_on_drop: false }`
[INFO] [stdout] 200b27bc59f13bed95ce9141cb323e8a9a2eb42f1032f7bbac84a78f7822b7ef
[INFO] running `Command { std: "docker" "create" "-v" "/var/lib/crater-agent-workspace/builds/worker-5-tc2/target:/opt/rustwide/target:rw,Z" "-v" "/var/lib/crater-agent-workspace/builds/worker-5-tc2/source:/opt/rustwide/workdir:ro,Z" "-v" "/var/lib/crater-agent-workspace/cargo-home:/opt/rustwide/cargo-home:ro,Z" "-v" "/var/lib/crater-agent-workspace/rustup-home:/opt/rustwide/rustup-home:ro,Z" "-e" "SOURCE_DIR=/opt/rustwide/workdir" "-e" "CARGO_TARGET_DIR=/opt/rustwide/target" "-e" "CARGO_INCREMENTAL=0" "-e" "RUST_BACKTRACE=full" "-e" "RUSTFLAGS=--cap-lints=warn" "-e" "RUSTDOCFLAGS=--cap-lints=warn" "-e" "CARGO_HOME=/opt/rustwide/cargo-home" "-e" "RUSTUP_HOME=/opt/rustwide/rustup-home" "-w" "/opt/rustwide/workdir" "-m" "1610612736" "--user" "0:0" "--network" "none" "ghcr.io/rust-lang/crates-build-env/linux@sha256:5ff2268d62e97bff2cde7d5815dd6ed5b47097566f13b8d0ca110b04b60e07ed" "/opt/rustwide/cargo-home/bin/cargo" "+beta-2023-04-20" "build" "--frozen" "--message-format=json", kill_on_drop: false }`
[INFO] [stdout] 2aec569fd1d0b1bab9fa829c0333e77eb65792d48e362699ac1b8661d02543ac
[INFO] running `Command { std: "docker" "start" "-a" "2aec569fd1d0b1bab9fa829c0333e77eb65792d48e362699ac1b8661d02543ac", kill_on_drop: false }`
[INFO] [stderr]    Compiling cargo-toml-builder v0.3.0 (/opt/rustwide/workdir)
[INFO] [stdout] warning: use of deprecated method `std::error::Error::description`: use the Display impl or to_string()
[INFO] [stdout]   --> src/error.rs:20:19
[INFO] [stdout]    |
[INFO] [stdout] 20 |         StdError::description(&self.inner)
[INFO] [stdout]    |                   ^^^^^^^^^^^
[INFO] [stdout]    |
[INFO] [stdout]    = note: `#[warn(deprecated)]` on by default
[INFO] [stdout] 
[INFO] [stdout] 
[INFO] [stdout] warning: 1 warning emitted
[INFO] [stdout] 
[INFO] [stdout] 
[INFO] [stderr]     Finished dev [unoptimized + debuginfo] target(s) in 1.30s
[INFO] running `Command { std: "docker" "inspect" "2aec569fd1d0b1bab9fa829c0333e77eb65792d48e362699ac1b8661d02543ac", kill_on_drop: false }`
[INFO] running `Command { std: "docker" "rm" "-f" "2aec569fd1d0b1bab9fa829c0333e77eb65792d48e362699ac1b8661d02543ac", kill_on_drop: false }`
[INFO] [stdout] 2aec569fd1d0b1bab9fa829c0333e77eb65792d48e362699ac1b8661d02543ac
[INFO] running `Command { std: "docker" "create" "-v" "/var/lib/crater-agent-workspace/builds/worker-5-tc2/target:/opt/rustwide/target:rw,Z" "-v" "/var/lib/crater-agent-workspace/builds/worker-5-tc2/source:/opt/rustwide/workdir:ro,Z" "-v" "/var/lib/crater-agent-workspace/cargo-home:/opt/rustwide/cargo-home:ro,Z" "-v" "/var/lib/crater-agent-workspace/rustup-home:/opt/rustwide/rustup-home:ro,Z" "-e" "SOURCE_DIR=/opt/rustwide/workdir" "-e" "CARGO_TARGET_DIR=/opt/rustwide/target" "-e" "CARGO_INCREMENTAL=0" "-e" "RUST_BACKTRACE=full" "-e" "RUSTFLAGS=--cap-lints=warn" "-e" "RUSTDOCFLAGS=--cap-lints=warn" "-e" "CARGO_HOME=/opt/rustwide/cargo-home" "-e" "RUSTUP_HOME=/opt/rustwide/rustup-home" "-w" "/opt/rustwide/workdir" "-m" "1610612736" "--user" "0:0" "--network" "none" "ghcr.io/rust-lang/crates-build-env/linux@sha256:5ff2268d62e97bff2cde7d5815dd6ed5b47097566f13b8d0ca110b04b60e07ed" "/opt/rustwide/cargo-home/bin/cargo" "+beta-2023-04-20" "test" "--frozen" "--no-run" "--message-format=json", kill_on_drop: false }`
[INFO] [stdout] de0b6b70e73489cce3605632e8f2c9f8674daf5392e9913941810ced8f58dc7f
[INFO] running `Command { std: "docker" "start" "-a" "de0b6b70e73489cce3605632e8f2c9f8674daf5392e9913941810ced8f58dc7f", kill_on_drop: false }`
[INFO] [stdout] warning: use of deprecated method `std::error::Error::description`: use the Display impl or to_string()
[INFO] [stdout]   --> src/error.rs:20:19
[INFO] [stdout]    |
[INFO] [stdout] 20 |         StdError::description(&self.inner)
[INFO] [stdout]    |                   ^^^^^^^^^^^
[INFO] [stdout]    |
[INFO] [stdout]    = note: `#[warn(deprecated)]` on by default
[INFO] [stdout] 
[INFO] [stdout] 
[INFO] [stdout] warning: 1 warning emitted
[INFO] [stdout] 
[INFO] [stdout] 
[INFO] [stderr]    Compiling cargo-toml-builder v0.3.0 (/opt/rustwide/workdir)
[INFO] [stdout] warning: use of deprecated method `std::error::Error::description`: use the Display impl or to_string()
[INFO] [stdout]   --> src/error.rs:20:19
[INFO] [stdout]    |
[INFO] [stdout] 20 |         StdError::description(&self.inner)
[INFO] [stdout]    |                   ^^^^^^^^^^^
[INFO] [stdout]    |
[INFO] [stdout]    = note: `#[warn(deprecated)]` on by default
[INFO] [stdout] 
[INFO] [stdout] 
[INFO] [stdout] warning: 1 warning emitted
[INFO] [stdout] 
[INFO] [stdout] 
[INFO] [stderr]     Finished test [unoptimized + debuginfo] target(s) in 2.12s
[INFO] running `Command { std: "docker" "inspect" "de0b6b70e73489cce3605632e8f2c9f8674daf5392e9913941810ced8f58dc7f", kill_on_drop: false }`
[INFO] running `Command { std: "docker" "rm" "-f" "de0b6b70e73489cce3605632e8f2c9f8674daf5392e9913941810ced8f58dc7f", kill_on_drop: false }`
[INFO] [stdout] de0b6b70e73489cce3605632e8f2c9f8674daf5392e9913941810ced8f58dc7f
[INFO] running `Command { std: "docker" "create" "-v" "/var/lib/crater-agent-workspace/builds/worker-5-tc2/target:/opt/rustwide/target:rw,Z" "-v" "/var/lib/crater-agent-workspace/builds/worker-5-tc2/source:/opt/rustwide/workdir:ro,Z" "-v" "/var/lib/crater-agent-workspace/cargo-home:/opt/rustwide/cargo-home:ro,Z" "-v" "/var/lib/crater-agent-workspace/rustup-home:/opt/rustwide/rustup-home:ro,Z" "-e" "SOURCE_DIR=/opt/rustwide/workdir" "-e" "CARGO_TARGET_DIR=/opt/rustwide/target" "-e" "CARGO_INCREMENTAL=0" "-e" "RUST_BACKTRACE=full" "-e" "RUSTFLAGS=--cap-lints=warn" "-e" "RUSTDOCFLAGS=--cap-lints=warn" "-e" "CARGO_HOME=/opt/rustwide/cargo-home" "-e" "RUSTUP_HOME=/opt/rustwide/rustup-home" "-w" "/opt/rustwide/workdir" "-m" "1610612736" "--user" "0:0" "--network" "none" "ghcr.io/rust-lang/crates-build-env/linux@sha256:5ff2268d62e97bff2cde7d5815dd6ed5b47097566f13b8d0ca110b04b60e07ed" "/opt/rustwide/cargo-home/bin/cargo" "+beta-2023-04-20" "test" "--frozen", kill_on_drop: false }`
[INFO] [stdout] 2bf453b1c9239d592384e4b81b0c8630552c6810104a6b89272d34d62101be14
[INFO] running `Command { std: "docker" "start" "-a" "2bf453b1c9239d592384e4b81b0c8630552c6810104a6b89272d34d62101be14", kill_on_drop: false }`
[INFO] [stderr] warning: use of deprecated method `std::error::Error::description`: use the Display impl or to_string()
[INFO] [stderr]   --> src/error.rs:20:19
[INFO] [stderr]    |
[INFO] [stderr] 20 |         StdError::description(&self.inner)
[INFO] [stderr]    |                   ^^^^^^^^^^^
[INFO] [stderr]    |
[INFO] [stderr]    = note: `#[warn(deprecated)]` on by default
[INFO] [stderr] 
[INFO] [stderr] warning: `cargo-toml-builder` (lib) generated 1 warning
[INFO] [stderr] warning: `cargo-toml-builder` (lib test) generated 1 warning (1 duplicate)
[INFO] [stderr]     Finished test [unoptimized + debuginfo] target(s) in 0.04s
[INFO] [stderr]      Running unittests src/lib.rs (/opt/rustwide/target/debug/deps/cargo_toml_builder-076d6d57081a6c41)
[INFO] [stdout] 
[INFO] [stdout] running 3 tests
[INFO] [stdout] test types::license::tests::test_from_string ... ok
[INFO] [stdout] test types::license::tests::test_to_string ... ok
[INFO] [stdout] test toml::tests::test_basics ... ok
[INFO] [stdout] 
[INFO] [stdout] test result: ok. 3 passed; 0 failed; 0 ignored; 0 measured; 0 filtered out; finished in 0.02s
[INFO] [stdout] 
[INFO] [stderr]    Doc-tests cargo-toml-builder
[INFO] [stdout] 
[INFO] [stdout] running 77 tests
[INFO] [stdout] test src/lib.rs - CargoToml::build_dependencies (line 1394) ... FAILED
[INFO] [stdout] test src/lib.rs - CargoToml::build (line 2261) ... FAILED
[INFO] [stdout] test src/lib.rs - (line 7) ... FAILED
[INFO] [stdout] test src/lib.rs - CargoToml::bins (line 1861) ... ok
[INFO] [stdout] test src/lib.rs - CargoToml::builder (line 203) ... ok
[INFO] [stdout] test src/lib.rs - CargoToml::category (line 766) ... ok
[INFO] [stdout] test src/lib.rs - CargoToml::categories (line 799) ... ok
[INFO] [stdout] test src/lib.rs - CargoToml (line 76) ... ok
[INFO] [stdout] test src/lib.rs - CargoToml::benches (line 1936) ... ok
[INFO] [stdout] test src/lib.rs - CargoToml::appveyor (line 930) ... ok
[INFO] [stdout] test src/lib.rs - CargoToml::authors (line 281) ... ok
[INFO] [stdout] test src/lib.rs - CargoToml::build_dependency (line 1358) ... ok
[INFO] [stdout] test src/lib.rs - CargoToml::circle_ci (line 963) ... ok
[INFO] [stdout] test src/lib.rs - CargoToml::bin (line 1822) ... ok
[INFO] [stdout] test src/lib.rs - CargoToml::build_script (line 339) ... ok
[INFO] [stdout] test src/lib.rs - CargoToml::author (line 249) ... ok
[INFO] [stdout] test src/lib.rs - CargoToml::bench (line 1897) ... ok
[INFO] [stdout] test src/lib.rs - CargoToml::codecov (line 1056) ... ok
[INFO] [stdout] test src/lib.rs - CargoToml::examples (line 2100) ... FAILED
[INFO] [stdout] test src/lib.rs - CargoToml::coveralls (line 1087) ... ok
[INFO] [stdout] test src/lib.rs - CargoToml::documentation (line 367) ... ok
[INFO] [stdout] test src/lib.rs - CargoToml::description (line 585) ... FAILED
[INFO] [stdout] test src/lib.rs - CargoToml::dependencies (line 1250) ... ok
[INFO] [stdout] test src/lib.rs - CargoToml::dev_dependency (line 1285) ... ok
[INFO] [stdout] test src/lib.rs - CargoToml::dependency (line 1214) ... ok
[INFO] [stdout] test src/lib.rs - CargoToml::example (line 2061) ... ok
[INFO] [stdout] test src/lib.rs - CargoToml::excludes (line 427) ... ok
[INFO] [stdout] test src/lib.rs - CargoToml::dev_dependencies (line 1322) ... ok
[INFO] [stdout] test src/lib.rs - CargoToml::gitlab (line 994) ... ok
[INFO] [stdout] test src/lib.rs - CargoToml::homepage (line 614) ... ok
[INFO] [stdout] test src/lib.rs - CargoToml::feature (line 1713) ... ok
[INFO] [stdout] test src/lib.rs - CargoToml::exclude (line 394) ... ok
[INFO] [stdout] test src/lib.rs - CargoToml::include (line 459) ... ok
[INFO] [stdout] test src/lib.rs - CargoToml::feature (line 1683) ... ok
[INFO] [stdout] test src/lib.rs - CargoToml::is_it_maintained_issues (line 1148) ... ok
[INFO] [stdout] test src/lib.rs - CargoToml::license (line 831) ... ok
[INFO] [stdout] test src/lib.rs - CargoToml::includes (line 492) ... ok
[INFO] [stdout] test src/lib.rs - CargoToml::is_it_maintained_time (line 1118) ... ok
[INFO] [stdout] test src/lib.rs - CargoToml::maintenance (line 1178) ... ok
[INFO] [stdout] test src/lib.rs - CargoToml::lib (line 1788) ... ok
[INFO] [stdout] test src/lib.rs - CargoToml::name (line 220) ... ok
[INFO] [stdout] test src/lib.rs - CargoToml::keyword (line 701) ... ok
[INFO] [stdout] test src/lib.rs - CargoToml::license_file (line 896) ... ok
[INFO] [stdout] test src/lib.rs - CargoToml::new (line 186) ... ok
[INFO] [stdout] test src/lib.rs - CargoToml::licenses (line 864) ... ok
[INFO] [stdout] test src/lib.rs - CargoToml::keywords (line 734) ... ok
[INFO] [stdout] test src/lib.rs - CargoToml::profile_bench (line 1611) ... ok
[INFO] [stdout] test src/lib.rs - CargoToml::patch (line 2143) ... ok
[INFO] [stdout] test src/lib.rs - CargoToml::profile_doc (line 1644) ... ok
[INFO] [stdout] test src/lib.rs - CargoToml::patches (line 2183) ... ok
[INFO] [stdout] test src/lib.rs - CargoToml::profile_test (line 1578) ... ok
[INFO] [stdout] test src/lib.rs - CargoToml::profile_release (line 1545) ... ok
[INFO] [stdout] test src/lib.rs - CargoToml::readme (line 672) ... ok
[INFO] [stdout] test src/lib.rs - CargoToml::profile_dev (line 1513) ... ok
[INFO] [stdout] test src/lib.rs - CargoToml::publish (line 524) ... ok
[INFO] [stdout] test src/lib.rs - CargoToml::replace (line 2226) ... ok
[INFO] [stdout] test src/lib.rs - CargoToml::repository (line 643) ... ok
[INFO] [stdout] test src/lib.rs - CargoToml::target_dependencies (line 1470) ... ok
[INFO] [stdout] test src/lib.rs - CargoToml::workspace_root (line 556) ... ok
[INFO] [stdout] test src/lib.rs - CargoToml::version (line 310) ... ok
[INFO] [stdout] test src/types/dependency.rs - types::dependency::Dependency::default_features (line 289) ... ok
[INFO] [stdout] test src/lib.rs - CargoToml::target_dependency (line 1430) ... ok
[INFO] [stdout] test src/lib.rs - CargoToml::test (line 1979) ... ok
[INFO] [stdout] test src/types/dependency.rs - types::dependency::Dependency::branch (line 241) ... ok
[INFO] [stdout] test src/lib.rs - CargoToml::tests (line 2019) ... ok
[INFO] [stdout] test src/lib.rs - CargoToml::travis_ci (line 1025) ... ok
[INFO] [stdout] test src/types/dependency.rs - types::dependency::Dependency::version (line 161) ... ok
[INFO] [stdout] test src/types/dependency.rs - types::dependency::Dependency::rev (line 201) ... ok
[INFO] [stdout] test src/types/dependency.rs - types::dependency::Dependency::optional (line 266) ... ok
[INFO] [stdout] test src/types/dependency.rs - types::dependency::Dependency::tag (line 221) ... ok
[INFO] [stdout] test src/types/dependency.rs - types::dependency::Dependency::path (line 181) ... ok
[INFO] [stdout] test src/lib.rs - CargoToml::workspace (line 1755) ... ok
[INFO] [stdout] test src/types/dependency.rs - types::dependency::Dependency::repo (line 141) ... ok
[INFO] [stdout] test src/types/dependency.rs - types::dependency::DependencyExt::optional (line 54) ... ok
[INFO] [stdout] test src/types/dependency.rs - types::dependency::DependencyExt::path (line 78) ... ok
[INFO] [stdout] test src/types/dependency.rs - types::dependency::DependencyExt::version (line 12) ... ok
[INFO] [stderr] error: doctest failed, to rerun pass `--doc`
[INFO] [stdout] test src/types/dependency.rs - types::dependency::DependencyExt::repo (line 33) ... ok
[INFO] [stdout] 
[INFO] [stdout] failures:
[INFO] [stdout] 
[INFO] [stdout] ---- src/lib.rs - CargoToml::build_dependencies (line 1394) stdout ----
[INFO] [stdout] Couldn't compile the test.
[INFO] [stdout] ---- src/lib.rs - CargoToml::build (line 2261) stdout ----
[INFO] [stdout] error: linking with `cc` failed: exit status: 1
[INFO] [stdout]   |
[INFO] [stdout]   = note: LC_ALL="C" PATH="/opt/rustwide/rustup-home/toolchains/beta-2023-04-20-x86_64-unknown-linux-gnu/lib/rustlib/x86_64-unknown-linux-gnu/bin:/opt/rustwide/cargo-home/bin:/usr/local/sbin:/usr/local/bin:/usr/sbin:/usr/bin:/sbin:/bin" VSLANG="1033" "cc" "-m64" "/tmp/rustcWL0L89/symbols.o" "/tmp/rustdoctestUMiJpD/rust_out.rust_out.c38b68ff-cgu.0.rcgu.o" "/tmp/rustdoctestUMiJpD/rust_out.38a7fyhsvjn6z0qy.rcgu.o" "-Wl,--as-needed" "-L" "/opt/rustwide/target/debug/deps" "-L" "/opt/rustwide/target/debug/deps" "-L" "/opt/rustwide/rustup-home/toolchains/beta-2023-04-20-x86_64-unknown-linux-gnu/lib/rustlib/x86_64-unknown-linux-gnu/lib" "-Wl,-Bstatic" "/opt/rustwide/target/debug/deps/libcargo_toml_builder-1c1c024d96e9f616.rlib" "/opt/rustwide/target/debug/deps/libtoml_edit-3c5d91c3b0773233.rlib" "/opt/rustwide/target/debug/deps/liblinked_hash_map-7399290165bf36d1.rlib" "/opt/rustwide/target/debug/deps/libchrono-b81622da92196194.rlib" "/opt/rustwide/target/debug/deps/libiana_time_zone-29119b9b08c3b17e.rlib" "/opt/rustwide/target/debug/deps/libnum_integer-3ba3560339fcf9fe.rlib" "/opt/rustwide/target/debug/deps/libnum_traits-368984609aea6d60.rlib" "/opt/rustwide/target/debug/deps/libtime-3487bd5840a6d6d7.rlib" "/opt/rustwide/target/debug/deps/liblibc-437468c9c78eaf61.rlib" "/opt/rustwide/target/debug/deps/libcombine-8be649684f274f8e.rlib" "/opt/rustwide/target/debug/deps/libascii-c384846790890ed3.rlib" "/opt/rustwide/target/debug/deps/libunreachable-7f6700463b97da45.rlib" "/opt/rustwide/target/debug/deps/libvoid-8ddff08a32a4354c.rlib" "/opt/rustwide/target/debug/deps/libmemchr-88030d6069b0fbbd.rlib" "/opt/rustwide/target/debug/deps/libeither-5c25f04be8f4efce.rlib" "/opt/rustwide/target/debug/deps/libbyteorder-61c6142c807e5216.rlib" "/opt/rustwide/rustup-home/toolchains/beta-2023-04-20-x86_64-unknown-linux-gnu/lib/rustlib/x86_64-unknown-linux-gnu/lib/libstd-0e29cc23c5e02021.rlib" "/opt/rustwide/rustup-home/toolchains/beta-2023-04-20-x86_64-unknown-linux-gnu/lib/rustlib/x86_64-unknown-linux-gnu/lib/libpanic_unwind-d903621768a861d9.rlib" "/opt/rustwide/rustup-home/toolchains/beta-2023-04-20-x86_64-unknown-linux-gnu/lib/rustlib/x86_64-unknown-linux-gnu/lib/libobject-6d0225e655f31c13.rlib" "/opt/rustwide/rustup-home/toolchains/beta-2023-04-20-x86_64-unknown-linux-gnu/lib/rustlib/x86_64-unknown-linux-gnu/lib/libmemchr-9dbaf4eac7eaa079.rlib" "/opt/rustwide/rustup-home/toolchains/beta-2023-04-20-x86_64-unknown-linux-gnu/lib/rustlib/x86_64-unknown-linux-gnu/lib/libaddr2line-27f05b3d42a66dd0.rlib" "/opt/rustwide/rustup-home/toolchains/beta-2023-04-20-x86_64-unknown-linux-gnu/lib/rustlib/x86_64-unknown-linux-gnu/lib/libgimli-4d73f1030321c9a2.rlib" "/opt/rustwide/rustup-home/toolchains/beta-2023-04-20-x86_64-unknown-linux-gnu/lib/rustlib/x86_64-unknown-linux-gnu/lib/librustc_demangle-2846c9e58abd0acb.rlib" "/opt/rustwide/rustup-home/toolchains/beta-2023-04-20-x86_64-unknown-linux-gnu/lib/rustlib/x86_64-unknown-linux-gnu/lib/libstd_detect-a53d0f50415947be.rlib" "/opt/rustwide/rustup-home/toolchains/beta-2023-04-20-x86_64-unknown-linux-gnu/lib/rustlib/x86_64-unknown-linux-gnu/lib/libhashbrown-d48e4b6abc25b9dc.rlib" "/opt/rustwide/rustup-home/toolchains/beta-2023-04-20-x86_64-unknown-linux-gnu/lib/rustlib/x86_64-unknown-linux-gnu/lib/libminiz_oxide-2991859439ef1207.rlib" "/opt/rustwide/rustup-home/toolchains/beta-2023-04-20-x86_64-unknown-linux-gnu/lib/rustlib/x86_64-unknown-linux-gnu/lib/libadler-8a687517e4221bae.rlib" "/opt/rustwide/rustup-home/toolchains/beta-2023-04-20-x86_64-unknown-linux-gnu/lib/rustlib/x86_64-unknown-linux-gnu/lib/librustc_std_workspace_alloc-e07b554f6a67f5b3.rlib" "/opt/rustwide/rustup-home/toolchains/beta-2023-04-20-x86_64-unknown-linux-gnu/lib/rustlib/x86_64-unknown-linux-gnu/lib/libunwind-b68238b7c3c619dd.rlib" "/opt/rustwide/rustup-home/toolchains/beta-2023-04-20-x86_64-unknown-linux-gnu/lib/rustlib/x86_64-unknown-linux-gnu/lib/libcfg_if-d5e213e896c017e4.rlib" "/opt/rustwide/rustup-home/toolchains/beta-2023-04-20-x86_64-unknown-linux-gnu/lib/rustlib/x86_64-unknown-linux-gnu/lib/liblibc-0211a3b2e61d8689.rlib" "/opt/rustwide/rustup-home/toolchains/beta-2023-04-20-x86_64-unknown-linux-gnu/lib/rustlib/x86_64-unknown-linux-gnu/lib/liballoc-b371f055239ba51f.rlib" "/opt/rustwide/rustup-home/toolchains/beta-2023-04-20-x86_64-unknown-linux-gnu/lib/rustlib/x86_64-unknown-linux-gnu/lib/librustc_std_workspace_core-e60518d2760eb01e.rlib" "/opt/rustwide/rustup-home/toolchains/beta-2023-04-20-x86_64-unknown-linux-gnu/lib/rustlib/x86_64-unknown-linux-gnu/lib/libcore-1ad943f92a4b1081.rlib" "/opt/rustwide/rustup-home/toolchains/beta-2023-04-20-x86_64-unknown-linux-gnu/lib/rustlib/x86_64-unknown-linux-gnu/lib/libcompiler_builtins-f0d6e4d0fc1e80b4.rlib" "-Wl,-Bdynamic" "-lgcc_s" "-lutil" "-lrt" "-lpthread" "-lm" "-ldl" "-lc" "-Wl,--eh-frame-hdr" "-Wl,-z,noexecstack" "-L" "/opt/rustwide/rustup-home/toolchains/beta-2023-04-20-x86_64-unknown-linux-gnu/lib/rustlib/x86_64-unknown-linux-gnu/lib" "-o" "/tmp/rustdoctestUMiJpD/rust_out" "-Wl,--gc-sections" "-pie" "-Wl,-z,relro,-z,now" "-nodefaultlibs"
[INFO] [stdout]   = note: collect2: fatal error: ld terminated with signal 9 [Killed]
[INFO] [stdout]           compilation terminated.
[INFO] [stdout]           
[INFO] [stdout] 
[INFO] [stdout] error: aborting due to previous error
[INFO] [stdout] 
[INFO] [stdout] Couldn't compile the test.
[INFO] [stdout] ---- src/lib.rs - (line 7) stdout ----
[INFO] [stdout] error: linking with `cc` failed: exit status: 1
[INFO] [stdout]   |
[INFO] [stdout]   = note: LC_ALL="C" PATH="/opt/rustwide/rustup-home/toolchains/beta-2023-04-20-x86_64-unknown-linux-gnu/lib/rustlib/x86_64-unknown-linux-gnu/bin:/opt/rustwide/cargo-home/bin:/usr/local/sbin:/usr/local/bin:/usr/sbin:/usr/bin:/sbin:/bin" VSLANG="1033" "cc" "-m64" "/tmp/rustclO5Ni0/symbols.o" "/tmp/rustdoctestNxQivA/rust_out.rust_out.c38b68ff-cgu.0.rcgu.o" "/tmp/rustdoctestNxQivA/rust_out.38a7fyhsvjn6z0qy.rcgu.o" "-Wl,--as-needed" "-L" "/opt/rustwide/target/debug/deps" "-L" "/opt/rustwide/target/debug/deps" "-L" "/opt/rustwide/rustup-home/toolchains/beta-2023-04-20-x86_64-unknown-linux-gnu/lib/rustlib/x86_64-unknown-linux-gnu/lib" "-Wl,-Bstatic" "/opt/rustwide/target/debug/deps/libcargo_toml_builder-1c1c024d96e9f616.rlib" "/opt/rustwide/target/debug/deps/libtoml_edit-3c5d91c3b0773233.rlib" "/opt/rustwide/target/debug/deps/liblinked_hash_map-7399290165bf36d1.rlib" "/opt/rustwide/target/debug/deps/libchrono-b81622da92196194.rlib" "/opt/rustwide/target/debug/deps/libiana_time_zone-29119b9b08c3b17e.rlib" "/opt/rustwide/target/debug/deps/libnum_integer-3ba3560339fcf9fe.rlib" "/opt/rustwide/target/debug/deps/libnum_traits-368984609aea6d60.rlib" "/opt/rustwide/target/debug/deps/libtime-3487bd5840a6d6d7.rlib" "/opt/rustwide/target/debug/deps/liblibc-437468c9c78eaf61.rlib" "/opt/rustwide/target/debug/deps/libcombine-8be649684f274f8e.rlib" "/opt/rustwide/target/debug/deps/libascii-c384846790890ed3.rlib" "/opt/rustwide/target/debug/deps/libunreachable-7f6700463b97da45.rlib" "/opt/rustwide/target/debug/deps/libvoid-8ddff08a32a4354c.rlib" "/opt/rustwide/target/debug/deps/libmemchr-88030d6069b0fbbd.rlib" "/opt/rustwide/target/debug/deps/libeither-5c25f04be8f4efce.rlib" "/opt/rustwide/target/debug/deps/libbyteorder-61c6142c807e5216.rlib" "/opt/rustwide/rustup-home/toolchains/beta-2023-04-20-x86_64-unknown-linux-gnu/lib/rustlib/x86_64-unknown-linux-gnu/lib/libstd-0e29cc23c5e02021.rlib" "/opt/rustwide/rustup-home/toolchains/beta-2023-04-20-x86_64-unknown-linux-gnu/lib/rustlib/x86_64-unknown-linux-gnu/lib/libpanic_unwind-d903621768a861d9.rlib" "/opt/rustwide/rustup-home/toolchains/beta-2023-04-20-x86_64-unknown-linux-gnu/lib/rustlib/x86_64-unknown-linux-gnu/lib/libobject-6d0225e655f31c13.rlib" "/opt/rustwide/rustup-home/toolchains/beta-2023-04-20-x86_64-unknown-linux-gnu/lib/rustlib/x86_64-unknown-linux-gnu/lib/libmemchr-9dbaf4eac7eaa079.rlib" "/opt/rustwide/rustup-home/toolchains/beta-2023-04-20-x86_64-unknown-linux-gnu/lib/rustlib/x86_64-unknown-linux-gnu/lib/libaddr2line-27f05b3d42a66dd0.rlib" "/opt/rustwide/rustup-home/toolchains/beta-2023-04-20-x86_64-unknown-linux-gnu/lib/rustlib/x86_64-unknown-linux-gnu/lib/libgimli-4d73f1030321c9a2.rlib" "/opt/rustwide/rustup-home/toolchains/beta-2023-04-20-x86_64-unknown-linux-gnu/lib/rustlib/x86_64-unknown-linux-gnu/lib/librustc_demangle-2846c9e58abd0acb.rlib" "/opt/rustwide/rustup-home/toolchains/beta-2023-04-20-x86_64-unknown-linux-gnu/lib/rustlib/x86_64-unknown-linux-gnu/lib/libstd_detect-a53d0f50415947be.rlib" "/opt/rustwide/rustup-home/toolchains/beta-2023-04-20-x86_64-unknown-linux-gnu/lib/rustlib/x86_64-unknown-linux-gnu/lib/libhashbrown-d48e4b6abc25b9dc.rlib" "/opt/rustwide/rustup-home/toolchains/beta-2023-04-20-x86_64-unknown-linux-gnu/lib/rustlib/x86_64-unknown-linux-gnu/lib/libminiz_oxide-2991859439ef1207.rlib" "/opt/rustwide/rustup-home/toolchains/beta-2023-04-20-x86_64-unknown-linux-gnu/lib/rustlib/x86_64-unknown-linux-gnu/lib/libadler-8a687517e4221bae.rlib" "/opt/rustwide/rustup-home/toolchains/beta-2023-04-20-x86_64-unknown-linux-gnu/lib/rustlib/x86_64-unknown-linux-gnu/lib/librustc_std_workspace_alloc-e07b554f6a67f5b3.rlib" "/opt/rustwide/rustup-home/toolchains/beta-2023-04-20-x86_64-unknown-linux-gnu/lib/rustlib/x86_64-unknown-linux-gnu/lib/libunwind-b68238b7c3c619dd.rlib" "/opt/rustwide/rustup-home/toolchains/beta-2023-04-20-x86_64-unknown-linux-gnu/lib/rustlib/x86_64-unknown-linux-gnu/lib/libcfg_if-d5e213e896c017e4.rlib" "/opt/rustwide/rustup-home/toolchains/beta-2023-04-20-x86_64-unknown-linux-gnu/lib/rustlib/x86_64-unknown-linux-gnu/lib/liblibc-0211a3b2e61d8689.rlib" "/opt/rustwide/rustup-home/toolchains/beta-2023-04-20-x86_64-unknown-linux-gnu/lib/rustlib/x86_64-unknown-linux-gnu/lib/liballoc-b371f055239ba51f.rlib" "/opt/rustwide/rustup-home/toolchains/beta-2023-04-20-x86_64-unknown-linux-gnu/lib/rustlib/x86_64-unknown-linux-gnu/lib/librustc_std_workspace_core-e60518d2760eb01e.rlib" "/opt/rustwide/rustup-home/toolchains/beta-2023-04-20-x86_64-unknown-linux-gnu/lib/rustlib/x86_64-unknown-linux-gnu/lib/libcore-1ad943f92a4b1081.rlib" "/opt/rustwide/rustup-home/toolchains/beta-2023-04-20-x86_64-unknown-linux-gnu/lib/rustlib/x86_64-unknown-linux-gnu/lib/libcompiler_builtins-f0d6e4d0fc1e80b4.rlib" "-Wl,-Bdynamic" "-lgcc_s" "-lutil" "-lrt" "-lpthread" "-lm" "-ldl" "-lc" "-Wl,--eh-frame-hdr" "-Wl,-z,noexecstack" "-L" "/opt/rustwide/rustup-home/toolchains/beta-2023-04-20-x86_64-unknown-linux-gnu/lib/rustlib/x86_64-unknown-linux-gnu/lib" "-o" "/tmp/rustdoctestNxQivA/rust_out" "-Wl,--gc-sections" "-pie" "-Wl,-z,relro,-z,now" "-nodefaultlibs"
[INFO] [stdout]   = note: collect2: fatal error: ld terminated with signal 9 [Killed]
[INFO] [stdout]           compilation terminated.
[INFO] [stdout]           
[INFO] [stdout] 
[INFO] [stdout] error: aborting due to previous error
[INFO] [stdout] 
[INFO] [stdout] Couldn't compile the test.
[INFO] [stdout] ---- src/lib.rs - CargoToml::examples (line 2100) stdout ----
[INFO] [stdout] error: linking with `cc` failed: exit status: 1
[INFO] [stdout]   |
[INFO] [stdout]   = note: LC_ALL="C" PATH="/opt/rustwide/rustup-home/toolchains/beta-2023-04-20-x86_64-unknown-linux-gnu/lib/rustlib/x86_64-unknown-linux-gnu/bin:/opt/rustwide/cargo-home/bin:/usr/local/sbin:/usr/local/bin:/usr/sbin:/usr/bin:/sbin:/bin" VSLANG="1033" "cc" "-m64" "/tmp/rustcjS9rXH/symbols.o" "/tmp/rustdoctestx75V1B/rust_out.rust_out.c38b68ff-cgu.0.rcgu.o" "/tmp/rustdoctestx75V1B/rust_out.38a7fyhsvjn6z0qy.rcgu.o" "-Wl,--as-needed" "-L" "/opt/rustwide/target/debug/deps" "-L" "/opt/rustwide/target/debug/deps" "-L" "/opt/rustwide/rustup-home/toolchains/beta-2023-04-20-x86_64-unknown-linux-gnu/lib/rustlib/x86_64-unknown-linux-gnu/lib" "-Wl,-Bstatic" "/opt/rustwide/target/debug/deps/libcargo_toml_builder-1c1c024d96e9f616.rlib" "/opt/rustwide/target/debug/deps/libtoml_edit-3c5d91c3b0773233.rlib" "/opt/rustwide/target/debug/deps/liblinked_hash_map-7399290165bf36d1.rlib" "/opt/rustwide/target/debug/deps/libchrono-b81622da92196194.rlib" "/opt/rustwide/target/debug/deps/libiana_time_zone-29119b9b08c3b17e.rlib" "/opt/rustwide/target/debug/deps/libnum_integer-3ba3560339fcf9fe.rlib" "/opt/rustwide/target/debug/deps/libnum_traits-368984609aea6d60.rlib" "/opt/rustwide/target/debug/deps/libtime-3487bd5840a6d6d7.rlib" "/opt/rustwide/target/debug/deps/liblibc-437468c9c78eaf61.rlib" "/opt/rustwide/target/debug/deps/libcombine-8be649684f274f8e.rlib" "/opt/rustwide/target/debug/deps/libascii-c384846790890ed3.rlib" "/opt/rustwide/target/debug/deps/libunreachable-7f6700463b97da45.rlib" "/opt/rustwide/target/debug/deps/libvoid-8ddff08a32a4354c.rlib" "/opt/rustwide/target/debug/deps/libmemchr-88030d6069b0fbbd.rlib" "/opt/rustwide/target/debug/deps/libeither-5c25f04be8f4efce.rlib" "/opt/rustwide/target/debug/deps/libbyteorder-61c6142c807e5216.rlib" "/opt/rustwide/rustup-home/toolchains/beta-2023-04-20-x86_64-unknown-linux-gnu/lib/rustlib/x86_64-unknown-linux-gnu/lib/libstd-0e29cc23c5e02021.rlib" "/opt/rustwide/rustup-home/toolchains/beta-2023-04-20-x86_64-unknown-linux-gnu/lib/rustlib/x86_64-unknown-linux-gnu/lib/libpanic_unwind-d903621768a861d9.rlib" "/opt/rustwide/rustup-home/toolchains/beta-2023-04-20-x86_64-unknown-linux-gnu/lib/rustlib/x86_64-unknown-linux-gnu/lib/libobject-6d0225e655f31c13.rlib" "/opt/rustwide/rustup-home/toolchains/beta-2023-04-20-x86_64-unknown-linux-gnu/lib/rustlib/x86_64-unknown-linux-gnu/lib/libmemchr-9dbaf4eac7eaa079.rlib" "/opt/rustwide/rustup-home/toolchains/beta-2023-04-20-x86_64-unknown-linux-gnu/lib/rustlib/x86_64-unknown-linux-gnu/lib/libaddr2line-27f05b3d42a66dd0.rlib" "/opt/rustwide/rustup-home/toolchains/beta-2023-04-20-x86_64-unknown-linux-gnu/lib/rustlib/x86_64-unknown-linux-gnu/lib/libgimli-4d73f1030321c9a2.rlib" "/opt/rustwide/rustup-home/toolchains/beta-2023-04-20-x86_64-unknown-linux-gnu/lib/rustlib/x86_64-unknown-linux-gnu/lib/librustc_demangle-2846c9e58abd0acb.rlib" "/opt/rustwide/rustup-home/toolchains/beta-2023-04-20-x86_64-unknown-linux-gnu/lib/rustlib/x86_64-unknown-linux-gnu/lib/libstd_detect-a53d0f50415947be.rlib" "/opt/rustwide/rustup-home/toolchains/beta-2023-04-20-x86_64-unknown-linux-gnu/lib/rustlib/x86_64-unknown-linux-gnu/lib/libhashbrown-d48e4b6abc25b9dc.rlib" "/opt/rustwide/rustup-home/toolchains/beta-2023-04-20-x86_64-unknown-linux-gnu/lib/rustlib/x86_64-unknown-linux-gnu/lib/libminiz_oxide-2991859439ef1207.rlib" "/opt/rustwide/rustup-home/toolchains/beta-2023-04-20-x86_64-unknown-linux-gnu/lib/rustlib/x86_64-unknown-linux-gnu/lib/libadler-8a687517e4221bae.rlib" "/opt/rustwide/rustup-home/toolchains/beta-2023-04-20-x86_64-unknown-linux-gnu/lib/rustlib/x86_64-unknown-linux-gnu/lib/librustc_std_workspace_alloc-e07b554f6a67f5b3.rlib" "/opt/rustwide/rustup-home/toolchains/beta-2023-04-20-x86_64-unknown-linux-gnu/lib/rustlib/x86_64-unknown-linux-gnu/lib/libunwind-b68238b7c3c619dd.rlib" "/opt/rustwide/rustup-home/toolchains/beta-2023-04-20-x86_64-unknown-linux-gnu/lib/rustlib/x86_64-unknown-linux-gnu/lib/libcfg_if-d5e213e896c017e4.rlib" "/opt/rustwide/rustup-home/toolchains/beta-2023-04-20-x86_64-unknown-linux-gnu/lib/rustlib/x86_64-unknown-linux-gnu/lib/liblibc-0211a3b2e61d8689.rlib" "/opt/rustwide/rustup-home/toolchains/beta-2023-04-20-x86_64-unknown-linux-gnu/lib/rustlib/x86_64-unknown-linux-gnu/lib/liballoc-b371f055239ba51f.rlib" "/opt/rustwide/rustup-home/toolchains/beta-2023-04-20-x86_64-unknown-linux-gnu/lib/rustlib/x86_64-unknown-linux-gnu/lib/librustc_std_workspace_core-e60518d2760eb01e.rlib" "/opt/rustwide/rustup-home/toolchains/beta-2023-04-20-x86_64-unknown-linux-gnu/lib/rustlib/x86_64-unknown-linux-gnu/lib/libcore-1ad943f92a4b1081.rlib" "/opt/rustwide/rustup-home/toolchains/beta-2023-04-20-x86_64-unknown-linux-gnu/lib/rustlib/x86_64-unknown-linux-gnu/lib/libcompiler_builtins-f0d6e4d0fc1e80b4.rlib" "-Wl,-Bdynamic" "-lgcc_s" "-lutil" "-lrt" "-lpthread" "-lm" "-ldl" "-lc" "-Wl,--eh-frame-hdr" "-Wl,-z,noexecstack" "-L" "/opt/rustwide/rustup-home/toolchains/beta-2023-04-20-x86_64-unknown-linux-gnu/lib/rustlib/x86_64-unknown-linux-gnu/lib" "-o" "/tmp/rustdoctestx75V1B/rust_out" "-Wl,--gc-sections" "-pie" "-Wl,-z,relro,-z,now" "-nodefaultlibs"
[INFO] [stdout]   = note: collect2: fatal error: ld terminated with signal 9 [Killed]
[INFO] [stdout]           compilation terminated.
[INFO] [stdout]           
[INFO] [stdout] 
[INFO] [stdout] error: aborting due to previous error
[INFO] [stdout] 
[INFO] [stdout] Couldn't compile the test.
[INFO] [stdout] ---- src/lib.rs - CargoToml::description (line 585) stdout ----
[INFO] [stdout] error: linking with `cc` failed: exit status: 1
[INFO] [stdout]   |
[INFO] [stdout]   = note: LC_ALL="C" PATH="/opt/rustwide/rustup-home/toolchains/beta-2023-04-20-x86_64-unknown-linux-gnu/lib/rustlib/x86_64-unknown-linux-gnu/bin:/opt/rustwide/cargo-home/bin:/usr/local/sbin:/usr/local/bin:/usr/sbin:/usr/bin:/sbin:/bin" VSLANG="1033" "cc" "-m64" "/tmp/rustcIJiPZZ/symbols.o" "/tmp/rustdoctestnZUHDt/rust_out.rust_out.c38b68ff-cgu.0.rcgu.o" "/tmp/rustdoctestnZUHDt/rust_out.38a7fyhsvjn6z0qy.rcgu.o" "-Wl,--as-needed" "-L" "/opt/rustwide/target/debug/deps" "-L" "/opt/rustwide/target/debug/deps" "-L" "/opt/rustwide/rustup-home/toolchains/beta-2023-04-20-x86_64-unknown-linux-gnu/lib/rustlib/x86_64-unknown-linux-gnu/lib" "-Wl,-Bstatic" "/opt/rustwide/target/debug/deps/libcargo_toml_builder-1c1c024d96e9f616.rlib" "/opt/rustwide/target/debug/deps/libtoml_edit-3c5d91c3b0773233.rlib" "/opt/rustwide/target/debug/deps/liblinked_hash_map-7399290165bf36d1.rlib" "/opt/rustwide/target/debug/deps/libchrono-b81622da92196194.rlib" "/opt/rustwide/target/debug/deps/libiana_time_zone-29119b9b08c3b17e.rlib" "/opt/rustwide/target/debug/deps/libnum_integer-3ba3560339fcf9fe.rlib" "/opt/rustwide/target/debug/deps/libnum_traits-368984609aea6d60.rlib" "/opt/rustwide/target/debug/deps/libtime-3487bd5840a6d6d7.rlib" "/opt/rustwide/target/debug/deps/liblibc-437468c9c78eaf61.rlib" "/opt/rustwide/target/debug/deps/libcombine-8be649684f274f8e.rlib" "/opt/rustwide/target/debug/deps/libascii-c384846790890ed3.rlib" "/opt/rustwide/target/debug/deps/libunreachable-7f6700463b97da45.rlib" "/opt/rustwide/target/debug/deps/libvoid-8ddff08a32a4354c.rlib" "/opt/rustwide/target/debug/deps/libmemchr-88030d6069b0fbbd.rlib" "/opt/rustwide/target/debug/deps/libeither-5c25f04be8f4efce.rlib" "/opt/rustwide/target/debug/deps/libbyteorder-61c6142c807e5216.rlib" "/opt/rustwide/rustup-home/toolchains/beta-2023-04-20-x86_64-unknown-linux-gnu/lib/rustlib/x86_64-unknown-linux-gnu/lib/libstd-0e29cc23c5e02021.rlib" "/opt/rustwide/rustup-home/toolchains/beta-2023-04-20-x86_64-unknown-linux-gnu/lib/rustlib/x86_64-unknown-linux-gnu/lib/libpanic_unwind-d903621768a861d9.rlib" "/opt/rustwide/rustup-home/toolchains/beta-2023-04-20-x86_64-unknown-linux-gnu/lib/rustlib/x86_64-unknown-linux-gnu/lib/libobject-6d0225e655f31c13.rlib" "/opt/rustwide/rustup-home/toolchains/beta-2023-04-20-x86_64-unknown-linux-gnu/lib/rustlib/x86_64-unknown-linux-gnu/lib/libmemchr-9dbaf4eac7eaa079.rlib" "/opt/rustwide/rustup-home/toolchains/beta-2023-04-20-x86_64-unknown-linux-gnu/lib/rustlib/x86_64-unknown-linux-gnu/lib/libaddr2line-27f05b3d42a66dd0.rlib" "/opt/rustwide/rustup-home/toolchains/beta-2023-04-20-x86_64-unknown-linux-gnu/lib/rustlib/x86_64-unknown-linux-gnu/lib/libgimli-4d73f1030321c9a2.rlib" "/opt/rustwide/rustup-home/toolchains/beta-2023-04-20-x86_64-unknown-linux-gnu/lib/rustlib/x86_64-unknown-linux-gnu/lib/librustc_demangle-2846c9e58abd0acb.rlib" "/opt/rustwide/rustup-home/toolchains/beta-2023-04-20-x86_64-unknown-linux-gnu/lib/rustlib/x86_64-unknown-linux-gnu/lib/libstd_detect-a53d0f50415947be.rlib" "/opt/rustwide/rustup-home/toolchains/beta-2023-04-20-x86_64-unknown-linux-gnu/lib/rustlib/x86_64-unknown-linux-gnu/lib/libhashbrown-d48e4b6abc25b9dc.rlib" "/opt/rustwide/rustup-home/toolchains/beta-2023-04-20-x86_64-unknown-linux-gnu/lib/rustlib/x86_64-unknown-linux-gnu/lib/libminiz_oxide-2991859439ef1207.rlib" "/opt/rustwide/rustup-home/toolchains/beta-2023-04-20-x86_64-unknown-linux-gnu/lib/rustlib/x86_64-unknown-linux-gnu/lib/libadler-8a687517e4221bae.rlib" "/opt/rustwide/rustup-home/toolchains/beta-2023-04-20-x86_64-unknown-linux-gnu/lib/rustlib/x86_64-unknown-linux-gnu/lib/librustc_std_workspace_alloc-e07b554f6a67f5b3.rlib" "/opt/rustwide/rustup-home/toolchains/beta-2023-04-20-x86_64-unknown-linux-gnu/lib/rustlib/x86_64-unknown-linux-gnu/lib/libunwind-b68238b7c3c619dd.rlib" "/opt/rustwide/rustup-home/toolchains/beta-2023-04-20-x86_64-unknown-linux-gnu/lib/rustlib/x86_64-unknown-linux-gnu/lib/libcfg_if-d5e213e896c017e4.rlib" "/opt/rustwide/rustup-home/toolchains/beta-2023-04-20-x86_64-unknown-linux-gnu/lib/rustlib/x86_64-unknown-linux-gnu/lib/liblibc-0211a3b2e61d8689.rlib" "/opt/rustwide/rustup-home/toolchains/beta-2023-04-20-x86_64-unknown-linux-gnu/lib/rustlib/x86_64-unknown-linux-gnu/lib/liballoc-b371f055239ba51f.rlib" "/opt/rustwide/rustup-home/toolchains/beta-2023-04-20-x86_64-unknown-linux-gnu/lib/rustlib/x86_64-unknown-linux-gnu/lib/librustc_std_workspace_core-e60518d2760eb01e.rlib" "/opt/rustwide/rustup-home/toolchains/beta-2023-04-20-x86_64-unknown-linux-gnu/lib/rustlib/x86_64-unknown-linux-gnu/lib/libcore-1ad943f92a4b1081.rlib" "/opt/rustwide/rustup-home/toolchains/beta-2023-04-20-x86_64-unknown-linux-gnu/lib/rustlib/x86_64-unknown-linux-gnu/lib/libcompiler_builtins-f0d6e4d0fc1e80b4.rlib" "-Wl,-Bdynamic" "-lgcc_s" "-lutil" "-lrt" "-lpthread" "-lm" "-ldl" "-lc" "-Wl,--eh-frame-hdr" "-Wl,-z,noexecstack" "-L" "/opt/rustwide/rustup-home/toolchains/beta-2023-04-20-x86_64-unknown-linux-gnu/lib/rustlib/x86_64-unknown-linux-gnu/lib" "-o" "/tmp/rustdoctestnZUHDt/rust_out" "-Wl,--gc-sections" "-pie" "-Wl,-z,relro,-z,now" "-nodefaultlibs"
[INFO] [stdout]   = note: collect2: fatal error: ld terminated with signal 9 [Killed]
[INFO] [stdout]           compilation terminated.
[INFO] [stdout]           
[INFO] [stdout] 
[INFO] [stdout] error: aborting due to previous error
[INFO] [stdout] 
[INFO] [stdout] Couldn't compile the test.
[INFO] [stdout] 
[INFO] [stdout] failures:
[INFO] [stdout]     src/lib.rs - (line 7)
[INFO] [stdout]     src/lib.rs - CargoToml::build (line 2261)
[INFO] [stdout]     src/lib.rs - CargoToml::build_dependencies (line 1394)
[INFO] [stdout]     src/lib.rs - CargoToml::description (line 585)
[INFO] [stdout]     src/lib.rs - CargoToml::examples (line 2100)
[INFO] [stdout] 
[INFO] [stdout] test result: FAILED. 72 passed; 5 failed; 0 ignored; 0 measured; 0 filtered out; finished in 25.62s
[INFO] [stdout] 
[INFO] running `Command { std: "docker" "inspect" "2bf453b1c9239d592384e4b81b0c8630552c6810104a6b89272d34d62101be14", kill_on_drop: false }`
[INFO] running `Command { std: "docker" "rm" "-f" "2bf453b1c9239d592384e4b81b0c8630552c6810104a6b89272d34d62101be14", kill_on_drop: false }`
[INFO] [stdout] 2bf453b1c9239d592384e4b81b0c8630552c6810104a6b89272d34d62101be14
