[INFO] fetching crate cargo-tarpaulin 0.25.2...
[INFO] testing cargo-tarpaulin-0.25.2 against beta-2023-04-20 for beta-1.70-1
[INFO] extracting crate cargo-tarpaulin 0.25.2 into /workspace/builds/worker-2-tc2/source
[INFO] validating manifest of crates.io crate cargo-tarpaulin 0.25.2 on toolchain beta-2023-04-20
[INFO] running `Command { std: CARGO_HOME="/workspace/cargo-home" RUSTUP_HOME="/workspace/rustup-home" "/workspace/cargo-home/bin/cargo" "+beta-2023-04-20" "metadata" "--manifest-path" "Cargo.toml" "--no-deps", kill_on_drop: false }`
[INFO] started tweaking crates.io crate cargo-tarpaulin 0.25.2
[INFO] removed 0 missing tests
[INFO] finished tweaking crates.io crate cargo-tarpaulin 0.25.2
[INFO] tweaked toml for crates.io crate cargo-tarpaulin 0.25.2 written to /workspace/builds/worker-2-tc2/source/Cargo.toml
[INFO] crate crates.io crate cargo-tarpaulin 0.25.2 already has a lockfile, it will not be regenerated
[INFO] running `Command { std: CARGO_HOME="/workspace/cargo-home" RUSTUP_HOME="/workspace/rustup-home" "/workspace/cargo-home/bin/cargo" "+beta-2023-04-20" "fetch" "--manifest-path" "Cargo.toml", kill_on_drop: false }`
[INFO] [stderr]     Blocking waiting for file lock on package cache
[INFO] [stderr]     Updating crates.io index
[INFO] [stderr]     Blocking waiting for file lock on package cache
[INFO] [stderr]  Downloading crates ...
[INFO] [stderr]   Downloaded humantime-serde v1.1.1
[INFO] [stderr]   Downloaded syn v2.0.4
[INFO] [stderr]   Downloaded indexmap v1.8.2
[INFO] [stderr]   Downloaded quick-xml v0.28.1
[INFO] [stderr]   Downloaded curl v0.4.44
[INFO] [stderr]   Downloaded tracing-subscriber v0.2.25
[INFO] [stderr]   Downloaded gzip-header v0.3.0
[INFO] [stderr]   Downloaded iana-time-zone v0.1.46
[INFO] [stderr]   Downloaded once_cell v1.13.1
[INFO] [stderr]   Downloaded git2 v0.17.0
[INFO] [stderr]   Downloaded wait-timeout v0.2.0
[INFO] [stderr]   Downloaded semver v1.0.13
[INFO] [stderr]   Downloaded matchers v0.0.1
[INFO] [stderr]   Downloaded object v0.26.2
[INFO] [stderr]   Downloaded leb128 v0.2.5
[INFO] [stderr]   Downloaded rusty-fork v0.3.0
[INFO] [stderr]   Downloaded coveralls-api v0.5.0
[INFO] [stderr]   Downloaded llvm_profparser v0.3.3
[INFO] [stderr]   Downloaded procfs v0.15.1
[INFO] [stderr]   Downloaded libssh2-sys v0.3.0
[INFO] [stderr]   Downloaded lcov v0.8.1
[INFO] [stderr]   Downloaded libgit2-sys v0.15.0+1.6.3
[INFO] [stderr]   Downloaded curl-sys v0.4.56+curl-7.83.1
[INFO] [stderr]   Downloaded openssl-src v111.25.0+1.1.1t
[INFO] running `Command { std: "docker" "create" "-v" "/var/lib/crater-agent-workspace/builds/worker-2-tc2/target:/opt/rustwide/target:rw,Z" "-v" "/var/lib/crater-agent-workspace/builds/worker-2-tc2/source:/opt/rustwide/workdir:ro,Z" "-v" "/var/lib/crater-agent-workspace/cargo-home:/opt/rustwide/cargo-home:ro,Z" "-v" "/var/lib/crater-agent-workspace/rustup-home:/opt/rustwide/rustup-home:ro,Z" "-e" "SOURCE_DIR=/opt/rustwide/workdir" "-e" "CARGO_TARGET_DIR=/opt/rustwide/target" "-e" "CARGO_HOME=/opt/rustwide/cargo-home" "-e" "RUSTUP_HOME=/opt/rustwide/rustup-home" "-w" "/opt/rustwide/workdir" "-m" "1610612736" "--user" "0:0" "--network" "none" "ghcr.io/rust-lang/crates-build-env/linux@sha256:5ff2268d62e97bff2cde7d5815dd6ed5b47097566f13b8d0ca110b04b60e07ed" "/opt/rustwide/cargo-home/bin/cargo" "+beta-2023-04-20" "metadata" "--no-deps" "--format-version=1", kill_on_drop: false }`
[INFO] [stdout] 5300de31cc10eed7a93b2422c28f9b427a034092f513d9ef090fda9d247d4d4b
[INFO] running `Command { std: "docker" "start" "-a" "5300de31cc10eed7a93b2422c28f9b427a034092f513d9ef090fda9d247d4d4b", kill_on_drop: false }`
[INFO] running `Command { std: "docker" "inspect" "5300de31cc10eed7a93b2422c28f9b427a034092f513d9ef090fda9d247d4d4b", kill_on_drop: false }`
[INFO] running `Command { std: "docker" "rm" "-f" "5300de31cc10eed7a93b2422c28f9b427a034092f513d9ef090fda9d247d4d4b", kill_on_drop: false }`
[INFO] [stdout] 5300de31cc10eed7a93b2422c28f9b427a034092f513d9ef090fda9d247d4d4b
[INFO] running `Command { std: "docker" "create" "-v" "/var/lib/crater-agent-workspace/builds/worker-2-tc2/target:/opt/rustwide/target:rw,Z" "-v" "/var/lib/crater-agent-workspace/builds/worker-2-tc2/source:/opt/rustwide/workdir:ro,Z" "-v" "/var/lib/crater-agent-workspace/cargo-home:/opt/rustwide/cargo-home:ro,Z" "-v" "/var/lib/crater-agent-workspace/rustup-home:/opt/rustwide/rustup-home:ro,Z" "-e" "SOURCE_DIR=/opt/rustwide/workdir" "-e" "CARGO_TARGET_DIR=/opt/rustwide/target" "-e" "CARGO_INCREMENTAL=0" "-e" "RUST_BACKTRACE=full" "-e" "RUSTFLAGS=--cap-lints=warn" "-e" "RUSTDOCFLAGS=--cap-lints=warn" "-e" "CARGO_HOME=/opt/rustwide/cargo-home" "-e" "RUSTUP_HOME=/opt/rustwide/rustup-home" "-w" "/opt/rustwide/workdir" "-m" "1610612736" "--user" "0:0" "--network" "none" "ghcr.io/rust-lang/crates-build-env/linux@sha256:5ff2268d62e97bff2cde7d5815dd6ed5b47097566f13b8d0ca110b04b60e07ed" "/opt/rustwide/cargo-home/bin/cargo" "+beta-2023-04-20" "build" "--frozen" "--message-format=json", kill_on_drop: false }`
[INFO] [stdout] 34f7498e90c655f773bd78f7ff4278a88d36f5108b2ec13845503613fcf00392
[INFO] running `Command { std: "docker" "start" "-a" "34f7498e90c655f773bd78f7ff4278a88d36f5108b2ec13845503613fcf00392", kill_on_drop: false }`
[INFO] [stderr]     Blocking waiting for file lock on package cache
[INFO] [stderr]    Compiling libc v0.2.137
[INFO] [stderr]    Compiling proc-macro2 v1.0.56
[INFO] [stderr]    Compiling quote v1.0.26
[INFO] [stderr]    Compiling unicode-ident v1.0.3
[INFO] [stderr]    Compiling serde_derive v1.0.159
[INFO] [stderr]    Compiling serde v1.0.159
[INFO] [stderr]    Compiling memchr v2.5.0
[INFO] [stderr]    Compiling crc32fast v1.3.2
[INFO] [stderr]    Compiling syn v1.0.109
[INFO] [stderr]    Compiling once_cell v1.13.1
[INFO] [stderr]    Compiling adler v1.0.2
[INFO] [stderr]    Compiling semver v1.0.13
[INFO] [stderr]    Compiling tinyvec_macros v0.1.0
[INFO] [stderr]    Compiling indexmap v1.8.2
[INFO] [stderr]    Compiling matches v0.1.9
[INFO] [stderr]    Compiling serde_json v1.0.95
[INFO] [stderr]    Compiling regex-syntax v0.6.29
[INFO] [stderr]    Compiling io-lifetimes v1.0.3
[INFO] [stderr]    Compiling miniz_oxide v0.5.3
[INFO] [stderr]    Compiling tinyvec v1.6.0
[INFO] [stderr]    Compiling tracing-core v0.1.30
[INFO] [stderr]    Compiling camino v1.1.1
[INFO] [stderr]    Compiling openssl-probe v0.1.5
[INFO] [stderr]    Compiling pin-project-lite v0.2.9
[INFO] [stderr]    Compiling iana-time-zone v0.1.46
[INFO] [stderr]    Compiling percent-encoding v2.1.0
[INFO] [stderr]    Compiling anyhow v1.0.65
[INFO] [stderr]    Compiling byteorder v1.4.3
[INFO] [stderr]    Compiling hashbrown v0.11.2
[INFO] [stderr]    Compiling rustix v0.36.4
[INFO] [stderr]    Compiling unicode-bidi v0.3.8
[INFO] [stderr]    Compiling itoa v1.0.3
[INFO] [stderr]    Compiling flate2 v1.0.24
[INFO] [stderr]    Compiling curl v0.4.44
[INFO] [stderr]    Compiling form_urlencoded v1.0.1
[INFO] [stderr]    Compiling aho-corasick v0.7.18
[INFO] [stderr]    Compiling gzip-header v0.3.0
[INFO] [stderr]    Compiling unicode-normalization v0.1.21
[INFO] [stderr]    Compiling linux-raw-sys v0.1.3
[INFO] [stderr]    Compiling unicode-width v0.1.9
[INFO] [stderr]    Compiling adler32 v1.2.0
[INFO] [stderr]    Compiling llvm_profparser v0.3.3
[INFO] [stderr]    Compiling procfs v0.15.1
[INFO] [stderr]    Compiling syn v2.0.4
[INFO] [stderr]    Compiling md5 v0.7.0
[INFO] [stderr]    Compiling minimal-lexical v0.2.1
[INFO] [stderr]    Compiling deflate v0.8.6
[INFO] [stderr]    Compiling textwrap v0.11.0
[INFO] [stderr]    Compiling idna v0.2.3
[INFO] [stderr]    Compiling nom v7.1.1
[INFO] [stderr]    Compiling object v0.26.2
[INFO] [stderr]    Compiling tracing-log v0.1.3
[INFO] [stderr]    Compiling thread_local v1.1.4
[INFO] [stderr]    Compiling sharded-slab v0.1.4
[INFO] [stderr]    Compiling same-file v1.0.6
[INFO] [stderr]    Compiling url v2.2.2
[INFO] [stderr]    Compiling jobserver v0.1.24
[INFO] [stderr]    Compiling time v0.1.44
[INFO] [stderr]    Compiling socket2 v0.4.4
[INFO] [stderr]    Compiling cc v1.0.73
[INFO] [stderr]    Compiling atty v0.2.14
[INFO] [stderr]    Compiling static_assertions v1.1.0
[INFO] [stderr]    Compiling chrono v0.4.24
[INFO] [stderr]    Compiling smallvec v1.9.0
[INFO] [stderr]    Compiling stable_deref_trait v1.2.0
[INFO] [stderr]    Compiling regex-automata v0.1.10
[INFO] [stderr]    Compiling regex v1.7.3
[INFO] [stderr]    Compiling fallible-iterator v0.2.0
[INFO] [stderr]    Compiling leb128 v0.2.5
[INFO] [stderr]    Compiling humantime v2.1.0
[INFO] [stderr]    Compiling clap v2.34.0
[INFO] [stderr]    Compiling nix v0.26.2
[INFO] [stderr]    Compiling num_cpus v1.15.0
[INFO] [stderr]    Compiling walkdir v2.3.3
[INFO] [stderr]    Compiling object v0.30.3
[INFO] [stderr]    Compiling quick-xml v0.28.1
[INFO] [stderr]    Compiling matchers v0.0.1
[INFO] [stderr]    Compiling glob v0.3.1
[INFO] [stderr]    Compiling openssl-sys v0.9.75
[INFO] [stderr]    Compiling libz-sys v1.1.8
[INFO] [stderr]    Compiling curl-sys v0.4.56+curl-7.83.1
[INFO] [stderr]    Compiling libssh2-sys v0.3.0
[INFO] [stderr]    Compiling libgit2-sys v0.15.0+1.6.3
[INFO] [stderr]    Compiling rustc-demangle v0.1.22
[INFO] [stderr]    Compiling thiserror-impl v1.0.32
[INFO] [stderr]    Compiling tracing-attributes v0.1.23
[INFO] [stderr]    Compiling thiserror v1.0.32
[INFO] [stderr]    Compiling tracing v0.1.37
[INFO] [stderr]    Compiling tracing-subscriber v0.2.25
[INFO] [stderr]    Compiling git2 v0.17.0
[INFO] [stderr]    Compiling cargo-platform v0.1.2
[INFO] [stderr]    Compiling humantime-serde v1.1.1
[INFO] [stderr]    Compiling toml v0.5.11
[INFO] [stderr]    Compiling rustc_version v0.4.0
[INFO] [stderr]    Compiling cargo-tarpaulin v0.25.2 (/opt/rustwide/workdir)
[INFO] [stderr]    Compiling gimli v0.27.2
[INFO] [stderr]    Compiling cargo_metadata v0.15.3
[INFO] [stderr]    Compiling coveralls-api v0.5.0
[INFO] [stderr]     Finished dev [unoptimized + debuginfo] target(s) in 1m 23s
[INFO] running `Command { std: "docker" "inspect" "34f7498e90c655f773bd78f7ff4278a88d36f5108b2ec13845503613fcf00392", kill_on_drop: false }`
[INFO] running `Command { std: "docker" "rm" "-f" "34f7498e90c655f773bd78f7ff4278a88d36f5108b2ec13845503613fcf00392", kill_on_drop: false }`
[INFO] [stdout] 34f7498e90c655f773bd78f7ff4278a88d36f5108b2ec13845503613fcf00392
[INFO] running `Command { std: "docker" "create" "-v" "/var/lib/crater-agent-workspace/builds/worker-2-tc2/target:/opt/rustwide/target:rw,Z" "-v" "/var/lib/crater-agent-workspace/builds/worker-2-tc2/source:/opt/rustwide/workdir:ro,Z" "-v" "/var/lib/crater-agent-workspace/cargo-home:/opt/rustwide/cargo-home:ro,Z" "-v" "/var/lib/crater-agent-workspace/rustup-home:/opt/rustwide/rustup-home:ro,Z" "-e" "SOURCE_DIR=/opt/rustwide/workdir" "-e" "CARGO_TARGET_DIR=/opt/rustwide/target" "-e" "CARGO_INCREMENTAL=0" "-e" "RUST_BACKTRACE=full" "-e" "RUSTFLAGS=--cap-lints=warn" "-e" "RUSTDOCFLAGS=--cap-lints=warn" "-e" "CARGO_HOME=/opt/rustwide/cargo-home" "-e" "RUSTUP_HOME=/opt/rustwide/rustup-home" "-w" "/opt/rustwide/workdir" "-m" "1610612736" "--user" "0:0" "--network" "none" "ghcr.io/rust-lang/crates-build-env/linux@sha256:5ff2268d62e97bff2cde7d5815dd6ed5b47097566f13b8d0ca110b04b60e07ed" "/opt/rustwide/cargo-home/bin/cargo" "+beta-2023-04-20" "test" "--frozen" "--no-run" "--message-format=json", kill_on_drop: false }`
[INFO] [stdout] 834e095e46b2695a92cdc0a0c02e665055b74c17e4a65a6fb8c8fdb70b8d7801
[INFO] running `Command { std: "docker" "start" "-a" "834e095e46b2695a92cdc0a0c02e665055b74c17e4a65a6fb8c8fdb70b8d7801", kill_on_drop: false }`
[INFO] [stderr]    Compiling fastrand v1.8.0
[INFO] [stderr]    Compiling remove_dir_all v0.5.3
[INFO] [stderr]    Compiling wait-timeout v0.2.0
[INFO] [stderr]    Compiling quick-error v1.2.3
[INFO] [stderr]    Compiling fnv v1.0.7
[INFO] [stderr]    Compiling lcov v0.8.1
[INFO] [stderr]    Compiling tempfile v3.3.0
[INFO] [stderr]    Compiling rusty-fork v0.3.0
[INFO] [stderr]    Compiling cargo-tarpaulin v0.25.2 (/opt/rustwide/workdir)
[INFO] [stderr]     Finished test [unoptimized + debuginfo] target(s) in 13.18s
[INFO] running `Command { std: "docker" "inspect" "834e095e46b2695a92cdc0a0c02e665055b74c17e4a65a6fb8c8fdb70b8d7801", kill_on_drop: false }`
[INFO] running `Command { std: "docker" "rm" "-f" "834e095e46b2695a92cdc0a0c02e665055b74c17e4a65a6fb8c8fdb70b8d7801", kill_on_drop: false }`
[INFO] [stdout] 834e095e46b2695a92cdc0a0c02e665055b74c17e4a65a6fb8c8fdb70b8d7801
[INFO] running `Command { std: "docker" "create" "-v" "/var/lib/crater-agent-workspace/builds/worker-2-tc2/target:/opt/rustwide/target:rw,Z" "-v" "/var/lib/crater-agent-workspace/builds/worker-2-tc2/source:/opt/rustwide/workdir:ro,Z" "-v" "/var/lib/crater-agent-workspace/cargo-home:/opt/rustwide/cargo-home:ro,Z" "-v" "/var/lib/crater-agent-workspace/rustup-home:/opt/rustwide/rustup-home:ro,Z" "-e" "SOURCE_DIR=/opt/rustwide/workdir" "-e" "CARGO_TARGET_DIR=/opt/rustwide/target" "-e" "CARGO_INCREMENTAL=0" "-e" "RUST_BACKTRACE=full" "-e" "RUSTFLAGS=--cap-lints=warn" "-e" "RUSTDOCFLAGS=--cap-lints=warn" "-e" "CARGO_HOME=/opt/rustwide/cargo-home" "-e" "RUSTUP_HOME=/opt/rustwide/rustup-home" "-w" "/opt/rustwide/workdir" "-m" "1610612736" "--user" "0:0" "--network" "none" "ghcr.io/rust-lang/crates-build-env/linux@sha256:5ff2268d62e97bff2cde7d5815dd6ed5b47097566f13b8d0ca110b04b60e07ed" "/opt/rustwide/cargo-home/bin/cargo" "+beta-2023-04-20" "test" "--frozen", kill_on_drop: false }`
[INFO] [stdout] fad90131235e6459244db833a82ba90c31fb46a4f87deca9f9bd3a346ecc9d29
[INFO] running `Command { std: "docker" "start" "-a" "fad90131235e6459244db833a82ba90c31fb46a4f87deca9f9bd3a346ecc9d29", kill_on_drop: false }`
[INFO] [stderr]     Finished test [unoptimized + debuginfo] target(s) in 0.22s
[INFO] [stderr]      Running unittests src/lib.rs (/opt/rustwide/target/debug/deps/cargo_tarpaulin-8cf2f93b93ec9deb)
[INFO] [stdout] 
[INFO] [stdout] running 79 tests
[INFO] [stdout] test branching::tests::if_elif_else ... ok
[INFO] [stdout] test branching::tests::match_branches ... ok
[INFO] [stdout] test branching::tests::while_branches ... ok
[INFO] [stdout] test branching::tests::if_branches ... ok
[INFO] [stdout] test cargo::tests::llvm_cov_incompatible_version ... ok
[INFO] [stdout] test cargo::tests::llvm_cov_compatible_version ... ok
[INFO] [stdout] test branching::tests::branch_analysis_context ... ok
[INFO] [stdout] test branching::tests::for_branches ... ok
[INFO] [stdout] test cargo::tests::parse_rustflags_from_toml ... ok
[INFO] [stdout] test config::tests::config_toml ... ok
[INFO] [stdout] test config::tests::coveralls_merge ... ok
[INFO] [stdout] test config::tests::relative_path_test ... ok
[INFO] [stdout] test config::tests::all_toml_options ... ok
[INFO] [stdout] test config::tests::features_args ... ok
[INFO] [stdout] test config::tests::packages_merge ... ok
[INFO] [stdout] test cargo::tests::no_duplicate_flags ... ok
[INFO] [stdout] test config::tests::excluded_merge ... ok
[INFO] [stdout] test config::tests::exclude_packages_merge ... ok
[INFO] [stdout] test path_utils::tests::is_hidden_check ... ok
[INFO] [stdout] test path_utils::tests::basic_coverable_checks ... ok
[INFO] [stdout] test path_utils::tests::system_headers_not_coverable ... ok
[INFO] [stdout] test process_handling::tests::check_ld_library_path_correct ... ok
[INFO] [stdout] test config::tests::target_merge ... ok
[INFO] [stdout] test config::tests::rustflags_merge ... ok
[INFO] [stdout] test report::safe_json::tests::test_json_unicode ... ok
[INFO] [stdout] test report::safe_json::tests::test_json_without_html ... ok
[INFO] [stdout] test report::lcov::tests::generate_valid_lcov ... ok
[INFO] [stdout] test report::safe_json::tests::test_json_with_html ... ok
[INFO] [stdout] test config::tests::workspace_merge ... ok
[INFO] [stdout] test source_analysis::tests::cover_generic_impl_methods ... ok
[INFO] [stdout] test source_analysis::tests::filter_block_contents ... ok
[INFO] [stdout] test source_analysis::tests::cover_default_trait_methods ... ok
[INFO] [stdout] test source_analysis::tests::cover_callable_noargs ... ok
[INFO] [stdout] test source_analysis::tests::filter_derives ... ok
[INFO] [stdout] test source_analysis::tests::filter_enum_members ... ok
[INFO] [stdout] test source_analysis::tests::filter_loop_attr ... ok
[INFO] [stdout] test source_analysis::tests::filter_closure_contents ... ok
[INFO] [stdout] test source_analysis::tests::filter_method_args ... ok
[INFO] [stdout] test source_analysis::tests::filter_nonstd_tests ... ok
[INFO] [stdout] test source_analysis::tests::filter_struct_consts ... ok
[INFO] [stdout] test source_analysis::tests::filter_struct_members ... ok
[INFO] [stdout] test source_analysis::tests::filter_nested_blocks ... ok
[INFO] [stdout] test source_analysis::tests::filter_tests ... ok
[INFO] [stdout] test source_analysis::tests::filter_test_utilities ... ok
[INFO] [stdout] test source_analysis::tests::filter_unreachable_unchecked ... ok
[INFO] [stdout] test source_analysis::tests::filter_mods ... ok
[INFO] [stdout] test source_analysis::tests::filter_use_statements ... ok
[INFO] [stdout] test source_analysis::tests::filter_unsafe ... ok
[INFO] [stdout] test source_analysis::tests::include_inline_fns ... ok
[INFO] [stdout] test source_analysis::tests::line_analysis_works ... ok
[INFO] [stdout] test source_analysis::tests::filter_consts ... ok
[INFO] [stdout] test source_analysis::tests::filter_str_literals ... ok
[INFO] [stdout] test source_analysis::tests::filter_multi_line_decls ... ok
[INFO] [stdout] test source_analysis::tests::logical_lines_let_bindings ... ok
[INFO] [stdout] test source_analysis::tests::tarpaulin_skip_trait_attrs ... ok
[INFO] [stdout] test source_analysis::tests::match_pattern_logical_lines ... ok
[INFO] [stdout] test source_analysis::tests::tarpaulin_skip_impl_attrs ... ok
[INFO] [stdout] test source_analysis::tests::unreachable_include_returns ... ok
[INFO] [stdout] test source_analysis::tests::unreachable_include_loops ... ok
[INFO] [stdout] test source_analysis::tests::optional_panic_ignore ... ok
[INFO] [stdout] test traces::tests::merge_address_mismatch_and_dedup ... ok
[INFO] [stdout] test source_analysis::tests::filter_macros ... ok
[INFO] [stdout] test source_analysis::tests::single_line_callables ... ok
[INFO] [stdout] test traces::tests::merge_needed ... ok
[INFO] [stdout] test traces::tests::multiple_traces_per_line ... ok
[INFO] [stdout] test source_analysis::tests::unreachable_propagate ... ok
[INFO] [stdout] test source_analysis::tests::visit_generics ... ok
[INFO] [stdout] test source_analysis::tests::filter_where ... ok
[INFO] [stdout] test traces::tests::no_merge_dedup_needed ... ok
[INFO] [stdout] test traces::tests::stat_addition ... ok
[INFO] [stdout] test source_analysis::tests::tarpaulin_skip_attr ... ok
[INFO] [stdout] test report::cobertura::tests::package_coverage ... ok
[INFO] [stdout] test config::tests::no_exclusions ... ok
[INFO] [stdout] test cargo::tests::check_dead_code_flags ... ok
[INFO] [stdout] test config::tests::exclude_paths_directory_separators ... ok
[INFO] [stdout] test config::tests::exclude_exact_file ... ok
[INFO] [stdout] test config::tests::output_dir_merge ... ok
[INFO] [stdout] test report::coveralls::tests::git_info_correct ... FAILED
[INFO] [stdout] test config::tests::exclude_paths ... ok
[INFO] [stdout] 
[INFO] [stdout] failures:
[INFO] [stdout] 
[INFO] [stdout] ---- report::coveralls::tests::git_info_correct stdout ----
[INFO] [stdout] thread 'report::coveralls::tests::git_info_correct' panicked at 'Unexpected failure to get git info:
[INFO] [stdout] failed to open git repository: /opt/rustwide/workdir: could not find repository from '/opt/rustwide/workdir'; class=Repository (6); code=NotFound (-3)', src/report/coveralls.rs:161:21
[INFO] [stdout] stack backtrace:
[INFO] [stdout]    0:     0x561cbb66828a - std::backtrace_rs::backtrace::libunwind::trace::h2f05d0192276a8f6
[INFO] [stdout]                                at /rustc/1b7dd2252b99671ce5d1cb9664c5f8636329436d/library/std/src/../../backtrace/src/backtrace/libunwind.rs:93:5
[INFO] [stdout]    1:     0x561cbb66828a - std::backtrace_rs::backtrace::trace_unsynchronized::hedc23dff7a1af150
[INFO] [stdout]                                at /rustc/1b7dd2252b99671ce5d1cb9664c5f8636329436d/library/std/src/../../backtrace/src/backtrace/mod.rs:66:5
[INFO] [stdout]    2:     0x561cbb66828a - std::sys_common::backtrace::_print_fmt::h17541ef7592f3ce2
[INFO] [stdout]                                at /rustc/1b7dd2252b99671ce5d1cb9664c5f8636329436d/library/std/src/sys_common/backtrace.rs:65:5
[INFO] [stdout]    3:     0x561cbb66828a - <std::sys_common::backtrace::_print::DisplayBacktrace as core::fmt::Display>::fmt::h20f75df5ab0c0792
[INFO] [stdout]                                at /rustc/1b7dd2252b99671ce5d1cb9664c5f8636329436d/library/std/src/sys_common/backtrace.rs:44:22
[INFO] [stdout]    4:     0x561cbb68dedf - core::fmt::write::h78109e6f466b3af6
[INFO] [stdout]                                at /rustc/1b7dd2252b99671ce5d1cb9664c5f8636329436d/library/core/src/fmt/mod.rs:1254:17
[INFO] [stdout]    5:     0x561cbb664b95 - std::io::Write::write_fmt::hd24bfb68a1b35a25
[INFO] [stdout]                                at /rustc/1b7dd2252b99671ce5d1cb9664c5f8636329436d/library/std/src/io/mod.rs:1698:15
[INFO] [stdout]    6:     0x561cbb668055 - std::sys_common::backtrace::_print::h8dac57a9f8fbf9a5
[INFO] [stdout]                                at /rustc/1b7dd2252b99671ce5d1cb9664c5f8636329436d/library/std/src/sys_common/backtrace.rs:47:5
[INFO] [stdout]    7:     0x561cbb668055 - std::sys_common::backtrace::print::hf9ecbf41d1aa712f
[INFO] [stdout]                                at /rustc/1b7dd2252b99671ce5d1cb9664c5f8636329436d/library/std/src/sys_common/backtrace.rs:34:9
[INFO] [stdout]    8:     0x561cbb669d0e - std::panicking::default_hook::{{closure}}::h04c07acfc84ca028
[INFO] [stdout]                                at /rustc/1b7dd2252b99671ce5d1cb9664c5f8636329436d/library/std/src/panicking.rs:269:22
[INFO] [stdout]    9:     0x561cbb669a41 - std::panicking::default_hook::h01f6bb23e1eceb2c
[INFO] [stdout]                                at /rustc/1b7dd2252b99671ce5d1cb9664c5f8636329436d/library/std/src/panicking.rs:285:9
[INFO] [stdout]   10:     0x561cbb11510b - <alloc::boxed::Box<F,A> as core::ops::function::Fn<Args>>::call::h87fe9f7b2fd49e4c
[INFO] [stdout]                                at /rustc/1b7dd2252b99671ce5d1cb9664c5f8636329436d/library/alloc/src/boxed.rs:1987:9
[INFO] [stdout]   11:     0x561cbb11510b - test::test_main::{{closure}}::he94d679243a7531b
[INFO] [stdout]                                at /rustc/1b7dd2252b99671ce5d1cb9664c5f8636329436d/library/test/src/lib.rs:134:21
[INFO] [stdout]   12:     0x561cbb66a3f4 - <alloc::boxed::Box<F,A> as core::ops::function::Fn<Args>>::call::h3f2d6d8b14c4769f
[INFO] [stdout]                                at /rustc/1b7dd2252b99671ce5d1cb9664c5f8636329436d/library/alloc/src/boxed.rs:1987:9
[INFO] [stdout]   13:     0x561cbb66a3f4 - std::panicking::rust_panic_with_hook::h2bb3722bbaf2f6df
[INFO] [stdout]                                at /rustc/1b7dd2252b99671ce5d1cb9664c5f8636329436d/library/std/src/panicking.rs:695:13
[INFO] [stdout]   14:     0x561cbb66a169 - std::panicking::begin_panic_handler::{{closure}}::h91bc7f36a4be011b
[INFO] [stdout]                                at /rustc/1b7dd2252b99671ce5d1cb9664c5f8636329436d/library/std/src/panicking.rs:582:13
[INFO] [stdout]   15:     0x561cbb6686f6 - std::sys_common::backtrace::__rust_end_short_backtrace::h8b3d3717114f9e59
[INFO] [stdout]                                at /rustc/1b7dd2252b99671ce5d1cb9664c5f8636329436d/library/std/src/sys_common/backtrace.rs:150:18
[INFO] [stdout]   16:     0x561cbb669ec2 - rust_begin_unwind
[INFO] [stdout]                                at /rustc/1b7dd2252b99671ce5d1cb9664c5f8636329436d/library/std/src/panicking.rs:578:5
[INFO] [stdout]   17:     0x561cbae74443 - core::panicking::panic_fmt::hfd368e3fbdabea26
[INFO] [stdout]                                at /rustc/1b7dd2252b99671ce5d1cb9664c5f8636329436d/library/core/src/panicking.rs:67:14
[INFO] [stdout]   18:     0x561cbaf87913 - cargo_tarpaulin::report::coveralls::tests::git_info_correct::h922e661adf3cde31
[INFO] [stdout]                                at /opt/rustwide/workdir/src/report/coveralls.rs:161:21
[INFO] [stdout]   19:     0x561cbaf87667 - cargo_tarpaulin::report::coveralls::tests::git_info_correct::{{closure}}::he69623cda165b939
[INFO] [stdout]                                at /opt/rustwide/workdir/src/report/coveralls.rs:152:27
[INFO] [stdout]   20:     0x561cbaf716b5 - core::ops::function::FnOnce::call_once::hce35a96fb93afa61
[INFO] [stdout]                                at /rustc/1b7dd2252b99671ce5d1cb9664c5f8636329436d/library/core/src/ops/function.rs:250:5
[INFO] [stdout]   21:     0x561cbb119fdf - core::ops::function::FnOnce::call_once::ha6a70e79f7481a7e
[INFO] [stdout]                                at /rustc/1b7dd2252b99671ce5d1cb9664c5f8636329436d/library/core/src/ops/function.rs:250:5
[INFO] [stdout]   22:     0x561cbb119fdf - test::__rust_begin_short_backtrace::hce33033019b61e69
[INFO] [stdout]                                at /rustc/1b7dd2252b99671ce5d1cb9664c5f8636329436d/library/test/src/lib.rs:655:18
[INFO] [stdout]   23:     0x561cbb0e77cc - test::run_test::{{closure}}::h858d3528838ae3e5
[INFO] [stdout]                                at /rustc/1b7dd2252b99671ce5d1cb9664c5f8636329436d/library/test/src/lib.rs:646:30
[INFO] [stdout]   24:     0x561cbb0e77cc - core::ops::function::FnOnce::call_once{{vtable.shim}}::he8ac2b00f01ae79e
[INFO] [stdout]                                at /rustc/1b7dd2252b99671ce5d1cb9664c5f8636329436d/library/core/src/ops/function.rs:250:5
[INFO] [stdout]   25:     0x561cbb1190b6 - <alloc::boxed::Box<F,A> as core::ops::function::FnOnce<Args>>::call_once::h8093d25b522725ef
[INFO] [stdout]                                at /rustc/1b7dd2252b99671ce5d1cb9664c5f8636329436d/library/alloc/src/boxed.rs:1973:9
[INFO] [stdout]   26:     0x561cbb1190b6 - <core::panic::unwind_safe::AssertUnwindSafe<F> as core::ops::function::FnOnce<()>>::call_once::h5c334c204e4a3913
[INFO] [stdout]                                at /rustc/1b7dd2252b99671ce5d1cb9664c5f8636329436d/library/core/src/panic/unwind_safe.rs:271:9
[INFO] [stdout]   27:     0x561cbb1190b6 - std::panicking::try::do_call::ha8b740c7b9478074
[INFO] [stdout]                                at /rustc/1b7dd2252b99671ce5d1cb9664c5f8636329436d/library/std/src/panicking.rs:485:40
[INFO] [stdout]   28:     0x561cbb1190b6 - std::panicking::try::h5d34f63d0e41b64e
[INFO] [stdout]                                at /rustc/1b7dd2252b99671ce5d1cb9664c5f8636329436d/library/std/src/panicking.rs:449:19
[INFO] [stdout]   29:     0x561cbb1190b6 - std::panic::catch_unwind::hcfbb511e1aa7fc67
[INFO] [stdout]                                at /rustc/1b7dd2252b99671ce5d1cb9664c5f8636329436d/library/std/src/panic.rs:140:14
[INFO] [stdout]   30:     0x561cbb1190b6 - test::run_test_in_process::h9abda90f802eaf21
[INFO] [stdout]                                at /rustc/1b7dd2252b99671ce5d1cb9664c5f8636329436d/library/test/src/lib.rs:678:27
[INFO] [stdout]   31:     0x561cbb1190b6 - test::run_test::run_test_inner::{{closure}}::h0f058de91f6c6edf
[INFO] [stdout]                                at /rustc/1b7dd2252b99671ce5d1cb9664c5f8636329436d/library/test/src/lib.rs:572:39
[INFO] [stdout]   32:     0x561cbb0e1fd5 - test::run_test::run_test_inner::{{closure}}::h5ca48a4c59c6c1fb
[INFO] [stdout]                                at /rustc/1b7dd2252b99671ce5d1cb9664c5f8636329436d/library/test/src/lib.rs:599:37
[INFO] [stdout]   33:     0x561cbb0e1fd5 - std::sys_common::backtrace::__rust_begin_short_backtrace::h32bd51e1495d4a33
[INFO] [stdout]                                at /rustc/1b7dd2252b99671ce5d1cb9664c5f8636329436d/library/std/src/sys_common/backtrace.rs:134:18
[INFO] [stdout]   34:     0x561cbb0e7511 - std::thread::Builder::spawn_unchecked_::{{closure}}::{{closure}}::hc086fae9b128b2db
[INFO] [stdout]                                at /rustc/1b7dd2252b99671ce5d1cb9664c5f8636329436d/library/std/src/thread/mod.rs:526:17
[INFO] [stdout]   35:     0x561cbb0e7511 - <core::panic::unwind_safe::AssertUnwindSafe<F> as core::ops::function::FnOnce<()>>::call_once::hb66571888d270d43
[INFO] [stdout]                                at /rustc/1b7dd2252b99671ce5d1cb9664c5f8636329436d/library/core/src/panic/unwind_safe.rs:271:9
[INFO] [stdout]   36:     0x561cbb0e7511 - std::panicking::try::do_call::h4fa2ef4f6e51fecf
[INFO] [stdout]                                at /rustc/1b7dd2252b99671ce5d1cb9664c5f8636329436d/library/std/src/panicking.rs:485:40
[INFO] [stdout]   37:     0x561cbb0e7511 - std::panicking::try::h1e9e22b8584489b5
[INFO] [stdout]                                at /rustc/1b7dd2252b99671ce5d1cb9664c5f8636329436d/library/std/src/panicking.rs:449:19
[INFO] [stdout]   38:     0x561cbb0e7511 - std::panic::catch_unwind::h44698a3de0e0769e
[INFO] [stdout]                                at /rustc/1b7dd2252b99671ce5d1cb9664c5f8636329436d/library/std/src/panic.rs:140:14
[INFO] [stdout]   39:     0x561cbb0e7511 - std::thread::Builder::spawn_unchecked_::{{closure}}::h50153abde3fe239e
[INFO] [stdout]                                at /rustc/1b7dd2252b99671ce5d1cb9664c5f8636329436d/library/std/src/thread/mod.rs:525:30
[INFO] [stdout]   40:     0x561cbb0e7511 - core::ops::function::FnOnce::call_once{{vtable.shim}}::hbe5bbf6f38394364
[INFO] [stdout]                                at /rustc/1b7dd2252b99671ce5d1cb9664c5f8636329436d/library/core/src/ops/function.rs:250:5
[INFO] [stdout]   41:     0x561cbb66ec75 - <alloc::boxed::Box<F,A> as core::ops::function::FnOnce<Args>>::call_once::h0d83cb2920a49046
[INFO] [stdout]                                at /rustc/1b7dd2252b99671ce5d1cb9664c5f8636329436d/library/alloc/src/boxed.rs:1973:9
[INFO] [stdout]   42:     0x561cbb66ec75 - <alloc::boxed::Box<F,A> as core::ops::function::FnOnce<Args>>::call_once::hbe0a008aa7d9ef59
[INFO] [stdout]                                at /rustc/1b7dd2252b99671ce5d1cb9664c5f8636329436d/library/alloc/src/boxed.rs:1973:9
[INFO] [stdout]   43:     0x561cbb66ec75 - std::sys::unix::thread::Thread::new::thread_start::h3a466996bdf6b1f9
[INFO] [stdout]                                at /rustc/1b7dd2252b99671ce5d1cb9664c5f8636329436d/library/std/src/sys/unix/thread.rs:108:17
[INFO] [stdout]   44:     0x7f47a38c9b43 - <unknown>
[INFO] [stdout]   45:     0x7f47a395abb4 - __clone
[INFO] [stdout]   46:                0x0 - <unknown>
[INFO] [stdout] 
[INFO] [stdout] 
[INFO] [stdout] failures:
[INFO] [stdout]     report::coveralls::tests::git_info_correct
[INFO] [stdout] 
[INFO] [stdout] test result: FAILED. 78 passed; 1 failed; 0 ignored; 0 measured; 0 filtered out; finished in 0.25s
[INFO] [stdout] 
[INFO] [stderr] error: test failed, to rerun pass `--lib`
[INFO] running `Command { std: "docker" "inspect" "fad90131235e6459244db833a82ba90c31fb46a4f87deca9f9bd3a346ecc9d29", kill_on_drop: false }`
[INFO] running `Command { std: "docker" "rm" "-f" "fad90131235e6459244db833a82ba90c31fb46a4f87deca9f9bd3a346ecc9d29", kill_on_drop: false }`
[INFO] [stdout] fad90131235e6459244db833a82ba90c31fb46a4f87deca9f9bd3a346ecc9d29
