[INFO] fetching crate cargo-equip 0.19.0...
[INFO] testing cargo-equip-0.19.0 against beta-2023-04-20 for beta-1.70-1
[INFO] extracting crate cargo-equip 0.19.0 into /workspace/builds/worker-2-tc2/source
[INFO] validating manifest of crates.io crate cargo-equip 0.19.0 on toolchain beta-2023-04-20
[INFO] running `Command { std: CARGO_HOME="/workspace/cargo-home" RUSTUP_HOME="/workspace/rustup-home" "/workspace/cargo-home/bin/cargo" "+beta-2023-04-20" "metadata" "--manifest-path" "Cargo.toml" "--no-deps", kill_on_drop: false }`
[INFO] started tweaking crates.io crate cargo-equip 0.19.0
[INFO] finished tweaking crates.io crate cargo-equip 0.19.0
[INFO] tweaked toml for crates.io crate cargo-equip 0.19.0 written to /workspace/builds/worker-2-tc2/source/Cargo.toml
[INFO] crate crates.io crate cargo-equip 0.19.0 already has a lockfile, it will not be regenerated
[INFO] running `Command { std: CARGO_HOME="/workspace/cargo-home" RUSTUP_HOME="/workspace/rustup-home" "/workspace/cargo-home/bin/cargo" "+beta-2023-04-20" "fetch" "--manifest-path" "Cargo.toml", kill_on_drop: false }`
[INFO] [stderr]     Blocking waiting for file lock on package cache
[INFO] [stderr]     Updating crates.io index
[INFO] [stderr]  Downloading crates ...
[INFO] [stderr]   Downloaded ra_ap_stdx v0.0.101
[INFO] [stderr]   Downloaded ra_ap_tt v0.0.101
[INFO] [stderr]   Downloaded quote v1.0.17
[INFO] [stderr]   Downloaded rustminify v0.1.0
[INFO] [stderr]   Downloaded miow v0.4.0
[INFO] [stderr]   Downloaded spdx v0.6.2
[INFO] [stderr]   Downloaded cfg-expr v0.8.1
[INFO] [stderr]   Downloaded hex v0.3.2
[INFO] [stderr]   Downloaded cfg-expr v0.9.1
[INFO] [stderr]   Downloaded redox_users v0.4.2
[INFO] [stderr]   Downloaded similar v2.1.0
[INFO] [stderr]   Downloaded text-size v1.1.0
[INFO] [stderr]   Downloaded rowan v0.15.4
[INFO] [stderr]   Downloaded predicates v2.1.1
[INFO] [stderr]   Downloaded serde_yaml v0.8.23
[INFO] [stderr]   Downloaded petgraph v0.6.0
[INFO] [stderr]   Downloaded anyhow v1.0.56
[INFO] [stderr]   Downloaded prettytable-rs v0.8.0
[INFO] [stderr]   Downloaded commoncrypto-sys v0.2.0
[INFO] [stderr]   Downloaded predicates-tree v1.0.5
[INFO] [stderr]   Downloaded assert_cmd v2.0.4
[INFO] [stderr]   Downloaded cargo-util v0.1.2
[INFO] [stderr]   Downloaded indoc v1.0.4
[INFO] [stderr]   Downloaded commoncrypto v0.2.0
[INFO] [stderr]   Downloaded predicates-core v1.0.3
[INFO] [stderr]   Downloaded insta v1.13.0
[INFO] [stderr]   Downloaded crypto-hash v0.3.4
[INFO] [stderr]   Downloaded windows_x86_64_msvc v0.28.0
[INFO] [stderr]   Downloaded shell-escape v0.1.5
[INFO] [stderr]   Downloaded unindent v0.1.8
[INFO] [stderr]   Downloaded windows_aarch64_msvc v0.32.0
[INFO] [stderr]   Downloaded windows_i686_gnu v0.32.0
[INFO] [stderr]   Downloaded windows_x86_64_msvc v0.32.0
[INFO] [stderr]   Downloaded memmap2 v0.5.3
[INFO] [stderr]   Downloaded windows_i686_msvc v0.32.0
[INFO] [stderr]   Downloaded windows_x86_64_gnu v0.32.0
[INFO] [stderr]   Downloaded windows_aarch64_msvc v0.28.0
[INFO] [stderr]   Downloaded ra_ap_syntax v0.0.101
[INFO] [stderr]   Downloaded ra_ap_paths v0.0.101
[INFO] [stderr]   Downloaded windows-sys v0.32.0
[INFO] [stderr]   Downloaded parking_lot_core v0.9.1
[INFO] [stderr]   Downloaded countme v3.0.1
[INFO] [stderr]   Downloaded tracing-attributes v0.1.20
[INFO] [stderr]   Downloaded console v0.15.0
[INFO] [stderr]   Downloaded toml_edit v0.5.0
[INFO] [stderr]   Downloaded if_chain v1.0.2
[INFO] [stderr]   Downloaded ra_ap_text_edit v0.0.101
[INFO] [stderr]   Downloaded krates v0.8.1
[INFO] [stderr]   Downloaded ctor v0.1.22
[INFO] [stderr]   Downloaded windows_i686_gnu v0.28.0
[INFO] [stderr]   Downloaded pretty_assertions v1.2.0
[INFO] [stderr]   Downloaded cov-mark v2.0.0-pre.1
[INFO] [stderr]   Downloaded drop_bomb v0.1.5
[INFO] [stderr]   Downloaded ra_ap_limit v0.0.101
[INFO] [stderr]   Downloaded ra_ap_parser v0.0.101
[INFO] [stderr]   Downloaded windows_i686_msvc v0.28.0
[INFO] [stderr]   Downloaded windows_x86_64_gnu v0.28.0
[INFO] [stderr]   Downloaded hashbrown v0.12.0
[INFO] [stderr]   Downloaded rustc-ap-rustc_lexer v725.0.0
[INFO] [stderr]   Downloaded windows-sys v0.28.0
[INFO] [stderr]   Downloaded ra_ap_mbe v0.0.101
[INFO] [stderr]   Downloaded dashmap v5.2.0
[INFO] [stderr]   Downloaded perf-event-open-sys v1.0.1
[INFO] [stderr]   Downloaded perf-event v0.4.7
[INFO] [stderr]   Downloaded ra_ap_la-arena v0.0.101
[INFO] [stderr]   Downloaded ra_ap_profile v0.0.101
[INFO] [stderr]   Downloaded snap v1.0.5
[INFO] [stderr]   Downloaded tracing-core v0.1.23
[INFO] [stderr]   Downloaded tracing v0.1.32
[INFO] [stderr]   Downloaded ra_ap_proc_macro_api v0.0.101
[INFO] [stderr]   Downloaded ra_ap_proc_macro_srv v0.0.101
[INFO] [stderr]   Downloaded always-assert v0.1.2
[INFO] [stderr]   Downloaded redox_syscall v0.2.12
[INFO] [stderr]   Downloaded smol_str v0.1.21
[INFO] running `Command { std: "docker" "create" "-v" "/var/lib/crater-agent-workspace/builds/worker-2-tc2/target:/opt/rustwide/target:rw,Z" "-v" "/var/lib/crater-agent-workspace/builds/worker-2-tc2/source:/opt/rustwide/workdir:ro,Z" "-v" "/var/lib/crater-agent-workspace/cargo-home:/opt/rustwide/cargo-home:ro,Z" "-v" "/var/lib/crater-agent-workspace/rustup-home:/opt/rustwide/rustup-home:ro,Z" "-e" "SOURCE_DIR=/opt/rustwide/workdir" "-e" "CARGO_TARGET_DIR=/opt/rustwide/target" "-e" "CARGO_HOME=/opt/rustwide/cargo-home" "-e" "RUSTUP_HOME=/opt/rustwide/rustup-home" "-w" "/opt/rustwide/workdir" "-m" "1610612736" "--user" "0:0" "--network" "none" "ghcr.io/rust-lang/crates-build-env/linux@sha256:5ff2268d62e97bff2cde7d5815dd6ed5b47097566f13b8d0ca110b04b60e07ed" "/opt/rustwide/cargo-home/bin/cargo" "+beta-2023-04-20" "metadata" "--no-deps" "--format-version=1", kill_on_drop: false }`
[INFO] [stdout] 6caac5d97ca36f85c335e3b4af4b33e3662efbbdfbe3d452fa5b242fc09bdea8
[INFO] running `Command { std: "docker" "start" "-a" "6caac5d97ca36f85c335e3b4af4b33e3662efbbdfbe3d452fa5b242fc09bdea8", kill_on_drop: false }`
[INFO] running `Command { std: "docker" "inspect" "6caac5d97ca36f85c335e3b4af4b33e3662efbbdfbe3d452fa5b242fc09bdea8", kill_on_drop: false }`
[INFO] running `Command { std: "docker" "rm" "-f" "6caac5d97ca36f85c335e3b4af4b33e3662efbbdfbe3d452fa5b242fc09bdea8", kill_on_drop: false }`
[INFO] [stdout] 6caac5d97ca36f85c335e3b4af4b33e3662efbbdfbe3d452fa5b242fc09bdea8
[INFO] running `Command { std: "docker" "create" "-v" "/var/lib/crater-agent-workspace/builds/worker-2-tc2/target:/opt/rustwide/target:rw,Z" "-v" "/var/lib/crater-agent-workspace/builds/worker-2-tc2/source:/opt/rustwide/workdir:ro,Z" "-v" "/var/lib/crater-agent-workspace/cargo-home:/opt/rustwide/cargo-home:ro,Z" "-v" "/var/lib/crater-agent-workspace/rustup-home:/opt/rustwide/rustup-home:ro,Z" "-e" "SOURCE_DIR=/opt/rustwide/workdir" "-e" "CARGO_TARGET_DIR=/opt/rustwide/target" "-e" "CARGO_INCREMENTAL=0" "-e" "RUST_BACKTRACE=full" "-e" "RUSTFLAGS=--cap-lints=warn" "-e" "RUSTDOCFLAGS=--cap-lints=warn" "-e" "CARGO_HOME=/opt/rustwide/cargo-home" "-e" "RUSTUP_HOME=/opt/rustwide/rustup-home" "-w" "/opt/rustwide/workdir" "-m" "1610612736" "--user" "0:0" "--network" "none" "ghcr.io/rust-lang/crates-build-env/linux@sha256:5ff2268d62e97bff2cde7d5815dd6ed5b47097566f13b8d0ca110b04b60e07ed" "/opt/rustwide/cargo-home/bin/cargo" "+beta-2023-04-20" "build" "--frozen" "--message-format=json", kill_on_drop: false }`
[INFO] [stdout] 0f868ce3ff484cd7ae24f97c9e6f57edbd02a5947dad966b7e6198dc0c6a1a07
[INFO] running `Command { std: "docker" "start" "-a" "0f868ce3ff484cd7ae24f97c9e6f57edbd02a5947dad966b7e6198dc0c6a1a07", kill_on_drop: false }`
[INFO] [stderr]    Compiling libc v0.2.121
[INFO] [stderr]    Compiling unicode-xid v0.2.2
[INFO] [stderr]    Compiling proc-macro2 v1.0.36
[INFO] [stderr]    Compiling syn v1.0.89
[INFO] [stderr]    Compiling serde_derive v1.0.136
[INFO] [stderr]    Compiling serde v1.0.136
[INFO] [stderr]    Compiling smallvec v1.8.0
[INFO] [stderr]    Compiling memchr v2.4.1
[INFO] [stderr]    Compiling parking_lot_core v0.9.1
[INFO] [stderr]    Compiling log v0.4.16
[INFO] [stderr]    Compiling once_cell v1.10.0
[INFO] [stderr]    Compiling lock_api v0.4.6
[INFO] [stderr]    Compiling indexmap v1.8.0
[INFO] [stderr]    Compiling either v1.6.1
[INFO] [stderr]    Compiling cc v1.0.73
[INFO] [stderr]    Compiling hashbrown v0.11.2
[INFO] [stderr]    Compiling pkg-config v0.3.24
[INFO] [stderr]    Compiling ryu v1.0.9
[INFO] [stderr]    Compiling serde_json v1.0.79
[INFO] [stderr]    Compiling itertools v0.10.3
[INFO] [stderr]    Compiling proc-macro-error-attr v1.0.4
[INFO] [stderr]    Compiling itoa v1.0.1
[INFO] [stderr]    Compiling ra_ap_la-arena v0.0.101
[INFO] [stderr]    Compiling text-size v1.1.0
[INFO] [stderr]    Compiling rustc-ap-rustc_lexer v725.0.0
[INFO] [stderr]    Compiling always-assert v0.1.2
[INFO] [stderr]    Compiling tracing-core v0.1.23
[INFO] [stderr]    Compiling proc-macro-error v1.0.4
[INFO] [stderr]    Compiling unicode-width v0.1.9
[INFO] [stderr]    Compiling openssl v0.10.38
[INFO] [stderr]    Compiling semver v1.0.6
[INFO] [stderr]    Compiling snap v1.0.5
[INFO] [stderr]    Compiling camino v1.0.7
[INFO] [stderr]    Compiling ra_ap_limit v0.0.101
[INFO] [stderr]    Compiling hashbrown v0.12.0
[INFO] [stderr]    Compiling pin-project-lite v0.2.8
[INFO] [stderr]    Compiling drop_bomb v0.1.5
[INFO] [stderr]    Compiling unicode-segmentation v1.9.0
[INFO] [stderr]    Compiling ra_ap_parser v0.0.101
[INFO] [stderr]    Compiling cov-mark v2.0.0-pre.1
[INFO] [stderr]    Compiling anyhow v1.0.56
[INFO] [stderr]    Compiling object v0.28.3
[INFO] [stderr]    Compiling quote v1.0.17
[INFO] [stderr]    Compiling num_cpus v1.13.1
[INFO] [stderr]    Compiling perf-event-open-sys v1.0.1
[INFO] [stderr]    Compiling ra_ap_stdx v0.0.101
[INFO] [stderr]    Compiling atty v0.2.14
[INFO] [stderr]    Compiling openssl-sys v0.9.72
[INFO] [stderr]    Compiling parking_lot v0.12.0
[INFO] [stderr]    Compiling getrandom v0.2.5
[INFO] [stderr]    Compiling perf-event v0.4.7
[INFO] [stderr]    Compiling rand_core v0.6.3
[INFO] [stderr]    Compiling heck v0.3.3
[INFO] [stderr]    Compiling dirs v1.0.5
[INFO] [stderr]    Compiling memmap2 v0.5.3
[INFO] [stderr]    Compiling dashmap v5.2.0
[INFO] [stderr]    Compiling csv-core v0.1.10
[INFO] [stderr]    Compiling textwrap v0.11.0
[INFO] [stderr]    Compiling remove_dir_all v0.5.3
[INFO] [stderr]    Compiling ppv-lite86 v0.2.16
[INFO] [stderr]    Compiling ra_ap_text_edit v0.0.101
[INFO] [stderr]    Compiling fastrand v1.7.0
[INFO] [stderr]    Compiling countme v3.0.1
[INFO] [stderr]    Compiling bytes v1.1.0
[INFO] [stderr]    Compiling hex v0.3.2
[INFO] [stderr]    Compiling itoa v0.4.8
[INFO] [stderr]    Compiling ra_ap_profile v0.0.101
[INFO] [stderr]    Compiling rowan v0.15.4
[INFO] [stderr]    Compiling ra_ap_paths v0.0.101
[INFO] [stderr]    Compiling fixedbitset v0.4.1
[INFO] [stderr]    Compiling ansi_term v0.12.1
[INFO] [stderr]    Compiling term v0.5.2
[INFO] [stderr]    Compiling tempfile v3.3.0
[INFO] [stderr]    Compiling rand_chacha v0.3.1
[INFO] [stderr]    Compiling filetime v0.2.15
[INFO] [stderr]    Compiling petgraph v0.6.0
[INFO] [stderr]    Compiling combine v4.6.3
[INFO] [stderr]    Compiling clap v2.34.0
[INFO] [stderr]    Compiling jobserver v0.1.24
[INFO] [stderr]    Compiling dirs-sys-next v0.1.2
[INFO] [stderr]    Compiling cfg-expr v0.8.1
[INFO] [stderr]    Compiling libloading v0.7.3
[INFO] [stderr]    Compiling unindent v0.1.8
[INFO] [stderr]    Compiling convert_case v0.4.0
[INFO] [stderr]    Compiling shell-escape v0.1.5
[INFO] [stderr]    Compiling encode_unicode v0.3.6
[INFO] [stderr]    Compiling hex v0.4.3
[INFO] [stderr]    Compiling indoc v1.0.4
[INFO] [stderr]    Compiling dirs-next v2.0.0
[INFO] [stderr]    Compiling rand v0.8.5
[INFO] [stderr]    Compiling which v4.2.5
[INFO] [stderr]    Compiling spdx v0.6.2
[INFO] [stderr]    Compiling cfg-expr v0.9.1
[INFO] [stderr]    Compiling if_chain v1.0.2
[INFO] [stderr]    Compiling maplit v1.0.2
[INFO] [stderr]    Compiling rustminify v0.1.0
[INFO] [stderr]    Compiling crypto-hash v0.3.4
[INFO] [stderr]    Compiling cargo-util v0.1.2
[INFO] [stderr]    Compiling tracing-attributes v0.1.20
[INFO] [stderr]    Compiling structopt-derive v0.4.18
[INFO] [stderr]    Compiling derive_more v0.99.17
[INFO] [stderr]    Compiling tracing v0.1.32
[INFO] [stderr]    Compiling structopt v0.3.26
[INFO] [stderr]    Compiling smol_str v0.1.21
[INFO] [stderr]    Compiling cargo-platform v0.1.2
[INFO] [stderr]    Compiling bstr v0.2.17
[INFO] [stderr]    Compiling kstring v1.0.6
[INFO] [stderr]    Compiling ra_ap_tt v0.0.101
[INFO] [stderr]    Compiling ra_ap_syntax v0.0.101
[INFO] [stderr]    Compiling toml_edit v0.5.0
[INFO] [stderr]    Compiling csv v1.1.6
[INFO] [stderr]    Compiling ra_ap_proc_macro_api v0.0.101
[INFO] [stderr]    Compiling cargo_metadata v0.14.2
[INFO] [stderr]    Compiling prettytable-rs v0.8.0
[INFO] [stderr]    Compiling krates v0.8.1
[INFO] [stderr]    Compiling ra_ap_mbe v0.0.101
[INFO] [stderr]    Compiling ra_ap_proc_macro_srv v0.0.101
[INFO] [stderr]    Compiling cargo-equip v0.19.0 (/opt/rustwide/workdir)
[INFO] [stderr]     Finished dev [unoptimized + debuginfo] target(s) in 1m 07s
[INFO] running `Command { std: "docker" "inspect" "0f868ce3ff484cd7ae24f97c9e6f57edbd02a5947dad966b7e6198dc0c6a1a07", kill_on_drop: false }`
[INFO] running `Command { std: "docker" "rm" "-f" "0f868ce3ff484cd7ae24f97c9e6f57edbd02a5947dad966b7e6198dc0c6a1a07", kill_on_drop: false }`
[INFO] [stdout] 0f868ce3ff484cd7ae24f97c9e6f57edbd02a5947dad966b7e6198dc0c6a1a07
[INFO] running `Command { std: "docker" "create" "-v" "/var/lib/crater-agent-workspace/builds/worker-2-tc2/target:/opt/rustwide/target:rw,Z" "-v" "/var/lib/crater-agent-workspace/builds/worker-2-tc2/source:/opt/rustwide/workdir:ro,Z" "-v" "/var/lib/crater-agent-workspace/cargo-home:/opt/rustwide/cargo-home:ro,Z" "-v" "/var/lib/crater-agent-workspace/rustup-home:/opt/rustwide/rustup-home:ro,Z" "-e" "SOURCE_DIR=/opt/rustwide/workdir" "-e" "CARGO_TARGET_DIR=/opt/rustwide/target" "-e" "CARGO_INCREMENTAL=0" "-e" "RUST_BACKTRACE=full" "-e" "RUSTFLAGS=--cap-lints=warn" "-e" "RUSTDOCFLAGS=--cap-lints=warn" "-e" "CARGO_HOME=/opt/rustwide/cargo-home" "-e" "RUSTUP_HOME=/opt/rustwide/rustup-home" "-w" "/opt/rustwide/workdir" "-m" "1610612736" "--user" "0:0" "--network" "none" "ghcr.io/rust-lang/crates-build-env/linux@sha256:5ff2268d62e97bff2cde7d5815dd6ed5b47097566f13b8d0ca110b04b60e07ed" "/opt/rustwide/cargo-home/bin/cargo" "+beta-2023-04-20" "test" "--frozen" "--no-run" "--message-format=json", kill_on_drop: false }`
[INFO] [stdout] 297bdca069a770b3e812979c244dbc621a89fe6981580e5a00677fb808e6e130
[INFO] running `Command { std: "docker" "start" "-a" "297bdca069a770b3e812979c244dbc621a89fe6981580e5a00677fb808e6e130", kill_on_drop: false }`
[INFO] [stderr]    Compiling linked-hash-map v0.5.4
[INFO] [stderr]    Compiling doc-comment v0.3.3
[INFO] [stderr]    Compiling predicates-core v1.0.3
[INFO] [stderr]    Compiling terminal_size v0.1.17
[INFO] [stderr]    Compiling termtree v0.2.4
[INFO] [stderr]    Compiling difflib v0.4.0
[INFO] [stderr]    Compiling wait-timeout v0.2.0
[INFO] [stderr]    Compiling similar v2.1.0
[INFO] [stderr]    Compiling md5 v0.7.0
[INFO] [stderr]    Compiling pretty_assertions v1.2.0
[INFO] [stderr]    Compiling console v0.15.0
[INFO] [stderr]    Compiling predicates-tree v1.0.5
[INFO] [stderr]    Compiling yaml-rust v0.4.5
[INFO] [stderr]    Compiling predicates v2.1.1
[INFO] [stderr]    Compiling serde_yaml v0.8.23
[INFO] [stderr]    Compiling assert_cmd v2.0.4
[INFO] [stderr]    Compiling insta v1.13.0
[INFO] [stderr]    Compiling cargo-equip v0.19.0 (/opt/rustwide/workdir)
[INFO] [stderr]     Finished test [unoptimized + debuginfo] target(s) in 14.61s
[INFO] running `Command { std: "docker" "inspect" "297bdca069a770b3e812979c244dbc621a89fe6981580e5a00677fb808e6e130", kill_on_drop: false }`
[INFO] running `Command { std: "docker" "rm" "-f" "297bdca069a770b3e812979c244dbc621a89fe6981580e5a00677fb808e6e130", kill_on_drop: false }`
[INFO] [stdout] 297bdca069a770b3e812979c244dbc621a89fe6981580e5a00677fb808e6e130
[INFO] running `Command { std: "docker" "create" "-v" "/var/lib/crater-agent-workspace/builds/worker-2-tc2/target:/opt/rustwide/target:rw,Z" "-v" "/var/lib/crater-agent-workspace/builds/worker-2-tc2/source:/opt/rustwide/workdir:ro,Z" "-v" "/var/lib/crater-agent-workspace/cargo-home:/opt/rustwide/cargo-home:ro,Z" "-v" "/var/lib/crater-agent-workspace/rustup-home:/opt/rustwide/rustup-home:ro,Z" "-e" "SOURCE_DIR=/opt/rustwide/workdir" "-e" "CARGO_TARGET_DIR=/opt/rustwide/target" "-e" "CARGO_INCREMENTAL=0" "-e" "RUST_BACKTRACE=full" "-e" "RUSTFLAGS=--cap-lints=warn" "-e" "RUSTDOCFLAGS=--cap-lints=warn" "-e" "CARGO_HOME=/opt/rustwide/cargo-home" "-e" "RUSTUP_HOME=/opt/rustwide/rustup-home" "-w" "/opt/rustwide/workdir" "-m" "1610612736" "--user" "0:0" "--network" "none" "ghcr.io/rust-lang/crates-build-env/linux@sha256:5ff2268d62e97bff2cde7d5815dd6ed5b47097566f13b8d0ca110b04b60e07ed" "/opt/rustwide/cargo-home/bin/cargo" "+beta-2023-04-20" "test" "--frozen", kill_on_drop: false }`
[INFO] [stdout] a5e7e106b9ec1f6eb106f1764895795728bf353b137553ae945c13a1c8a0e73b
[INFO] running `Command { std: "docker" "start" "-a" "a5e7e106b9ec1f6eb106f1764895795728bf353b137553ae945c13a1c8a0e73b", kill_on_drop: false }`
[INFO] [stderr]     Finished test [unoptimized + debuginfo] target(s) in 0.34s
[INFO] [stderr]      Running unittests src/lib.rs (/opt/rustwide/target/debug/deps/cargo_equip-7e5434f2a9886d30)
[INFO] [stdout] 
[INFO] [stdout] running 2 tests
[INFO] [stdout] test rust::tests::erase_comments ... ok
[INFO] [stdout] test rust::tests::erase_docs ... ok
[INFO] [stdout] 
[INFO] [stdout] test result: ok. 2 passed; 0 failed; 0 ignored; 0 measured; 0 filtered out; finished in 0.00s
[INFO] [stdout] 
[INFO] [stderr]      Running unittests src/main.rs (/opt/rustwide/target/debug/deps/cargo_equip-d1fea7eccc685625)
[INFO] [stdout] 
[INFO] [stdout] running 0 tests
[INFO] [stdout] 
[INFO] [stdout] test result: ok. 0 passed; 0 failed; 0 ignored; 0 measured; 0 filtered out; finished in 0.00s
[INFO] [stdout] 
[INFO] [stderr]      Running tests/help-snapshot.rs (/opt/rustwide/target/debug/deps/help_snapshot-95c3d49d2ffddbf6)
[INFO] [stdout] 
[INFO] [stdout] running 1 test
[INFO] [stdout] test helps ... ok
[INFO] [stdout] 
[INFO] [stdout] test result: ok. 1 passed; 0 failed; 0 ignored; 0 measured; 0 filtered out; finished in 0.06s
[INFO] [stdout] 
[INFO] [stderr]      Running tests/md5-snapshots.rs (/opt/rustwide/target/debug/deps/md5_snapshots-1d076e3d16973773)
[INFO] [stdout] 
[INFO] [stdout] running 17 tests
[INFO] [stdout] test lazy_static_with_use ... FAILED
[INFO] [stdout] test lazy_static_with_macro_use ... FAILED
[INFO] [stdout] test fixedbitset ... FAILED
[INFO] [stdout] test memoise_with_use ... FAILED
[INFO] [stdout] test multimap_with_macro_use ... FAILED
[INFO] [stdout] test permutohedron ... FAILED
[INFO] [stdout] test maplit_with_macro_use ... FAILED
[INFO] [stdout] test rustc_hash ... FAILED
[INFO] [stdout] test strsim ... FAILED
[INFO] [stdout] test multimap_with_use ... FAILED
[INFO] [stdout] test smallvec_with_macro_use ... FAILED
[INFO] [stdout] test whiteread ... FAILED
[INFO] [stdout] test smallvec_with_use ... FAILED
[INFO] [stdout] test proconio_with_macro_use ... FAILED
[INFO] [stdout] test proconio_with_use ... FAILED
[INFO] [stdout] test memoise_with_macro_use ... FAILED
[INFO] [stdout] test maplit_with_use ... FAILED
[INFO] [stdout] 
[INFO] [stdout] failures:
[INFO] [stdout] 
[INFO] [stdout] ---- lazy_static_with_use stdout ----
[INFO] [stdout] Error: failed to start `cargo metadata`: No such file or directory (os error 2)
[INFO] [stdout] 
[INFO] [stdout] Caused by:
[INFO] [stdout]     No such file or directory (os error 2)
[INFO] [stdout] 
[INFO] [stdout] ---- lazy_static_with_macro_use stdout ----
[INFO] [stdout] Error: failed to start `cargo metadata`: No such file or directory (os error 2)
[INFO] [stdout] 
[INFO] [stdout] Caused by:
[INFO] [stdout]     No such file or directory (os error 2)
[INFO] [stdout] 
[INFO] [stdout] ---- fixedbitset stdout ----
[INFO] [stdout] Error: failed to start `cargo metadata`: No such file or directory (os error 2)
[INFO] [stdout] 
[INFO] [stdout] Caused by:
[INFO] [stdout]     No such file or directory (os error 2)
[INFO] [stdout] 
[INFO] [stdout] ---- memoise_with_use stdout ----
[INFO] [stdout] Error: failed to start `cargo metadata`: No such file or directory (os error 2)
[INFO] [stdout] 
[INFO] [stdout] Caused by:
[INFO] [stdout]     No such file or directory (os error 2)
[INFO] [stdout] 
[INFO] [stdout] ---- multimap_with_macro_use stdout ----
[INFO] [stdout] Error: failed to start `cargo metadata`: No such file or directory (os error 2)
[INFO] [stdout] 
[INFO] [stdout] Caused by:
[INFO] [stdout]     No such file or directory (os error 2)
[INFO] [stdout] 
[INFO] [stdout] ---- permutohedron stdout ----
[INFO] [stdout] Error: failed to start `cargo metadata`: No such file or directory (os error 2)
[INFO] [stdout] 
[INFO] [stdout] Caused by:
[INFO] [stdout]     No such file or directory (os error 2)
[INFO] [stdout] 
[INFO] [stdout] ---- maplit_with_macro_use stdout ----
[INFO] [stdout] Error: failed to start `cargo metadata`: No such file or directory (os error 2)
[INFO] [stdout] 
[INFO] [stdout] Caused by:
[INFO] [stdout]     No such file or directory (os error 2)
[INFO] [stdout] 
[INFO] [stdout] ---- rustc_hash stdout ----
[INFO] [stdout] Error: failed to start `cargo metadata`: No such file or directory (os error 2)
[INFO] [stdout] 
[INFO] [stdout] Caused by:
[INFO] [stdout]     No such file or directory (os error 2)
[INFO] [stdout] 
[INFO] [stdout] ---- strsim stdout ----
[INFO] [stdout] Error: failed to start `cargo metadata`: No such file or directory (os error 2)
[INFO] [stdout] 
[INFO] [stdout] Caused by:
[INFO] [stdout]     No such file or directory (os error 2)
[INFO] [stdout] 
[INFO] [stdout] ---- multimap_with_use stdout ----
[INFO] [stdout] Error: failed to start `cargo metadata`: No such file or directory (os error 2)
[INFO] [stdout] 
[INFO] [stdout] Caused by:
[INFO] [stdout]     No such file or directory (os error 2)
[INFO] [stdout] 
[INFO] [stdout] ---- smallvec_with_macro_use stdout ----
[INFO] [stdout] Error: failed to start `cargo metadata`: No such file or directory (os error 2)
[INFO] [stdout] 
[INFO] [stdout] Caused by:
[INFO] [stdout]     No such file or directory (os error 2)
[INFO] [stdout] 
[INFO] [stdout] ---- whiteread stdout ----
[INFO] [stdout] Error: failed to start `cargo metadata`: No such file or directory (os error 2)
[INFO] [stdout] 
[INFO] [stdout] Caused by:
[INFO] [stdout]     No such file or directory (os error 2)
[INFO] [stdout] 
[INFO] [stdout] ---- smallvec_with_use stdout ----
[INFO] [stdout] Error: failed to start `cargo metadata`: No such file or directory (os error 2)
[INFO] [stdout] 
[INFO] [stdout] Caused by:
[INFO] [stdout]     No such file or directory (os error 2)
[INFO] [stdout] 
[INFO] [stdout] ---- proconio_with_macro_use stdout ----
[INFO] [stdout] Error: failed to start `cargo metadata`: No such file or directory (os error 2)
[INFO] [stdout] 
[INFO] [stdout] Caused by:
[INFO] [stdout]     No such file or directory (os error 2)
[INFO] [stdout] 
[INFO] [stdout] ---- proconio_with_use stdout ----
[INFO] [stdout] Error: failed to start `cargo metadata`: No such file or directory (os error 2)
[INFO] [stdout] 
[INFO] [stdout] Caused by:
[INFO] [stdout]     No such file or directory (os error 2)
[INFO] [stdout] 
[INFO] [stdout] ---- memoise_with_macro_use stdout ----
[INFO] [stdout] Error: failed to start `cargo metadata`: No such file or directory (os error 2)
[INFO] [stdout] 
[INFO] [stdout] Caused by:
[INFO] [stdout]     No such file or directory (os error 2)
[INFO] [stdout] 
[INFO] [stdout] ---- maplit_with_use stdout ----
[INFO] [stdout] Error: failed to start `cargo metadata`: No such file or directory (os error 2)
[INFO] [stdout] 
[INFO] [stdout] Caused by:
[INFO] [stdout]     No such file or directory (os error 2)
[INFO] [stdout] 
[INFO] [stdout] 
[INFO] [stdout] failures:
[INFO] [stdout]     fixedbitset
[INFO] [stdout]     lazy_static_with_macro_use
[INFO] [stdout]     lazy_static_with_use
[INFO] [stdout]     maplit_with_macro_use
[INFO] [stdout]     maplit_with_use
[INFO] [stdout]     memoise_with_macro_use
[INFO] [stdout]     memoise_with_use
[INFO] [stdout]     multimap_with_macro_use
[INFO] [stdout]     multimap_with_use
[INFO] [stdout]     permutohedron
[INFO] [stdout]     proconio_with_macro_use
[INFO] [stdout]     proconio_with_use
[INFO] [stdout]     rustc_hash
[INFO] [stdout]     smallvec_with_macro_use
[INFO] [stdout]     smallvec_with_use
[INFO] [stdout]     strsim
[INFO] [stdout]     whiteread
[INFO] [stdout] 
[INFO] [stdout] test result: FAILED. 0 passed; 17 failed; 0 ignored; 0 measured; 0 filtered out; finished in 0.12s
[INFO] [stdout] 
[INFO] [stderr] error: test failed, to rerun pass `--test md5-snapshots`
[INFO] running `Command { std: "docker" "inspect" "a5e7e106b9ec1f6eb106f1764895795728bf353b137553ae945c13a1c8a0e73b", kill_on_drop: false }`
[INFO] running `Command { std: "docker" "rm" "-f" "a5e7e106b9ec1f6eb106f1764895795728bf353b137553ae945c13a1c8a0e73b", kill_on_drop: false }`
[INFO] [stdout] a5e7e106b9ec1f6eb106f1764895795728bf353b137553ae945c13a1c8a0e73b
