[INFO] fetching crate cargo-checkmate 0.1.14...
[INFO] testing cargo-checkmate-0.1.14 against beta-2023-04-20 for beta-1.70-1
[INFO] extracting crate cargo-checkmate 0.1.14 into /workspace/builds/worker-7-tc2/source
[INFO] validating manifest of crates.io crate cargo-checkmate 0.1.14 on toolchain beta-2023-04-20
[INFO] running `Command { std: CARGO_HOME="/workspace/cargo-home" RUSTUP_HOME="/workspace/rustup-home" "/workspace/cargo-home/bin/cargo" "+beta-2023-04-20" "metadata" "--manifest-path" "Cargo.toml" "--no-deps", kill_on_drop: false }`
[INFO] started tweaking crates.io crate cargo-checkmate 0.1.14
[INFO] finished tweaking crates.io crate cargo-checkmate 0.1.14
[INFO] tweaked toml for crates.io crate cargo-checkmate 0.1.14 written to /workspace/builds/worker-7-tc2/source/Cargo.toml
[INFO] crate crates.io crate cargo-checkmate 0.1.14 already has a lockfile, it will not be regenerated
[INFO] running `Command { std: CARGO_HOME="/workspace/cargo-home" RUSTUP_HOME="/workspace/rustup-home" "/workspace/cargo-home/bin/cargo" "+beta-2023-04-20" "fetch" "--manifest-path" "Cargo.toml", kill_on_drop: false }`
[INFO] [stderr]     Updating crates.io index
[INFO] [stderr]  Downloading crates ...
[INFO] [stderr]   Downloaded rustsec v0.26.4
[INFO] [stderr]   Downloaded serde_derive v1.0.156
[INFO] [stderr]   Downloaded canonical-path v2.0.2
[INFO] [stderr]   Downloaded include_dir v0.7.3
[INFO] [stderr]   Downloaded test-case v2.2.2
[INFO] [stderr]   Downloaded include_dir_macros v0.7.3
[INFO] [stderr]   Downloaded eyre v0.6.8
[INFO] [stderr]   Downloaded indenter v0.3.3
[INFO] [stderr]   Downloaded secrecy v0.8.0
[INFO] [stderr]   Downloaded auditable-extract v0.3.2
[INFO] [stderr]   Downloaded topological-sort v0.2.2
[INFO] [stderr]   Downloaded quitters v0.1.0
[INFO] [stderr]   Downloaded test-case-macros v2.2.2
[INFO] [stderr]   Downloaded auditable-serde v0.5.2
[INFO] [stderr]   Downloaded zeroize v1.5.7
[INFO] [stderr]   Downloaded abscissa_core v0.6.0
[INFO] [stderr]   Downloaded abscissa_derive v0.6.0
[INFO] [stderr]   Downloaded toml v0.5.11
[INFO] [stderr]   Downloaded cargo-lock v8.0.3
[INFO] [stderr]   Downloaded arc-swap v1.6.0
[INFO] [stderr]   Downloaded binfarce v0.2.1
[INFO] [stderr]   Downloaded crates-index v0.18.11
[INFO] [stderr]   Downloaded openssl-sys v0.9.81
[INFO] [stderr]   Downloaded auditable-info v0.6.2
[INFO] [stderr]   Downloaded petgraph v0.6.3
[INFO] [stderr]   Downloaded git2 v0.15.0
[INFO] [stderr]   Downloaded cvss v2.0.0
[INFO] [stderr]   Downloaded fs-err v2.9.0
[INFO] [stderr]   Downloaded home v0.5.4
[INFO] [stderr]   Downloaded cargo-audit v0.17.4
[INFO] [stderr]   Downloaded thread_local v1.1.7
[INFO] [stderr]   Downloaded platforms v3.0.2
[INFO] [stderr]   Downloaded color-eyre v0.6.2
[INFO] [stderr]   Downloaded libgit2-sys v0.14.2+1.5.1
[INFO] [stderr]   Downloaded libz-sys v1.1.8
[INFO] running `Command { std: "docker" "create" "-v" "/var/lib/crater-agent-workspace/builds/worker-7-tc2/target:/opt/rustwide/target:rw,Z" "-v" "/var/lib/crater-agent-workspace/builds/worker-7-tc2/source:/opt/rustwide/workdir:ro,Z" "-v" "/var/lib/crater-agent-workspace/cargo-home:/opt/rustwide/cargo-home:ro,Z" "-v" "/var/lib/crater-agent-workspace/rustup-home:/opt/rustwide/rustup-home:ro,Z" "-e" "SOURCE_DIR=/opt/rustwide/workdir" "-e" "CARGO_TARGET_DIR=/opt/rustwide/target" "-e" "CARGO_HOME=/opt/rustwide/cargo-home" "-e" "RUSTUP_HOME=/opt/rustwide/rustup-home" "-w" "/opt/rustwide/workdir" "-m" "1610612736" "--user" "0:0" "--network" "none" "ghcr.io/rust-lang/crates-build-env/linux@sha256:5ff2268d62e97bff2cde7d5815dd6ed5b47097566f13b8d0ca110b04b60e07ed" "/opt/rustwide/cargo-home/bin/cargo" "+beta-2023-04-20" "metadata" "--no-deps" "--format-version=1", kill_on_drop: false }`
[INFO] [stdout] 28f93241cfc30c336a47be4f6c865a3e24c6db7036715569cdb6b8a8c732123a
[INFO] running `Command { std: "docker" "start" "-a" "28f93241cfc30c336a47be4f6c865a3e24c6db7036715569cdb6b8a8c732123a", kill_on_drop: false }`
[INFO] running `Command { std: "docker" "inspect" "28f93241cfc30c336a47be4f6c865a3e24c6db7036715569cdb6b8a8c732123a", kill_on_drop: false }`
[INFO] running `Command { std: "docker" "rm" "-f" "28f93241cfc30c336a47be4f6c865a3e24c6db7036715569cdb6b8a8c732123a", kill_on_drop: false }`
[INFO] [stdout] 28f93241cfc30c336a47be4f6c865a3e24c6db7036715569cdb6b8a8c732123a
[INFO] running `Command { std: "docker" "create" "-v" "/var/lib/crater-agent-workspace/builds/worker-7-tc2/target:/opt/rustwide/target:rw,Z" "-v" "/var/lib/crater-agent-workspace/builds/worker-7-tc2/source:/opt/rustwide/workdir:ro,Z" "-v" "/var/lib/crater-agent-workspace/cargo-home:/opt/rustwide/cargo-home:ro,Z" "-v" "/var/lib/crater-agent-workspace/rustup-home:/opt/rustwide/rustup-home:ro,Z" "-e" "SOURCE_DIR=/opt/rustwide/workdir" "-e" "CARGO_TARGET_DIR=/opt/rustwide/target" "-e" "CARGO_INCREMENTAL=0" "-e" "RUST_BACKTRACE=full" "-e" "RUSTFLAGS=--cap-lints=warn" "-e" "RUSTDOCFLAGS=--cap-lints=warn" "-e" "CARGO_HOME=/opt/rustwide/cargo-home" "-e" "RUSTUP_HOME=/opt/rustwide/rustup-home" "-w" "/opt/rustwide/workdir" "-m" "1610612736" "--user" "0:0" "--network" "none" "ghcr.io/rust-lang/crates-build-env/linux@sha256:5ff2268d62e97bff2cde7d5815dd6ed5b47097566f13b8d0ca110b04b60e07ed" "/opt/rustwide/cargo-home/bin/cargo" "+beta-2023-04-20" "build" "--frozen" "--message-format=json", kill_on_drop: false }`
[INFO] [stdout] 191287a73a5e179de8edbe1543ad4cf9116c7af8d4ed1e3ca6f54e3889850091
[INFO] running `Command { std: "docker" "start" "-a" "191287a73a5e179de8edbe1543ad4cf9116c7af8d4ed1e3ca6f54e3889850091", kill_on_drop: false }`
[INFO] [stderr]    Compiling proc-macro2 v1.0.52
[INFO] [stderr]    Compiling quote v1.0.26
[INFO] [stderr]    Compiling unicode-ident v1.0.8
[INFO] [stderr]    Compiling syn v1.0.109
[INFO] [stderr]    Compiling libc v0.2.140
[INFO] [stderr]    Compiling autocfg v1.1.0
[INFO] [stderr]    Compiling serde_derive v1.0.156
[INFO] [stderr]    Compiling serde v1.0.156
[INFO] [stderr]    Compiling cfg-if v1.0.0
[INFO] [stderr]    Compiling pkg-config v0.3.26
[INFO] [stderr]    Compiling version_check v0.9.4
[INFO] [stderr]    Compiling memchr v2.5.0
[INFO] [stderr]    Compiling tinyvec_macros v0.1.1
[INFO] [stderr]    Compiling once_cell v1.17.1
[INFO] [stderr]    Compiling semver v1.0.17
[INFO] [stderr]    Compiling crossbeam-utils v0.8.15
[INFO] [stderr]    Compiling tinyvec v1.6.0
[INFO] [stderr]    Compiling unicode-bidi v0.3.11
[INFO] [stderr]    Compiling percent-encoding v2.2.0
[INFO] [stderr]    Compiling hashbrown v0.12.3
[INFO] [stderr]    Compiling log v0.4.17
[INFO] [stderr]    Compiling form_urlencoded v1.1.0
[INFO] [stderr]    Compiling indexmap v1.9.2
[INFO] [stderr]    Compiling memoffset v0.8.0
[INFO] [stderr]    Compiling crossbeam-epoch v0.9.14
[INFO] [stderr]    Compiling proc-macro-error-attr v1.0.4
[INFO] [stderr]    Compiling scopeguard v1.1.0
[INFO] [stderr]    Compiling serde_json v1.0.94
[INFO] [stderr]    Compiling regex-syntax v0.6.28
[INFO] [stderr]    Compiling proc-macro-error v1.0.4
[INFO] [stderr]    Compiling adler v1.0.2
[INFO] [stderr]    Compiling rayon-core v1.11.0
[INFO] [stderr]    Compiling ryu v1.0.13
[INFO] [stderr]    Compiling lazy_static v1.4.0
[INFO] [stderr]    Compiling bitflags v1.3.2
[INFO] [stderr]    Compiling fixedbitset v0.4.2
[INFO] [stderr]    Compiling itoa v1.0.6
[INFO] [stderr]    Compiling miniz_oxide v0.6.2
[INFO] [stderr]    Compiling aho-corasick v0.7.20
[INFO] [stderr]    Compiling smartstring v1.0.1
[INFO] [stderr]    Compiling crossbeam-channel v0.5.7
[INFO] [stderr]    Compiling tracing-core v0.1.30
[INFO] [stderr]    Compiling jobserver v0.1.26
[INFO] [stderr]    Compiling num_cpus v1.15.0
[INFO] [stderr]    Compiling eyre v0.6.8
[INFO] [stderr]    Compiling gimli v0.27.2
[INFO] [stderr]    Compiling crossbeam-deque v0.8.3
[INFO] [stderr]    Compiling cc v1.0.79
[INFO] [stderr]    Compiling unicode-normalization v0.1.22
[INFO] [stderr]    Compiling atty v0.2.14
[INFO] [stderr]    Compiling object v0.30.3
[INFO] [stderr]    Compiling heck v0.4.1
[INFO] [stderr]    Compiling petgraph v0.6.3
[INFO] [stderr]    Compiling thiserror v1.0.39
[INFO] [stderr]    Compiling pin-project-lite v0.2.9
[INFO] [stderr]    Compiling idna v0.3.0
[INFO] [stderr]    Compiling rustc-demangle v0.1.21
[INFO] [stderr]    Compiling static_assertions v1.1.0
[INFO] [stderr]    Compiling platforms v3.0.2
[INFO] [stderr]    Compiling overload v0.1.1
[INFO] [stderr]    Compiling os_str_bytes v6.4.1
[INFO] [stderr]    Compiling openssl-probe v0.1.5
[INFO] [stderr]    Compiling either v1.8.1
[INFO] [stderr]    Compiling unicode-xid v0.2.4
[INFO] [stderr]    Compiling regex v1.7.1
[INFO] [stderr]    Compiling regex-automata v0.1.10
[INFO] [stderr]    Compiling indenter v0.3.3
[INFO] [stderr]    Compiling rayon v1.7.0
[INFO] [stderr]    Compiling clap_lex v0.2.4
[INFO] [stderr]    Compiling nu-ansi-term v0.46.0
[INFO] [stderr]    Compiling tracing-log v0.1.3
[INFO] [stderr]    Compiling sharded-slab v0.1.4
[INFO] [stderr]    Compiling openssl-sys v0.9.81
[INFO] [stderr]    Compiling libz-sys v1.1.8
[INFO] [stderr]    Compiling libssh2-sys v0.2.23
[INFO] [stderr]    Compiling libgit2-sys v0.14.2+1.5.1
[INFO] [stderr]    Compiling backtrace v0.3.67
[INFO] [stderr]    Compiling matchers v0.1.0
[INFO] [stderr]    Compiling thread_local v1.1.7
[INFO] [stderr]    Compiling fs-err v2.9.0
[INFO] [stderr]    Compiling textwrap v0.16.0
[INFO] [stderr]    Compiling addr2line v0.19.0
[INFO] [stderr]    Compiling owo-colors v3.5.0
[INFO] [stderr]    Compiling strsim v0.10.0
[INFO] [stderr]    Compiling home v0.5.4
[INFO] [stderr]    Compiling rustc-hash v1.1.0
[INFO] [stderr]    Compiling topological-sort v0.2.2
[INFO] [stderr]    Compiling humantime v2.1.0
[INFO] [stderr]    Compiling ident_case v1.0.1
[INFO] [stderr]    Compiling termcolor v1.2.0
[INFO] [stderr]    Compiling zeroize v1.5.7
[INFO] [stderr]    Compiling binfarce v0.2.1
[INFO] [stderr]    Compiling smallvec v1.10.0
[INFO] [stderr]    Compiling wait-timeout v0.2.0
[INFO] [stderr]    Compiling canonical-path v2.0.2
[INFO] [stderr]    Compiling arc-swap v1.6.0
[INFO] [stderr]    Compiling include_dir_macros v0.7.3
[INFO] [stderr]    Compiling colored v2.0.0
[INFO] [stderr]    Compiling auditable-extract v0.3.2
[INFO] [stderr]    Compiling include_dir v0.7.3
[INFO] [stderr]    Compiling color-eyre v0.6.2
[INFO] [stderr]    Compiling synstructure v0.12.6
[INFO] [stderr]    Compiling tracing-attributes v0.1.23
[INFO] [stderr]    Compiling clap_derive v3.2.18
[INFO] [stderr]    Compiling thiserror-impl v1.0.39
[INFO] [stderr]    Compiling abscissa_derive v0.6.0
[INFO] [stderr]    Compiling tracing v0.1.37
[INFO] [stderr]    Compiling tracing-subscriber v0.3.16
[INFO] [stderr]    Compiling clap v3.2.23
[INFO] [stderr]    Compiling url v2.3.1
[INFO] [stderr]    Compiling toml v0.5.11
[INFO] [stderr]    Compiling hex v0.4.3
[INFO] [stderr]    Compiling secrecy v0.8.0
[INFO] [stderr]    Compiling cvss v2.0.0
[INFO] [stderr]    Compiling humantime-serde v1.1.1
[INFO] [stderr]    Compiling quitters v0.1.0
[INFO] [stderr]    Compiling git2 v0.15.0
[INFO] [stderr]    Compiling cargo-lock v8.0.3
[INFO] [stderr]    Compiling abscissa_core v0.6.0
[INFO] [stderr]    Compiling auditable-serde v0.5.2
[INFO] [stderr]    Compiling auditable-info v0.6.2
[INFO] [stderr]    Compiling crates-index v0.18.11
[INFO] [stderr]    Compiling rustsec v0.26.4
[INFO] [stderr]    Compiling cargo-audit v0.17.4
[INFO] [stderr]    Compiling cargo-checkmate v0.1.14 (/opt/rustwide/workdir)
[INFO] [stderr]     Finished dev [unoptimized + debuginfo] target(s) in 36.71s
[INFO] running `Command { std: "docker" "inspect" "191287a73a5e179de8edbe1543ad4cf9116c7af8d4ed1e3ca6f54e3889850091", kill_on_drop: false }`
[INFO] running `Command { std: "docker" "rm" "-f" "191287a73a5e179de8edbe1543ad4cf9116c7af8d4ed1e3ca6f54e3889850091", kill_on_drop: false }`
[INFO] [stdout] 191287a73a5e179de8edbe1543ad4cf9116c7af8d4ed1e3ca6f54e3889850091
[INFO] running `Command { std: "docker" "create" "-v" "/var/lib/crater-agent-workspace/builds/worker-7-tc2/target:/opt/rustwide/target:rw,Z" "-v" "/var/lib/crater-agent-workspace/builds/worker-7-tc2/source:/opt/rustwide/workdir:ro,Z" "-v" "/var/lib/crater-agent-workspace/cargo-home:/opt/rustwide/cargo-home:ro,Z" "-v" "/var/lib/crater-agent-workspace/rustup-home:/opt/rustwide/rustup-home:ro,Z" "-e" "SOURCE_DIR=/opt/rustwide/workdir" "-e" "CARGO_TARGET_DIR=/opt/rustwide/target" "-e" "CARGO_INCREMENTAL=0" "-e" "RUST_BACKTRACE=full" "-e" "RUSTFLAGS=--cap-lints=warn" "-e" "RUSTDOCFLAGS=--cap-lints=warn" "-e" "CARGO_HOME=/opt/rustwide/cargo-home" "-e" "RUSTUP_HOME=/opt/rustwide/rustup-home" "-w" "/opt/rustwide/workdir" "-m" "1610612736" "--user" "0:0" "--network" "none" "ghcr.io/rust-lang/crates-build-env/linux@sha256:5ff2268d62e97bff2cde7d5815dd6ed5b47097566f13b8d0ca110b04b60e07ed" "/opt/rustwide/cargo-home/bin/cargo" "+beta-2023-04-20" "test" "--frozen" "--no-run" "--message-format=json", kill_on_drop: false }`
[INFO] [stdout] c34c289a31d44fd2b3789e5fb681a4d7b5acbc6f7953979808ff0202a1828b8d
[INFO] running `Command { std: "docker" "start" "-a" "c34c289a31d44fd2b3789e5fb681a4d7b5acbc6f7953979808ff0202a1828b8d", kill_on_drop: false }`
[INFO] [stderr]    Compiling test-case-macros v2.2.2
[INFO] [stderr]    Compiling test-case v2.2.2
[INFO] [stderr]    Compiling cargo-checkmate v0.1.14 (/opt/rustwide/workdir)
[INFO] [stderr]     Finished test [unoptimized + debuginfo] target(s) in 4.86s
[INFO] running `Command { std: "docker" "inspect" "c34c289a31d44fd2b3789e5fb681a4d7b5acbc6f7953979808ff0202a1828b8d", kill_on_drop: false }`
[INFO] running `Command { std: "docker" "rm" "-f" "c34c289a31d44fd2b3789e5fb681a4d7b5acbc6f7953979808ff0202a1828b8d", kill_on_drop: false }`
[INFO] [stdout] c34c289a31d44fd2b3789e5fb681a4d7b5acbc6f7953979808ff0202a1828b8d
[INFO] running `Command { std: "docker" "create" "-v" "/var/lib/crater-agent-workspace/builds/worker-7-tc2/target:/opt/rustwide/target:rw,Z" "-v" "/var/lib/crater-agent-workspace/builds/worker-7-tc2/source:/opt/rustwide/workdir:ro,Z" "-v" "/var/lib/crater-agent-workspace/cargo-home:/opt/rustwide/cargo-home:ro,Z" "-v" "/var/lib/crater-agent-workspace/rustup-home:/opt/rustwide/rustup-home:ro,Z" "-e" "SOURCE_DIR=/opt/rustwide/workdir" "-e" "CARGO_TARGET_DIR=/opt/rustwide/target" "-e" "CARGO_INCREMENTAL=0" "-e" "RUST_BACKTRACE=full" "-e" "RUSTFLAGS=--cap-lints=warn" "-e" "RUSTDOCFLAGS=--cap-lints=warn" "-e" "CARGO_HOME=/opt/rustwide/cargo-home" "-e" "RUSTUP_HOME=/opt/rustwide/rustup-home" "-w" "/opt/rustwide/workdir" "-m" "1610612736" "--user" "0:0" "--network" "none" "ghcr.io/rust-lang/crates-build-env/linux@sha256:5ff2268d62e97bff2cde7d5815dd6ed5b47097566f13b8d0ca110b04b60e07ed" "/opt/rustwide/cargo-home/bin/cargo" "+beta-2023-04-20" "test" "--frozen", kill_on_drop: false }`
[INFO] [stdout] c8aaf2b69044e3434542a68f7834374b5b04ed3283d8cd9966a1af380bac99e1
[INFO] running `Command { std: "docker" "start" "-a" "c8aaf2b69044e3434542a68f7834374b5b04ed3283d8cd9966a1af380bac99e1", kill_on_drop: false }`
[INFO] [stderr]     Finished test [unoptimized + debuginfo] target(s) in 0.12s
[INFO] [stderr]      Running unittests src/main.rs (/opt/rustwide/target/debug/deps/cargo_checkmate-c76c6cd816e47b9d)
[INFO] [stdout] 
[INFO] [stdout] running 9 tests
[INFO] [stdout] test runner::phaseresult::indenter::tests::transformation_tests::_foo_nbar_foo_n_bar_expects ... ok
[INFO] [stdout] test runner::phaseresult::indenter::tests::transformation_tests::_string_new_string_new_expects ... ok
[INFO] [stderr] fatal: not a git repository (or any parent up to mount point /opt/rustwide)
[INFO] [stderr] Stopping at filesystem boundary (GIT_DISCOVERY_ACROSS_FILESYSTEM not set).
[INFO] [stdout] test runner::phaseresult::indenter::tests::transformation_tests::_foo_n_nbar_foo_n_n_bar_expects ... ok
[INFO] [stdout] test hook::tests::source_bundles::hooktype_githubci_expects ... FAILED
[INFO] [stdout] test srcbundle::test_load_versions ... ok
[INFO] [stderr] fatal: not a git repository (or any parent up to mount point /opt/rustwide)
[INFO] [stderr] Stopping at filesystem boundary (GIT_DISCOVERY_ACROSS_FILESYSTEM not set).
[INFO] [stderr] fatal: not a git repository (or any parent up to mount point /opt/rustwide)
[INFO] [stderr] Stopping at filesystem boundary (GIT_DISCOVERY_ACROSS_FILESYSTEM not set).
[INFO] [stdout] test runner::phaseresult::indenter::tests::transformation_tests::_foo_nbar_n_foo_n_bar_n_expects ... ok
[INFO] [stdout] test hook::tests::source_bundles::hooktype_all_expects ... FAILED
[INFO] [stdout] test hook::tests::source_bundles::hooktype_git_expects ... FAILED
[INFO] [stdout] test runner::phaseresult::indenter::tests::transformation_tests::_blah_blah_expects ... ok
[INFO] [stdout] 
[INFO] [stdout] failures:
[INFO] [stdout] 
[INFO] [stdout] ---- hook::tests::source_bundles::hooktype_githubci_expects stdout ----
[INFO] [stdout] Error: Custom { kind: Other, error: "git rev-parse --show-toplevel exit 128 with stderr noise." }
[INFO] [stdout] 
[INFO] [stdout] ---- hook::tests::source_bundles::hooktype_all_expects stdout ----
[INFO] [stdout] Error: Custom { kind: Other, error: "git rev-parse --git-dir exit 128 with stderr noise." }
[INFO] [stdout] 
[INFO] [stdout] ---- hook::tests::source_bundles::hooktype_git_expects stdout ----
[INFO] [stdout] Error: Custom { kind: Other, error: "git rev-parse --git-dir exit 128 with stderr noise." }
[INFO] [stdout] 
[INFO] [stdout] 
[INFO] [stdout] failures:
[INFO] [stdout]     hook::tests::source_bundles::hooktype_all_expects
[INFO] [stdout]     hook::tests::source_bundles::hooktype_git_expects
[INFO] [stdout]     hook::tests::source_bundles::hooktype_githubci_expects
[INFO] [stdout] 
[INFO] [stdout] test result: FAILED. 6 passed; 3 failed; 0 ignored; 0 measured; 0 filtered out; finished in 0.04s
[INFO] [stdout] 
[INFO] [stderr] error: test failed, to rerun pass `--bin cargo-checkmate`
[INFO] running `Command { std: "docker" "inspect" "c8aaf2b69044e3434542a68f7834374b5b04ed3283d8cd9966a1af380bac99e1", kill_on_drop: false }`
[INFO] running `Command { std: "docker" "rm" "-f" "c8aaf2b69044e3434542a68f7834374b5b04ed3283d8cd9966a1af380bac99e1", kill_on_drop: false }`
[INFO] [stdout] c8aaf2b69044e3434542a68f7834374b5b04ed3283d8cd9966a1af380bac99e1
