[INFO] fetching crate canadensis_codegen_rust 0.4.1...
[INFO] testing canadensis_codegen_rust-0.4.1 against 1.69.0 for beta-1.70-1
[INFO] extracting crate canadensis_codegen_rust 0.4.1 into /workspace/builds/worker-6-tc1/source
[INFO] validating manifest of crates.io crate canadensis_codegen_rust 0.4.1 on toolchain 1.69.0
[INFO] running `Command { std: CARGO_HOME="/workspace/cargo-home" RUSTUP_HOME="/workspace/rustup-home" "/workspace/cargo-home/bin/cargo" "+1.69.0" "metadata" "--manifest-path" "Cargo.toml" "--no-deps", kill_on_drop: false }`
[INFO] started tweaking crates.io crate canadensis_codegen_rust 0.4.1
[INFO] finished tweaking crates.io crate canadensis_codegen_rust 0.4.1
[INFO] tweaked toml for crates.io crate canadensis_codegen_rust 0.4.1 written to /workspace/builds/worker-6-tc1/source/Cargo.toml
[INFO] crate crates.io crate canadensis_codegen_rust 0.4.1 already has a lockfile, it will not be regenerated
[INFO] running `Command { std: CARGO_HOME="/workspace/cargo-home" RUSTUP_HOME="/workspace/rustup-home" "/workspace/cargo-home/bin/cargo" "+1.69.0" "fetch" "--manifest-path" "Cargo.toml", kill_on_drop: false }`
[INFO] [stderr]  Downloading crates ...
[INFO] [stderr]   Downloaded concolor-override v1.0.0
[INFO] [stderr]   Downloaded concolor-query v0.3.3
[INFO] [stderr]   Downloaded clap_builder v4.2.1
[INFO] [stderr]   Downloaded anstyle-wincon v0.2.0
[INFO] [stderr]   Downloaded rustix v0.37.5
[INFO] [stderr]   Downloaded pest_meta v2.5.6
[INFO] [stderr]   Downloaded pest_derive v2.5.6
[INFO] [stderr]   Downloaded pest v2.5.6
[INFO] [stderr]   Downloaded anstyle-parse v0.1.1
[INFO] [stderr]   Downloaded proc-macro2 v1.0.54
[INFO] [stderr]   Downloaded anstream v0.2.6
[INFO] [stderr]   Downloaded is-terminal v0.4.6
[INFO] [stderr]   Downloaded canadensis_bit_length_set v0.3.1
[INFO] [stderr]   Downloaded linux-raw-sys v0.3.0
[INFO] [stderr]   Downloaded anstyle v0.3.5
[INFO] [stderr]   Downloaded clap v4.2.1
[INFO] [stderr]   Downloaded syn v2.0.11
[INFO] [stderr]   Downloaded pest_generator v2.5.6
[INFO] [stderr]   Downloaded canadensis_dsdl_parser v0.3.0
[INFO] [stderr]   Downloaded canadensis_dsdl_frontend v0.4.0
[INFO] running `Command { std: "docker" "create" "-v" "/var/lib/crater-agent-workspace/builds/worker-6-tc1/target:/opt/rustwide/target:rw,Z" "-v" "/var/lib/crater-agent-workspace/builds/worker-6-tc1/source:/opt/rustwide/workdir:ro,Z" "-v" "/var/lib/crater-agent-workspace/cargo-home:/opt/rustwide/cargo-home:ro,Z" "-v" "/var/lib/crater-agent-workspace/rustup-home:/opt/rustwide/rustup-home:ro,Z" "-e" "SOURCE_DIR=/opt/rustwide/workdir" "-e" "CARGO_TARGET_DIR=/opt/rustwide/target" "-e" "CARGO_HOME=/opt/rustwide/cargo-home" "-e" "RUSTUP_HOME=/opt/rustwide/rustup-home" "-w" "/opt/rustwide/workdir" "-m" "1610612736" "--user" "0:0" "--network" "none" "ghcr.io/rust-lang/crates-build-env/linux@sha256:5ff2268d62e97bff2cde7d5815dd6ed5b47097566f13b8d0ca110b04b60e07ed" "/opt/rustwide/cargo-home/bin/cargo" "+1.69.0" "metadata" "--no-deps" "--format-version=1", kill_on_drop: false }`
[INFO] [stdout] b2fb92c0f4b6460fba28784247307eb3eaff516110507b788e6dc3b2b55d98f0
[INFO] running `Command { std: "docker" "start" "-a" "b2fb92c0f4b6460fba28784247307eb3eaff516110507b788e6dc3b2b55d98f0", kill_on_drop: false }`
[INFO] running `Command { std: "docker" "inspect" "b2fb92c0f4b6460fba28784247307eb3eaff516110507b788e6dc3b2b55d98f0", kill_on_drop: false }`
[INFO] running `Command { std: "docker" "rm" "-f" "b2fb92c0f4b6460fba28784247307eb3eaff516110507b788e6dc3b2b55d98f0", kill_on_drop: false }`
[INFO] [stdout] b2fb92c0f4b6460fba28784247307eb3eaff516110507b788e6dc3b2b55d98f0
[INFO] running `Command { std: "docker" "create" "-v" "/var/lib/crater-agent-workspace/builds/worker-6-tc1/target:/opt/rustwide/target:rw,Z" "-v" "/var/lib/crater-agent-workspace/builds/worker-6-tc1/source:/opt/rustwide/workdir:ro,Z" "-v" "/var/lib/crater-agent-workspace/cargo-home:/opt/rustwide/cargo-home:ro,Z" "-v" "/var/lib/crater-agent-workspace/rustup-home:/opt/rustwide/rustup-home:ro,Z" "-e" "SOURCE_DIR=/opt/rustwide/workdir" "-e" "CARGO_TARGET_DIR=/opt/rustwide/target" "-e" "CARGO_INCREMENTAL=0" "-e" "RUST_BACKTRACE=full" "-e" "RUSTFLAGS=--cap-lints=warn" "-e" "RUSTDOCFLAGS=--cap-lints=warn" "-e" "CARGO_HOME=/opt/rustwide/cargo-home" "-e" "RUSTUP_HOME=/opt/rustwide/rustup-home" "-w" "/opt/rustwide/workdir" "-m" "1610612736" "--user" "0:0" "--network" "none" "ghcr.io/rust-lang/crates-build-env/linux@sha256:5ff2268d62e97bff2cde7d5815dd6ed5b47097566f13b8d0ca110b04b60e07ed" "/opt/rustwide/cargo-home/bin/cargo" "+1.69.0" "build" "--frozen" "--message-format=json", kill_on_drop: false }`
[INFO] [stdout] 1f4e960a7fb7e868c05ddd59d50178d1a00a73c277b9381064b5d43c1585ec16
[INFO] running `Command { std: "docker" "start" "-a" "1f4e960a7fb7e868c05ddd59d50178d1a00a73c277b9381064b5d43c1585ec16", kill_on_drop: false }`
[INFO] [stderr]    Compiling proc-macro2 v1.0.54
[INFO] [stderr]    Compiling libc v0.2.140
[INFO] [stderr]    Compiling num-integer v0.1.45
[INFO] [stderr]    Compiling io-lifetimes v1.0.9
[INFO] [stderr]    Compiling ucd-trie v0.1.5
[INFO] [stderr]    Compiling rustix v0.37.5
[INFO] [stderr]    Compiling syn v1.0.109
[INFO] [stderr]    Compiling num-bigint v0.4.3
[INFO] [stderr]    Compiling linux-raw-sys v0.3.0
[INFO] [stderr]    Compiling num-rational v0.4.1
[INFO] [stderr]    Compiling utf8parse v0.2.1
[INFO] [stderr]    Compiling concolor-override v1.0.0
[INFO] [stderr]    Compiling either v1.8.1
[INFO] [stderr]    Compiling concolor-query v0.3.3
[INFO] [stderr]    Compiling anstyle v0.3.5
[INFO] [stderr]    Compiling aho-corasick v0.7.20
[INFO] [stderr]    Compiling anstyle-parse v0.1.1
[INFO] [stderr]    Compiling tinyvec v1.6.0
[INFO] [stderr]    Compiling clap_lex v0.4.1
[INFO] [stderr]    Compiling itertools v0.10.5
[INFO] [stderr]    Compiling strsim v0.10.0
[INFO] [stderr]    Compiling regex-syntax v0.6.29
[INFO] [stderr]    Compiling half v2.2.1
[INFO] [stderr]    Compiling heck v0.4.1
[INFO] [stderr]    Compiling quote v1.0.26
[INFO] [stderr]    Compiling unicode-normalization v0.1.22
[INFO] [stderr]    Compiling syn v2.0.11
[INFO] [stderr]    Compiling canadensis_bit_length_set v0.3.1
[INFO] [stderr]    Compiling regex v1.7.3
[INFO] [stderr]    Compiling thiserror-impl v1.0.40
[INFO] [stderr]    Compiling is-terminal v0.4.6
[INFO] [stderr]    Compiling anstream v0.2.6
[INFO] [stderr]    Compiling clap_builder v4.2.1
[INFO] [stderr]    Compiling thiserror v1.0.40
[INFO] [stderr]    Compiling pest v2.5.6
[INFO] [stderr]    Compiling pest_meta v2.5.6
[INFO] [stderr]    Compiling clap v4.2.1
[INFO] [stderr]    Compiling pest_generator v2.5.6
[INFO] [stderr]    Compiling pest_derive v2.5.6
[INFO] [stderr]    Compiling canadensis_dsdl_parser v0.3.0
[INFO] [stderr]    Compiling canadensis_dsdl_frontend v0.4.0
[INFO] [stderr]    Compiling canadensis_codegen_rust v0.4.1 (/opt/rustwide/workdir)
[INFO] [stderr]     Finished dev [unoptimized + debuginfo] target(s) in 14.61s
[INFO] running `Command { std: "docker" "inspect" "1f4e960a7fb7e868c05ddd59d50178d1a00a73c277b9381064b5d43c1585ec16", kill_on_drop: false }`
[INFO] running `Command { std: "docker" "rm" "-f" "1f4e960a7fb7e868c05ddd59d50178d1a00a73c277b9381064b5d43c1585ec16", kill_on_drop: false }`
[INFO] [stdout] 1f4e960a7fb7e868c05ddd59d50178d1a00a73c277b9381064b5d43c1585ec16
[INFO] running `Command { std: "docker" "create" "-v" "/var/lib/crater-agent-workspace/builds/worker-6-tc1/target:/opt/rustwide/target:rw,Z" "-v" "/var/lib/crater-agent-workspace/builds/worker-6-tc1/source:/opt/rustwide/workdir:ro,Z" "-v" "/var/lib/crater-agent-workspace/cargo-home:/opt/rustwide/cargo-home:ro,Z" "-v" "/var/lib/crater-agent-workspace/rustup-home:/opt/rustwide/rustup-home:ro,Z" "-e" "SOURCE_DIR=/opt/rustwide/workdir" "-e" "CARGO_TARGET_DIR=/opt/rustwide/target" "-e" "CARGO_INCREMENTAL=0" "-e" "RUST_BACKTRACE=full" "-e" "RUSTFLAGS=--cap-lints=warn" "-e" "RUSTDOCFLAGS=--cap-lints=warn" "-e" "CARGO_HOME=/opt/rustwide/cargo-home" "-e" "RUSTUP_HOME=/opt/rustwide/rustup-home" "-w" "/opt/rustwide/workdir" "-m" "1610612736" "--user" "0:0" "--network" "none" "ghcr.io/rust-lang/crates-build-env/linux@sha256:5ff2268d62e97bff2cde7d5815dd6ed5b47097566f13b8d0ca110b04b60e07ed" "/opt/rustwide/cargo-home/bin/cargo" "+1.69.0" "test" "--frozen" "--no-run" "--message-format=json", kill_on_drop: false }`
[INFO] [stdout] fee135f91f33c36996bcbad995606f2eb5e8e27b0a0c76cdc60fc2e1aea6a94c
[INFO] running `Command { std: "docker" "start" "-a" "fee135f91f33c36996bcbad995606f2eb5e8e27b0a0c76cdc60fc2e1aea6a94c", kill_on_drop: false }`
[INFO] [stderr]    Compiling canadensis_codegen_rust v0.4.1 (/opt/rustwide/workdir)
[INFO] [stderr]     Finished test [unoptimized + debuginfo] target(s) in 1.79s
[INFO] running `Command { std: "docker" "inspect" "fee135f91f33c36996bcbad995606f2eb5e8e27b0a0c76cdc60fc2e1aea6a94c", kill_on_drop: false }`
[INFO] running `Command { std: "docker" "rm" "-f" "fee135f91f33c36996bcbad995606f2eb5e8e27b0a0c76cdc60fc2e1aea6a94c", kill_on_drop: false }`
[INFO] [stdout] fee135f91f33c36996bcbad995606f2eb5e8e27b0a0c76cdc60fc2e1aea6a94c
[INFO] running `Command { std: "docker" "create" "-v" "/var/lib/crater-agent-workspace/builds/worker-6-tc1/target:/opt/rustwide/target:rw,Z" "-v" "/var/lib/crater-agent-workspace/builds/worker-6-tc1/source:/opt/rustwide/workdir:ro,Z" "-v" "/var/lib/crater-agent-workspace/cargo-home:/opt/rustwide/cargo-home:ro,Z" "-v" "/var/lib/crater-agent-workspace/rustup-home:/opt/rustwide/rustup-home:ro,Z" "-e" "SOURCE_DIR=/opt/rustwide/workdir" "-e" "CARGO_TARGET_DIR=/opt/rustwide/target" "-e" "CARGO_INCREMENTAL=0" "-e" "RUST_BACKTRACE=full" "-e" "RUSTFLAGS=--cap-lints=warn" "-e" "RUSTDOCFLAGS=--cap-lints=warn" "-e" "CARGO_HOME=/opt/rustwide/cargo-home" "-e" "RUSTUP_HOME=/opt/rustwide/rustup-home" "-w" "/opt/rustwide/workdir" "-m" "1610612736" "--user" "0:0" "--network" "none" "ghcr.io/rust-lang/crates-build-env/linux@sha256:5ff2268d62e97bff2cde7d5815dd6ed5b47097566f13b8d0ca110b04b60e07ed" "/opt/rustwide/cargo-home/bin/cargo" "+1.69.0" "test" "--frozen", kill_on_drop: false }`
[INFO] [stdout] bf4084cef12920da6d047d8f4f1fc5666b193e591a5365f4320e28c46057e585
[INFO] running `Command { std: "docker" "start" "-a" "bf4084cef12920da6d047d8f4f1fc5666b193e591a5365f4320e28c46057e585", kill_on_drop: false }`
[INFO] [stderr]     Finished test [unoptimized + debuginfo] target(s) in 0.04s
[INFO] [stderr]      Running unittests src/lib.rs (/opt/rustwide/target/debug/deps/canadensis_codegen_rust-5791a1f12d5b1694)
[INFO] [stdout] 
[INFO] [stdout] running 1 test
[INFO] [stdout] test test::external_module_basic ... ok
[INFO] [stdout] 
[INFO] [stdout] test result: ok. 1 passed; 0 failed; 0 ignored; 0 measured; 0 filtered out; finished in 0.00s
[INFO] [stdout] 
[INFO] [stderr]      Running unittests src/main.rs (/opt/rustwide/target/debug/deps/canadensis_codegen_rust-df377bd4415be68e)
[INFO] [stdout] 
[INFO] [stdout] running 0 tests
[INFO] [stdout] 
[INFO] [stdout] test result: ok. 0 passed; 0 failed; 0 ignored; 0 measured; 0 filtered out; finished in 0.00s
[INFO] [stdout] 
[INFO] [stderr]      Running tests/compile_fail.rs (/opt/rustwide/target/debug/deps/compile_fail-77567285d527575f)
[INFO] [stdout] 
[INFO] [stdout] running 1 test
[INFO] [stdout] test compile_fail ... ok
[INFO] [stdout] 
[INFO] [stdout] test result: ok. 1 passed; 0 failed; 0 ignored; 0 measured; 0 filtered out; finished in 0.01s
[INFO] [stdout] 
[INFO] [stderr]      Running tests/compile_pass.rs (/opt/rustwide/target/debug/deps/compile_pass-2dcc749f4cdbb67b)
[INFO] [stdout] 
[INFO] [stdout] running 2 tests
[INFO] [stdout] test compile_namespace_from_multiple_folders ... FAILED
[INFO] [stdout] test compile_pass_combined ... FAILED
[INFO] [stdout] 
[INFO] [stdout] failures:
[INFO] [stdout] 
[INFO] [stdout] ---- compile_namespace_from_multiple_folders stdout ----
[INFO] [stdout] Error: Io(Os { code: 2, kind: NotFound, message: "No such file or directory" })
[INFO] [stdout] 
[INFO] [stdout] ---- compile_pass_combined stdout ----
[INFO] [stdout] Error: Io(Os { code: 2, kind: NotFound, message: "No such file or directory" })
[INFO] [stdout] 
[INFO] [stdout] 
[INFO] [stdout] failures:
[INFO] [stdout]     compile_namespace_from_multiple_folders
[INFO] [stdout]     compile_pass_combined
[INFO] [stdout] 
[INFO] [stdout] test result: FAILED. 0 passed; 2 failed; 0 ignored; 0 measured; 0 filtered out; finished in 0.01s
[INFO] [stdout] 
[INFO] [stderr] error: test failed, to rerun pass `--test compile_pass`
[INFO] running `Command { std: "docker" "inspect" "bf4084cef12920da6d047d8f4f1fc5666b193e591a5365f4320e28c46057e585", kill_on_drop: false }`
[INFO] running `Command { std: "docker" "rm" "-f" "bf4084cef12920da6d047d8f4f1fc5666b193e591a5365f4320e28c46057e585", kill_on_drop: false }`
[INFO] [stdout] bf4084cef12920da6d047d8f4f1fc5666b193e591a5365f4320e28c46057e585
