[INFO] fetching crate camo-derive 0.4.0...
[INFO] testing camo-derive-0.4.0 against 1.69.0 for beta-1.70-1
[INFO] extracting crate camo-derive 0.4.0 into /workspace/builds/worker-2-tc1/source
[INFO] validating manifest of crates.io crate camo-derive 0.4.0 on toolchain 1.69.0
[INFO] running `Command { std: CARGO_HOME="/workspace/cargo-home" RUSTUP_HOME="/workspace/rustup-home" "/workspace/cargo-home/bin/cargo" "+1.69.0" "metadata" "--manifest-path" "Cargo.toml" "--no-deps", kill_on_drop: false }`
[INFO] started tweaking crates.io crate camo-derive 0.4.0
[INFO] finished tweaking crates.io crate camo-derive 0.4.0
[INFO] tweaked toml for crates.io crate camo-derive 0.4.0 written to /workspace/builds/worker-2-tc1/source/Cargo.toml
[INFO] running `Command { std: CARGO_HOME="/workspace/cargo-home" RUSTUP_HOME="/workspace/rustup-home" __CARGO_TEST_CHANNEL_OVERRIDE_DO_NOT_USE_THIS="nightly" "/workspace/cargo-home/bin/cargo" "+1.69.0" "generate-lockfile" "--manifest-path" "Cargo.toml" "-Zno-index-update", kill_on_drop: false }`
[INFO] running `Command { std: CARGO_HOME="/workspace/cargo-home" RUSTUP_HOME="/workspace/rustup-home" "/workspace/cargo-home/bin/cargo" "+1.69.0" "fetch" "--manifest-path" "Cargo.toml", kill_on_drop: false }`
[INFO] running `Command { std: "docker" "create" "-v" "/var/lib/crater-agent-workspace/builds/worker-2-tc1/target:/opt/rustwide/target:rw,Z" "-v" "/var/lib/crater-agent-workspace/builds/worker-2-tc1/source:/opt/rustwide/workdir:ro,Z" "-v" "/var/lib/crater-agent-workspace/cargo-home:/opt/rustwide/cargo-home:ro,Z" "-v" "/var/lib/crater-agent-workspace/rustup-home:/opt/rustwide/rustup-home:ro,Z" "-e" "SOURCE_DIR=/opt/rustwide/workdir" "-e" "CARGO_TARGET_DIR=/opt/rustwide/target" "-e" "CARGO_HOME=/opt/rustwide/cargo-home" "-e" "RUSTUP_HOME=/opt/rustwide/rustup-home" "-w" "/opt/rustwide/workdir" "-m" "1610612736" "--user" "0:0" "--network" "none" "ghcr.io/rust-lang/crates-build-env/linux@sha256:97d61d7686bf65f8ecb15491ab51835e82dc9176a96a831f143a431b191fc501" "/opt/rustwide/cargo-home/bin/cargo" "+1.69.0" "metadata" "--no-deps" "--format-version=1", kill_on_drop: false }`
[INFO] [stdout] 74af12f51281eff2f26e1e4993e8f479b68806d57ad831144b6a33d539af5d1a
[INFO] running `Command { std: "docker" "start" "-a" "74af12f51281eff2f26e1e4993e8f479b68806d57ad831144b6a33d539af5d1a", kill_on_drop: false }`
[INFO] running `Command { std: "docker" "inspect" "74af12f51281eff2f26e1e4993e8f479b68806d57ad831144b6a33d539af5d1a", kill_on_drop: false }`
[INFO] running `Command { std: "docker" "rm" "-f" "74af12f51281eff2f26e1e4993e8f479b68806d57ad831144b6a33d539af5d1a", kill_on_drop: false }`
[INFO] [stdout] 74af12f51281eff2f26e1e4993e8f479b68806d57ad831144b6a33d539af5d1a
[INFO] running `Command { std: "docker" "create" "-v" "/var/lib/crater-agent-workspace/builds/worker-2-tc1/target:/opt/rustwide/target:rw,Z" "-v" "/var/lib/crater-agent-workspace/builds/worker-2-tc1/source:/opt/rustwide/workdir:ro,Z" "-v" "/var/lib/crater-agent-workspace/cargo-home:/opt/rustwide/cargo-home:ro,Z" "-v" "/var/lib/crater-agent-workspace/rustup-home:/opt/rustwide/rustup-home:ro,Z" "-e" "SOURCE_DIR=/opt/rustwide/workdir" "-e" "CARGO_TARGET_DIR=/opt/rustwide/target" "-e" "CARGO_INCREMENTAL=0" "-e" "RUST_BACKTRACE=full" "-e" "RUSTFLAGS=--cap-lints=warn" "-e" "RUSTDOCFLAGS=--cap-lints=warn" "-e" "CARGO_HOME=/opt/rustwide/cargo-home" "-e" "RUSTUP_HOME=/opt/rustwide/rustup-home" "-w" "/opt/rustwide/workdir" "-m" "1610612736" "--user" "0:0" "--network" "none" "ghcr.io/rust-lang/crates-build-env/linux@sha256:97d61d7686bf65f8ecb15491ab51835e82dc9176a96a831f143a431b191fc501" "/opt/rustwide/cargo-home/bin/cargo" "+1.69.0" "build" "--frozen" "--message-format=json", kill_on_drop: false }`
[INFO] [stdout] cc5344c01e9366a480a5151477f1366c5df8e3795202760f56dc5fd967ad4f6e
[INFO] running `Command { std: "docker" "start" "-a" "cc5344c01e9366a480a5151477f1366c5df8e3795202760f56dc5fd967ad4f6e", kill_on_drop: false }`
[INFO] [stderr]    Compiling syn v1.0.109
[INFO] [stderr]    Compiling camo-derive v0.4.0 (/opt/rustwide/workdir)
[INFO] [stderr]     Finished dev [unoptimized + debuginfo] target(s) in 3.35s
[INFO] running `Command { std: "docker" "inspect" "cc5344c01e9366a480a5151477f1366c5df8e3795202760f56dc5fd967ad4f6e", kill_on_drop: false }`
[INFO] running `Command { std: "docker" "rm" "-f" "cc5344c01e9366a480a5151477f1366c5df8e3795202760f56dc5fd967ad4f6e", kill_on_drop: false }`
[INFO] [stdout] cc5344c01e9366a480a5151477f1366c5df8e3795202760f56dc5fd967ad4f6e
[INFO] running `Command { std: "docker" "create" "-v" "/var/lib/crater-agent-workspace/builds/worker-2-tc1/target:/opt/rustwide/target:rw,Z" "-v" "/var/lib/crater-agent-workspace/builds/worker-2-tc1/source:/opt/rustwide/workdir:ro,Z" "-v" "/var/lib/crater-agent-workspace/cargo-home:/opt/rustwide/cargo-home:ro,Z" "-v" "/var/lib/crater-agent-workspace/rustup-home:/opt/rustwide/rustup-home:ro,Z" "-e" "SOURCE_DIR=/opt/rustwide/workdir" "-e" "CARGO_TARGET_DIR=/opt/rustwide/target" "-e" "CARGO_INCREMENTAL=0" "-e" "RUST_BACKTRACE=full" "-e" "RUSTFLAGS=--cap-lints=warn" "-e" "RUSTDOCFLAGS=--cap-lints=warn" "-e" "CARGO_HOME=/opt/rustwide/cargo-home" "-e" "RUSTUP_HOME=/opt/rustwide/rustup-home" "-w" "/opt/rustwide/workdir" "-m" "1610612736" "--user" "0:0" "--network" "none" "ghcr.io/rust-lang/crates-build-env/linux@sha256:97d61d7686bf65f8ecb15491ab51835e82dc9176a96a831f143a431b191fc501" "/opt/rustwide/cargo-home/bin/cargo" "+1.69.0" "test" "--frozen" "--no-run" "--message-format=json", kill_on_drop: false }`
[INFO] [stdout] 8024e2bf66e2af586f5a4010d292e5c93751ef51fa3805b3f9788d462b093b75
[INFO] running `Command { std: "docker" "start" "-a" "8024e2bf66e2af586f5a4010d292e5c93751ef51fa3805b3f9788d462b093b75", kill_on_drop: false }`
[INFO] [stderr]    Compiling serde v1.0.160
[INFO] [stderr]    Compiling trybuild v1.0.80
[INFO] [stderr]    Compiling glob v0.3.1
[INFO] [stderr]    Compiling once_cell v1.17.1
[INFO] [stderr]    Compiling syn v1.0.109
[INFO] [stderr]    Compiling syn v2.0.15
[INFO] [stderr]    Compiling serde_derive v1.0.160
[INFO] [stderr]    Compiling camo-derive v0.4.0 (/opt/rustwide/workdir)
[INFO] [stderr]    Compiling basic-toml v0.1.2
[INFO] [stderr]    Compiling serde_json v1.0.96
[INFO] [stderr]     Finished test [unoptimized + debuginfo] target(s) in 12.76s
[INFO] running `Command { std: "docker" "inspect" "8024e2bf66e2af586f5a4010d292e5c93751ef51fa3805b3f9788d462b093b75", kill_on_drop: false }`
[INFO] running `Command { std: "docker" "rm" "-f" "8024e2bf66e2af586f5a4010d292e5c93751ef51fa3805b3f9788d462b093b75", kill_on_drop: false }`
[INFO] [stdout] 8024e2bf66e2af586f5a4010d292e5c93751ef51fa3805b3f9788d462b093b75
[INFO] running `Command { std: "docker" "create" "-v" "/var/lib/crater-agent-workspace/builds/worker-2-tc1/target:/opt/rustwide/target:rw,Z" "-v" "/var/lib/crater-agent-workspace/builds/worker-2-tc1/source:/opt/rustwide/workdir:ro,Z" "-v" "/var/lib/crater-agent-workspace/cargo-home:/opt/rustwide/cargo-home:ro,Z" "-v" "/var/lib/crater-agent-workspace/rustup-home:/opt/rustwide/rustup-home:ro,Z" "-e" "SOURCE_DIR=/opt/rustwide/workdir" "-e" "CARGO_TARGET_DIR=/opt/rustwide/target" "-e" "CARGO_INCREMENTAL=0" "-e" "RUST_BACKTRACE=full" "-e" "RUSTFLAGS=--cap-lints=warn" "-e" "RUSTDOCFLAGS=--cap-lints=warn" "-e" "CARGO_HOME=/opt/rustwide/cargo-home" "-e" "RUSTUP_HOME=/opt/rustwide/rustup-home" "-w" "/opt/rustwide/workdir" "-m" "1610612736" "--user" "0:0" "--network" "none" "ghcr.io/rust-lang/crates-build-env/linux@sha256:97d61d7686bf65f8ecb15491ab51835e82dc9176a96a831f143a431b191fc501" "/opt/rustwide/cargo-home/bin/cargo" "+1.69.0" "test" "--frozen", kill_on_drop: false }`
[INFO] [stdout] 165e146981a99fab7dcafe3fe4fcb77af933bb1f97693f74719ef6bf3cf0e62a
[INFO] running `Command { std: "docker" "start" "-a" "165e146981a99fab7dcafe3fe4fcb77af933bb1f97693f74719ef6bf3cf0e62a", kill_on_drop: false }`
[INFO] [stderr]     Finished test [unoptimized + debuginfo] target(s) in 0.01s
[INFO] [stderr]      Running unittests src/lib.rs (/opt/rustwide/target/debug/deps/camo_derive-74b3676e782354ea)
[INFO] [stdout] 
[INFO] [stdout] running 0 tests
[INFO] [stdout] 
[INFO] [stdout] test result: ok. 0 passed; 0 failed; 0 ignored; 0 measured; 0 filtered out; finished in 0.00s
[INFO] [stdout] 
[INFO] [stderr]      Running tests/integration_tests.rs (/opt/rustwide/target/debug/deps/integration_tests-b18fed1201c62ed0)
[INFO] [stdout] 
[INFO] [stdout] running 1 test
[INFO] [stderr]    Compiling proc-macro2 v1.0.56
[INFO] [stderr]    Compiling quote v1.0.26
[INFO] [stderr]    Compiling unicode-ident v1.0.8
[INFO] [stderr]    Compiling syn v1.0.109
[INFO] [stderr]    Compiling serde_derive v1.0.160
[INFO] [stderr]    Compiling serde v1.0.160
[INFO] [stderr]    Compiling syn v2.0.15
[INFO] [stderr]    Compiling camo-derive v0.4.0 (/opt/rustwide/workdir)
[INFO] [stderr]    Compiling camo-derive-tests v0.0.0 (/opt/rustwide/target/tests/trybuild/camo-derive)
[INFO] [stderr]     Finished dev [unoptimized + debuginfo] target(s) in 9.56s
[INFO] [stderr] 
[INFO] [stderr] 
[INFO] [stderr] test tests/pass/struct.rs [should pass] ... error
[INFO] [stderr] ┈┈┈┈┈┈┈┈┈┈┈┈┈┈┈┈┈┈┈┈┈┈┈┈┈┈┈┈┈┈┈┈┈┈┈┈┈┈┈┈┈┈┈┈┈┈┈┈┈┈┈┈┈┈┈┈┈┈┈┈
[INFO] [stderr] error[E0433]: failed to resolve: use of undeclared crate or module `camo`
[INFO] [stderr]  --> tests/pass/struct.rs:1:5
[INFO] [stderr]   |
[INFO] [stderr] 1 | use camo::core::{Camo as _, Container, ContainerAttributes, Item, Struct, Visibility, StructContent, NamedField, Type, PathSegment, TypeP...
[INFO] [stderr]   |     ^^^^ use of undeclared crate or module `camo`
[INFO] [stderr] 
[INFO] [stderr] error[E0433]: failed to resolve: could not find `camo` in the list of imported crates
[INFO] [stderr]  --> tests/pass/struct.rs:4:10
[INFO] [stderr]   |
[INFO] [stderr] 4 | #[derive(Camo)]
[INFO] [stderr]   |          ^^^^ could not find `camo` in the list of imported crates
[INFO] [stderr]   |
[INFO] [stderr]   = note: this error originates in the derive macro `Camo` (in Nightly builds, run with -Z macro-backtrace for more info)
[INFO] [stderr] 
[INFO] [stderr] error[E0433]: failed to resolve: could not find `camo` in the list of imported crates
[INFO] [stderr]  --> tests/pass/struct.rs:4:10
[INFO] [stderr]   |
[INFO] [stderr] 4 | #[derive(Camo)]
[INFO] [stderr]   |          ^^^^ could not find `camo` in the list of imported crates
[INFO] [stderr]   |
[INFO] [stderr]   = note: this error originates in the derive macro `Camo` (in Nightly builds, run with -Z macro-backtrace for more info)
[INFO] [stderr] help: consider importing one of these items
[INFO] [stderr]   |
[INFO] [stderr] 1 | use syn::Type;
[INFO] [stderr]   |
[INFO] [stderr] 1 | use syn::token::Type;
[INFO] [stderr]   |
[INFO] [stderr] help: if you import `Type`, refer to it directly
[INFO] [stderr]   |
[INFO] [stderr] 4 | #[derive(Camo)]
[INFO] [stderr]   |
[INFO] [stderr] ┈┈┈┈┈┈┈┈┈┈┈┈┈┈┈┈┈┈┈┈┈┈┈┈┈┈┈┈┈┈┈┈┈┈┈┈┈┈┈┈┈┈┈┈┈┈┈┈┈┈┈┈┈┈┈┈┈┈┈┈
[INFO] [stderr] 
[INFO] [stderr] test tests/pass/enum.rs [should pass] ... error
[INFO] [stderr] ┈┈┈┈┈┈┈┈┈┈┈┈┈┈┈┈┈┈┈┈┈┈┈┈┈┈┈┈┈┈┈┈┈┈┈┈┈┈┈┈┈┈┈┈┈┈┈┈┈┈┈┈┈┈┈┈┈┈┈┈
[INFO] [stderr] error[E0433]: failed to resolve: use of undeclared crate or module `camo`
[INFO] [stderr]  --> tests/pass/enum.rs:1:5
[INFO] [stderr]   |
[INFO] [stderr] 1 | use camo::core::{Camo as _, Container, ContainerAttributes, Item, Enum, Visibility, Variant, VariantAttributes, VariantContent, Type, Pat...
[INFO] [stderr]   |     ^^^^ use of undeclared crate or module `camo`
[INFO] [stderr] 
[INFO] [stderr] error[E0433]: failed to resolve: could not find `camo` in the list of imported crates
[INFO] [stderr]  --> tests/pass/enum.rs:8:10
[INFO] [stderr]   |
[INFO] [stderr] 8 | #[derive(Camo)]
[INFO] [stderr]   |          ^^^^ could not find `camo` in the list of imported crates
[INFO] [stderr]   |
[INFO] [stderr]   = note: this error originates in the derive macro `Camo` (in Nightly builds, run with -Z macro-backtrace for more info)
[INFO] [stderr] 
[INFO] [stderr] error[E0433]: failed to resolve: could not find `camo` in the list of imported crates
[INFO] [stderr]  --> tests/pass/enum.rs:8:10
[INFO] [stderr]   |
[INFO] [stderr] 8 | #[derive(Camo)]
[INFO] [stderr]   |          ^^^^ could not find `camo` in the list of imported crates
[INFO] [stderr]   |
[INFO] [stderr]   = note: this error originates in the derive macro `Camo` (in Nightly builds, run with -Z macro-backtrace for more info)
[INFO] [stderr] help: consider importing one of these items
[INFO] [stderr]   |
[INFO] [stderr] 1 | use syn::Type;
[INFO] [stderr]   |
[INFO] [stderr] 1 | use syn::token::Type;
[INFO] [stderr]   |
[INFO] [stderr] help: if you import `Type`, refer to it directly
[INFO] [stderr]   |
[INFO] [stderr] 8 | #[derive(Camo)]
[INFO] [stderr]   |
[INFO] [stderr] ┈┈┈┈┈┈┈┈┈┈┈┈┈┈┈┈┈┈┈┈┈┈┈┈┈┈┈┈┈┈┈┈┈┈┈┈┈┈┈┈┈┈┈┈┈┈┈┈┈┈┈┈┈┈┈┈┈┈┈┈
[INFO] [stderr] 
[INFO] [stderr] test tests/pass/enum_named_fields.rs [should pass] ... error
[INFO] [stderr] ┈┈┈┈┈┈┈┈┈┈┈┈┈┈┈┈┈┈┈┈┈┈┈┈┈┈┈┈┈┈┈┈┈┈┈┈┈┈┈┈┈┈┈┈┈┈┈┈┈┈┈┈┈┈┈┈┈┈┈┈
[INFO] [stderr] error[E0433]: failed to resolve: use of undeclared crate or module `camo`
[INFO] [stderr]  --> tests/pass/enum_named_fields.rs:1:5
[INFO] [stderr]   |
[INFO] [stderr] 1 | use camo::core::{Camo as _, Container, ContainerAttributes, Item, Enum, Visibility, Variant, VariantAttributes, VariantContent, NamedFiel...
[INFO] [stderr]   |     ^^^^ use of undeclared crate or module `camo`
[INFO] [stderr] 
[INFO] [stderr] error[E0433]: failed to resolve: could not find `camo` in the list of imported crates
[INFO] [stderr]  --> tests/pass/enum_named_fields.rs:4:10
[INFO] [stderr]   |
[INFO] [stderr] 4 | #[derive(Camo)]
[INFO] [stderr]   |          ^^^^ could not find `camo` in the list of imported crates
[INFO] [stderr]   |
[INFO] [stderr]   = note: this error originates in the derive macro `Camo` (in Nightly builds, run with -Z macro-backtrace for more info)
[INFO] [stderr] 
[INFO] [stderr] error[E0433]: failed to resolve: could not find `camo` in the list of imported crates
[INFO] [stderr]  --> tests/pass/enum_named_fields.rs:4:10
[INFO] [stderr]   |
[INFO] [stderr] 4 | #[derive(Camo)]
[INFO] [stderr]   |          ^^^^ could not find `camo` in the list of imported crates
[INFO] [stderr]   |
[INFO] [stderr]   = note: this error originates in the derive macro `Camo` (in Nightly builds, run with -Z macro-backtrace for more info)
[INFO] [stderr] help: consider importing one of these items
[INFO] [stderr]   |
[INFO] [stderr] 1 | use syn::Type;
[INFO] [stderr]   |
[INFO] [stderr] 1 | use syn::token::Type;
[INFO] [stderr]   |
[INFO] [stderr] help: if you import `Type`, refer to it directly
[INFO] [stderr]   |
[INFO] [stderr] 4 | #[derive(Camo)]
[INFO] [stderr]   |
[INFO] [stderr] ┈┈┈┈┈┈┈┈┈┈┈┈┈┈┈┈┈┈┈┈┈┈┈┈┈┈┈┈┈┈┈┈┈┈┈┈┈┈┈┈┈┈┈┈┈┈┈┈┈┈┈┈┈┈┈┈┈┈┈┈
[INFO] [stderr] 
[INFO] [stderr] test tests/pass/generics.rs [should pass] ... error
[INFO] [stderr] ┈┈┈┈┈┈┈┈┈┈┈┈┈┈┈┈┈┈┈┈┈┈┈┈┈┈┈┈┈┈┈┈┈┈┈┈┈┈┈┈┈┈┈┈┈┈┈┈┈┈┈┈┈┈┈┈┈┈┈┈
[INFO] [stderr] error[E0433]: failed to resolve: use of undeclared crate or module `camo`
[INFO] [stderr]  --> tests/pass/generics.rs:1:5
[INFO] [stderr]   |
[INFO] [stderr] 1 | use camo::core::{Camo as _, Container, ContainerAttributes, Item, Struct, Visibility, GenericParameter, StructContent, NamedField, Type, ...
[INFO] [stderr]   |     ^^^^ use of undeclared crate or module `camo`
[INFO] [stderr] 
[INFO] [stderr] error[E0433]: failed to resolve: could not find `camo` in the list of imported crates
[INFO] [stderr]  --> tests/pass/generics.rs:4:10
[INFO] [stderr]   |
[INFO] [stderr] 4 | #[derive(Camo)]
[INFO] [stderr]   |          ^^^^ could not find `camo` in the list of imported crates
[INFO] [stderr]   |
[INFO] [stderr]   = note: this error originates in the derive macro `Camo` (in Nightly builds, run with -Z macro-backtrace for more info)
[INFO] [stderr] 
[INFO] [stderr] error[E0433]: failed to resolve: could not find `camo` in the list of imported crates
[INFO] [stderr]  --> tests/pass/generics.rs:4:10
[INFO] [stderr]   |
[INFO] [stderr] 4 | #[derive(Camo)]
[INFO] [stderr]   |          ^^^^ could not find `camo` in the list of imported crates
[INFO] [stderr]   |
[INFO] [stderr]   = note: this error originates in the derive macro `Camo` (in Nightly builds, run with -Z macro-backtrace for more info)
[INFO] [stderr] help: consider importing one of these items
[INFO] [stderr]   |
[INFO] [stderr] 1 | use syn::Type;
[INFO] [stderr]   |
[INFO] [stderr] 1 | use syn::token::Type;
[INFO] [stderr]   |
[INFO] [stderr] help: if you import `Type`, refer to it directly
[INFO] [stderr]   |
[INFO] [stderr] 4 | #[derive(Camo)]
[INFO] [stderr]   |
[INFO] [stderr] ┈┈┈┈┈┈┈┈┈┈┈┈┈┈┈┈┈┈┈┈┈┈┈┈┈┈┈┈┈┈┈┈┈┈┈┈┈┈┈┈┈┈┈┈┈┈┈┈┈┈┈┈┈┈┈┈┈┈┈┈
[INFO] [stderr] 
[INFO] [stderr] test tests/pass/newtype.rs [should pass] ... error
[INFO] [stderr] ┈┈┈┈┈┈┈┈┈┈┈┈┈┈┈┈┈┈┈┈┈┈┈┈┈┈┈┈┈┈┈┈┈┈┈┈┈┈┈┈┈┈┈┈┈┈┈┈┈┈┈┈┈┈┈┈┈┈┈┈
[INFO] [stderr] error[E0433]: failed to resolve: use of undeclared crate or module `camo`
[INFO] [stderr]  --> tests/pass/newtype.rs:1:5
[INFO] [stderr]   |
[INFO] [stderr] 1 | use camo::core::{Camo as _, Container, ContainerAttributes, Item, Struct, Visibility, StructContent, UnnamedField, Type, PathSegment, Typ...
[INFO] [stderr]   |     ^^^^ use of undeclared crate or module `camo`
[INFO] [stderr] 
[INFO] [stderr] error[E0433]: failed to resolve: could not find `camo` in the list of imported crates
[INFO] [stderr]  --> tests/pass/newtype.rs:4:10
[INFO] [stderr]   |
[INFO] [stderr] 4 | #[derive(Camo)]
[INFO] [stderr]   |          ^^^^ could not find `camo` in the list of imported crates
[INFO] [stderr]   |
[INFO] [stderr]   = note: this error originates in the derive macro `Camo` (in Nightly builds, run with -Z macro-backtrace for more info)
[INFO] [stderr] 
[INFO] [stderr] error[E0433]: failed to resolve: could not find `camo` in the list of imported crates
[INFO] [stderr]  --> tests/pass/newtype.rs:4:10
[INFO] [stderr]   |
[INFO] [stderr] 4 | #[derive(Camo)]
[INFO] [stderr]   |          ^^^^ could not find `camo` in the list of imported crates
[INFO] [stderr]   |
[INFO] [stderr]   = note: this error originates in the derive macro `Camo` (in Nightly builds, run with -Z macro-backtrace for more info)
[INFO] [stderr] help: consider importing one of these items
[INFO] [stderr]   |
[INFO] [stderr] 1 | use syn::Type;
[INFO] [stderr]   |
[INFO] [stderr] 1 | use syn::token::Type;
[INFO] [stderr]   |
[INFO] [stderr] help: if you import `Type`, refer to it directly
[INFO] [stderr]   |
[INFO] [stderr] 4 | #[derive(Camo)]
[INFO] [stderr]   |
[INFO] [stderr] ┈┈┈┈┈┈┈┈┈┈┈┈┈┈┈┈┈┈┈┈┈┈┈┈┈┈┈┈┈┈┈┈┈┈┈┈┈┈┈┈┈┈┈┈┈┈┈┈┈┈┈┈┈┈┈┈┈┈┈┈
[INFO] [stderr] 
[INFO] [stderr] test tests/pass/serde_attributes_container.rs [should pass] ... error
[INFO] [stderr] ┈┈┈┈┈┈┈┈┈┈┈┈┈┈┈┈┈┈┈┈┈┈┈┈┈┈┈┈┈┈┈┈┈┈┈┈┈┈┈┈┈┈┈┈┈┈┈┈┈┈┈┈┈┈┈┈┈┈┈┈
[INFO] [stderr] error[E0433]: failed to resolve: use of undeclared crate or module `camo`
[INFO] [stderr]  --> tests/pass/serde_attributes_container.rs:1:5
[INFO] [stderr]   |
[INFO] [stderr] 1 | use camo::core::{Camo as _, Container, ContainerAttributes, RenameRule, Item, Struct, Enum, Visibility, StructContent, NamedField, Varian...
[INFO] [stderr]   |     ^^^^ use of undeclared crate or module `camo`
[INFO] [stderr] 
[INFO] [stderr] error[E0433]: failed to resolve: could not find `camo` in the list of imported crates
[INFO] [stderr]  --> tests/pass/serde_attributes_container.rs:5:10
[INFO] [stderr]   |
[INFO] [stderr] 5 | #[derive(Camo, Serialize)]
[INFO] [stderr]   |          ^^^^ could not find `camo` in the list of imported crates
[INFO] [stderr]   |
[INFO] [stderr]   = note: this error originates in the derive macro `Camo` (in Nightly builds, run with -Z macro-backtrace for more info)
[INFO] [stderr] 
[INFO] [stderr] error[E0433]: failed to resolve: could not find `camo` in the list of imported crates
[INFO] [stderr]   --> tests/pass/serde_attributes_container.rs:13:10
[INFO] [stderr]    |
[INFO] [stderr] 13 | #[derive(Camo, Serialize)]
[INFO] [stderr]    |          ^^^^ could not find `camo` in the list of imported crates
[INFO] [stderr]    |
[INFO] [stderr]    = note: this error originates in the derive macro `Camo` (in Nightly builds, run with -Z macro-backtrace for more info)
[INFO] [stderr] 
[INFO] [stderr] error[E0433]: failed to resolve: could not find `camo` in the list of imported crates
[INFO] [stderr]  --> tests/pass/serde_attributes_container.rs:5:10
[INFO] [stderr]   |
[INFO] [stderr] 5 | #[derive(Camo, Serialize)]
[INFO] [stderr]   |          ^^^^ could not find `camo` in the list of imported crates
[INFO] [stderr]   |
[INFO] [stderr]   = note: this error originates in the derive macro `Camo` (in Nightly builds, run with -Z macro-backtrace for more info)
[INFO] [stderr] help: consider importing one of these items
[INFO] [stderr]   |
[INFO] [stderr] 1 | use syn::Type;
[INFO] [stderr]   |
[INFO] [stderr] 1 | use syn::token::Type;
[INFO] [stderr]   |
[INFO] [stderr] help: if you import `Type`, refer to it directly
[INFO] [stderr]   |
[INFO] [stderr] 5 | #[derive(Camo, Serialize)]
[INFO] [stderr]   |
[INFO] [stderr] 
[INFO] [stderr] error[E0433]: failed to resolve: could not find `camo` in the list of imported crates
[INFO] [stderr]   --> tests/pass/serde_attributes_container.rs:13:10
[INFO] [stderr]    |
[INFO] [stderr] 13 | #[derive(Camo, Serialize)]
[INFO] [stderr]    |          ^^^^ could not find `camo` in the list of imported crates
[INFO] [stderr]    |
[INFO] [stderr]    = note: this error originates in the derive macro `Camo` (in Nightly builds, run with -Z macro-backtrace for more info)
[INFO] [stderr] help: consider importing one of these items
[INFO] [stderr]    |
[INFO] [stderr] 1  | use syn::Type;
[INFO] [stderr]    |
[INFO] [stderr] 1  | use syn::token::Type;
[INFO] [stderr]    |
[INFO] [stderr] help: if you import `Type`, refer to it directly
[INFO] [stderr]    |
[INFO] [stderr] 13 | #[derive(Camo, Serialize)]
[INFO] [stderr]    |
[INFO] [stderr] ┈┈┈┈┈┈┈┈┈┈┈┈┈┈┈┈┈┈┈┈┈┈┈┈┈┈┈┈┈┈┈┈┈┈┈┈┈┈┈┈┈┈┈┈┈┈┈┈┈┈┈┈┈┈┈┈┈┈┈┈
[INFO] [stderr] 
[INFO] [stderr] test tests/pass/serde_attributes_variant.rs [should pass] ... error
[INFO] [stderr] ┈┈┈┈┈┈┈┈┈┈┈┈┈┈┈┈┈┈┈┈┈┈┈┈┈┈┈┈┈┈┈┈┈┈┈┈┈┈┈┈┈┈┈┈┈┈┈┈┈┈┈┈┈┈┈┈┈┈┈┈
[INFO] [stderr] error[E0433]: failed to resolve: use of undeclared crate or module `camo`
[INFO] [stderr]  --> tests/pass/serde_attributes_variant.rs:1:5
[INFO] [stderr]   |
[INFO] [stderr] 1 | use camo::core::{Camo as _, Container, ContainerAttributes, RenameRule, Item, Enum, Visibility, Variant, VariantAttributes, VariantConten...
[INFO] [stderr]   |     ^^^^ use of undeclared crate or module `camo`
[INFO] [stderr] 
[INFO] [stderr] error[E0433]: failed to resolve: could not find `camo` in the list of imported crates
[INFO] [stderr]  --> tests/pass/serde_attributes_variant.rs:5:10
[INFO] [stderr]   |
[INFO] [stderr] 5 | #[derive(Camo, Serialize)]
[INFO] [stderr]   |          ^^^^ could not find `camo` in the list of imported crates
[INFO] [stderr]   |
[INFO] [stderr]   = note: this error originates in the derive macro `Camo` (in Nightly builds, run with -Z macro-backtrace for more info)
[INFO] [stderr] 
[INFO] [stderr] error[E0433]: failed to resolve: could not find `camo` in the list of imported crates
[INFO] [stderr]  --> tests/pass/serde_attributes_variant.rs:5:10
[INFO] [stderr]   |
[INFO] [stderr] 5 | #[derive(Camo, Serialize)]
[INFO] [stderr]   |          ^^^^ could not find `camo` in the list of imported crates
[INFO] [stderr]   |
[INFO] [stderr]   = note: this error originates in the derive macro `Camo` (in Nightly builds, run with -Z macro-backtrace for more info)
[INFO] [stderr] help: consider importing one of these items
[INFO] [stderr]   |
[INFO] [stderr] 1 | use syn::Type;
[INFO] [stderr]   |
[INFO] [stderr] 1 | use syn::token::Type;
[INFO] [stderr]   |
[INFO] [stderr] help: if you import `Type`, refer to it directly
[INFO] [stderr]   |
[INFO] [stderr] 5 | #[derive(Camo, Serialize)]
[INFO] [stderr]   |
[INFO] [stderr] ┈┈┈┈┈┈┈┈┈┈┈┈┈┈┈┈┈┈┈┈┈┈┈┈┈┈┈┈┈┈┈┈┈┈┈┈┈┈┈┈┈┈┈┈┈┈┈┈┈┈┈┈┈┈┈┈┈┈┈┈
[INFO] [stderr] 
[INFO] [stderr] test tests/fail/bounded_generics.rs [should fail to compile] ... ok
[INFO] [stderr] test tests/fail/union.rs [should fail to compile] ... ok
[INFO] [stderr] test tests/fail/const_generics.rs [should fail to compile] ... ok
[INFO] [stderr] test tests/fail/explicit_discriminant.rs [should fail to compile] ... ok
[INFO] [stderr] test tests/fail/enum_multiple_unnamed_fields.rs [should fail to compile] ... ok
[INFO] [stderr] test tests/fail/struct_unnamed_fields.rs [should fail to compile] ... ok
[INFO] [stderr] test tests/fail/function_types.rs [should fail to compile] ... ok
[INFO] [stderr] test tests/fail/macros.rs [should fail to compile] ... ok
[INFO] [stderr] test tests/fail/self_qualified_types.rs [should fail to compile] ... ok
[INFO] [stderr] test tests/fail/trait_object.rs [should fail to compile] ... ok
[INFO] [stderr] test tests/fail/serde_error.rs [should fail to compile] ... ok
[INFO] [stderr] 
[INFO] [stderr] 
[INFO] [stdout] test tests ... FAILED
[INFO] [stdout] 
[INFO] [stdout] failures:
[INFO] [stdout] 
[INFO] [stdout] ---- tests stdout ----
[INFO] [stdout] thread 'tests' panicked at '7 of 18 tests failed', /opt/rustwide/cargo-home/registry/src/github.com-1ecc6299db9ec823/trybuild-1.0.80/src/run.rs:101:13
[INFO] [stdout] stack backtrace:
[INFO] [stdout]    0:     0x562bd3dc379a - std::backtrace_rs::backtrace::libunwind::trace::ha9053a9a07ca49cb
[INFO] [stdout]                                at /rustc/84c898d65adf2f39a5a98507f1fe0ce10a2b8dbc/library/std/src/../../backtrace/src/backtrace/libunwind.rs:93:5
[INFO] [stdout]    1:     0x562bd3dc379a - std::backtrace_rs::backtrace::trace_unsynchronized::h9c2852a457ad564e
[INFO] [stdout]                                at /rustc/84c898d65adf2f39a5a98507f1fe0ce10a2b8dbc/library/std/src/../../backtrace/src/backtrace/mod.rs:66:5
[INFO] [stdout]    2:     0x562bd3dc379a - std::sys_common::backtrace::_print_fmt::h457936fbfaa0070f
[INFO] [stdout]                                at /rustc/84c898d65adf2f39a5a98507f1fe0ce10a2b8dbc/library/std/src/sys_common/backtrace.rs:65:5
[INFO] [stdout]    3:     0x562bd3dc379a - <std::sys_common::backtrace::_print::DisplayBacktrace as core::fmt::Display>::fmt::h5779d7bf7f70cb0c
[INFO] [stdout]                                at /rustc/84c898d65adf2f39a5a98507f1fe0ce10a2b8dbc/library/std/src/sys_common/backtrace.rs:44:22
[INFO] [stdout]    4:     0x562bd3de943e - core::fmt::write::h5a4baaff1bcd3eb5
[INFO] [stdout]                                at /rustc/84c898d65adf2f39a5a98507f1fe0ce10a2b8dbc/library/core/src/fmt/mod.rs:1232:17
[INFO] [stdout]    5:     0x562bd3dbfde5 - std::io::Write::write_fmt::h478f79c628ef31d1
[INFO] [stdout]                                at /rustc/84c898d65adf2f39a5a98507f1fe0ce10a2b8dbc/library/std/src/io/mod.rs:1684:15
[INFO] [stdout]    6:     0x562bd3dc3565 - std::sys_common::backtrace::_print::h5fcdc36060f177e8
[INFO] [stdout]                                at /rustc/84c898d65adf2f39a5a98507f1fe0ce10a2b8dbc/library/std/src/sys_common/backtrace.rs:47:5
[INFO] [stdout]    7:     0x562bd3dc3565 - std::sys_common::backtrace::print::h54ca9458b876c8bf
[INFO] [stdout]                                at /rustc/84c898d65adf2f39a5a98507f1fe0ce10a2b8dbc/library/std/src/sys_common/backtrace.rs:34:9
[INFO] [stdout]    8:     0x562bd3dc532f - std::panicking::default_hook::{{closure}}::hbe471161c7664ed6
[INFO] [stdout]                                at /rustc/84c898d65adf2f39a5a98507f1fe0ce10a2b8dbc/library/std/src/panicking.rs:271:22
[INFO] [stdout]    9:     0x562bd3dc4fef - std::panicking::default_hook::ha3500da57aa4ac4f
[INFO] [stdout]                                at /rustc/84c898d65adf2f39a5a98507f1fe0ce10a2b8dbc/library/std/src/panicking.rs:287:9
[INFO] [stdout]   10:     0x562bd3b8cf57 - <alloc::boxed::Box<F,A> as core::ops::function::Fn<Args>>::call::hdf1b89dd137ece34
[INFO] [stdout]                                at /rustc/84c898d65adf2f39a5a98507f1fe0ce10a2b8dbc/library/alloc/src/boxed.rs:2001:9
[INFO] [stdout]   11:     0x562bd3b8cf57 - test::test_main::{{closure}}::h9081a79f20e75698
[INFO] [stdout]                                at /rustc/84c898d65adf2f39a5a98507f1fe0ce10a2b8dbc/library/test/src/lib.rs:135:21
[INFO] [stdout]   12:     0x562bd3dc5a5d - <alloc::boxed::Box<F,A> as core::ops::function::Fn<Args>>::call::h6507bddc3eebb4a5
[INFO] [stdout]                                at /rustc/84c898d65adf2f39a5a98507f1fe0ce10a2b8dbc/library/alloc/src/boxed.rs:2001:9
[INFO] [stdout]   13:     0x562bd3dc5a5d - std::panicking::rust_panic_with_hook::h50c09d000dc561d2
[INFO] [stdout]                                at /rustc/84c898d65adf2f39a5a98507f1fe0ce10a2b8dbc/library/std/src/panicking.rs:696:13
[INFO] [stdout]   14:     0x562bd3dc57d9 - std::panicking::begin_panic_handler::{{closure}}::h9e2b2176e00e0d9c
[INFO] [stdout]                                at /rustc/84c898d65adf2f39a5a98507f1fe0ce10a2b8dbc/library/std/src/panicking.rs:583:13
[INFO] [stdout]   15:     0x562bd3dc3c06 - std::sys_common::backtrace::__rust_end_short_backtrace::h5739b8e512c09d02
[INFO] [stdout]                                at /rustc/84c898d65adf2f39a5a98507f1fe0ce10a2b8dbc/library/std/src/sys_common/backtrace.rs:150:18
[INFO] [stdout]   16:     0x562bd3dc54e2 - rust_begin_unwind
[INFO] [stdout]                                at /rustc/84c898d65adf2f39a5a98507f1fe0ce10a2b8dbc/library/std/src/panicking.rs:579:5
[INFO] [stdout]   17:     0x562bd3b5be53 - core::panicking::panic_fmt::hf33a1475b4dc5c3e
[INFO] [stdout]                                at /rustc/84c898d65adf2f39a5a98507f1fe0ce10a2b8dbc/library/core/src/panicking.rs:64:14
[INFO] [stdout]   18:     0x562bd3bf8f4f - trybuild::run::<impl trybuild::Runner>::run::h76f4aaddfe1ee461
[INFO] [stdout]                                at /opt/rustwide/cargo-home/registry/src/github.com-1ecc6299db9ec823/trybuild-1.0.80/src/run.rs:101:13
[INFO] [stdout]   19:     0x562bd3bfe72a - <trybuild::TestCases as core::ops::drop::Drop>::drop::h4da07576014f74ae
[INFO] [stdout]                                at /opt/rustwide/cargo-home/registry/src/github.com-1ecc6299db9ec823/trybuild-1.0.80/src/lib.rs:315:13
[INFO] [stdout]   20:     0x562bd3b5d1c7 - core::ptr::drop_in_place<trybuild::TestCases>::h4cdf1c209b83a805
[INFO] [stdout]                                at /rustc/84c898d65adf2f39a5a98507f1fe0ce10a2b8dbc/library/core/src/ptr/mod.rs:490:1
[INFO] [stdout]   21:     0x562bd3b5d06e - integration_tests::tests::h1d43b3da9cb011da
[INFO] [stdout]                                at /opt/rustwide/workdir/tests/integration_tests.rs:24:1
[INFO] [stdout]   22:     0x562bd3b5ce67 - integration_tests::tests::{{closure}}::hb9ea274d2e0e37f1
[INFO] [stdout]                                at /opt/rustwide/workdir/tests/integration_tests.rs:4:12
[INFO] [stdout]   23:     0x562bd3b5d165 - core::ops::function::FnOnce::call_once::h56d2f0c1cf69c647
[INFO] [stdout]                                at /rustc/84c898d65adf2f39a5a98507f1fe0ce10a2b8dbc/library/core/src/ops/function.rs:250:5
[INFO] [stdout]   24:     0x562bd3b9233f - core::ops::function::FnOnce::call_once::h7d969581be7d0075
[INFO] [stdout]                                at /rustc/84c898d65adf2f39a5a98507f1fe0ce10a2b8dbc/library/core/src/ops/function.rs:250:5
[INFO] [stdout]   25:     0x562bd3b9233f - test::__rust_begin_short_backtrace::hca25a52684e56655
[INFO] [stdout]                                at /rustc/84c898d65adf2f39a5a98507f1fe0ce10a2b8dbc/library/test/src/lib.rs:656:18
[INFO] [stdout]   26:     0x562bd3b6395c - test::run_test::{{closure}}::ha8ac744c4af1a4bb
[INFO] [stdout]                                at /rustc/84c898d65adf2f39a5a98507f1fe0ce10a2b8dbc/library/test/src/lib.rs:647:30
[INFO] [stdout]   27:     0x562bd3b6395c - core::ops::function::FnOnce::call_once{{vtable.shim}}::h7b411a9ed45bdecf
[INFO] [stdout]                                at /rustc/84c898d65adf2f39a5a98507f1fe0ce10a2b8dbc/library/core/src/ops/function.rs:250:5
[INFO] [stdout]   28:     0x562bd3b91306 - <alloc::boxed::Box<F,A> as core::ops::function::FnOnce<Args>>::call_once::hd05328869a8ed200
[INFO] [stdout]                                at /rustc/84c898d65adf2f39a5a98507f1fe0ce10a2b8dbc/library/alloc/src/boxed.rs:1987:9
[INFO] [stdout]   29:     0x562bd3b91306 - <core::panic::unwind_safe::AssertUnwindSafe<F> as core::ops::function::FnOnce<()>>::call_once::h0c601ce20bd5b2be
[INFO] [stdout]                                at /rustc/84c898d65adf2f39a5a98507f1fe0ce10a2b8dbc/library/core/src/panic/unwind_safe.rs:271:9
[INFO] [stdout]   30:     0x562bd3b91306 - std::panicking::try::do_call::ha4be5c164fe30854
[INFO] [stdout]                                at /rustc/84c898d65adf2f39a5a98507f1fe0ce10a2b8dbc/library/std/src/panicking.rs:487:40
[INFO] [stdout]   31:     0x562bd3b91306 - std::panicking::try::h604546f3609af05f
[INFO] [stdout]                                at /rustc/84c898d65adf2f39a5a98507f1fe0ce10a2b8dbc/library/std/src/panicking.rs:451:19
[INFO] [stdout]   32:     0x562bd3b91306 - std::panic::catch_unwind::h5bfa8afe44c9c2f9
[INFO] [stdout]                                at /rustc/84c898d65adf2f39a5a98507f1fe0ce10a2b8dbc/library/std/src/panic.rs:140:14
[INFO] [stdout]   33:     0x562bd3b91306 - test::run_test_in_process::hd50dee55dd63e6aa
[INFO] [stdout]                                at /rustc/84c898d65adf2f39a5a98507f1fe0ce10a2b8dbc/library/test/src/lib.rs:679:27
[INFO] [stdout]   34:     0x562bd3b91306 - test::run_test::run_test_inner::{{closure}}::h4aa0f433aa85cea8
[INFO] [stdout]                                at /rustc/84c898d65adf2f39a5a98507f1fe0ce10a2b8dbc/library/test/src/lib.rs:573:39
[INFO] [stdout]   35:     0x562bd3b5dfd1 - test::run_test::run_test_inner::{{closure}}::had56431adf24b4d6
[INFO] [stdout]                                at /rustc/84c898d65adf2f39a5a98507f1fe0ce10a2b8dbc/library/test/src/lib.rs:600:37
[INFO] [stdout]   36:     0x562bd3b5dfd1 - std::sys_common::backtrace::__rust_begin_short_backtrace::ha8d9890e0c73bf13
[INFO] [stdout]                                at /rustc/84c898d65adf2f39a5a98507f1fe0ce10a2b8dbc/library/std/src/sys_common/backtrace.rs:134:18
[INFO] [stdout]   37:     0x562bd3b639eb - std::thread::Builder::spawn_unchecked_::{{closure}}::{{closure}}::h251832bcb4a95327
[INFO] [stdout]                                at /rustc/84c898d65adf2f39a5a98507f1fe0ce10a2b8dbc/library/std/src/thread/mod.rs:560:17
[INFO] [stdout]   38:     0x562bd3b639eb - <core::panic::unwind_safe::AssertUnwindSafe<F> as core::ops::function::FnOnce<()>>::call_once::h8fdff598fa414831
[INFO] [stdout]                                at /rustc/84c898d65adf2f39a5a98507f1fe0ce10a2b8dbc/library/core/src/panic/unwind_safe.rs:271:9
[INFO] [stdout]   39:     0x562bd3b639eb - std::panicking::try::do_call::h455dd2f7764a950f
[INFO] [stdout]                                at /rustc/84c898d65adf2f39a5a98507f1fe0ce10a2b8dbc/library/std/src/panicking.rs:487:40
[INFO] [stdout]   40:     0x562bd3b639eb - std::panicking::try::had6f23b7b73ae72a
[INFO] [stdout]                                at /rustc/84c898d65adf2f39a5a98507f1fe0ce10a2b8dbc/library/std/src/panicking.rs:451:19
[INFO] [stdout]   41:     0x562bd3b639eb - std::panic::catch_unwind::ha6a5ca3915b4dad0
[INFO] [stdout]                                at /rustc/84c898d65adf2f39a5a98507f1fe0ce10a2b8dbc/library/std/src/panic.rs:140:14
[INFO] [stdout]   42:     0x562bd3b639eb - std::thread::Builder::spawn_unchecked_::{{closure}}::h883b72ef75da6231
[INFO] [stdout]                                at /rustc/84c898d65adf2f39a5a98507f1fe0ce10a2b8dbc/library/std/src/thread/mod.rs:559:30
[INFO] [stdout]   43:     0x562bd3b639eb - core::ops::function::FnOnce::call_once{{vtable.shim}}::hb7dff73dc8bd2ccb
[INFO] [stdout]                                at /rustc/84c898d65adf2f39a5a98507f1fe0ce10a2b8dbc/library/core/src/ops/function.rs:250:5
[INFO] [stdout]   44:     0x562bd3dcacc3 - <alloc::boxed::Box<F,A> as core::ops::function::FnOnce<Args>>::call_once::h39990b24eedef2ab
[INFO] [stdout]                                at /rustc/84c898d65adf2f39a5a98507f1fe0ce10a2b8dbc/library/alloc/src/boxed.rs:1987:9
[INFO] [stdout]   45:     0x562bd3dcacc3 - <alloc::boxed::Box<F,A> as core::ops::function::FnOnce<Args>>::call_once::h01a027258444143b
[INFO] [stdout]                                at /rustc/84c898d65adf2f39a5a98507f1fe0ce10a2b8dbc/library/alloc/src/boxed.rs:1987:9
[INFO] [stdout]   46:     0x562bd3dcacc3 - std::sys::unix::thread::Thread::new::thread_start::ha4f1cdd9c25884ba
[INFO] [stdout]                                at /rustc/84c898d65adf2f39a5a98507f1fe0ce10a2b8dbc/library/std/src/sys/unix/thread.rs:108:17
[INFO] [stdout]   47:     0x7f3f08406b43 - <unknown>
[INFO] [stdout]   48:     0x7f3f08497bb4 - __clone
[INFO] [stdout]   49:                0x0 - <unknown>
[INFO] [stdout] 
[INFO] [stdout] 
[INFO] [stdout] failures:
[INFO] [stdout]     tests
[INFO] [stdout] 
[INFO] [stdout] test result: FAILED. 0 passed; 1 failed; 0 ignored; 0 measured; 0 filtered out; finished in 13.01s
[INFO] [stdout] 
[INFO] [stderr] error: test failed, to rerun pass `--test integration_tests`
[INFO] running `Command { std: "docker" "inspect" "165e146981a99fab7dcafe3fe4fcb77af933bb1f97693f74719ef6bf3cf0e62a", kill_on_drop: false }`
[INFO] running `Command { std: "docker" "rm" "-f" "165e146981a99fab7dcafe3fe4fcb77af933bb1f97693f74719ef6bf3cf0e62a", kill_on_drop: false }`
[INFO] [stdout] 165e146981a99fab7dcafe3fe4fcb77af933bb1f97693f74719ef6bf3cf0e62a
