[INFO] fetching crate calcltaor-RPC 0.1.0...
[INFO] testing calcltaor-RPC-0.1.0 against 1.69.0 for beta-1.70-1
[INFO] extracting crate calcltaor-RPC 0.1.0 into /workspace/builds/worker-3-tc1/source
[INFO] validating manifest of crates.io crate calcltaor-RPC 0.1.0 on toolchain 1.69.0
[INFO] running `Command { std: CARGO_HOME="/workspace/cargo-home" RUSTUP_HOME="/workspace/rustup-home" "/workspace/cargo-home/bin/cargo" "+1.69.0" "metadata" "--manifest-path" "Cargo.toml" "--no-deps", kill_on_drop: false }`
[INFO] started tweaking crates.io crate calcltaor-RPC 0.1.0
[INFO] finished tweaking crates.io crate calcltaor-RPC 0.1.0
[INFO] tweaked toml for crates.io crate calcltaor-RPC 0.1.0 written to /workspace/builds/worker-3-tc1/source/Cargo.toml
[INFO] running `Command { std: CARGO_HOME="/workspace/cargo-home" RUSTUP_HOME="/workspace/rustup-home" __CARGO_TEST_CHANNEL_OVERRIDE_DO_NOT_USE_THIS="nightly" "/workspace/cargo-home/bin/cargo" "+1.69.0" "generate-lockfile" "--manifest-path" "Cargo.toml" "-Zno-index-update", kill_on_drop: false }`
[INFO] running `Command { std: CARGO_HOME="/workspace/cargo-home" RUSTUP_HOME="/workspace/rustup-home" "/workspace/cargo-home/bin/cargo" "+1.69.0" "fetch" "--manifest-path" "Cargo.toml", kill_on_drop: false }`
[INFO] [stderr]     Blocking waiting for file lock on package cache
[INFO] running `Command { std: "docker" "create" "-v" "/var/lib/crater-agent-workspace/builds/worker-3-tc1/target:/opt/rustwide/target:rw,Z" "-v" "/var/lib/crater-agent-workspace/builds/worker-3-tc1/source:/opt/rustwide/workdir:ro,Z" "-v" "/var/lib/crater-agent-workspace/cargo-home:/opt/rustwide/cargo-home:ro,Z" "-v" "/var/lib/crater-agent-workspace/rustup-home:/opt/rustwide/rustup-home:ro,Z" "-e" "SOURCE_DIR=/opt/rustwide/workdir" "-e" "CARGO_TARGET_DIR=/opt/rustwide/target" "-e" "CARGO_HOME=/opt/rustwide/cargo-home" "-e" "RUSTUP_HOME=/opt/rustwide/rustup-home" "-w" "/opt/rustwide/workdir" "-m" "1610612736" "--user" "0:0" "--network" "none" "ghcr.io/rust-lang/crates-build-env/linux@sha256:5ff2268d62e97bff2cde7d5815dd6ed5b47097566f13b8d0ca110b04b60e07ed" "/opt/rustwide/cargo-home/bin/cargo" "+1.69.0" "metadata" "--no-deps" "--format-version=1", kill_on_drop: false }`
[INFO] [stdout] ce0ff298394a0121e2779d33f343c1eebba35d7f5e44b3a06a991aef0dbedf59
[INFO] running `Command { std: "docker" "start" "-a" "ce0ff298394a0121e2779d33f343c1eebba35d7f5e44b3a06a991aef0dbedf59", kill_on_drop: false }`
[INFO] running `Command { std: "docker" "inspect" "ce0ff298394a0121e2779d33f343c1eebba35d7f5e44b3a06a991aef0dbedf59", kill_on_drop: false }`
[INFO] running `Command { std: "docker" "rm" "-f" "ce0ff298394a0121e2779d33f343c1eebba35d7f5e44b3a06a991aef0dbedf59", kill_on_drop: false }`
[INFO] [stdout] ce0ff298394a0121e2779d33f343c1eebba35d7f5e44b3a06a991aef0dbedf59
[INFO] running `Command { std: "docker" "create" "-v" "/var/lib/crater-agent-workspace/builds/worker-3-tc1/target:/opt/rustwide/target:rw,Z" "-v" "/var/lib/crater-agent-workspace/builds/worker-3-tc1/source:/opt/rustwide/workdir:ro,Z" "-v" "/var/lib/crater-agent-workspace/cargo-home:/opt/rustwide/cargo-home:ro,Z" "-v" "/var/lib/crater-agent-workspace/rustup-home:/opt/rustwide/rustup-home:ro,Z" "-e" "SOURCE_DIR=/opt/rustwide/workdir" "-e" "CARGO_TARGET_DIR=/opt/rustwide/target" "-e" "CARGO_INCREMENTAL=0" "-e" "RUST_BACKTRACE=full" "-e" "RUSTFLAGS=--cap-lints=warn" "-e" "RUSTDOCFLAGS=--cap-lints=warn" "-e" "CARGO_HOME=/opt/rustwide/cargo-home" "-e" "RUSTUP_HOME=/opt/rustwide/rustup-home" "-w" "/opt/rustwide/workdir" "-m" "1610612736" "--user" "0:0" "--network" "none" "ghcr.io/rust-lang/crates-build-env/linux@sha256:5ff2268d62e97bff2cde7d5815dd6ed5b47097566f13b8d0ca110b04b60e07ed" "/opt/rustwide/cargo-home/bin/cargo" "+1.69.0" "build" "--frozen" "--message-format=json", kill_on_drop: false }`
[INFO] [stdout] 0d9594f3047d85f6f6391c1d72b1d741dd285c2e68757697d79baea695e64437
[INFO] running `Command { std: "docker" "start" "-a" "0d9594f3047d85f6f6391c1d72b1d741dd285c2e68757697d79baea695e64437", kill_on_drop: false }`
[INFO] [stderr]    Compiling calcltaor-RPC v0.1.0 (/opt/rustwide/workdir)
[INFO] [stdout] warning: crate `calcltaor_RPC` should have a snake case name
[INFO] [stdout]   |
[INFO] [stdout]   = help: convert the identifier to snake case: `calcltaor_rpc`
[INFO] [stdout]   = note: `#[warn(non_snake_case)]` on by default
[INFO] [stdout] 
[INFO] [stdout] 
[INFO] [stdout] warning: 1 warning emitted
[INFO] [stdout] 
[INFO] [stdout] 
[INFO] [stderr]     Finished dev [unoptimized + debuginfo] target(s) in 0.31s
[INFO] running `Command { std: "docker" "inspect" "0d9594f3047d85f6f6391c1d72b1d741dd285c2e68757697d79baea695e64437", kill_on_drop: false }`
[INFO] running `Command { std: "docker" "rm" "-f" "0d9594f3047d85f6f6391c1d72b1d741dd285c2e68757697d79baea695e64437", kill_on_drop: false }`
[INFO] [stdout] 0d9594f3047d85f6f6391c1d72b1d741dd285c2e68757697d79baea695e64437
[INFO] running `Command { std: "docker" "create" "-v" "/var/lib/crater-agent-workspace/builds/worker-3-tc1/target:/opt/rustwide/target:rw,Z" "-v" "/var/lib/crater-agent-workspace/builds/worker-3-tc1/source:/opt/rustwide/workdir:ro,Z" "-v" "/var/lib/crater-agent-workspace/cargo-home:/opt/rustwide/cargo-home:ro,Z" "-v" "/var/lib/crater-agent-workspace/rustup-home:/opt/rustwide/rustup-home:ro,Z" "-e" "SOURCE_DIR=/opt/rustwide/workdir" "-e" "CARGO_TARGET_DIR=/opt/rustwide/target" "-e" "CARGO_INCREMENTAL=0" "-e" "RUST_BACKTRACE=full" "-e" "RUSTFLAGS=--cap-lints=warn" "-e" "RUSTDOCFLAGS=--cap-lints=warn" "-e" "CARGO_HOME=/opt/rustwide/cargo-home" "-e" "RUSTUP_HOME=/opt/rustwide/rustup-home" "-w" "/opt/rustwide/workdir" "-m" "1610612736" "--user" "0:0" "--network" "none" "ghcr.io/rust-lang/crates-build-env/linux@sha256:5ff2268d62e97bff2cde7d5815dd6ed5b47097566f13b8d0ca110b04b60e07ed" "/opt/rustwide/cargo-home/bin/cargo" "+1.69.0" "test" "--frozen" "--no-run" "--message-format=json", kill_on_drop: false }`
[INFO] [stdout] 8c552532e252774ab8f184c5dd871fd57beea9b300b63cba28ff248e55c34c41
[INFO] running `Command { std: "docker" "start" "-a" "8c552532e252774ab8f184c5dd871fd57beea9b300b63cba28ff248e55c34c41", kill_on_drop: false }`
[INFO] [stdout] warning: crate `calcltaor_RPC` should have a snake case name
[INFO] [stdout]   |
[INFO] [stdout]   = help: convert the identifier to snake case: `calcltaor_rpc`
[INFO] [stdout]   = note: `#[warn(non_snake_case)]` on by default
[INFO] [stdout] 
[INFO] [stdout] 
[INFO] [stderr]    Compiling calcltaor-RPC v0.1.0 (/opt/rustwide/workdir)
[INFO] [stdout] warning: 1 warning emitted
[INFO] [stdout] 
[INFO] [stdout] 
[INFO] [stdout] warning: crate `calcltaor_RPC` should have a snake case name
[INFO] [stdout]   |
[INFO] [stdout]   = help: convert the identifier to snake case: `calcltaor_rpc`
[INFO] [stdout]   = note: `#[warn(non_snake_case)]` on by default
[INFO] [stdout] 
[INFO] [stdout] 
[INFO] [stdout] warning: 1 warning emitted
[INFO] [stdout] 
[INFO] [stdout] 
[INFO] [stderr]     Finished test [unoptimized + debuginfo] target(s) in 0.66s
[INFO] running `Command { std: "docker" "inspect" "8c552532e252774ab8f184c5dd871fd57beea9b300b63cba28ff248e55c34c41", kill_on_drop: false }`
[INFO] running `Command { std: "docker" "rm" "-f" "8c552532e252774ab8f184c5dd871fd57beea9b300b63cba28ff248e55c34c41", kill_on_drop: false }`
[INFO] [stdout] 8c552532e252774ab8f184c5dd871fd57beea9b300b63cba28ff248e55c34c41
[INFO] running `Command { std: "docker" "create" "-v" "/var/lib/crater-agent-workspace/builds/worker-3-tc1/target:/opt/rustwide/target:rw,Z" "-v" "/var/lib/crater-agent-workspace/builds/worker-3-tc1/source:/opt/rustwide/workdir:ro,Z" "-v" "/var/lib/crater-agent-workspace/cargo-home:/opt/rustwide/cargo-home:ro,Z" "-v" "/var/lib/crater-agent-workspace/rustup-home:/opt/rustwide/rustup-home:ro,Z" "-e" "SOURCE_DIR=/opt/rustwide/workdir" "-e" "CARGO_TARGET_DIR=/opt/rustwide/target" "-e" "CARGO_INCREMENTAL=0" "-e" "RUST_BACKTRACE=full" "-e" "RUSTFLAGS=--cap-lints=warn" "-e" "RUSTDOCFLAGS=--cap-lints=warn" "-e" "CARGO_HOME=/opt/rustwide/cargo-home" "-e" "RUSTUP_HOME=/opt/rustwide/rustup-home" "-w" "/opt/rustwide/workdir" "-m" "1610612736" "--user" "0:0" "--network" "none" "ghcr.io/rust-lang/crates-build-env/linux@sha256:5ff2268d62e97bff2cde7d5815dd6ed5b47097566f13b8d0ca110b04b60e07ed" "/opt/rustwide/cargo-home/bin/cargo" "+1.69.0" "test" "--frozen", kill_on_drop: false }`
[INFO] [stdout] 57e5e74543f070f78e3df1923d54d42af898dd0d10a75f0089a0881e54f75498
[INFO] running `Command { std: "docker" "start" "-a" "57e5e74543f070f78e3df1923d54d42af898dd0d10a75f0089a0881e54f75498", kill_on_drop: false }`
[INFO] [stderr] warning: crate `calcltaor_RPC` should have a snake case name
[INFO] [stderr]   |
[INFO] [stderr]   = help: convert the identifier to snake case: `calcltaor_rpc`
[INFO] [stderr]   = note: `#[warn(non_snake_case)]` on by default
[INFO] [stderr] 
[INFO] [stderr] warning: `calcltaor-RPC` (lib) generated 1 warning
[INFO] [stderr] warning: `calcltaor-RPC` (lib test) generated 1 warning (1 duplicate)
[INFO] [stderr]     Finished test [unoptimized + debuginfo] target(s) in 0.02s
[INFO] [stderr]      Running unittests src/lib.rs (/opt/rustwide/target/debug/deps/calcltaor_RPC-8cd2b488bc326997)
[INFO] [stdout] 
[INFO] [stdout] running 1 test
[INFO] [stderr]    Doc-tests calcltaor-RPC
[INFO] [stdout] test test::it_works ... ok
[INFO] [stdout] 
[INFO] [stdout] test result: ok. 1 passed; 0 failed; 0 ignored; 0 measured; 0 filtered out; finished in 0.01s
[INFO] [stdout] 
[INFO] [stdout] 
[INFO] [stdout] running 1 test
[INFO] [stdout] test src/lib.rs - eval (line 3) ... FAILED
[INFO] [stderr] error: doctest failed, to rerun pass `--doc`
[INFO] [stdout] 
[INFO] [stdout] failures:
[INFO] [stdout] 
[INFO] [stdout] ---- src/lib.rs - eval (line 3) stdout ----
[INFO] [stdout] error[E0433]: failed to resolve: use of undeclared crate or module `rpn_calc`
[INFO] [stdout]  --> src/lib.rs:5:9
[INFO] [stdout]   |
[INFO] [stdout] 4 | let a = rpn_calc::eval(src).unwrap();
[INFO] [stdout]   |         ^^^^^^^^ use of undeclared crate or module `rpn_calc`
[INFO] [stdout] 
[INFO] [stdout] error: aborting due to previous error
[INFO] [stdout] 
[INFO] [stdout] For more information about this error, try `rustc --explain E0433`.
[INFO] [stdout] Couldn't compile the test.
[INFO] [stdout] 
[INFO] [stdout] failures:
[INFO] [stdout]     src/lib.rs - eval (line 3)
[INFO] [stdout] 
[INFO] [stdout] test result: FAILED. 0 passed; 1 failed; 0 ignored; 0 measured; 0 filtered out; finished in 0.09s
[INFO] [stdout] 
[INFO] running `Command { std: "docker" "inspect" "57e5e74543f070f78e3df1923d54d42af898dd0d10a75f0089a0881e54f75498", kill_on_drop: false }`
[INFO] running `Command { std: "docker" "rm" "-f" "57e5e74543f070f78e3df1923d54d42af898dd0d10a75f0089a0881e54f75498", kill_on_drop: false }`
[INFO] [stdout] 57e5e74543f070f78e3df1923d54d42af898dd0d10a75f0089a0881e54f75498
