[INFO] fetching crate cairo-lang-sierra-to-casm 1.0.0-alpha.7...
[INFO] testing cairo-lang-sierra-to-casm-1.0.0-alpha.7 against beta-2023-04-20 for beta-1.70-1
[INFO] extracting crate cairo-lang-sierra-to-casm 1.0.0-alpha.7 into /workspace/builds/worker-3-tc2/source
[INFO] validating manifest of crates.io crate cairo-lang-sierra-to-casm 1.0.0-alpha.7 on toolchain beta-2023-04-20
[INFO] running `Command { std: CARGO_HOME="/workspace/cargo-home" RUSTUP_HOME="/workspace/rustup-home" "/workspace/cargo-home/bin/cargo" "+beta-2023-04-20" "metadata" "--manifest-path" "Cargo.toml" "--no-deps", kill_on_drop: false }`
[INFO] started tweaking crates.io crate cairo-lang-sierra-to-casm 1.0.0-alpha.7
[INFO] finished tweaking crates.io crate cairo-lang-sierra-to-casm 1.0.0-alpha.7
[INFO] tweaked toml for crates.io crate cairo-lang-sierra-to-casm 1.0.0-alpha.7 written to /workspace/builds/worker-3-tc2/source/Cargo.toml
[INFO] crate crates.io crate cairo-lang-sierra-to-casm 1.0.0-alpha.7 already has a lockfile, it will not be regenerated
[INFO] running `Command { std: CARGO_HOME="/workspace/cargo-home" RUSTUP_HOME="/workspace/rustup-home" "/workspace/cargo-home/bin/cargo" "+beta-2023-04-20" "fetch" "--manifest-path" "Cargo.toml", kill_on_drop: false }`
[INFO] [stderr]     Updating crates.io index
[INFO] [stderr]  Downloading crates ...
[INFO] [stderr]   Downloaded sprs v0.7.1
[INFO] [stderr]   Downloaded test-log v0.2.11
[INFO] [stderr]   Downloaded cairo-lang-casm v1.0.0-alpha.7
[INFO] [stderr]   Downloaded num-complex v0.2.4
[INFO] [stderr]   Downloaded lalrpop-util v0.19.9
[INFO] [stderr]   Downloaded const-fnv1a-hash v1.1.0
[INFO] [stderr]   Downloaded keccak v0.1.3
[INFO] [stderr]   Downloaded indoc v2.0.1
[INFO] [stderr]   Downloaded cxxbridge-flags v1.0.82
[INFO] [stderr]   Downloaded is-terminal v0.4.5
[INFO] [stderr]   Downloaded cairo-felt v0.3.0-rc1
[INFO] [stderr]   Downloaded matrixmultiply v0.2.4
[INFO] [stderr]   Downloaded assert_matches v1.5.0
[INFO] [stderr]   Downloaded cairo-lang-sierra-ap-change v1.0.0-alpha.7
[INFO] [stderr]   Downloaded ena v0.14.0
[INFO] [stderr]   Downloaded string_cache v0.8.4
[INFO] [stderr]   Downloaded term v0.7.0
[INFO] [stderr]   Downloaded good_lp v1.3.2
[INFO] [stderr]   Downloaded minilp v0.2.2
[INFO] [stderr]   Downloaded ndarray v0.13.1
[INFO] [stderr]   Downloaded cxx-build v1.0.82
[INFO] [stderr]   Downloaded cairo-lang-sierra v1.0.0-alpha.7
[INFO] [stderr]   Downloaded cxxbridge-macro v1.0.82
[INFO] [stderr]   Downloaded cxx v1.0.82
[INFO] [stderr]   Downloaded clap v4.0.26
[INFO] [stderr]   Downloaded lalrpop v0.19.9
[INFO] [stderr]   Downloaded syn v2.0.3
[INFO] [stderr]   Downloaded rustix v0.36.11
[INFO] [stderr]   Downloaded sha3 v0.10.6
[INFO] [stderr]   Downloaded derivative v2.2.0
[INFO] [stderr]   Downloaded phf_shared v0.10.0
[INFO] [stderr]   Downloaded rustversion v1.0.9
[INFO] [stderr]   Downloaded smol_str v0.2.0
[INFO] [stderr]   Downloaded cairo-lang-sierra-gas v1.0.0-alpha.7
[INFO] [stderr]   Downloaded cairo-lang-utils v1.0.0-alpha.7
[INFO] [stderr]   Downloaded cairo-lang-eq-solver v1.0.0-alpha.7
[INFO] [stderr]   Downloaded ascii-canvas v3.0.0
[INFO] running `Command { std: "docker" "create" "-v" "/var/lib/crater-agent-workspace/builds/worker-3-tc2/target:/opt/rustwide/target:rw,Z" "-v" "/var/lib/crater-agent-workspace/builds/worker-3-tc2/source:/opt/rustwide/workdir:ro,Z" "-v" "/var/lib/crater-agent-workspace/cargo-home:/opt/rustwide/cargo-home:ro,Z" "-v" "/var/lib/crater-agent-workspace/rustup-home:/opt/rustwide/rustup-home:ro,Z" "-e" "SOURCE_DIR=/opt/rustwide/workdir" "-e" "CARGO_TARGET_DIR=/opt/rustwide/target" "-e" "CARGO_HOME=/opt/rustwide/cargo-home" "-e" "RUSTUP_HOME=/opt/rustwide/rustup-home" "-w" "/opt/rustwide/workdir" "-m" "1610612736" "--user" "0:0" "--network" "none" "ghcr.io/rust-lang/crates-build-env/linux@sha256:5ff2268d62e97bff2cde7d5815dd6ed5b47097566f13b8d0ca110b04b60e07ed" "/opt/rustwide/cargo-home/bin/cargo" "+beta-2023-04-20" "metadata" "--no-deps" "--format-version=1", kill_on_drop: false }`
[INFO] [stdout] fff9b690104bd3808928b3f0d52a5759d03023f698fc776625d62cc3b7eba11c
[INFO] running `Command { std: "docker" "start" "-a" "fff9b690104bd3808928b3f0d52a5759d03023f698fc776625d62cc3b7eba11c", kill_on_drop: false }`
[INFO] running `Command { std: "docker" "inspect" "fff9b690104bd3808928b3f0d52a5759d03023f698fc776625d62cc3b7eba11c", kill_on_drop: false }`
[INFO] running `Command { std: "docker" "rm" "-f" "fff9b690104bd3808928b3f0d52a5759d03023f698fc776625d62cc3b7eba11c", kill_on_drop: false }`
[INFO] [stdout] fff9b690104bd3808928b3f0d52a5759d03023f698fc776625d62cc3b7eba11c
[INFO] running `Command { std: "docker" "create" "-v" "/var/lib/crater-agent-workspace/builds/worker-3-tc2/target:/opt/rustwide/target:rw,Z" "-v" "/var/lib/crater-agent-workspace/builds/worker-3-tc2/source:/opt/rustwide/workdir:ro,Z" "-v" "/var/lib/crater-agent-workspace/cargo-home:/opt/rustwide/cargo-home:ro,Z" "-v" "/var/lib/crater-agent-workspace/rustup-home:/opt/rustwide/rustup-home:ro,Z" "-e" "SOURCE_DIR=/opt/rustwide/workdir" "-e" "CARGO_TARGET_DIR=/opt/rustwide/target" "-e" "CARGO_INCREMENTAL=0" "-e" "RUST_BACKTRACE=full" "-e" "RUSTFLAGS=--cap-lints=warn" "-e" "RUSTDOCFLAGS=--cap-lints=warn" "-e" "CARGO_HOME=/opt/rustwide/cargo-home" "-e" "RUSTUP_HOME=/opt/rustwide/rustup-home" "-w" "/opt/rustwide/workdir" "-m" "1610612736" "--user" "0:0" "--network" "none" "ghcr.io/rust-lang/crates-build-env/linux@sha256:5ff2268d62e97bff2cde7d5815dd6ed5b47097566f13b8d0ca110b04b60e07ed" "/opt/rustwide/cargo-home/bin/cargo" "+beta-2023-04-20" "build" "--frozen" "--message-format=json", kill_on_drop: false }`
[INFO] [stdout] cfd96970ff34cc2102ac3c96613afff449c7f4732612b492bad9cb67b9518618
[INFO] running `Command { std: "docker" "start" "-a" "cfd96970ff34cc2102ac3c96613afff449c7f4732612b492bad9cb67b9518618", kill_on_drop: false }`
[INFO] [stderr]    Compiling proc-macro2 v1.0.52
[INFO] [stderr]    Compiling libc v0.2.137
[INFO] [stderr]    Compiling unicode-ident v1.0.5
[INFO] [stderr]    Compiling serde_derive v1.0.158
[INFO] [stderr]    Compiling serde v1.0.158
[INFO] [stderr]    Compiling log v0.4.17
[INFO] [stderr]    Compiling indexmap v1.9.2
[INFO] [stderr]    Compiling lock_api v0.4.9
[INFO] [stderr]    Compiling regex-syntax v0.6.28
[INFO] [stderr]    Compiling smallvec v1.10.0
[INFO] [stderr]    Compiling syn v1.0.103
[INFO] [stderr]    Compiling either v1.8.0
[INFO] [stderr]    Compiling parking_lot_core v0.9.4
[INFO] [stderr]    Compiling typenum v1.15.0
[INFO] [stderr]    Compiling aho-corasick v0.7.20
[INFO] [stderr]    Compiling io-lifetimes v1.0.9
[INFO] [stderr]    Compiling num-bigint v0.4.3
[INFO] [stderr]    Compiling itertools v0.10.5
[INFO] [stderr]    Compiling num-complex v0.2.4
[INFO] [stderr]    Compiling crunchy v0.2.2
[INFO] [stderr]    Compiling rustix v0.36.11
[INFO] [stderr]    Compiling ndarray v0.13.1
[INFO] [stderr]    Compiling linux-raw-sys v0.1.4
[INFO] [stderr]    Compiling termcolor v1.1.3
[INFO] [stderr]    Compiling once_cell v1.17.1
[INFO] [stderr]    Compiling tiny-keccak v2.0.2
[INFO] [stderr]    Compiling siphasher v0.3.10
[INFO] [stderr]    Compiling matrixmultiply v0.2.4
[INFO] [stderr]    Compiling phf_shared v0.10.0
[INFO] [stderr]    Compiling parking_lot_core v0.8.5
[INFO] [stderr]    Compiling fixedbitset v0.4.2
[INFO] [stderr]    Compiling unicode-segmentation v1.10.0
[INFO] [stderr]    Compiling iana-time-zone v0.1.53
[INFO] [stderr]    Compiling new_debug_unreachable v1.0.4
[INFO] [stderr]    Compiling quote v1.0.26
[INFO] [stderr]    Compiling bit-vec v0.6.3
[INFO] [stderr]    Compiling precomputed-hash v0.1.1
[INFO] [stderr]    Compiling humantime v2.1.0
[INFO] [stderr]    Compiling syn v2.0.3
[INFO] [stderr]    Compiling bit-set v0.5.3
[INFO] [stderr]    Compiling ena v0.14.0
[INFO] [stderr]    Compiling num-traits v0.1.43
[INFO] [stderr]    Compiling instant v0.1.12
[INFO] [stderr]    Compiling pico-args v0.4.2
[INFO] [stderr]    Compiling generic-array v0.14.6
[INFO] [stderr]    Compiling unicode-xid v0.2.4
[INFO] [stderr]    Compiling diff v0.1.13
[INFO] [stderr]    Compiling crossbeam-utils v0.8.14
[INFO] [stderr]    Compiling heck v0.3.3
[INFO] [stderr]    Compiling proc-macro-error-attr v1.0.4
[INFO] [stderr]    Compiling proc-macro-error v1.0.4
[INFO] [stderr]    Compiling fnv v1.0.7
[INFO] [stderr]    Compiling rustc-hash v1.1.0
[INFO] [stderr]    Compiling oorandom v11.1.3
[INFO] [stderr]    Compiling keccak v0.1.3
[INFO] [stderr]    Compiling convert_case v0.6.0
[INFO] [stderr]    Compiling const-fnv1a-hash v1.1.0
[INFO] [stderr]    Compiling heck v0.4.0
[INFO] [stderr]    Compiling regex v1.7.0
[INFO] [stderr]    Compiling spin v0.5.2
[INFO] [stderr]    Compiling os_str_bytes v6.4.1
[INFO] [stderr]    Compiling dirs-sys-next v0.1.2
[INFO] [stderr]    Compiling atty v0.2.14
[INFO] [stderr]    Compiling dirs-next v2.0.0
[INFO] [stderr]    Compiling time v0.1.44
[INFO] [stderr]    Compiling block-buffer v0.10.3
[INFO] [stderr]    Compiling crypto-common v0.1.6
[INFO] [stderr]    Compiling term v0.7.0
[INFO] [stderr]    Compiling digest v0.10.6
[INFO] [stderr]    Compiling clap_lex v0.3.0
[INFO] [stderr]    Compiling parking_lot v0.12.1
[INFO] [stderr]    Compiling lazy_static v1.4.0
[INFO] [stderr]    Compiling chrono v0.4.23
[INFO] [stderr]    Compiling strsim v0.10.0
[INFO] [stderr]    Compiling sha3 v0.10.6
[INFO] [stderr]    Compiling ascii-canvas v3.0.0
[INFO] [stderr]    Compiling string_cache v0.8.4
[INFO] [stderr]    Compiling parking_lot v0.11.2
[INFO] [stderr]    Compiling indoc v2.0.1
[INFO] [stderr]    Compiling assert_matches v1.5.0
[INFO] [stderr]    Compiling env_logger v0.9.3
[INFO] [stderr]    Compiling lalrpop-util v0.19.9
[INFO] [stderr]    Compiling is-terminal v0.4.5
[INFO] [stderr]    Compiling sprs v0.7.1
[INFO] [stderr]    Compiling thiserror-impl v1.0.40
[INFO] [stderr]    Compiling minilp v0.2.2
[INFO] [stderr]    Compiling thiserror v1.0.40
[INFO] [stderr]    Compiling good_lp v1.3.2
[INFO] [stderr]    Compiling salsa-macros v0.16.0
[INFO] [stderr]    Compiling derivative v2.2.0
[INFO] [stderr]    Compiling clap_derive v4.0.21
[INFO] [stderr]    Compiling clap v4.0.26
[INFO] [stderr]    Compiling smol_str v0.2.0
[INFO] [stderr]    Compiling petgraph v0.6.2
[INFO] [stderr]    Compiling salsa v0.16.1
[INFO] [stderr]    Compiling cairo-lang-utils v1.0.0-alpha.7
[INFO] [stderr]    Compiling cairo-felt v0.3.0-rc1
[INFO] [stderr]    Compiling cairo-lang-eq-solver v1.0.0-alpha.7
[INFO] [stderr]    Compiling cairo-lang-casm v1.0.0-alpha.7
[INFO] [stderr]    Compiling lalrpop v0.19.9
[INFO] [stderr]    Compiling cairo-lang-sierra v1.0.0-alpha.7
[INFO] [stderr]    Compiling cairo-lang-sierra-gas v1.0.0-alpha.7
[INFO] [stderr]    Compiling cairo-lang-sierra-ap-change v1.0.0-alpha.7
[INFO] [stderr]    Compiling cairo-lang-sierra-to-casm v1.0.0-alpha.7 (/opt/rustwide/workdir)
[INFO] [stderr]     Finished dev [unoptimized + debuginfo] target(s) in 37.18s
[INFO] running `Command { std: "docker" "inspect" "cfd96970ff34cc2102ac3c96613afff449c7f4732612b492bad9cb67b9518618", kill_on_drop: false }`
[INFO] running `Command { std: "docker" "rm" "-f" "cfd96970ff34cc2102ac3c96613afff449c7f4732612b492bad9cb67b9518618", kill_on_drop: false }`
[INFO] [stdout] cfd96970ff34cc2102ac3c96613afff449c7f4732612b492bad9cb67b9518618
[INFO] running `Command { std: "docker" "create" "-v" "/var/lib/crater-agent-workspace/builds/worker-3-tc2/target:/opt/rustwide/target:rw,Z" "-v" "/var/lib/crater-agent-workspace/builds/worker-3-tc2/source:/opt/rustwide/workdir:ro,Z" "-v" "/var/lib/crater-agent-workspace/cargo-home:/opt/rustwide/cargo-home:ro,Z" "-v" "/var/lib/crater-agent-workspace/rustup-home:/opt/rustwide/rustup-home:ro,Z" "-e" "SOURCE_DIR=/opt/rustwide/workdir" "-e" "CARGO_TARGET_DIR=/opt/rustwide/target" "-e" "CARGO_INCREMENTAL=0" "-e" "RUST_BACKTRACE=full" "-e" "RUSTFLAGS=--cap-lints=warn" "-e" "RUSTDOCFLAGS=--cap-lints=warn" "-e" "CARGO_HOME=/opt/rustwide/cargo-home" "-e" "RUSTUP_HOME=/opt/rustwide/rustup-home" "-w" "/opt/rustwide/workdir" "-m" "1610612736" "--user" "0:0" "--network" "none" "ghcr.io/rust-lang/crates-build-env/linux@sha256:5ff2268d62e97bff2cde7d5815dd6ed5b47097566f13b8d0ca110b04b60e07ed" "/opt/rustwide/cargo-home/bin/cargo" "+beta-2023-04-20" "test" "--frozen" "--no-run" "--message-format=json", kill_on_drop: false }`
[INFO] [stdout] acb35e31b99c8f04c96223c8edc13154f36db249331eae343d23e50738676890
[INFO] running `Command { std: "docker" "start" "-a" "acb35e31b99c8f04c96223c8edc13154f36db249331eae343d23e50738676890", kill_on_drop: false }`
[INFO] [stderr]    Compiling lalrpop v0.19.9
[INFO] [stderr]    Compiling test-case-macros v2.2.2
[INFO] [stderr]    Compiling test-log v0.2.11
[INFO] [stderr]    Compiling test-case v2.2.2
[INFO] [stderr]    Compiling cairo-lang-sierra v1.0.0-alpha.7
[INFO] [stderr]    Compiling cairo-lang-sierra-ap-change v1.0.0-alpha.7
[INFO] [stderr]    Compiling cairo-lang-sierra-gas v1.0.0-alpha.7
[INFO] [stderr]    Compiling cairo-lang-sierra-to-casm v1.0.0-alpha.7 (/opt/rustwide/workdir)
[INFO] [stderr]     Finished test [unoptimized + debuginfo] target(s) in 15.29s
[INFO] running `Command { std: "docker" "inspect" "acb35e31b99c8f04c96223c8edc13154f36db249331eae343d23e50738676890", kill_on_drop: false }`
[INFO] running `Command { std: "docker" "rm" "-f" "acb35e31b99c8f04c96223c8edc13154f36db249331eae343d23e50738676890", kill_on_drop: false }`
[INFO] [stdout] acb35e31b99c8f04c96223c8edc13154f36db249331eae343d23e50738676890
[INFO] running `Command { std: "docker" "create" "-v" "/var/lib/crater-agent-workspace/builds/worker-3-tc2/target:/opt/rustwide/target:rw,Z" "-v" "/var/lib/crater-agent-workspace/builds/worker-3-tc2/source:/opt/rustwide/workdir:ro,Z" "-v" "/var/lib/crater-agent-workspace/cargo-home:/opt/rustwide/cargo-home:ro,Z" "-v" "/var/lib/crater-agent-workspace/rustup-home:/opt/rustwide/rustup-home:ro,Z" "-e" "SOURCE_DIR=/opt/rustwide/workdir" "-e" "CARGO_TARGET_DIR=/opt/rustwide/target" "-e" "CARGO_INCREMENTAL=0" "-e" "RUST_BACKTRACE=full" "-e" "RUSTFLAGS=--cap-lints=warn" "-e" "RUSTDOCFLAGS=--cap-lints=warn" "-e" "CARGO_HOME=/opt/rustwide/cargo-home" "-e" "RUSTUP_HOME=/opt/rustwide/rustup-home" "-w" "/opt/rustwide/workdir" "-m" "1610612736" "--user" "0:0" "--network" "none" "ghcr.io/rust-lang/crates-build-env/linux@sha256:5ff2268d62e97bff2cde7d5815dd6ed5b47097566f13b8d0ca110b04b60e07ed" "/opt/rustwide/cargo-home/bin/cargo" "+beta-2023-04-20" "test" "--frozen", kill_on_drop: false }`
[INFO] [stdout] 18325978c83fecab8ef5c6669d22c03cf40bc2ba561a3da62e5787b65698fc84
[INFO] running `Command { std: "docker" "start" "-a" "18325978c83fecab8ef5c6669d22c03cf40bc2ba561a3da62e5787b65698fc84", kill_on_drop: false }`
[INFO] [stderr]     Finished test [unoptimized + debuginfo] target(s) in 0.09s
[INFO] [stderr]      Running unittests src/lib.rs (/opt/rustwide/target/debug/deps/cairo_lang_sierra_to_casm-408bab24b8673e0f)
[INFO] [stdout] 
[INFO] [stdout] running 45 tests
[INFO] [stdout] test compiler::test::compiler_errors::branch_count_mismatch ... ok
[INFO] [stdout] test compiler::test::compiler_errors::fallthrough_mismatch ... ok
[INFO] [stdout] test compiler::test::compiler_errors::enabling_ap_tracking_when_already_enabled_ ... ok
[INFO] [stdout] test compiler::test::compiler_errors::invalid_entry_point ... ok
[INFO] [stdout] test compiler::test::compiler_errors::dangling_references ... ok
[INFO] [stdout] test compiler::test::compiler_errors::bad_declaration ... ok
[INFO] [stdout] test compiler::test::compiler_errors::input_count_mismatch ... ok
[INFO] [stdout] test compiler::test::compiler_errors::concrete_libfunc_id_used_twice ... ok
[INFO] [stdout] test compiler::test::compiler_errors::invalid_finalize_locals_1 ... ok
[INFO] [stdout] test compiler::test::compiler_errors::ap_change_error ... ok
[INFO] [stdout] test compiler::test::compiler_errors::invalid_alloc_local_ ... ok
[INFO] [stdout] test compiler::test::compiler_errors::inconsistent_ap_tracking_ ... ok
[INFO] [stdout] test compiler::test::compiler_errors::inconsistent_references_unaligned_area ... ok
[INFO] [stdout] test compiler::test::compiler_errors::inconsistent_ap_tracking_base_ ... ok
[INFO] [stdout] test compiler::test::compiler_errors::inconsistent_references_merge_on_old_variable_not_created_at_the_same_point ... ok
[INFO] [stdout] test compiler::test::compiler_errors::inconsistent_references_different_locations_on_stack ... ok
[INFO] [stdout] test compiler::test::compiler_errors::invalid_return_reference ... ok
[INFO] [stdout] test compiler::test::compiler_errors::invalid_reference_expression_for_felt252_add ... ok
[INFO] [stdout] test compiler::test::compiler_errors::missing_reference ... ok
[INFO] [stdout] test compiler::test::compiler_errors::invalid_finalize_locals_2 ... ok
[INFO] [stdout] test compiler::test::compiler_errors::missing_references_for_statement ... ok
[INFO] [stdout] test compiler::test::compiler_errors::output_type_mismatch ... ok
[INFO] [stdout] test compiler::test::compiler_errors::missing_finalize_locals_ ... ok
[INFO] [stdout] test compiler::test::compiler_errors::statement_in_two_functions ... ok
[INFO] [stdout] test compiler::test::compiler_errors::invalid_return_type ... ok
[INFO] [stdout] test compiler::test::compiler_errors::store_temp_uninitialized_felt252_ ... ok
[INFO] [stdout] test compiler::test::sierra_to_casm::empty_enum ... ok
[INFO] [stdout] test compiler::test::sierra_to_casm::felt252_add_const ... ok
[INFO] [stdout] test compiler::test::compiler_errors::types_mismatch ... ok
[INFO] [stdout] test compiler::test::compiler_errors::reference_override ... ok
[INFO] [stdout] test compiler::test::sierra_to_casm::alloc_local_and_store_local ... ok
[INFO] [stdout] test compiler::test::compiler_errors::type_ordering_bad_for_building_size_map ... ok
[INFO] [stdout] test compiler::test::compiler_errors::undeclared_libfunc ... ok
[INFO] [stdout] test compiler::test::sierra_to_casm::u128 ... ok
[INFO] [stdout] test compiler::test::sierra_to_casm::felt252_div_const ... ok
[INFO] [stdout] test compiler::test::sierra_to_casm::branch_align ... ok
[INFO] [stdout] test compiler::test::sierra_to_casm::good_flow ... ok
[INFO] [stdout] test compiler::test::sierra_to_casm::u128_lt ... ok
[INFO] [stdout] test invocations::felt252::test::test_felt252_add ... ok
[INFO] [stdout] test invocations::felt252::test::test_store_temp ... ok
[INFO] [stdout] test invocations::felt252::test::test_jump_nz ... ok
[INFO] [stdout] test compiler::test::sierra_to_casm::fib_jumps ... FAILED
[INFO] [stdout] test compiler::test::sierra_to_casm::fib_no_gas ... FAILED
[INFO] [stdout] test invocations::pedersen::test::test_pedersen ... ok
[INFO] [stdout] test invocations::bitwise::test::test_bitwise ... ok
[INFO] [stdout] 
[INFO] [stdout] failures:
[INFO] [stdout] 
[INFO] [stdout] ---- compiler::test::sierra_to_casm::fib_jumps stdout ----
[INFO] [stdout] thread 'compiler::test::sierra_to_casm::fib_jumps' panicked at 'called `Result::unwrap()` on an `Err` value: Os { code: 2, kind: NotFound, message: "No such file or directory" }', src/test_utils.rs:36:30
[INFO] [stdout] stack backtrace:
[INFO] [stdout]    0:     0x56381dd6ab8a - std::backtrace_rs::backtrace::libunwind::trace::h2f05d0192276a8f6
[INFO] [stdout]                                at /rustc/1b7dd2252b99671ce5d1cb9664c5f8636329436d/library/std/src/../../backtrace/src/backtrace/libunwind.rs:93:5
[INFO] [stdout]    1:     0x56381dd6ab8a - std::backtrace_rs::backtrace::trace_unsynchronized::hedc23dff7a1af150
[INFO] [stdout]                                at /rustc/1b7dd2252b99671ce5d1cb9664c5f8636329436d/library/std/src/../../backtrace/src/backtrace/mod.rs:66:5
[INFO] [stdout]    2:     0x56381dd6ab8a - std::sys_common::backtrace::_print_fmt::h17541ef7592f3ce2
[INFO] [stdout]                                at /rustc/1b7dd2252b99671ce5d1cb9664c5f8636329436d/library/std/src/sys_common/backtrace.rs:65:5
[INFO] [stdout]    3:     0x56381dd6ab8a - <std::sys_common::backtrace::_print::DisplayBacktrace as core::fmt::Display>::fmt::h20f75df5ab0c0792
[INFO] [stdout]                                at /rustc/1b7dd2252b99671ce5d1cb9664c5f8636329436d/library/std/src/sys_common/backtrace.rs:44:22
[INFO] [stdout]    4:     0x56381dd8f93f - core::fmt::write::h78109e6f466b3af6
[INFO] [stdout]                                at /rustc/1b7dd2252b99671ce5d1cb9664c5f8636329436d/library/core/src/fmt/mod.rs:1254:17
[INFO] [stdout]    5:     0x56381dd67dd5 - std::io::Write::write_fmt::hd24bfb68a1b35a25
[INFO] [stdout]                                at /rustc/1b7dd2252b99671ce5d1cb9664c5f8636329436d/library/std/src/io/mod.rs:1698:15
[INFO] [stdout]    6:     0x56381dd6a955 - std::sys_common::backtrace::_print::h8dac57a9f8fbf9a5
[INFO] [stdout]                                at /rustc/1b7dd2252b99671ce5d1cb9664c5f8636329436d/library/std/src/sys_common/backtrace.rs:47:5
[INFO] [stdout]    7:     0x56381dd6a955 - std::sys_common::backtrace::print::hf9ecbf41d1aa712f
[INFO] [stdout]                                at /rustc/1b7dd2252b99671ce5d1cb9664c5f8636329436d/library/std/src/sys_common/backtrace.rs:34:9
[INFO] [stdout]    8:     0x56381dd6c60e - std::panicking::default_hook::{{closure}}::h04c07acfc84ca028
[INFO] [stdout]                                at /rustc/1b7dd2252b99671ce5d1cb9664c5f8636329436d/library/std/src/panicking.rs:269:22
[INFO] [stdout]    9:     0x56381dd6c341 - std::panicking::default_hook::h01f6bb23e1eceb2c
[INFO] [stdout]                                at /rustc/1b7dd2252b99671ce5d1cb9664c5f8636329436d/library/std/src/panicking.rs:285:9
[INFO] [stdout]   10:     0x56381d8ea9eb - <alloc::boxed::Box<F,A> as core::ops::function::Fn<Args>>::call::h87fe9f7b2fd49e4c
[INFO] [stdout]                                at /rustc/1b7dd2252b99671ce5d1cb9664c5f8636329436d/library/alloc/src/boxed.rs:1987:9
[INFO] [stdout]   11:     0x56381d8ea9eb - test::test_main::{{closure}}::he94d679243a7531b
[INFO] [stdout]                                at /rustc/1b7dd2252b99671ce5d1cb9664c5f8636329436d/library/test/src/lib.rs:134:21
[INFO] [stdout]   12:     0x56381dd6ccf4 - <alloc::boxed::Box<F,A> as core::ops::function::Fn<Args>>::call::h3f2d6d8b14c4769f
[INFO] [stdout]                                at /rustc/1b7dd2252b99671ce5d1cb9664c5f8636329436d/library/alloc/src/boxed.rs:1987:9
[INFO] [stdout]   13:     0x56381dd6ccf4 - std::panicking::rust_panic_with_hook::h2bb3722bbaf2f6df
[INFO] [stdout]                                at /rustc/1b7dd2252b99671ce5d1cb9664c5f8636329436d/library/std/src/panicking.rs:695:13
[INFO] [stdout]   14:     0x56381dd6ca69 - std::panicking::begin_panic_handler::{{closure}}::h91bc7f36a4be011b
[INFO] [stdout]                                at /rustc/1b7dd2252b99671ce5d1cb9664c5f8636329436d/library/std/src/panicking.rs:582:13
[INFO] [stdout]   15:     0x56381dd6aff6 - std::sys_common::backtrace::__rust_end_short_backtrace::h8b3d3717114f9e59
[INFO] [stdout]                                at /rustc/1b7dd2252b99671ce5d1cb9664c5f8636329436d/library/std/src/sys_common/backtrace.rs:150:18
[INFO] [stdout]   16:     0x56381dd6c7c2 - rust_begin_unwind
[INFO] [stdout]                                at /rustc/1b7dd2252b99671ce5d1cb9664c5f8636329436d/library/std/src/panicking.rs:578:5
[INFO] [stdout]   17:     0x56381d6f20e3 - core::panicking::panic_fmt::hfd368e3fbdabea26
[INFO] [stdout]                                at /rustc/1b7dd2252b99671ce5d1cb9664c5f8636329436d/library/core/src/panicking.rs:67:14
[INFO] [stdout]   18:     0x56381d6f2683 - core::result::unwrap_failed::he54eb4b2f125b26f
[INFO] [stdout]                                at /rustc/1b7dd2252b99671ce5d1cb9664c5f8636329436d/library/core/src/result.rs:1687:5
[INFO] [stdout]   19:     0x56381d7cb58c - core::result::Result<T,E>::unwrap::hce57a83fc78332b9
[INFO] [stdout]                                at /rustc/1b7dd2252b99671ce5d1cb9664c5f8636329436d/library/core/src/result.rs:1089:23
[INFO] [stdout]   20:     0x56381d8568ea - cairo_lang_sierra_to_casm::test_utils::read_sierra_example_file::h383b2a2937afcc94
[INFO] [stdout]                                at /opt/rustwide/workdir/src/test_utils.rs:36:5
[INFO] [stdout]   21:     0x56381d86fece - cairo_lang_sierra_to_casm::compiler::test::sierra_to_casm::fib_jumps::h4e99cc4f042dde6b
[INFO] [stdout]                                at /opt/rustwide/workdir/src/compiler_test.rs:280:13
[INFO] [stdout]   22:     0x56381d86fe97 - cairo_lang_sierra_to_casm::compiler::test::sierra_to_casm::fib_jumps::{{closure}}::hd0e936bff4e3395d
[INFO] [stdout]                                at /opt/rustwide/workdir/src/compiler_test.rs:9:1
[INFO] [stdout]   23:     0x56381d844675 - core::ops::function::FnOnce::call_once::hccf3095107572ed4
[INFO] [stdout]                                at /rustc/1b7dd2252b99671ce5d1cb9664c5f8636329436d/library/core/src/ops/function.rs:250:5
[INFO] [stdout]   24:     0x56381d8ef8bf - core::ops::function::FnOnce::call_once::ha6a70e79f7481a7e
[INFO] [stdout]                                at /rustc/1b7dd2252b99671ce5d1cb9664c5f8636329436d/library/core/src/ops/function.rs:250:5
[INFO] [stdout]   25:     0x56381d8ef8bf - test::__rust_begin_short_backtrace::hce33033019b61e69
[INFO] [stdout]                                at /rustc/1b7dd2252b99671ce5d1cb9664c5f8636329436d/library/test/src/lib.rs:655:18
[INFO] [stdout]   26:     0x56381d8bd0ac - test::run_test::{{closure}}::h858d3528838ae3e5
[INFO] [stdout]                                at /rustc/1b7dd2252b99671ce5d1cb9664c5f8636329436d/library/test/src/lib.rs:646:30
[INFO] [stdout]   27:     0x56381d8bd0ac - core::ops::function::FnOnce::call_once{{vtable.shim}}::he8ac2b00f01ae79e
[INFO] [stdout]                                at /rustc/1b7dd2252b99671ce5d1cb9664c5f8636329436d/library/core/src/ops/function.rs:250:5
[INFO] [stdout]   28:     0x56381d8ee996 - <alloc::boxed::Box<F,A> as core::ops::function::FnOnce<Args>>::call_once::h8093d25b522725ef
[INFO] [stdout]                                at /rustc/1b7dd2252b99671ce5d1cb9664c5f8636329436d/library/alloc/src/boxed.rs:1973:9
[INFO] [stdout]   29:     0x56381d8ee996 - <core::panic::unwind_safe::AssertUnwindSafe<F> as core::ops::function::FnOnce<()>>::call_once::h5c334c204e4a3913
[INFO] [stdout]                                at /rustc/1b7dd2252b99671ce5d1cb9664c5f8636329436d/library/core/src/panic/unwind_safe.rs:271:9
[INFO] [stdout]   30:     0x56381d8ee996 - std::panicking::try::do_call::ha8b740c7b9478074
[INFO] [stdout]                                at /rustc/1b7dd2252b99671ce5d1cb9664c5f8636329436d/library/std/src/panicking.rs:485:40
[INFO] [stdout]   31:     0x56381d8ee996 - std::panicking::try::h5d34f63d0e41b64e
[INFO] [stdout]                                at /rustc/1b7dd2252b99671ce5d1cb9664c5f8636329436d/library/std/src/panicking.rs:449:19
[INFO] [stdout]   32:     0x56381d8ee996 - std::panic::catch_unwind::hcfbb511e1aa7fc67
[INFO] [stdout]                                at /rustc/1b7dd2252b99671ce5d1cb9664c5f8636329436d/library/std/src/panic.rs:140:14
[INFO] [stdout]   33:     0x56381d8ee996 - test::run_test_in_process::h9abda90f802eaf21
[INFO] [stdout]                                at /rustc/1b7dd2252b99671ce5d1cb9664c5f8636329436d/library/test/src/lib.rs:678:27
[INFO] [stdout]   34:     0x56381d8ee996 - test::run_test::run_test_inner::{{closure}}::h0f058de91f6c6edf
[INFO] [stdout]                                at /rustc/1b7dd2252b99671ce5d1cb9664c5f8636329436d/library/test/src/lib.rs:572:39
[INFO] [stdout]   35:     0x56381d8b78b5 - test::run_test::run_test_inner::{{closure}}::h5ca48a4c59c6c1fb
[INFO] [stdout]                                at /rustc/1b7dd2252b99671ce5d1cb9664c5f8636329436d/library/test/src/lib.rs:599:37
[INFO] [stdout]   36:     0x56381d8b78b5 - std::sys_common::backtrace::__rust_begin_short_backtrace::h32bd51e1495d4a33
[INFO] [stdout]                                at /rustc/1b7dd2252b99671ce5d1cb9664c5f8636329436d/library/std/src/sys_common/backtrace.rs:134:18
[INFO] [stdout]   37:     0x56381d8bcdf1 - std::thread::Builder::spawn_unchecked_::{{closure}}::{{closure}}::hc086fae9b128b2db
[INFO] [stdout]                                at /rustc/1b7dd2252b99671ce5d1cb9664c5f8636329436d/library/std/src/thread/mod.rs:526:17
[INFO] [stdout]   38:     0x56381d8bcdf1 - <core::panic::unwind_safe::AssertUnwindSafe<F> as core::ops::function::FnOnce<()>>::call_once::hb66571888d270d43
[INFO] [stdout]                                at /rustc/1b7dd2252b99671ce5d1cb9664c5f8636329436d/library/core/src/panic/unwind_safe.rs:271:9
[INFO] [stdout]   39:     0x56381d8bcdf1 - std::panicking::try::do_call::h4fa2ef4f6e51fecf
[INFO] [stdout]                                at /rustc/1b7dd2252b99671ce5d1cb9664c5f8636329436d/library/std/src/panicking.rs:485:40
[INFO] [stdout]   40:     0x56381d8bcdf1 - std::panicking::try::h1e9e22b8584489b5
[INFO] [stdout]                                at /rustc/1b7dd2252b99671ce5d1cb9664c5f8636329436d/library/std/src/panicking.rs:449:19
[INFO] [stdout]   41:     0x56381d8bcdf1 - std::panic::catch_unwind::h44698a3de0e0769e
[INFO] [stdout]                                at /rustc/1b7dd2252b99671ce5d1cb9664c5f8636329436d/library/std/src/panic.rs:140:14
[INFO] [stdout]   42:     0x56381d8bcdf1 - std::thread::Builder::spawn_unchecked_::{{closure}}::h50153abde3fe239e
[INFO] [stdout]                                at /rustc/1b7dd2252b99671ce5d1cb9664c5f8636329436d/library/std/src/thread/mod.rs:525:30
[INFO] [stdout]   43:     0x56381d8bcdf1 - core::ops::function::FnOnce::call_once{{vtable.shim}}::hbe5bbf6f38394364
[INFO] [stdout]                                at /rustc/1b7dd2252b99671ce5d1cb9664c5f8636329436d/library/core/src/ops/function.rs:250:5
[INFO] [stdout]   44:     0x56381dd711c5 - <alloc::boxed::Box<F,A> as core::ops::function::FnOnce<Args>>::call_once::h0d83cb2920a49046
[INFO] [stdout]                                at /rustc/1b7dd2252b99671ce5d1cb9664c5f8636329436d/library/alloc/src/boxed.rs:1973:9
[INFO] [stdout]   45:     0x56381dd711c5 - <alloc::boxed::Box<F,A> as core::ops::function::FnOnce<Args>>::call_once::hbe0a008aa7d9ef59
[INFO] [stdout]                                at /rustc/1b7dd2252b99671ce5d1cb9664c5f8636329436d/library/alloc/src/boxed.rs:1973:9
[INFO] [stdout]   46:     0x56381dd711c5 - std::sys::unix::thread::Thread::new::thread_start::h3a466996bdf6b1f9
[INFO] [stdout]                                at /rustc/1b7dd2252b99671ce5d1cb9664c5f8636329436d/library/std/src/sys/unix/thread.rs:108:17
[INFO] [stdout]   47:     0x7f69e7ab6b43 - <unknown>
[INFO] [stdout]   48:     0x7f69e7b47bb4 - __clone
[INFO] [stdout]   49:                0x0 - <unknown>
[INFO] [stdout] 
[INFO] [stdout] ---- compiler::test::sierra_to_casm::fib_no_gas stdout ----
[INFO] [stdout] thread 'compiler::test::sierra_to_casm::fib_no_gas' panicked at 'called `Result::unwrap()` on an `Err` value: Os { code: 2, kind: NotFound, message: "No such file or directory" }', src/test_utils.rs:36:30
[INFO] [stdout] stack backtrace:
[INFO] [stdout]    0:     0x56381dd6ab8a - std::backtrace_rs::backtrace::libunwind::trace::h2f05d0192276a8f6
[INFO] [stdout]                                at /rustc/1b7dd2252b99671ce5d1cb9664c5f8636329436d/library/std/src/../../backtrace/src/backtrace/libunwind.rs:93:5
[INFO] [stdout]    1:     0x56381dd6ab8a - std::backtrace_rs::backtrace::trace_unsynchronized::hedc23dff7a1af150
[INFO] [stdout]                                at /rustc/1b7dd2252b99671ce5d1cb9664c5f8636329436d/library/std/src/../../backtrace/src/backtrace/mod.rs:66:5
[INFO] [stdout]    2:     0x56381dd6ab8a - std::sys_common::backtrace::_print_fmt::h17541ef7592f3ce2
[INFO] [stdout]                                at /rustc/1b7dd2252b99671ce5d1cb9664c5f8636329436d/library/std/src/sys_common/backtrace.rs:65:5
[INFO] [stdout]    3:     0x56381dd6ab8a - <std::sys_common::backtrace::_print::DisplayBacktrace as core::fmt::Display>::fmt::h20f75df5ab0c0792
[INFO] [stdout]                                at /rustc/1b7dd2252b99671ce5d1cb9664c5f8636329436d/library/std/src/sys_common/backtrace.rs:44:22
[INFO] [stdout]    4:     0x56381dd8f93f - core::fmt::write::h78109e6f466b3af6
[INFO] [stdout]                                at /rustc/1b7dd2252b99671ce5d1cb9664c5f8636329436d/library/core/src/fmt/mod.rs:1254:17
[INFO] [stdout]    5:     0x56381dd67dd5 - std::io::Write::write_fmt::hd24bfb68a1b35a25
[INFO] [stdout]                                at /rustc/1b7dd2252b99671ce5d1cb9664c5f8636329436d/library/std/src/io/mod.rs:1698:15
[INFO] [stdout]    6:     0x56381dd6a955 - std::sys_common::backtrace::_print::h8dac57a9f8fbf9a5
[INFO] [stdout]                                at /rustc/1b7dd2252b99671ce5d1cb9664c5f8636329436d/library/std/src/sys_common/backtrace.rs:47:5
[INFO] [stdout]    7:     0x56381dd6a955 - std::sys_common::backtrace::print::hf9ecbf41d1aa712f
[INFO] [stdout]                                at /rustc/1b7dd2252b99671ce5d1cb9664c5f8636329436d/library/std/src/sys_common/backtrace.rs:34:9
[INFO] [stdout]    8:     0x56381dd6c60e - std::panicking::default_hook::{{closure}}::h04c07acfc84ca028
[INFO] [stdout]                                at /rustc/1b7dd2252b99671ce5d1cb9664c5f8636329436d/library/std/src/panicking.rs:269:22
[INFO] [stdout]    9:     0x56381dd6c341 - std::panicking::default_hook::h01f6bb23e1eceb2c
[INFO] [stdout]                                at /rustc/1b7dd2252b99671ce5d1cb9664c5f8636329436d/library/std/src/panicking.rs:285:9
[INFO] [stdout]   10:     0x56381d8ea9eb - <alloc::boxed::Box<F,A> as core::ops::function::Fn<Args>>::call::h87fe9f7b2fd49e4c
[INFO] [stdout]                                at /rustc/1b7dd2252b99671ce5d1cb9664c5f8636329436d/library/alloc/src/boxed.rs:1987:9
[INFO] [stdout]   11:     0x56381d8ea9eb - test::test_main::{{closure}}::he94d679243a7531b
[INFO] [stdout]                                at /rustc/1b7dd2252b99671ce5d1cb9664c5f8636329436d/library/test/src/lib.rs:134:21
[INFO] [stdout]   12:     0x56381dd6ccf4 - <alloc::boxed::Box<F,A> as core::ops::function::Fn<Args>>::call::h3f2d6d8b14c4769f
[INFO] [stdout]                                at /rustc/1b7dd2252b99671ce5d1cb9664c5f8636329436d/library/alloc/src/boxed.rs:1987:9
[INFO] [stdout]   13:     0x56381dd6ccf4 - std::panicking::rust_panic_with_hook::h2bb3722bbaf2f6df
[INFO] [stdout]                                at /rustc/1b7dd2252b99671ce5d1cb9664c5f8636329436d/library/std/src/panicking.rs:695:13
[INFO] [stdout]   14:     0x56381dd6ca69 - std::panicking::begin_panic_handler::{{closure}}::h91bc7f36a4be011b
[INFO] [stdout]                                at /rustc/1b7dd2252b99671ce5d1cb9664c5f8636329436d/library/std/src/panicking.rs:582:13
[INFO] [stdout]   15:     0x56381dd6aff6 - std::sys_common::backtrace::__rust_end_short_backtrace::h8b3d3717114f9e59
[INFO] [stdout]                                at /rustc/1b7dd2252b99671ce5d1cb9664c5f8636329436d/library/std/src/sys_common/backtrace.rs:150:18
[INFO] [stdout]   16:     0x56381dd6c7c2 - rust_begin_unwind
[INFO] [stdout]                                at /rustc/1b7dd2252b99671ce5d1cb9664c5f8636329436d/library/std/src/panicking.rs:578:5
[INFO] [stdout]   17:     0x56381d6f20e3 - core::panicking::panic_fmt::hfd368e3fbdabea26
[INFO] [stdout]                                at /rustc/1b7dd2252b99671ce5d1cb9664c5f8636329436d/library/core/src/panicking.rs:67:14
[INFO] [stdout]   18:     0x56381d6f2683 - core::result::unwrap_failed::he54eb4b2f125b26f
[INFO] [stdout]                                at /rustc/1b7dd2252b99671ce5d1cb9664c5f8636329436d/library/core/src/result.rs:1687:5
[INFO] [stdout]   19:     0x56381d7cb58c - core::result::Result<T,E>::unwrap::hce57a83fc78332b9
[INFO] [stdout]                                at /rustc/1b7dd2252b99671ce5d1cb9664c5f8636329436d/library/core/src/result.rs:1089:23
[INFO] [stdout]   20:     0x56381d8568ea - cairo_lang_sierra_to_casm::test_utils::read_sierra_example_file::h383b2a2937afcc94
[INFO] [stdout]                                at /opt/rustwide/workdir/src/test_utils.rs:36:5
[INFO] [stdout]   21:     0x56381d86fdfe - cairo_lang_sierra_to_casm::compiler::test::sierra_to_casm::fib_no_gas::haca8c6a8a61d5f81
[INFO] [stdout]                                at /opt/rustwide/workdir/src/compiler_test.rs:267:13
[INFO] [stdout]   22:     0x56381d86fdc7 - cairo_lang_sierra_to_casm::compiler::test::sierra_to_casm::fib_no_gas::{{closure}}::h175c9fb8e03e0a9e
[INFO] [stdout]                                at /opt/rustwide/workdir/src/compiler_test.rs:9:1
[INFO] [stdout]   23:     0x56381d8433a5 - core::ops::function::FnOnce::call_once::h0516743d5439d889
[INFO] [stdout]                                at /rustc/1b7dd2252b99671ce5d1cb9664c5f8636329436d/library/core/src/ops/function.rs:250:5
[INFO] [stdout]   24:     0x56381d8ef8bf - core::ops::function::FnOnce::call_once::ha6a70e79f7481a7e
[INFO] [stdout]                                at /rustc/1b7dd2252b99671ce5d1cb9664c5f8636329436d/library/core/src/ops/function.rs:250:5
[INFO] [stdout]   25:     0x56381d8ef8bf - test::__rust_begin_short_backtrace::hce33033019b61e69
[INFO] [stdout]                                at /rustc/1b7dd2252b99671ce5d1cb9664c5f8636329436d/library/test/src/lib.rs:655:18
[INFO] [stdout]   26:     0x56381d8bd0ac - test::run_test::{{closure}}::h858d3528838ae3e5
[INFO] [stdout]                                at /rustc/1b7dd2252b99671ce5d1cb9664c5f8636329436d/library/test/src/lib.rs:646:30
[INFO] [stdout]   27:     0x56381d8bd0ac - core::ops::function::FnOnce::call_once{{vtable.shim}}::he8ac2b00f01ae79e
[INFO] [stdout]                                at /rustc/1b7dd2252b99671ce5d1cb9664c5f8636329436d/library/core/src/ops/function.rs:250:5
[INFO] [stdout]   28:     0x56381d8ee996 - <alloc::boxed::Box<F,A> as core::ops::function::FnOnce<Args>>::call_once::h8093d25b522725ef
[INFO] [stdout]                                at /rustc/1b7dd2252b99671ce5d1cb9664c5f8636329436d/library/alloc/src/boxed.rs:1973:9
[INFO] [stdout]   29:     0x56381d8ee996 - <core::panic::unwind_safe::AssertUnwindSafe<F> as core::ops::function::FnOnce<()>>::call_once::h5c334c204e4a3913
[INFO] [stdout]                                at /rustc/1b7dd2252b99671ce5d1cb9664c5f8636329436d/library/core/src/panic/unwind_safe.rs:271:9
[INFO] [stdout]   30:     0x56381d8ee996 - std::panicking::try::do_call::ha8b740c7b9478074
[INFO] [stdout]                                at /rustc/1b7dd2252b99671ce5d1cb9664c5f8636329436d/library/std/src/panicking.rs:485:40
[INFO] [stdout]   31:     0x56381d8ee996 - std::panicking::try::h5d34f63d0e41b64e
[INFO] [stdout]                                at /rustc/1b7dd2252b99671ce5d1cb9664c5f8636329436d/library/std/src/panicking.rs:449:19
[INFO] [stdout]   32:     0x56381d8ee996 - std::panic::catch_unwind::hcfbb511e1aa7fc67
[INFO] [stdout]                                at /rustc/1b7dd2252b99671ce5d1cb9664c5f8636329436d/library/std/src/panic.rs:140:14
[INFO] [stdout]   33:     0x56381d8ee996 - test::run_test_in_process::h9abda90f802eaf21
[INFO] [stdout]                                at /rustc/1b7dd2252b99671ce5d1cb9664c5f8636329436d/library/test/src/lib.rs:678:27
[INFO] [stdout]   34:     0x56381d8ee996 - test::run_test::run_test_inner::{{closure}}::h0f058de91f6c6edf
[INFO] [stdout]                                at /rustc/1b7dd2252b99671ce5d1cb9664c5f8636329436d/library/test/src/lib.rs:572:39
[INFO] [stdout]   35:     0x56381d8b78b5 - test::run_test::run_test_inner::{{closure}}::h5ca48a4c59c6c1fb
[INFO] [stdout]                                at /rustc/1b7dd2252b99671ce5d1cb9664c5f8636329436d/library/test/src/lib.rs:599:37
[INFO] [stdout]   36:     0x56381d8b78b5 - std::sys_common::backtrace::__rust_begin_short_backtrace::h32bd51e1495d4a33
[INFO] [stdout]                                at /rustc/1b7dd2252b99671ce5d1cb9664c5f8636329436d/library/std/src/sys_common/backtrace.rs:134:18
[INFO] [stdout]   37:     0x56381d8bcdf1 - std::thread::Builder::spawn_unchecked_::{{closure}}::{{closure}}::hc086fae9b128b2db
[INFO] [stdout]                                at /rustc/1b7dd2252b99671ce5d1cb9664c5f8636329436d/library/std/src/thread/mod.rs:526:17
[INFO] [stdout]   38:     0x56381d8bcdf1 - <core::panic::unwind_safe::AssertUnwindSafe<F> as core::ops::function::FnOnce<()>>::call_once::hb66571888d270d43
[INFO] [stdout]                                at /rustc/1b7dd2252b99671ce5d1cb9664c5f8636329436d/library/core/src/panic/unwind_safe.rs:271:9
[INFO] [stdout]   39:     0x56381d8bcdf1 - std::panicking::try::do_call::h4fa2ef4f6e51fecf
[INFO] [stdout]                                at /rustc/1b7dd2252b99671ce5d1cb9664c5f8636329436d/library/std/src/panicking.rs:485:40
[INFO] [stdout]   40:     0x56381d8bcdf1 - std::panicking::try::h1e9e22b8584489b5
[INFO] [stdout]                                at /rustc/1b7dd2252b99671ce5d1cb9664c5f8636329436d/library/std/src/panicking.rs:449:19
[INFO] [stdout]   41:     0x56381d8bcdf1 - std::panic::catch_unwind::h44698a3de0e0769e
[INFO] [stdout]                                at /rustc/1b7dd2252b99671ce5d1cb9664c5f8636329436d/library/std/src/panic.rs:140:14
[INFO] [stdout]   42:     0x56381d8bcdf1 - std::thread::Builder::spawn_unchecked_::{{closure}}::h50153abde3fe239e
[INFO] [stdout]                                at /rustc/1b7dd2252b99671ce5d1cb9664c5f8636329436d/library/std/src/thread/mod.rs:525:30
[INFO] [stdout]   43:     0x56381d8bcdf1 - core::ops::function::FnOnce::call_once{{vtable.shim}}::hbe5bbf6f38394364
[INFO] [stdout]                                at /rustc/1b7dd2252b99671ce5d1cb9664c5f8636329436d/library/core/src/ops/function.rs:250:5
[INFO] [stdout]   44:     0x56381dd711c5 - <alloc::boxed::Box<F,A> as core::ops::function::FnOnce<Args>>::call_once::h0d83cb2920a49046
[INFO] [stdout]                                at /rustc/1b7dd2252b99671ce5d1cb9664c5f8636329436d/library/alloc/src/boxed.rs:1973:9
[INFO] [stdout]   45:     0x56381dd711c5 - <alloc::boxed::Box<F,A> as core::ops::function::FnOnce<Args>>::call_once::hbe0a008aa7d9ef59
[INFO] [stdout]                                at /rustc/1b7dd2252b99671ce5d1cb9664c5f8636329436d/library/alloc/src/boxed.rs:1973:9
[INFO] [stdout]   46:     0x56381dd711c5 - std::sys::unix::thread::Thread::new::thread_start::h3a466996bdf6b1f9
[INFO] [stdout]                                at /rustc/1b7dd2252b99671ce5d1cb9664c5f8636329436d/library/std/src/sys/unix/thread.rs:108:17
[INFO] [stdout]   47:     0x7f69e7ab6b43 - <unknown>
[INFO] [stdout]   48:     0x7f69e7b47bb4 - __clone
[INFO] [stdout]   49:                0x0 - <unknown>
[INFO] [stdout] 
[INFO] [stdout] 
[INFO] [stdout] failures:
[INFO] [stdout]     compiler::test::sierra_to_casm::fib_jumps
[INFO] [stdout]     compiler::test::sierra_to_casm::fib_no_gas
[INFO] [stdout] 
[INFO] [stdout] test result: FAILED. 43 passed; 2 failed; 0 ignored; 0 measured; 0 filtered out; finished in 0.09s
[INFO] [stdout] 
[INFO] [stderr] error: test failed, to rerun pass `--lib`
[INFO] running `Command { std: "docker" "inspect" "18325978c83fecab8ef5c6669d22c03cf40bc2ba561a3da62e5787b65698fc84", kill_on_drop: false }`
[INFO] running `Command { std: "docker" "rm" "-f" "18325978c83fecab8ef5c6669d22c03cf40bc2ba561a3da62e5787b65698fc84", kill_on_drop: false }`
[INFO] [stdout] 18325978c83fecab8ef5c6669d22c03cf40bc2ba561a3da62e5787b65698fc84
