[INFO] fetching crate cached-path 0.6.1...
[INFO] testing cached-path-0.6.1 against 1.69.0 for beta-1.70-1
[INFO] extracting crate cached-path 0.6.1 into /workspace/builds/worker-6-tc1/source
[INFO] validating manifest of crates.io crate cached-path 0.6.1 on toolchain 1.69.0
[INFO] running `Command { std: CARGO_HOME="/workspace/cargo-home" RUSTUP_HOME="/workspace/rustup-home" "/workspace/cargo-home/bin/cargo" "+1.69.0" "metadata" "--manifest-path" "Cargo.toml" "--no-deps", kill_on_drop: false }`
[INFO] started tweaking crates.io crate cached-path 0.6.1
[INFO] finished tweaking crates.io crate cached-path 0.6.1
[INFO] tweaked toml for crates.io crate cached-path 0.6.1 written to /workspace/builds/worker-6-tc1/source/Cargo.toml
[INFO] crate crates.io crate cached-path 0.6.1 already has a lockfile, it will not be regenerated
[INFO] running `Command { std: CARGO_HOME="/workspace/cargo-home" RUSTUP_HOME="/workspace/rustup-home" "/workspace/cargo-home/bin/cargo" "+1.69.0" "fetch" "--manifest-path" "Cargo.toml", kill_on_drop: false }`
[INFO] [stderr]  Downloading crates ...
[INFO] [stderr]   Downloaded password-hash v0.4.2
[INFO] [stderr]   Downloaded indicatif v0.16.2
[INFO] [stderr]   Downloaded serde_regex v1.1.0
[INFO] [stderr]   Downloaded pico-args v0.4.2
[INFO] [stderr]   Downloaded termtree v0.4.0
[INFO] [stderr]   Downloaded assert-json-diff v2.0.2
[INFO] [stderr]   Downloaded async-io v1.12.0
[INFO] [stderr]   Downloaded ascii-canvas v3.0.0
[INFO] [stderr]   Downloaded base64ct v1.5.3
[INFO] [stderr]   Downloaded basic-cookies v0.1.4
[INFO] [stderr]   Downloaded lalrpop-util v0.19.8
[INFO] [stderr]   Downloaded predicates-tree v1.0.7
[INFO] [stderr]   Downloaded assert_cmd v1.0.8
[INFO] [stderr]   Downloaded predicates-core v1.0.5
[INFO] [stderr]   Downloaded atomic-waker v1.1.0
[INFO] [stderr]   Downloaded async-object-pool v0.1.4
[INFO] [stderr]   Downloaded qstring v0.7.2
[INFO] [stderr]   Downloaded polling v2.5.2
[INFO] [stderr]   Downloaded ena v0.14.1
[INFO] [stderr]   Downloaded blocking v1.3.0
[INFO] [stderr]   Downloaded async-process v1.6.0
[INFO] [stderr]   Downloaded zip v0.6.4
[INFO] [stderr]   Downloaded lalrpop v0.19.8
[INFO] [stderr]   Downloaded levenshtein v1.0.5
[INFO] [stderr]   Downloaded curl-sys v0.4.60+curl-7.88.1
[INFO] [stderr]   Downloaded httpmock v0.5.8
[INFO] running `Command { std: "docker" "create" "-v" "/var/lib/crater-agent-workspace/builds/worker-6-tc1/target:/opt/rustwide/target:rw,Z" "-v" "/var/lib/crater-agent-workspace/builds/worker-6-tc1/source:/opt/rustwide/workdir:ro,Z" "-v" "/var/lib/crater-agent-workspace/cargo-home:/opt/rustwide/cargo-home:ro,Z" "-v" "/var/lib/crater-agent-workspace/rustup-home:/opt/rustwide/rustup-home:ro,Z" "-e" "SOURCE_DIR=/opt/rustwide/workdir" "-e" "CARGO_TARGET_DIR=/opt/rustwide/target" "-e" "CARGO_HOME=/opt/rustwide/cargo-home" "-e" "RUSTUP_HOME=/opt/rustwide/rustup-home" "-w" "/opt/rustwide/workdir" "-m" "1610612736" "--user" "0:0" "--network" "none" "ghcr.io/rust-lang/crates-build-env/linux@sha256:5ff2268d62e97bff2cde7d5815dd6ed5b47097566f13b8d0ca110b04b60e07ed" "/opt/rustwide/cargo-home/bin/cargo" "+1.69.0" "metadata" "--no-deps" "--format-version=1", kill_on_drop: false }`
[INFO] [stdout] 6c4d1f941c072ab38d8a8ef84dccce1f7a93df0d8d55ad706f098226dee77ae1
[INFO] running `Command { std: "docker" "start" "-a" "6c4d1f941c072ab38d8a8ef84dccce1f7a93df0d8d55ad706f098226dee77ae1", kill_on_drop: false }`
[INFO] running `Command { std: "docker" "inspect" "6c4d1f941c072ab38d8a8ef84dccce1f7a93df0d8d55ad706f098226dee77ae1", kill_on_drop: false }`
[INFO] running `Command { std: "docker" "rm" "-f" "6c4d1f941c072ab38d8a8ef84dccce1f7a93df0d8d55ad706f098226dee77ae1", kill_on_drop: false }`
[INFO] [stdout] 6c4d1f941c072ab38d8a8ef84dccce1f7a93df0d8d55ad706f098226dee77ae1
[INFO] running `Command { std: "docker" "create" "-v" "/var/lib/crater-agent-workspace/builds/worker-6-tc1/target:/opt/rustwide/target:rw,Z" "-v" "/var/lib/crater-agent-workspace/builds/worker-6-tc1/source:/opt/rustwide/workdir:ro,Z" "-v" "/var/lib/crater-agent-workspace/cargo-home:/opt/rustwide/cargo-home:ro,Z" "-v" "/var/lib/crater-agent-workspace/rustup-home:/opt/rustwide/rustup-home:ro,Z" "-e" "SOURCE_DIR=/opt/rustwide/workdir" "-e" "CARGO_TARGET_DIR=/opt/rustwide/target" "-e" "CARGO_INCREMENTAL=0" "-e" "RUST_BACKTRACE=full" "-e" "RUSTFLAGS=--cap-lints=warn" "-e" "RUSTDOCFLAGS=--cap-lints=warn" "-e" "CARGO_HOME=/opt/rustwide/cargo-home" "-e" "RUSTUP_HOME=/opt/rustwide/rustup-home" "-w" "/opt/rustwide/workdir" "-m" "1610612736" "--user" "0:0" "--network" "none" "ghcr.io/rust-lang/crates-build-env/linux@sha256:5ff2268d62e97bff2cde7d5815dd6ed5b47097566f13b8d0ca110b04b60e07ed" "/opt/rustwide/cargo-home/bin/cargo" "+1.69.0" "build" "--frozen" "--message-format=json", kill_on_drop: false }`
[INFO] [stdout] cd3cfbb208a890b882810f43b5d0d739b00ee484d52f604599da4e100f058047
[INFO] running `Command { std: "docker" "start" "-a" "cd3cfbb208a890b882810f43b5d0d739b00ee484d52f604599da4e100f058047", kill_on_drop: false }`
[INFO] [stderr]    Compiling libc v0.2.139
[INFO] [stderr]    Compiling proc-macro2 v1.0.51
[INFO] [stderr]    Compiling syn v1.0.109
[INFO] [stderr]    Compiling log v0.4.17
[INFO] [stderr]    Compiling value-bag v1.0.0-alpha.9
[INFO] [stderr]    Compiling tokio v1.25.0
[INFO] [stderr]    Compiling subtle v2.4.1
[INFO] [stderr]    Compiling tracing-core v0.1.30
[INFO] [stderr]    Compiling futures-util v0.3.26
[INFO] [stderr]    Compiling crypto-common v0.1.6
[INFO] [stderr]    Compiling http v0.2.9
[INFO] [stderr]    Compiling futures-channel v0.3.26
[INFO] [stderr]    Compiling cpufeatures v0.2.5
[INFO] [stderr]    Compiling futures-io v0.3.26
[INFO] [stderr]    Compiling zstd-safe v5.0.2+zstd.1.5.2
[INFO] [stderr]    Compiling base64ct v1.5.3
[INFO] [stderr]    Compiling cipher v0.3.0
[INFO] [stderr]    Compiling digest v0.10.6
[INFO] [stderr]    Compiling aho-corasick v0.7.20
[INFO] [stderr]    Compiling opaque-debug v0.3.0
[INFO] [stderr]    Compiling time v0.3.20
[INFO] [stderr]    Compiling url v2.3.1
[INFO] [stderr]    Compiling constant_time_eq v0.1.5
[INFO] [stderr]    Compiling number_prefix v0.4.0
[INFO] [stderr]    Compiling glob v0.3.1
[INFO] [stderr]    Compiling sha2 v0.10.6
[INFO] [stderr]    Compiling hmac v0.12.1
[INFO] [stderr]    Compiling aes v0.7.5
[INFO] [stderr]    Compiling sha1 v0.10.5
[INFO] [stderr]    Compiling http-body v0.4.5
[INFO] [stderr]    Compiling quote v1.0.23
[INFO] [stderr]    Compiling regex v1.7.1
[INFO] [stderr]    Compiling jobserver v0.1.25
[INFO] [stderr]    Compiling socket2 v0.4.7
[INFO] [stderr]    Compiling num_cpus v1.15.0
[INFO] [stderr]    Compiling signal-hook-registry v1.4.1
[INFO] [stderr]    Compiling getrandom v0.2.8
[INFO] [stderr]    Compiling console v0.15.5
[INFO] [stderr]    Compiling filetime v0.2.20
[INFO] [stderr]    Compiling xattr v0.2.3
[INFO] [stderr]    Compiling fs2 v0.4.3
[INFO] [stderr]    Compiling tempfile v3.3.0
[INFO] [stderr]    Compiling cc v1.0.79
[INFO] [stderr]    Compiling rand_core v0.6.4
[INFO] [stderr]    Compiling tar v0.4.38
[INFO] [stderr]    Compiling password-hash v0.4.2
[INFO] [stderr]    Compiling rand_chacha v0.3.1
[INFO] [stderr]    Compiling rand v0.8.5
[INFO] [stderr]    Compiling pbkdf2 v0.11.0
[INFO] [stderr]    Compiling openssl-sys v0.9.80
[INFO] [stderr]    Compiling zstd-sys v2.0.7+zstd.1.5.4
[INFO] [stderr]    Compiling bzip2-sys v0.1.11+1.0.8
[INFO] [stderr]    Compiling indicatif v0.16.2
[INFO] [stderr]    Compiling openssl v0.10.45
[INFO] [stderr]    Compiling native-tls v0.2.11
[INFO] [stderr]    Compiling bzip2 v0.4.4
[INFO] [stderr]    Compiling ctor v0.1.26
[INFO] [stderr]    Compiling tokio-macros v1.8.2
[INFO] [stderr]    Compiling tracing-attributes v0.1.23
[INFO] [stderr]    Compiling openssl-macros v0.1.0
[INFO] [stderr]    Compiling futures-macro v0.3.26
[INFO] [stderr]    Compiling serde_derive v1.0.152
[INFO] [stderr]    Compiling thiserror-impl v1.0.38
[INFO] [stderr]    Compiling zstd v0.11.2+zstd.1.5.2
[INFO] [stderr]    Compiling zip v0.6.4
[INFO] [stderr]    Compiling mio v0.8.6
[INFO] [stderr]    Compiling want v0.3.0
[INFO] [stderr]    Compiling tracing v0.1.37
[INFO] [stderr]    Compiling thiserror v1.0.38
[INFO] [stderr]    Compiling serde v1.0.152
[INFO] [stderr]    Compiling tokio-util v0.7.7
[INFO] [stderr]    Compiling tokio-native-tls v0.3.1
[INFO] [stderr]    Compiling h2 v0.3.15
[INFO] [stderr]    Compiling serde_urlencoded v0.7.1
[INFO] [stderr]    Compiling serde_json v1.0.93
[INFO] [stderr]    Compiling hyper v0.14.24
[INFO] [stderr]    Compiling hyper-tls v0.5.0
[INFO] [stderr]    Compiling reqwest v0.11.14
[INFO] [stderr]    Compiling cached-path v0.6.1 (/opt/rustwide/workdir)
[INFO] [stderr]     Finished dev [unoptimized + debuginfo] target(s) in 36.60s
[INFO] running `Command { std: "docker" "inspect" "cd3cfbb208a890b882810f43b5d0d739b00ee484d52f604599da4e100f058047", kill_on_drop: false }`
[INFO] running `Command { std: "docker" "rm" "-f" "cd3cfbb208a890b882810f43b5d0d739b00ee484d52f604599da4e100f058047", kill_on_drop: false }`
[INFO] [stdout] cd3cfbb208a890b882810f43b5d0d739b00ee484d52f604599da4e100f058047
[INFO] running `Command { std: "docker" "create" "-v" "/var/lib/crater-agent-workspace/builds/worker-6-tc1/target:/opt/rustwide/target:rw,Z" "-v" "/var/lib/crater-agent-workspace/builds/worker-6-tc1/source:/opt/rustwide/workdir:ro,Z" "-v" "/var/lib/crater-agent-workspace/cargo-home:/opt/rustwide/cargo-home:ro,Z" "-v" "/var/lib/crater-agent-workspace/rustup-home:/opt/rustwide/rustup-home:ro,Z" "-e" "SOURCE_DIR=/opt/rustwide/workdir" "-e" "CARGO_TARGET_DIR=/opt/rustwide/target" "-e" "CARGO_INCREMENTAL=0" "-e" "RUST_BACKTRACE=full" "-e" "RUSTFLAGS=--cap-lints=warn" "-e" "RUSTDOCFLAGS=--cap-lints=warn" "-e" "CARGO_HOME=/opt/rustwide/cargo-home" "-e" "RUSTUP_HOME=/opt/rustwide/rustup-home" "-w" "/opt/rustwide/workdir" "-m" "1610612736" "--user" "0:0" "--network" "none" "ghcr.io/rust-lang/crates-build-env/linux@sha256:5ff2268d62e97bff2cde7d5815dd6ed5b47097566f13b8d0ca110b04b60e07ed" "/opt/rustwide/cargo-home/bin/cargo" "+1.69.0" "test" "--frozen" "--no-run" "--message-format=json", kill_on_drop: false }`
[INFO] [stdout] 563cfa27b5dda55dd23fc53356af0ae93fd8a6a1893cbc95c069293ea3b34ebf
[INFO] running `Command { std: "docker" "start" "-a" "563cfa27b5dda55dd23fc53356af0ae93fd8a6a1893cbc95c069293ea3b34ebf", kill_on_drop: false }`
[INFO] [stderr]     Blocking waiting for file lock on package cache
[INFO] [stderr]    Compiling crossbeam-utils v0.8.14
[INFO] [stderr]    Compiling polling v2.5.2
[INFO] [stderr]    Compiling futures-lite v1.12.0
[INFO] [stderr]    Compiling libz-sys v1.1.8
[INFO] [stderr]    Compiling libnghttp2-sys v0.1.7+1.45.0
[INFO] [stderr]    Compiling lock_api v0.4.9
[INFO] [stderr]    Compiling parking_lot_core v0.9.7
[INFO] [stderr]    Compiling dirs-sys-next v0.1.2
[INFO] [stderr]    Compiling either v1.8.1
[INFO] [stderr]    Compiling scopeguard v1.1.0
[INFO] [stderr]    Compiling crunchy v0.2.2
[INFO] [stderr]    Compiling smallvec v1.10.0
[INFO] [stderr]    Compiling curl-sys v0.4.60+curl-7.88.1
[INFO] [stderr]    Compiling async-io v1.12.0
[INFO] [stderr]    Compiling tiny-keccak v2.0.2
[INFO] [stderr]    Compiling siphasher v0.3.10
[INFO] [stderr]    Compiling signal-hook v0.3.15
[INFO] [stderr]    Compiling itertools v0.10.5
[INFO] [stderr]    Compiling async-task v4.3.0
[INFO] [stderr]    Compiling fixedbitset v0.4.2
[INFO] [stderr]    Compiling dirs-next v2.0.0
[INFO] [stderr]    Compiling term v0.7.0
[INFO] [stderr]    Compiling phf_shared v0.10.0
[INFO] [stderr]    Compiling precomputed-hash v0.1.1
[INFO] [stderr]    Compiling bit-vec v0.6.3
[INFO] [stderr]    Compiling new_debug_unreachable v1.0.4
[INFO] [stderr]    Compiling petgraph v0.6.3
[INFO] [stderr]    Compiling ena v0.14.1
[INFO] [stderr]    Compiling lalrpop-util v0.19.8
[INFO] [stderr]    Compiling atty v0.2.14
[INFO] [stderr]    Compiling async-process v1.6.0
[INFO] [stderr]    Compiling parking_lot v0.12.1
[INFO] [stderr]    Compiling atomic-waker v1.1.0
[INFO] [stderr]    Compiling pico-args v0.4.2
[INFO] [stderr]    Compiling unicode-xid v0.2.4
[INFO] [stderr]    Compiling diff v0.1.13
[INFO] [stderr]    Compiling bit-set v0.5.3
[INFO] [stderr]    Compiling ascii-canvas v3.0.0
[INFO] [stderr]    Compiling async-lock v2.6.0
[INFO] [stderr]    Compiling concurrent-queue v2.1.0
[INFO] [stderr]    Compiling string_cache v0.8.4
[INFO] [stderr]    Compiling pin-project-internal v1.0.12
[INFO] [stderr]    Compiling curl v0.4.44
[INFO] [stderr]    Compiling kv-log-macro v1.0.7
[INFO] [stderr]    Compiling doc-comment v0.3.3
[INFO] [stderr]    Compiling isahc v1.7.2
[INFO] [stderr]    Compiling predicates-core v1.0.5
[INFO] [stderr]    Compiling float-cmp v0.9.0
[INFO] [stderr]    Compiling termtree v0.4.0
[INFO] [stderr]    Compiling normalize-line-endings v0.3.0
[INFO] [stderr]    Compiling difflib v0.4.0
[INFO] [stderr]    Compiling async-channel v1.8.0
[INFO] [stderr]    Compiling castaway v0.1.2
[INFO] [stderr]    Compiling bstr v0.2.17
[INFO] [stderr]    Compiling async-executor v1.5.0
[INFO] [stderr]    Compiling predicates-tree v1.0.7
[INFO] [stderr]    Compiling async-trait v0.1.64
[INFO] [stderr]    Compiling assert-json-diff v2.0.2
[INFO] [stderr]    Compiling serde_regex v1.1.0
[INFO] [stderr]    Compiling qstring v0.7.2
[INFO] [stderr]    Compiling blocking v1.3.0
[INFO] [stderr]    Compiling sluice v0.5.5
[INFO] [stderr]    Compiling wait-timeout v0.2.0
[INFO] [stderr]    Compiling levenshtein v1.0.5
[INFO] [stderr]    Compiling async-global-executor v2.3.1
[INFO] [stderr]    Compiling lalrpop v0.19.8
[INFO] [stderr]    Compiling predicates v2.1.5
[INFO] [stderr]    Compiling async-std v1.12.0
[INFO] [stderr]    Compiling assert_cmd v1.0.8
[INFO] [stderr]    Compiling pin-project v1.0.12
[INFO] [stderr]    Compiling tracing-futures v0.2.5
[INFO] [stderr]    Compiling async-object-pool v0.1.4
[INFO] [stderr]    Compiling basic-cookies v0.1.4
[INFO] [stderr]    Compiling httpmock v0.5.8
[INFO] [stderr]    Compiling cached-path v0.6.1 (/opt/rustwide/workdir)
[INFO] [stderr]     Finished test [unoptimized + debuginfo] target(s) in 53.41s
[INFO] [stderr] warning: the following packages contain code that will be rejected by a future version of Rust: lalrpop v0.19.8
[INFO] [stderr] note: to see what the problems were, use the option `--future-incompat-report`, or run `cargo report future-incompatibilities --id 1`
[INFO] running `Command { std: "docker" "inspect" "563cfa27b5dda55dd23fc53356af0ae93fd8a6a1893cbc95c069293ea3b34ebf", kill_on_drop: false }`
[INFO] running `Command { std: "docker" "rm" "-f" "563cfa27b5dda55dd23fc53356af0ae93fd8a6a1893cbc95c069293ea3b34ebf", kill_on_drop: false }`
[INFO] [stdout] 563cfa27b5dda55dd23fc53356af0ae93fd8a6a1893cbc95c069293ea3b34ebf
[INFO] running `Command { std: "docker" "create" "-v" "/var/lib/crater-agent-workspace/builds/worker-6-tc1/target:/opt/rustwide/target:rw,Z" "-v" "/var/lib/crater-agent-workspace/builds/worker-6-tc1/source:/opt/rustwide/workdir:ro,Z" "-v" "/var/lib/crater-agent-workspace/cargo-home:/opt/rustwide/cargo-home:ro,Z" "-v" "/var/lib/crater-agent-workspace/rustup-home:/opt/rustwide/rustup-home:ro,Z" "-e" "SOURCE_DIR=/opt/rustwide/workdir" "-e" "CARGO_TARGET_DIR=/opt/rustwide/target" "-e" "CARGO_INCREMENTAL=0" "-e" "RUST_BACKTRACE=full" "-e" "RUSTFLAGS=--cap-lints=warn" "-e" "RUSTDOCFLAGS=--cap-lints=warn" "-e" "CARGO_HOME=/opt/rustwide/cargo-home" "-e" "RUSTUP_HOME=/opt/rustwide/rustup-home" "-w" "/opt/rustwide/workdir" "-m" "1610612736" "--user" "0:0" "--network" "none" "ghcr.io/rust-lang/crates-build-env/linux@sha256:5ff2268d62e97bff2cde7d5815dd6ed5b47097566f13b8d0ca110b04b60e07ed" "/opt/rustwide/cargo-home/bin/cargo" "+1.69.0" "test" "--frozen", kill_on_drop: false }`
[INFO] [stdout] e2ab6695de1510cd86660b64272688a19259ecbf1aeadec2c954d78d996f2394
[INFO] running `Command { std: "docker" "start" "-a" "e2ab6695de1510cd86660b64272688a19259ecbf1aeadec2c954d78d996f2394", kill_on_drop: false }`
[INFO] [stderr]     Finished test [unoptimized + debuginfo] target(s) in 0.57s
[INFO] [stderr] warning: the following packages contain code that will be rejected by a future version of Rust: lalrpop v0.19.8
[INFO] [stderr] note: to see what the problems were, use the option `--future-incompat-report`, or run `cargo report future-incompatibilities --id 1`
[INFO] [stderr]      Running unittests src/lib.rs (/opt/rustwide/target/debug/deps/cached_path-1101e216544040a8)
[INFO] [stdout] 
[INFO] [stdout] running 11 tests
[INFO] [stdout] test cache::tests::test_url_to_filename_with_etag ... ok
[INFO] [stdout] test test::test_cached_path_remote_file_in_subdir ... ok
[INFO] [stdout] test test::test_extract_in_subdir ... ok
[INFO] [stdout] test test::test_extract_tar_gz ... ok
[INFO] [stdout] test cache::tests::test_url_to_filename_no_etag ... ok
[INFO] [stdout] test test::test_get_cached_path_local_file ... ok
[INFO] [stdout] test cache::tests::test_url_to_filename_in_subdir ... ok
[INFO] [stdout] test cache::tests::test_url_to_filename_with_suffix ... ok
[INFO] [stdout] test test::test_get_cached_path_non_existant_local_file_fails ... ok
[INFO] [stdout] test test::test_extract_zip ... ok
[INFO] [stdout] test test::test_cached_path_remote_file ... ok
[INFO] [stdout] 
[INFO] [stdout] test result: ok. 11 passed; 0 failed; 0 ignored; 0 measured; 0 filtered out; finished in 1.34s
[INFO] [stdout] 
[INFO] [stderr]      Running tests/cli.rs (/opt/rustwide/target/debug/deps/cli-1bb039acf93a66d0)
[INFO] [stdout] 
[INFO] [stdout] running 4 tests
[INFO] [stdout] test file_doesnt_exist ... FAILED
[INFO] [stdout] test test_extract_local_file ... FAILED
[INFO] [stdout] test test_extract_remote_file ... FAILED
[INFO] [stdout] test test_remote_file ... FAILED
[INFO] [stdout] 
[INFO] [stdout] failures:
[INFO] [stdout] 
[INFO] [stdout] ---- file_doesnt_exist stdout ----
[INFO] [stdout] Error: CargoError { cause: Some(NotFoundError { path: "/opt/rustwide/target/debug/cached-path" }) }
[INFO] [stdout] 
[INFO] [stdout] ---- test_extract_local_file stdout ----
[INFO] [stdout] Error: CargoError { cause: Some(NotFoundError { path: "/opt/rustwide/target/debug/cached-path" }) }
[INFO] [stdout] 
[INFO] [stdout] ---- test_extract_remote_file stdout ----
[INFO] [stdout] Error: CargoError { cause: Some(NotFoundError { path: "/opt/rustwide/target/debug/cached-path" }) }
[INFO] [stdout] 
[INFO] [stdout] ---- test_remote_file stdout ----
[INFO] [stdout] Error: CargoError { cause: Some(NotFoundError { path: "/opt/rustwide/target/debug/cached-path" }) }
[INFO] [stdout] 
[INFO] [stdout] 
[INFO] [stdout] failures:
[INFO] [stdout]     file_doesnt_exist
[INFO] [stdout]     test_extract_local_file
[INFO] [stdout]     test_extract_remote_file
[INFO] [stdout]     test_remote_file
[INFO] [stdout] 
[INFO] [stdout] test result: FAILED. 0 passed; 4 failed; 0 ignored; 0 measured; 0 filtered out; finished in 0.00s
[INFO] [stdout] 
[INFO] [stderr] error: test failed, to rerun pass `--test cli`
[INFO] running `Command { std: "docker" "inspect" "e2ab6695de1510cd86660b64272688a19259ecbf1aeadec2c954d78d996f2394", kill_on_drop: false }`
[INFO] running `Command { std: "docker" "rm" "-f" "e2ab6695de1510cd86660b64272688a19259ecbf1aeadec2c954d78d996f2394", kill_on_drop: false }`
[INFO] [stdout] e2ab6695de1510cd86660b64272688a19259ecbf1aeadec2c954d78d996f2394
