[INFO] fetching crate cabot 0.7.1...
[INFO] testing cabot-0.7.1 against 1.69.0 for beta-1.70-1
[INFO] extracting crate cabot 0.7.1 into /workspace/builds/worker-3-tc1/source
[INFO] validating manifest of crates.io crate cabot 0.7.1 on toolchain 1.69.0
[INFO] running `Command { std: CARGO_HOME="/workspace/cargo-home" RUSTUP_HOME="/workspace/rustup-home" "/workspace/cargo-home/bin/cargo" "+1.69.0" "metadata" "--manifest-path" "Cargo.toml" "--no-deps", kill_on_drop: false }`
[INFO] started tweaking crates.io crate cabot 0.7.1
[INFO] finished tweaking crates.io crate cabot 0.7.1
[INFO] tweaked toml for crates.io crate cabot 0.7.1 written to /workspace/builds/worker-3-tc1/source/Cargo.toml
[INFO] crate crates.io crate cabot 0.7.1 already has a lockfile, it will not be regenerated
[INFO] running `Command { std: CARGO_HOME="/workspace/cargo-home" RUSTUP_HOME="/workspace/rustup-home" "/workspace/cargo-home/bin/cargo" "+1.69.0" "fetch" "--manifest-path" "Cargo.toml", kill_on_drop: false }`
[INFO] [stderr]  Downloading crates ...
[INFO] [stderr]   Downloaded wasm-bindgen-macro-support v0.2.70
[INFO] [stderr]   Downloaded wasm-bindgen-shared v0.2.70
[INFO] [stderr]   Downloaded wasm-bindgen-backend v0.2.70
[INFO] [stderr]   Downloaded wasm-bindgen-macro v0.2.70
[INFO] [stderr]   Downloaded wasm-bindgen v0.2.70
[INFO] [stderr]   Downloaded fastrand v1.4.0
[INFO] [stderr]   Downloaded nb-connect v1.0.2
[INFO] [stderr]   Downloaded blocking v1.0.2
[INFO] [stderr]   Downloaded cache-padded v1.1.1
[INFO] [stderr]   Downloaded async-executor v1.4.0
[INFO] [stderr]   Downloaded async-std v1.9.0
[INFO] [stderr]   Downloaded wasm-bindgen-futures v0.4.20
[INFO] [stderr]   Downloaded async-channel v1.5.1
[INFO] [stderr]   Downloaded ctor v0.1.18
[INFO] [stderr]   Downloaded syn v1.0.60
[INFO] [stderr]   Downloaded webpki-roots v0.19.0
[INFO] [stderr]   Downloaded async-task v4.0.3
[INFO] [stderr]   Downloaded bumpalo v3.6.0
[INFO] [stderr]   Downloaded thread_local v1.1.2
[INFO] [stderr]   Downloaded async-io v1.3.1
[INFO] [stderr]   Downloaded wepoll-sys v3.0.1
[INFO] [stderr]   Downloaded polling v2.0.2
[INFO] [stderr]   Downloaded vec-arena v1.0.0
[INFO] [stderr]   Downloaded event-listener v2.5.1
[INFO] [stderr]   Downloaded async-lock v2.3.0
[INFO] [stderr]   Downloaded futures-lite v1.11.3
[INFO] [stderr]   Downloaded gloo-timers v0.2.1
[INFO] [stderr]   Downloaded rustls v0.17.0
[INFO] [stderr]   Downloaded js-sys v0.3.47
[INFO] [stderr]   Downloaded value-bag v1.0.0-alpha.6
[INFO] [stderr]   Downloaded web-sys v0.3.47
[INFO] running `Command { std: "docker" "create" "-v" "/var/lib/crater-agent-workspace/builds/worker-3-tc1/target:/opt/rustwide/target:rw,Z" "-v" "/var/lib/crater-agent-workspace/builds/worker-3-tc1/source:/opt/rustwide/workdir:ro,Z" "-v" "/var/lib/crater-agent-workspace/cargo-home:/opt/rustwide/cargo-home:ro,Z" "-v" "/var/lib/crater-agent-workspace/rustup-home:/opt/rustwide/rustup-home:ro,Z" "-e" "SOURCE_DIR=/opt/rustwide/workdir" "-e" "CARGO_TARGET_DIR=/opt/rustwide/target" "-e" "CARGO_HOME=/opt/rustwide/cargo-home" "-e" "RUSTUP_HOME=/opt/rustwide/rustup-home" "-w" "/opt/rustwide/workdir" "-m" "1610612736" "--user" "0:0" "--network" "none" "ghcr.io/rust-lang/crates-build-env/linux@sha256:5ff2268d62e97bff2cde7d5815dd6ed5b47097566f13b8d0ca110b04b60e07ed" "/opt/rustwide/cargo-home/bin/cargo" "+1.69.0" "metadata" "--no-deps" "--format-version=1", kill_on_drop: false }`
[INFO] [stdout] c729bdfe9833de5cc88319459852cdac837c1c688dace01916d57a4defcf6ca3
[INFO] running `Command { std: "docker" "start" "-a" "c729bdfe9833de5cc88319459852cdac837c1c688dace01916d57a4defcf6ca3", kill_on_drop: false }`
[INFO] running `Command { std: "docker" "inspect" "c729bdfe9833de5cc88319459852cdac837c1c688dace01916d57a4defcf6ca3", kill_on_drop: false }`
[INFO] running `Command { std: "docker" "rm" "-f" "c729bdfe9833de5cc88319459852cdac837c1c688dace01916d57a4defcf6ca3", kill_on_drop: false }`
[INFO] [stdout] c729bdfe9833de5cc88319459852cdac837c1c688dace01916d57a4defcf6ca3
[INFO] running `Command { std: "docker" "create" "-v" "/var/lib/crater-agent-workspace/builds/worker-3-tc1/target:/opt/rustwide/target:rw,Z" "-v" "/var/lib/crater-agent-workspace/builds/worker-3-tc1/source:/opt/rustwide/workdir:ro,Z" "-v" "/var/lib/crater-agent-workspace/cargo-home:/opt/rustwide/cargo-home:ro,Z" "-v" "/var/lib/crater-agent-workspace/rustup-home:/opt/rustwide/rustup-home:ro,Z" "-e" "SOURCE_DIR=/opt/rustwide/workdir" "-e" "CARGO_TARGET_DIR=/opt/rustwide/target" "-e" "CARGO_INCREMENTAL=0" "-e" "RUST_BACKTRACE=full" "-e" "RUSTFLAGS=--cap-lints=warn" "-e" "RUSTDOCFLAGS=--cap-lints=warn" "-e" "CARGO_HOME=/opt/rustwide/cargo-home" "-e" "RUSTUP_HOME=/opt/rustwide/rustup-home" "-w" "/opt/rustwide/workdir" "-m" "1610612736" "--user" "0:0" "--network" "none" "ghcr.io/rust-lang/crates-build-env/linux@sha256:5ff2268d62e97bff2cde7d5815dd6ed5b47097566f13b8d0ca110b04b60e07ed" "/opt/rustwide/cargo-home/bin/cargo" "+1.69.0" "build" "--frozen" "--message-format=json", kill_on_drop: false }`
[INFO] [stdout] 6a20252ed1b5752f83c566d9d0064396d840dfc9313aa0d21af490a82a619f8d
[INFO] running `Command { std: "docker" "start" "-a" "6a20252ed1b5752f83c566d9d0064396d840dfc9313aa0d21af490a82a619f8d", kill_on_drop: false }`
[INFO] [stderr]     Blocking waiting for file lock on package cache
[INFO] [stderr]     Blocking waiting for file lock on package cache
[INFO] [stderr]    Compiling proc-macro2 v1.0.24
[INFO] [stderr]    Compiling unicode-xid v0.2.1
[INFO] [stderr]    Compiling syn v1.0.60
[INFO] [stderr]    Compiling libc v0.2.84
[INFO] [stderr]    Compiling once_cell v1.5.2
[INFO] [stderr]    Compiling memchr v2.3.4
[INFO] [stderr]    Compiling futures-core v0.3.12
[INFO] [stderr]    Compiling pin-project-lite v0.2.4
[INFO] [stderr]    Compiling value-bag v1.0.0-alpha.6
[INFO] [stderr]    Compiling futures-io v0.3.12
[INFO] [stderr]    Compiling log v0.4.14
[INFO] [stderr]    Compiling cc v1.0.66
[INFO] [stderr]    Compiling cache-padded v1.1.1
[INFO] [stderr]    Compiling concurrent-queue v1.2.2
[INFO] [stderr]    Compiling event-listener v2.5.1
[INFO] [stderr]    Compiling proc-macro-hack v0.5.19
[INFO] [stderr]    Compiling fastrand v1.4.0
[INFO] [stderr]    Compiling waker-fn v1.1.0
[INFO] [stderr]    Compiling parking v2.0.0
[INFO] [stderr]    Compiling futures-lite v1.11.3
[INFO] [stderr]    Compiling proc-macro-nested v0.1.7
[INFO] [stderr]    Compiling untrusted v0.7.1
[INFO] [stderr]    Compiling spin v0.5.2
[INFO] [stderr]    Compiling vec-arena v1.0.0
[INFO] [stderr]    Compiling slab v0.4.2
[INFO] [stderr]    Compiling async-task v4.0.3
[INFO] [stderr]    Compiling quote v1.0.8
[INFO] [stderr]    Compiling futures-sink v0.3.12
[INFO] [stderr]    Compiling autocfg v1.0.1
[INFO] [stderr]    Compiling tinyvec_macros v0.1.0
[INFO] [stderr]    Compiling matches v0.1.8
[INFO] [stderr]    Compiling cfg-if v0.1.10
[INFO] [stderr]    Compiling pin-utils v0.1.0
[INFO] [stderr]    Compiling tinyvec v1.1.1
[INFO] [stderr]    Compiling futures-channel v0.3.12
[INFO] [stderr]    Compiling crossbeam-utils v0.8.1
[INFO] [stderr]    Compiling nb-connect v1.0.2
[INFO] [stderr]    Compiling ring v0.16.19
[INFO] [stderr]    Compiling async-channel v1.5.1
[INFO] [stderr]    Compiling futures-task v0.3.12
[INFO] [stderr]    Compiling atomic-waker v1.0.0
[INFO] [stderr]    Compiling bitflags v1.2.1
[INFO] [stderr]    Compiling blocking v1.0.2
[INFO] [stderr]    Compiling async-executor v1.4.0
[INFO] [stderr]    Compiling unicode-bidi v0.3.4
[INFO] [stderr]    Compiling num_cpus v1.13.0
[INFO] [stderr]    Compiling unicode-normalization v0.1.16
[INFO] [stderr]    Compiling async-mutex v1.4.0
[INFO] [stderr]    Compiling percent-encoding v2.1.0
[INFO] [stderr]    Compiling lazy_static v1.4.0
[INFO] [stderr]    Compiling unicode-width v0.1.8
[INFO] [stderr]    Compiling form_urlencoded v1.0.0
[INFO] [stderr]    Compiling textwrap v0.11.0
[INFO] [stderr]    Compiling atty v0.2.14
[INFO] [stderr]    Compiling async-lock v2.3.0
[INFO] [stderr]    Compiling idna v0.2.0
[INFO] [stderr]    Compiling ansi_term v0.11.0
[INFO] [stderr]    Compiling vec_map v0.8.2
[INFO] [stderr]    Compiling base64 v0.11.0
[INFO] [stderr]    Compiling strsim v0.8.0
[INFO] [stderr]    Compiling url v2.2.0
[INFO] [stderr]    Compiling clap v2.33.3
[INFO] [stderr]    Compiling ctor v0.1.18
[INFO] [stderr]    Compiling futures-macro v0.3.12
[INFO] [stderr]    Compiling async-attributes v1.1.2
[INFO] [stderr]    Compiling webpki v0.21.4
[INFO] [stderr]    Compiling sct v0.6.0
[INFO] [stderr]    Compiling webpki-roots v0.19.0
[INFO] [stderr]    Compiling futures-util v0.3.12
[INFO] [stderr]    Compiling polling v2.0.2
[INFO] [stderr]    Compiling kv-log-macro v1.0.7
[INFO] [stderr]    Compiling rustls v0.17.0
[INFO] [stderr]    Compiling async-io v1.3.1
[INFO] [stderr]    Compiling async-global-executor v2.0.2
[INFO] [stderr]    Compiling async-std v1.9.0
[INFO] [stderr]    Compiling futures-executor v0.3.12
[INFO] [stderr]    Compiling futures v0.3.12
[INFO] [stderr]    Compiling cabot v0.7.1 (/opt/rustwide/workdir)
[INFO] [stderr]     Finished dev [unoptimized + debuginfo] target(s) in 38.88s
[INFO] running `Command { std: "docker" "inspect" "6a20252ed1b5752f83c566d9d0064396d840dfc9313aa0d21af490a82a619f8d", kill_on_drop: false }`
[INFO] running `Command { std: "docker" "rm" "-f" "6a20252ed1b5752f83c566d9d0064396d840dfc9313aa0d21af490a82a619f8d", kill_on_drop: false }`
[INFO] [stdout] 6a20252ed1b5752f83c566d9d0064396d840dfc9313aa0d21af490a82a619f8d
[INFO] running `Command { std: "docker" "create" "-v" "/var/lib/crater-agent-workspace/builds/worker-3-tc1/target:/opt/rustwide/target:rw,Z" "-v" "/var/lib/crater-agent-workspace/builds/worker-3-tc1/source:/opt/rustwide/workdir:ro,Z" "-v" "/var/lib/crater-agent-workspace/cargo-home:/opt/rustwide/cargo-home:ro,Z" "-v" "/var/lib/crater-agent-workspace/rustup-home:/opt/rustwide/rustup-home:ro,Z" "-e" "SOURCE_DIR=/opt/rustwide/workdir" "-e" "CARGO_TARGET_DIR=/opt/rustwide/target" "-e" "CARGO_INCREMENTAL=0" "-e" "RUST_BACKTRACE=full" "-e" "RUSTFLAGS=--cap-lints=warn" "-e" "RUSTDOCFLAGS=--cap-lints=warn" "-e" "CARGO_HOME=/opt/rustwide/cargo-home" "-e" "RUSTUP_HOME=/opt/rustwide/rustup-home" "-w" "/opt/rustwide/workdir" "-m" "1610612736" "--user" "0:0" "--network" "none" "ghcr.io/rust-lang/crates-build-env/linux@sha256:5ff2268d62e97bff2cde7d5815dd6ed5b47097566f13b8d0ca110b04b60e07ed" "/opt/rustwide/cargo-home/bin/cargo" "+1.69.0" "test" "--frozen" "--no-run" "--message-format=json", kill_on_drop: false }`
[INFO] [stdout] 3f4470092ca371bc964b89ee28173b4ec04f73c76030f333e3d84688243e363e
[INFO] running `Command { std: "docker" "start" "-a" "3f4470092ca371bc964b89ee28173b4ec04f73c76030f333e3d84688243e363e", kill_on_drop: false }`
[INFO] [stderr]    Compiling cabot v0.7.1 (/opt/rustwide/workdir)
[INFO] [stderr]     Finished test [unoptimized + debuginfo] target(s) in 4.61s
[INFO] running `Command { std: "docker" "inspect" "3f4470092ca371bc964b89ee28173b4ec04f73c76030f333e3d84688243e363e", kill_on_drop: false }`
[INFO] running `Command { std: "docker" "rm" "-f" "3f4470092ca371bc964b89ee28173b4ec04f73c76030f333e3d84688243e363e", kill_on_drop: false }`
[INFO] [stdout] 3f4470092ca371bc964b89ee28173b4ec04f73c76030f333e3d84688243e363e
[INFO] running `Command { std: "docker" "create" "-v" "/var/lib/crater-agent-workspace/builds/worker-3-tc1/target:/opt/rustwide/target:rw,Z" "-v" "/var/lib/crater-agent-workspace/builds/worker-3-tc1/source:/opt/rustwide/workdir:ro,Z" "-v" "/var/lib/crater-agent-workspace/cargo-home:/opt/rustwide/cargo-home:ro,Z" "-v" "/var/lib/crater-agent-workspace/rustup-home:/opt/rustwide/rustup-home:ro,Z" "-e" "SOURCE_DIR=/opt/rustwide/workdir" "-e" "CARGO_TARGET_DIR=/opt/rustwide/target" "-e" "CARGO_INCREMENTAL=0" "-e" "RUST_BACKTRACE=full" "-e" "RUSTFLAGS=--cap-lints=warn" "-e" "RUSTDOCFLAGS=--cap-lints=warn" "-e" "CARGO_HOME=/opt/rustwide/cargo-home" "-e" "RUSTUP_HOME=/opt/rustwide/rustup-home" "-w" "/opt/rustwide/workdir" "-m" "1610612736" "--user" "0:0" "--network" "none" "ghcr.io/rust-lang/crates-build-env/linux@sha256:5ff2268d62e97bff2cde7d5815dd6ed5b47097566f13b8d0ca110b04b60e07ed" "/opt/rustwide/cargo-home/bin/cargo" "+1.69.0" "test" "--frozen", kill_on_drop: false }`
[INFO] [stdout] a6cac5ce1137491f071025ef6167629f5efa4fb2c716abc6c297c515a434298b
[INFO] running `Command { std: "docker" "start" "-a" "a6cac5ce1137491f071025ef6167629f5efa4fb2c716abc6c297c515a434298b", kill_on_drop: false }`
[INFO] [stderr]     Finished test [unoptimized + debuginfo] target(s) in 0.11s
[INFO] [stderr]      Running unittests src/lib.rs (/opt/rustwide/target/debug/deps/cabot-c3121f48a9c73c5d)
[INFO] [stdout] 
[INFO] [stdout] running 13 tests
[INFO] [stdout] test request::tests::test_get_request_with_host_to_string ... ok
[INFO] [stdout] test request::tests::test_post_request_with_headers_to_string ... ok
[INFO] [stdout] test request::tests::test_get_request_with_headers_to_string ... ok
[INFO] [stdout] test request::tests::test_get_request_to_string ... ok
[INFO] [stdout] test client::tests::test_build_http_no_response_body ... ok
[INFO] [stdout] test request::tests::test_request_builder_complete ... ok
[INFO] [stdout] test request::tests::test_request_builder_simple ... ok
[INFO] [stdout] test client::tests::test_build_http_header_obsolete_line_folding_tab ... ok
[INFO] [stdout] test response::tests::test_response_ok_no_body ... ok
[INFO] [stdout] test response::tests::test_build_response_ok ... ok
[INFO] [stdout] test response::tests::test_response_ok ... ok
[INFO] [stdout] test client::tests::test_build_http_response_from_string ... ok
[INFO] [stdout] test client::tests::test_build_http_header_obsolete_line_folding ... ok
[INFO] [stdout] 
[INFO] [stdout] test result: ok. 13 passed; 0 failed; 0 ignored; 0 measured; 0 filtered out; finished in 0.02s
[INFO] [stdout] 
[INFO] [stderr]      Running unittests src/bin.rs (/opt/rustwide/target/debug/deps/cabot-09252b1e72a335c4)
[INFO] [stdout] 
[INFO] [stdout] running 0 tests
[INFO] [stdout] 
[INFO] [stdout] test result: ok. 0 passed; 0 failed; 0 ignored; 0 measured; 0 filtered out; finished in 0.00s
[INFO] [stdout] 
[INFO] [stderr]    Doc-tests cabot
[INFO] [stdout] 
[INFO] [stdout] running 3 tests
[INFO] [stdout] test src/request.rs - request (line 4) ... ok
[INFO] [stdout] test src/response.rs - response (line 6) ... ok
[INFO] [stdout] test src/lib.rs - (line 21) ... FAILED
[INFO] [stdout] 
[INFO] [stdout] failures:
[INFO] [stdout] 
[INFO] [stdout] ---- src/lib.rs - (line 21) stdout ----
[INFO] [stdout] Test executable failed (exit status: 101).
[INFO] [stdout] 
[INFO] [stdout] stderr:
[INFO] [stdout] thread 'main' panicked at 'called `Result::unwrap()` on an `Err` value: DNSLookupError("could not resolve address `\"www.rust-lang.org:443\"`")', src/lib.rs:11:69
[INFO] [stdout] stack backtrace:
[INFO] [stdout]    0:     0x5620ae6d4cca - std::backtrace_rs::backtrace::libunwind::trace::ha9053a9a07ca49cb
[INFO] [stdout]                                at /rustc/84c898d65adf2f39a5a98507f1fe0ce10a2b8dbc/library/std/src/../../backtrace/src/backtrace/libunwind.rs:93:5
[INFO] [stdout]    1:     0x5620ae6d4cca - std::backtrace_rs::backtrace::trace_unsynchronized::h9c2852a457ad564e
[INFO] [stdout]                                at /rustc/84c898d65adf2f39a5a98507f1fe0ce10a2b8dbc/library/std/src/../../backtrace/src/backtrace/mod.rs:66:5
[INFO] [stdout]    2:     0x5620ae6d4cca - std::sys_common::backtrace::_print_fmt::h457936fbfaa0070f
[INFO] [stdout]                                at /rustc/84c898d65adf2f39a5a98507f1fe0ce10a2b8dbc/library/std/src/sys_common/backtrace.rs:65:5
[INFO] [stdout]    3:     0x5620ae6d4cca - <std::sys_common::backtrace::_print::DisplayBacktrace as core::fmt::Display>::fmt::h5779d7bf7f70cb0c
[INFO] [stdout]                                at /rustc/84c898d65adf2f39a5a98507f1fe0ce10a2b8dbc/library/std/src/sys_common/backtrace.rs:44:22
[INFO] [stdout]    4:     0x5620ae6f379e - core::fmt::write::h5a4baaff1bcd3eb5
[INFO] [stdout]                                at /rustc/84c898d65adf2f39a5a98507f1fe0ce10a2b8dbc/library/core/src/fmt/mod.rs:1232:17
[INFO] [stdout]    5:     0x5620ae6d2535 - std::io::Write::write_fmt::h4bc1f301cb9e9cce
[INFO] [stdout]                                at /rustc/84c898d65adf2f39a5a98507f1fe0ce10a2b8dbc/library/std/src/io/mod.rs:1684:15
[INFO] [stdout]    6:     0x5620ae6d4a95 - std::sys_common::backtrace::_print::h5fcdc36060f177e8
[INFO] [stdout]                                at /rustc/84c898d65adf2f39a5a98507f1fe0ce10a2b8dbc/library/std/src/sys_common/backtrace.rs:47:5
[INFO] [stdout]    7:     0x5620ae6d4a95 - std::sys_common::backtrace::print::h54ca9458b876c8bf
[INFO] [stdout]                                at /rustc/84c898d65adf2f39a5a98507f1fe0ce10a2b8dbc/library/std/src/sys_common/backtrace.rs:34:9
[INFO] [stdout]    8:     0x5620ae6d624f - std::panicking::default_hook::{{closure}}::hbe471161c7664ed6
[INFO] [stdout]                                at /rustc/84c898d65adf2f39a5a98507f1fe0ce10a2b8dbc/library/std/src/panicking.rs:271:22
[INFO] [stdout]    9:     0x5620ae6d5f8b - std::panicking::default_hook::ha3500da57aa4ac4f
[INFO] [stdout]                                at /rustc/84c898d65adf2f39a5a98507f1fe0ce10a2b8dbc/library/std/src/panicking.rs:290:9
[INFO] [stdout]   10:     0x5620ae6d67f8 - std::panicking::rust_panic_with_hook::h50c09d000dc561d2
[INFO] [stdout]                                at /rustc/84c898d65adf2f39a5a98507f1fe0ce10a2b8dbc/library/std/src/panicking.rs:692:13
[INFO] [stdout]   11:     0x5620ae6d66f9 - std::panicking::begin_panic_handler::{{closure}}::h9e2b2176e00e0d9c
[INFO] [stdout]                                at /rustc/84c898d65adf2f39a5a98507f1fe0ce10a2b8dbc/library/std/src/panicking.rs:583:13
[INFO] [stdout]   12:     0x5620ae6d5136 - std::sys_common::backtrace::__rust_end_short_backtrace::h5739b8e512c09d02
[INFO] [stdout]                                at /rustc/84c898d65adf2f39a5a98507f1fe0ce10a2b8dbc/library/std/src/sys_common/backtrace.rs:150:18
[INFO] [stdout]   13:     0x5620ae6d6402 - rust_begin_unwind
[INFO] [stdout]                                at /rustc/84c898d65adf2f39a5a98507f1fe0ce10a2b8dbc/library/std/src/panicking.rs:579:5
[INFO] [stdout]   14:     0x5620ae45c423 - core::panicking::panic_fmt::hf33a1475b4dc5c3e
[INFO] [stdout]                                at /rustc/84c898d65adf2f39a5a98507f1fe0ce10a2b8dbc/library/core/src/panicking.rs:64:14
[INFO] [stdout]   15:     0x5620ae45c873 - core::result::unwrap_failed::hdff5465d74574b44
[INFO] [stdout]                                at /rustc/84c898d65adf2f39a5a98507f1fe0ce10a2b8dbc/library/core/src/result.rs:1750:5
[INFO] [stdout]   16:     0x5620ae462203 - core::result::Result<T,E>::unwrap::h275c22d16c18126c
[INFO] [stdout]   17:     0x5620ae466a3a - rust_out::main::_doctest_main_src_lib_rs_21_0::{{closure}}::h0b553c99a5e58df9
[INFO] [stdout]   18:     0x5620ae45d447 - <async_std::task::builder::SupportTaskLocals<F> as core::future::future::Future>::poll::{{closure}}::hbc6c08e2de32c0b3
[INFO] [stdout]   19:     0x5620ae4654dd - async_std::task::task_locals_wrapper::TaskLocalsWrapper::set_current::{{closure}}::h4e68984bd37a06b2
[INFO] [stdout]   20:     0x5620ae45f74e - std::thread::local::LocalKey<T>::try_with::hb89a97409d0a4b77
[INFO] [stdout]   21:     0x5620ae45ec4b - std::thread::local::LocalKey<T>::with::h90d20f1045243cbe
[INFO] [stdout]   22:     0x5620ae4653a5 - async_std::task::task_locals_wrapper::TaskLocalsWrapper::set_current::h7fbf46b06473d716
[INFO] [stdout]   23:     0x5620ae45d3fd - <async_std::task::builder::SupportTaskLocals<F> as core::future::future::Future>::poll::h65e15efacd46e362
[INFO] [stdout]   24:     0x5620ae463a20 - <futures_lite::future::Or<F1,F2> as core::future::future::Future>::poll::hf805a511802dcdff
[INFO] [stdout]   25:     0x5620ae45e3a6 - async_executor::Executor::run::{{closure}}::h534e1ce5f96a086a
[INFO] [stdout]   26:     0x5620ae45deab - async_executor::LocalExecutor::run::{{closure}}::hb698a570f3a58c5b
[INFO] [stdout]   27:     0x5620ae463fa5 - async_io::driver::block_on::h039e6623e7dfd476
[INFO] [stdout]   28:     0x5620ae45e965 - async_global_executor::reactor::block_on::{{closure}}::h587f7b2dd82b768e
[INFO] [stdout]   29:     0x5620ae45e915 - async_global_executor::reactor::block_on::hd2f5c0278eea46df
[INFO] [stdout]   30:     0x5620ae45ea52 - async_global_executor::executor::block_on::{{closure}}::hedd85d20a21529a9
[INFO] [stdout]   31:     0x5620ae45f9ed - std::thread::local::LocalKey<T>::try_with::hf2e58fa298a7b03d
[INFO] [stdout]   32:     0x5620ae45eb97 - std::thread::local::LocalKey<T>::with::h33ac7f2bb5bd17ad
[INFO] [stdout]   33:     0x5620ae45e9ec - async_global_executor::executor::block_on::h408fa928fe2040be
[INFO] [stdout]   34:     0x5620ae465f26 - async_std::task::builder::Builder::blocking::{{closure}}::{{closure}}::hdb067dbf5f42e442
[INFO] [stdout]   35:     0x5620ae465623 - async_std::task::task_locals_wrapper::TaskLocalsWrapper::set_current::{{closure}}::h8fada6443bc777f6
[INFO] [stdout]   36:     0x5620ae45ee5f - std::thread::local::LocalKey<T>::try_with::h018e255e858449b8
[INFO] [stdout]   37:     0x5620ae45ece7 - std::thread::local::LocalKey<T>::with::he6d57c3c96e3fc28
[INFO] [stdout]   38:     0x5620ae465409 - async_std::task::task_locals_wrapper::TaskLocalsWrapper::set_current::h88e4acb2705eed4c
[INFO] [stdout]   39:     0x5620ae465e64 - async_std::task::builder::Builder::blocking::{{closure}}::h803fef3b72c140a5
[INFO] [stdout]   40:     0x5620ae45f11d - std::thread::local::LocalKey<T>::try_with::h2c951f8423fc8252
[INFO] [stdout]   41:     0x5620ae45eb47 - std::thread::local::LocalKey<T>::with::h2accfbbb9fd1519d
[INFO] [stdout]   42:     0x5620ae465b5b - async_std::task::builder::Builder::blocking::hbdba1eaf522213ef
[INFO] [stdout]   43:     0x5620ae466071 - async_std::task::block_on::block_on::hc454d55d182b14d0
[INFO] [stdout]   44:     0x5620ae46668a - rust_out::main::_doctest_main_src_lib_rs_21_0::h835dc201945a4664
[INFO] [stdout]   45:     0x5620ae466516 - rust_out::main::h045d0fd74ed7290e
[INFO] [stdout]   46:     0x5620ae45fcd3 - core::ops::function::FnOnce::call_once::h5b89dea722ea21ad
[INFO] [stdout]   47:     0x5620ae45ea69 - std::sys_common::backtrace::__rust_begin_short_backtrace::hc178e4cfacf1803d
[INFO] [stdout]   48:     0x5620ae45eab9 - std::rt::lang_start::{{closure}}::he8c5d60628d06093
[INFO] [stdout]   49:     0x5620ae6cf54c - core::ops::function::impls::<impl core::ops::function::FnOnce<A> for &F>::call_once::hd6efcd3bec896f2c
[INFO] [stdout]                                at /rustc/84c898d65adf2f39a5a98507f1fe0ce10a2b8dbc/library/core/src/ops/function.rs:287:13
[INFO] [stdout]   50:     0x5620ae6cf54c - std::panicking::try::do_call::hce04e543bb1f4cbb
[INFO] [stdout]                                at /rustc/84c898d65adf2f39a5a98507f1fe0ce10a2b8dbc/library/std/src/panicking.rs:487:40
[INFO] [stdout]   51:     0x5620ae6cf54c - std::panicking::try::h3342dd4e1f680968
[INFO] [stdout]                                at /rustc/84c898d65adf2f39a5a98507f1fe0ce10a2b8dbc/library/std/src/panicking.rs:451:19
[INFO] [stdout]   52:     0x5620ae6cf54c - std::panic::catch_unwind::h148ce1e59ac0cee7
[INFO] [stdout]                                at /rustc/84c898d65adf2f39a5a98507f1fe0ce10a2b8dbc/library/std/src/panic.rs:140:14
[INFO] [stdout]   53:     0x5620ae6cf54c - std::rt::lang_start_internal::{{closure}}::h25f9dda2057a67fe
[INFO] [stdout]                                at /rustc/84c898d65adf2f39a5a98507f1fe0ce10a2b8dbc/library/std/src/rt.rs:148:48
[INFO] [stdout]   54:     0x5620ae6cf54c - std::panicking::try::do_call::h7caaaeaf9401650b
[INFO] [stdout]                                at /rustc/84c898d65adf2f39a5a98507f1fe0ce10a2b8dbc/library/std/src/panicking.rs:487:40
[INFO] [stdout]   55:     0x5620ae6cf54c - std::panicking::try::he7d15285746cbbc2
[INFO] [stdout]                                at /rustc/84c898d65adf2f39a5a98507f1fe0ce10a2b8dbc/library/std/src/panicking.rs:451:19
[INFO] [stdout]   56:     0x5620ae6cf54c - std::panic::catch_unwind::h89fb4f50c0301fe0
[INFO] [stdout]                                at /rustc/84c898d65adf2f39a5a98507f1fe0ce10a2b8dbc/library/std/src/panic.rs:140:14
[INFO] [stdout]   57:     0x5620ae6cf54c - std::rt::lang_start_internal::h078acd489417d3c1
[INFO] [stdout]                                at /rustc/84c898d65adf2f39a5a98507f1fe0ce10a2b8dbc/library/std/src/rt.rs:148:20
[INFO] [stdout]   58:     0x5620ae45ea97 - std::rt::lang_start::h335d6166ecad8ac7
[INFO] [stdout]   59:     0x5620ae466a85 - main
[INFO] [stdout]   60:     0x7f287896dd90 - <unknown>
[INFO] [stdout]   61:     0x7f287896de40 - __libc_start_main
[INFO] [stdout]   62:     0x5620ae45d2e5 - _start
[INFO] [stdout]   63:                0x0 - <unknown>
[INFO] [stdout] 
[INFO] [stdout] 
[INFO] [stdout] 
[INFO] [stdout] failures:
[INFO] [stdout]     src/lib.rs - (line 21)
[INFO] [stdout] 
[INFO] [stdout] test result: FAILED. 2 passed; 1 failed; 0 ignored; 0 measured; 0 filtered out; finished in 3.06s
[INFO] [stdout] 
[INFO] [stderr] error: doctest failed, to rerun pass `--doc`
[INFO] running `Command { std: "docker" "inspect" "a6cac5ce1137491f071025ef6167629f5efa4fb2c716abc6c297c515a434298b", kill_on_drop: false }`
[INFO] running `Command { std: "docker" "rm" "-f" "a6cac5ce1137491f071025ef6167629f5efa4fb2c716abc6c297c515a434298b", kill_on_drop: false }`
[INFO] [stdout] a6cac5ce1137491f071025ef6167629f5efa4fb2c716abc6c297c515a434298b
