[INFO] fetching crate byte_buffer 0.1.3...
[INFO] testing byte_buffer-0.1.3 against beta-2023-04-20 for beta-1.70-1
[INFO] extracting crate byte_buffer 0.1.3 into /workspace/builds/worker-3-tc2/source
[INFO] validating manifest of crates.io crate byte_buffer 0.1.3 on toolchain beta-2023-04-20
[INFO] running `Command { std: CARGO_HOME="/workspace/cargo-home" RUSTUP_HOME="/workspace/rustup-home" "/workspace/cargo-home/bin/cargo" "+beta-2023-04-20" "metadata" "--manifest-path" "Cargo.toml" "--no-deps", kill_on_drop: false }`
[INFO] started tweaking crates.io crate byte_buffer 0.1.3
[INFO] finished tweaking crates.io crate byte_buffer 0.1.3
[INFO] tweaked toml for crates.io crate byte_buffer 0.1.3 written to /workspace/builds/worker-3-tc2/source/Cargo.toml
[INFO] crate crates.io crate byte_buffer 0.1.3 already has a lockfile, it will not be regenerated
[INFO] running `Command { std: CARGO_HOME="/workspace/cargo-home" RUSTUP_HOME="/workspace/rustup-home" "/workspace/cargo-home/bin/cargo" "+beta-2023-04-20" "fetch" "--manifest-path" "Cargo.toml", kill_on_drop: false }`
[INFO] running `Command { std: "docker" "create" "-v" "/var/lib/crater-agent-workspace/builds/worker-3-tc2/target:/opt/rustwide/target:rw,Z" "-v" "/var/lib/crater-agent-workspace/builds/worker-3-tc2/source:/opt/rustwide/workdir:ro,Z" "-v" "/var/lib/crater-agent-workspace/cargo-home:/opt/rustwide/cargo-home:ro,Z" "-v" "/var/lib/crater-agent-workspace/rustup-home:/opt/rustwide/rustup-home:ro,Z" "-e" "SOURCE_DIR=/opt/rustwide/workdir" "-e" "CARGO_TARGET_DIR=/opt/rustwide/target" "-e" "CARGO_HOME=/opt/rustwide/cargo-home" "-e" "RUSTUP_HOME=/opt/rustwide/rustup-home" "-w" "/opt/rustwide/workdir" "-m" "1610612736" "--user" "0:0" "--network" "none" "ghcr.io/rust-lang/crates-build-env/linux@sha256:5ff2268d62e97bff2cde7d5815dd6ed5b47097566f13b8d0ca110b04b60e07ed" "/opt/rustwide/cargo-home/bin/cargo" "+beta-2023-04-20" "metadata" "--no-deps" "--format-version=1", kill_on_drop: false }`
[INFO] [stdout] a2483e2d755a6b78a96c6f786c19751e6985c80de9f46e8ce176ff5ddd8a1ab7
[INFO] running `Command { std: "docker" "start" "-a" "a2483e2d755a6b78a96c6f786c19751e6985c80de9f46e8ce176ff5ddd8a1ab7", kill_on_drop: false }`
[INFO] running `Command { std: "docker" "inspect" "a2483e2d755a6b78a96c6f786c19751e6985c80de9f46e8ce176ff5ddd8a1ab7", kill_on_drop: false }`
[INFO] running `Command { std: "docker" "rm" "-f" "a2483e2d755a6b78a96c6f786c19751e6985c80de9f46e8ce176ff5ddd8a1ab7", kill_on_drop: false }`
[INFO] [stdout] a2483e2d755a6b78a96c6f786c19751e6985c80de9f46e8ce176ff5ddd8a1ab7
[INFO] running `Command { std: "docker" "create" "-v" "/var/lib/crater-agent-workspace/builds/worker-3-tc2/target:/opt/rustwide/target:rw,Z" "-v" "/var/lib/crater-agent-workspace/builds/worker-3-tc2/source:/opt/rustwide/workdir:ro,Z" "-v" "/var/lib/crater-agent-workspace/cargo-home:/opt/rustwide/cargo-home:ro,Z" "-v" "/var/lib/crater-agent-workspace/rustup-home:/opt/rustwide/rustup-home:ro,Z" "-e" "SOURCE_DIR=/opt/rustwide/workdir" "-e" "CARGO_TARGET_DIR=/opt/rustwide/target" "-e" "CARGO_INCREMENTAL=0" "-e" "RUST_BACKTRACE=full" "-e" "RUSTFLAGS=--cap-lints=warn" "-e" "RUSTDOCFLAGS=--cap-lints=warn" "-e" "CARGO_HOME=/opt/rustwide/cargo-home" "-e" "RUSTUP_HOME=/opt/rustwide/rustup-home" "-w" "/opt/rustwide/workdir" "-m" "1610612736" "--user" "0:0" "--network" "none" "ghcr.io/rust-lang/crates-build-env/linux@sha256:5ff2268d62e97bff2cde7d5815dd6ed5b47097566f13b8d0ca110b04b60e07ed" "/opt/rustwide/cargo-home/bin/cargo" "+beta-2023-04-20" "build" "--frozen" "--message-format=json", kill_on_drop: false }`
[INFO] [stdout] 4a317f663c815a66a5a9ce0cf0c2dc788fa41114c952d7b9464fb882b81b9718
[INFO] running `Command { std: "docker" "start" "-a" "4a317f663c815a66a5a9ce0cf0c2dc788fa41114c952d7b9464fb882b81b9718", kill_on_drop: false }`
[INFO] [stderr]    Compiling cfg-if v0.1.9
[INFO] [stderr]    Compiling lazy_static v1.3.0
[INFO] [stderr]    Compiling crossbeam-utils v0.6.6
[INFO] [stderr]    Compiling crossbeam-channel v0.3.9
[INFO] [stderr]    Compiling byte_buffer v0.1.3 (/opt/rustwide/workdir)
[INFO] [stdout] warning: use of deprecated function `std::sync::atomic::spin_loop_hint`: use hint::spin_loop instead
[INFO] [stdout]   --> src/lock.rs:34:17
[INFO] [stdout]    |
[INFO] [stdout] 34 |         atomic::spin_loop_hint()
[INFO] [stdout]    |                 ^^^^^^^^^^^^^^
[INFO] [stdout]    |
[INFO] [stdout]    = note: `#[warn(deprecated)]` on by default
[INFO] [stdout] 
[INFO] [stdout] 
[INFO] [stdout] warning: 1 warning emitted
[INFO] [stdout] 
[INFO] [stdout] 
[INFO] [stderr]     Finished dev [unoptimized + debuginfo] target(s) in 1.91s
[INFO] running `Command { std: "docker" "inspect" "4a317f663c815a66a5a9ce0cf0c2dc788fa41114c952d7b9464fb882b81b9718", kill_on_drop: false }`
[INFO] running `Command { std: "docker" "rm" "-f" "4a317f663c815a66a5a9ce0cf0c2dc788fa41114c952d7b9464fb882b81b9718", kill_on_drop: false }`
[INFO] [stdout] 4a317f663c815a66a5a9ce0cf0c2dc788fa41114c952d7b9464fb882b81b9718
[INFO] running `Command { std: "docker" "create" "-v" "/var/lib/crater-agent-workspace/builds/worker-3-tc2/target:/opt/rustwide/target:rw,Z" "-v" "/var/lib/crater-agent-workspace/builds/worker-3-tc2/source:/opt/rustwide/workdir:ro,Z" "-v" "/var/lib/crater-agent-workspace/cargo-home:/opt/rustwide/cargo-home:ro,Z" "-v" "/var/lib/crater-agent-workspace/rustup-home:/opt/rustwide/rustup-home:ro,Z" "-e" "SOURCE_DIR=/opt/rustwide/workdir" "-e" "CARGO_TARGET_DIR=/opt/rustwide/target" "-e" "CARGO_INCREMENTAL=0" "-e" "RUST_BACKTRACE=full" "-e" "RUSTFLAGS=--cap-lints=warn" "-e" "RUSTDOCFLAGS=--cap-lints=warn" "-e" "CARGO_HOME=/opt/rustwide/cargo-home" "-e" "RUSTUP_HOME=/opt/rustwide/rustup-home" "-w" "/opt/rustwide/workdir" "-m" "1610612736" "--user" "0:0" "--network" "none" "ghcr.io/rust-lang/crates-build-env/linux@sha256:5ff2268d62e97bff2cde7d5815dd6ed5b47097566f13b8d0ca110b04b60e07ed" "/opt/rustwide/cargo-home/bin/cargo" "+beta-2023-04-20" "test" "--frozen" "--no-run" "--message-format=json", kill_on_drop: false }`
[INFO] [stdout] 219e4361409d04911c180d39f99e02bb57ed587ccad4f26d1ee557c525176eea
[INFO] running `Command { std: "docker" "start" "-a" "219e4361409d04911c180d39f99e02bb57ed587ccad4f26d1ee557c525176eea", kill_on_drop: false }`
[INFO] [stderr]    Compiling byte_buffer v0.1.3 (/opt/rustwide/workdir)
[INFO] [stdout] warning: use of deprecated function `std::sync::atomic::spin_loop_hint`: use hint::spin_loop instead
[INFO] [stdout]   --> src/lock.rs:34:17
[INFO] [stdout]    |
[INFO] [stdout] 34 |         atomic::spin_loop_hint()
[INFO] [stdout]    |                 ^^^^^^^^^^^^^^
[INFO] [stdout]    |
[INFO] [stdout]    = note: `#[warn(deprecated)]` on by default
[INFO] [stdout] 
[INFO] [stdout] 
[INFO] [stdout] warning: 1 warning emitted
[INFO] [stdout] 
[INFO] [stdout] 
[INFO] [stdout] warning: use of deprecated function `std::sync::atomic::spin_loop_hint`: use hint::spin_loop instead
[INFO] [stdout]   --> src/lock.rs:34:17
[INFO] [stdout]    |
[INFO] [stdout] 34 |         atomic::spin_loop_hint()
[INFO] [stdout]    |                 ^^^^^^^^^^^^^^
[INFO] [stdout]    |
[INFO] [stdout]    = note: `#[warn(deprecated)]` on by default
[INFO] [stdout] 
[INFO] [stdout] 
[INFO] [stdout] warning: 1 warning emitted
[INFO] [stdout] 
[INFO] [stdout] 
[INFO] [stderr]     Finished test [unoptimized + debuginfo] target(s) in 0.82s
[INFO] running `Command { std: "docker" "inspect" "219e4361409d04911c180d39f99e02bb57ed587ccad4f26d1ee557c525176eea", kill_on_drop: false }`
[INFO] running `Command { std: "docker" "rm" "-f" "219e4361409d04911c180d39f99e02bb57ed587ccad4f26d1ee557c525176eea", kill_on_drop: false }`
[INFO] [stdout] 219e4361409d04911c180d39f99e02bb57ed587ccad4f26d1ee557c525176eea
[INFO] running `Command { std: "docker" "create" "-v" "/var/lib/crater-agent-workspace/builds/worker-3-tc2/target:/opt/rustwide/target:rw,Z" "-v" "/var/lib/crater-agent-workspace/builds/worker-3-tc2/source:/opt/rustwide/workdir:ro,Z" "-v" "/var/lib/crater-agent-workspace/cargo-home:/opt/rustwide/cargo-home:ro,Z" "-v" "/var/lib/crater-agent-workspace/rustup-home:/opt/rustwide/rustup-home:ro,Z" "-e" "SOURCE_DIR=/opt/rustwide/workdir" "-e" "CARGO_TARGET_DIR=/opt/rustwide/target" "-e" "CARGO_INCREMENTAL=0" "-e" "RUST_BACKTRACE=full" "-e" "RUSTFLAGS=--cap-lints=warn" "-e" "RUSTDOCFLAGS=--cap-lints=warn" "-e" "CARGO_HOME=/opt/rustwide/cargo-home" "-e" "RUSTUP_HOME=/opt/rustwide/rustup-home" "-w" "/opt/rustwide/workdir" "-m" "1610612736" "--user" "0:0" "--network" "none" "ghcr.io/rust-lang/crates-build-env/linux@sha256:5ff2268d62e97bff2cde7d5815dd6ed5b47097566f13b8d0ca110b04b60e07ed" "/opt/rustwide/cargo-home/bin/cargo" "+beta-2023-04-20" "test" "--frozen", kill_on_drop: false }`
[INFO] [stdout] 058c7cdb5c768074089c4b6767c9f82ba4189a14c6acc68d1902637fcce12147
[INFO] running `Command { std: "docker" "start" "-a" "058c7cdb5c768074089c4b6767c9f82ba4189a14c6acc68d1902637fcce12147", kill_on_drop: false }`
[INFO] [stderr] warning: use of deprecated function `std::sync::atomic::spin_loop_hint`: use hint::spin_loop instead
[INFO] [stderr]   --> src/lock.rs:34:17
[INFO] [stderr]    |
[INFO] [stderr] 34 |         atomic::spin_loop_hint()
[INFO] [stderr]    |                 ^^^^^^^^^^^^^^
[INFO] [stderr]    |
[INFO] [stderr]    = note: `#[warn(deprecated)]` on by default
[INFO] [stderr] 
[INFO] [stderr] warning: `byte_buffer` (lib) generated 1 warning
[INFO] [stderr] warning: `byte_buffer` (lib test) generated 1 warning (1 duplicate)
[INFO] [stderr]     Finished test [unoptimized + debuginfo] target(s) in 0.01s
[INFO] [stderr]      Running unittests src/lib.rs (/opt/rustwide/target/debug/deps/byte_buffer-7c93d7a70321be0e)
[INFO] [stdout] 
[INFO] [stderr]    Doc-tests byte_buffer
[INFO] [stdout] running 0 tests
[INFO] [stdout] 
[INFO] [stdout] test result: ok. 0 passed; 0 failed; 0 ignored; 0 measured; 0 filtered out; finished in 0.00s
[INFO] [stdout] 
[INFO] [stdout] 
[INFO] [stdout] running 1 test
[INFO] [stdout] test src/lib.rs - (line 15) ... FAILED
[INFO] [stdout] 
[INFO] [stdout] failures:
[INFO] [stdout] 
[INFO] [stdout] ---- src/lib.rs - (line 15) stdout ----
[INFO] [stdout] error[E0599]: no method named `as_readable` found for struct `BufferSlice` in the current scope
[INFO] [stdout]   --> src/lib.rs:31:21
[INFO] [stdout]    |
[INFO] [stdout] 17 |   assert_eq!(buffer.as_readable().unwrap(), [0b101, 0b101, 0b101]);
[INFO] [stdout]    |                     ^^^^^^^^^^^ method not found in `BufferSlice`
[INFO] [stdout] 
[INFO] [stdout] error: aborting due to previous error
[INFO] [stdout] 
[INFO] [stdout] For more information about this error, try `rustc --explain E0599`.
[INFO] [stdout] Couldn't compile the test.
[INFO] [stdout] 
[INFO] [stdout] failures:
[INFO] [stdout]     src/lib.rs - (line 15)
[INFO] [stdout] 
[INFO] [stdout] test result: FAILED. 0 passed; 1 failed; 0 ignored; 0 measured; 0 filtered out; finished in 0.06s
[INFO] [stdout] 
[INFO] [stderr] error: doctest failed, to rerun pass `--doc`
[INFO] running `Command { std: "docker" "inspect" "058c7cdb5c768074089c4b6767c9f82ba4189a14c6acc68d1902637fcce12147", kill_on_drop: false }`
[INFO] running `Command { std: "docker" "rm" "-f" "058c7cdb5c768074089c4b6767c9f82ba4189a14c6acc68d1902637fcce12147", kill_on_drop: false }`
[INFO] [stdout] 058c7cdb5c768074089c4b6767c9f82ba4189a14c6acc68d1902637fcce12147
