[INFO] fetching crate buttons 0.4.0...
[INFO] testing buttons-0.4.0 against beta-2023-04-20 for beta-1.70-1
[INFO] extracting crate buttons 0.4.0 into /workspace/builds/worker-7-tc2/source
[INFO] validating manifest of crates.io crate buttons 0.4.0 on toolchain beta-2023-04-20
[INFO] running `Command { std: CARGO_HOME="/workspace/cargo-home" RUSTUP_HOME="/workspace/rustup-home" "/workspace/cargo-home/bin/cargo" "+beta-2023-04-20" "metadata" "--manifest-path" "Cargo.toml" "--no-deps", kill_on_drop: false }`
[INFO] started tweaking crates.io crate buttons 0.4.0
[INFO] finished tweaking crates.io crate buttons 0.4.0
[INFO] tweaked toml for crates.io crate buttons 0.4.0 written to /workspace/builds/worker-7-tc2/source/Cargo.toml
[INFO] crate crates.io crate buttons 0.4.0 already has a lockfile, it will not be regenerated
[INFO] running `Command { std: CARGO_HOME="/workspace/cargo-home" RUSTUP_HOME="/workspace/rustup-home" "/workspace/cargo-home/bin/cargo" "+beta-2023-04-20" "fetch" "--manifest-path" "Cargo.toml", kill_on_drop: false }`
[INFO] running `Command { std: "docker" "create" "-v" "/var/lib/crater-agent-workspace/builds/worker-7-tc2/target:/opt/rustwide/target:rw,Z" "-v" "/var/lib/crater-agent-workspace/builds/worker-7-tc2/source:/opt/rustwide/workdir:ro,Z" "-v" "/var/lib/crater-agent-workspace/cargo-home:/opt/rustwide/cargo-home:ro,Z" "-v" "/var/lib/crater-agent-workspace/rustup-home:/opt/rustwide/rustup-home:ro,Z" "-e" "SOURCE_DIR=/opt/rustwide/workdir" "-e" "CARGO_TARGET_DIR=/opt/rustwide/target" "-e" "CARGO_HOME=/opt/rustwide/cargo-home" "-e" "RUSTUP_HOME=/opt/rustwide/rustup-home" "-w" "/opt/rustwide/workdir" "-m" "1610612736" "--user" "0:0" "--network" "none" "ghcr.io/rust-lang/crates-build-env/linux@sha256:5ff2268d62e97bff2cde7d5815dd6ed5b47097566f13b8d0ca110b04b60e07ed" "/opt/rustwide/cargo-home/bin/cargo" "+beta-2023-04-20" "metadata" "--no-deps" "--format-version=1", kill_on_drop: false }`
[INFO] [stdout] f0c4f99841ec4d2a0c484c47f638343c2ac81b35ed4f527db95ecbbf253659f2
[INFO] running `Command { std: "docker" "start" "-a" "f0c4f99841ec4d2a0c484c47f638343c2ac81b35ed4f527db95ecbbf253659f2", kill_on_drop: false }`
[INFO] running `Command { std: "docker" "inspect" "f0c4f99841ec4d2a0c484c47f638343c2ac81b35ed4f527db95ecbbf253659f2", kill_on_drop: false }`
[INFO] running `Command { std: "docker" "rm" "-f" "f0c4f99841ec4d2a0c484c47f638343c2ac81b35ed4f527db95ecbbf253659f2", kill_on_drop: false }`
[INFO] [stdout] f0c4f99841ec4d2a0c484c47f638343c2ac81b35ed4f527db95ecbbf253659f2
[INFO] running `Command { std: "docker" "create" "-v" "/var/lib/crater-agent-workspace/builds/worker-7-tc2/target:/opt/rustwide/target:rw,Z" "-v" "/var/lib/crater-agent-workspace/builds/worker-7-tc2/source:/opt/rustwide/workdir:ro,Z" "-v" "/var/lib/crater-agent-workspace/cargo-home:/opt/rustwide/cargo-home:ro,Z" "-v" "/var/lib/crater-agent-workspace/rustup-home:/opt/rustwide/rustup-home:ro,Z" "-e" "SOURCE_DIR=/opt/rustwide/workdir" "-e" "CARGO_TARGET_DIR=/opt/rustwide/target" "-e" "CARGO_INCREMENTAL=0" "-e" "RUST_BACKTRACE=full" "-e" "RUSTFLAGS=--cap-lints=warn" "-e" "RUSTDOCFLAGS=--cap-lints=warn" "-e" "CARGO_HOME=/opt/rustwide/cargo-home" "-e" "RUSTUP_HOME=/opt/rustwide/rustup-home" "-w" "/opt/rustwide/workdir" "-m" "1610612736" "--user" "0:0" "--network" "none" "ghcr.io/rust-lang/crates-build-env/linux@sha256:5ff2268d62e97bff2cde7d5815dd6ed5b47097566f13b8d0ca110b04b60e07ed" "/opt/rustwide/cargo-home/bin/cargo" "+beta-2023-04-20" "build" "--frozen" "--message-format=json", kill_on_drop: false }`
[INFO] [stdout] 2a11eb79e5e4f53bf99efdc78bc61c09072edccb303ae82ee7ee9c92fbf89bee
[INFO] running `Command { std: "docker" "start" "-a" "2a11eb79e5e4f53bf99efdc78bc61c09072edccb303ae82ee7ee9c92fbf89bee", kill_on_drop: false }`
[INFO] [stderr]    Compiling buttons v0.4.0 (/opt/rustwide/workdir)
[INFO] [stderr]     Finished dev [unoptimized + debuginfo] target(s) in 0.15s
[INFO] running `Command { std: "docker" "inspect" "2a11eb79e5e4f53bf99efdc78bc61c09072edccb303ae82ee7ee9c92fbf89bee", kill_on_drop: false }`
[INFO] running `Command { std: "docker" "rm" "-f" "2a11eb79e5e4f53bf99efdc78bc61c09072edccb303ae82ee7ee9c92fbf89bee", kill_on_drop: false }`
[INFO] [stdout] 2a11eb79e5e4f53bf99efdc78bc61c09072edccb303ae82ee7ee9c92fbf89bee
[INFO] running `Command { std: "docker" "create" "-v" "/var/lib/crater-agent-workspace/builds/worker-7-tc2/target:/opt/rustwide/target:rw,Z" "-v" "/var/lib/crater-agent-workspace/builds/worker-7-tc2/source:/opt/rustwide/workdir:ro,Z" "-v" "/var/lib/crater-agent-workspace/cargo-home:/opt/rustwide/cargo-home:ro,Z" "-v" "/var/lib/crater-agent-workspace/rustup-home:/opt/rustwide/rustup-home:ro,Z" "-e" "SOURCE_DIR=/opt/rustwide/workdir" "-e" "CARGO_TARGET_DIR=/opt/rustwide/target" "-e" "CARGO_INCREMENTAL=0" "-e" "RUST_BACKTRACE=full" "-e" "RUSTFLAGS=--cap-lints=warn" "-e" "RUSTDOCFLAGS=--cap-lints=warn" "-e" "CARGO_HOME=/opt/rustwide/cargo-home" "-e" "RUSTUP_HOME=/opt/rustwide/rustup-home" "-w" "/opt/rustwide/workdir" "-m" "1610612736" "--user" "0:0" "--network" "none" "ghcr.io/rust-lang/crates-build-env/linux@sha256:5ff2268d62e97bff2cde7d5815dd6ed5b47097566f13b8d0ca110b04b60e07ed" "/opt/rustwide/cargo-home/bin/cargo" "+beta-2023-04-20" "test" "--frozen" "--no-run" "--message-format=json", kill_on_drop: false }`
[INFO] [stdout] 54b40fe7c77ef8df417559f805963ab5b1d901f00b2f9170aa80e6aaa1cec979
[INFO] running `Command { std: "docker" "start" "-a" "54b40fe7c77ef8df417559f805963ab5b1d901f00b2f9170aa80e6aaa1cec979", kill_on_drop: false }`
[INFO] [stderr]    Compiling libc v0.2.126
[INFO] [stderr]    Compiling autocfg v1.1.0
[INFO] [stderr]    Compiling pkg-config v0.3.25
[INFO] [stderr]    Compiling proc-macro2 v1.0.40
[INFO] [stderr]    Compiling quote v1.0.20
[INFO] [stderr]    Compiling unicode-ident v1.0.1
[INFO] [stderr]    Compiling xml-rs v0.8.4
[INFO] [stderr]    Compiling libloading v0.7.3
[INFO] [stderr]    Compiling smallvec v1.9.0
[INFO] [stderr]    Compiling memchr v2.5.0
[INFO] [stderr]    Compiling once_cell v1.15.0
[INFO] [stderr]    Compiling log v0.4.17
[INFO] [stderr]    Compiling downcast-rs v1.2.0
[INFO] [stderr]    Compiling minimal-lexical v0.2.1
[INFO] [stderr]    Compiling scoped-tls v1.0.0
[INFO] [stderr]    Compiling instant v0.1.12
[INFO] [stderr]    Compiling winit v0.26.1
[INFO] [stderr]    Compiling cty v0.2.2
[INFO] [stderr]    Compiling dlib v0.5.0
[INFO] [stderr]    Compiling raw-window-handle v0.4.3
[INFO] [stderr]    Compiling memoffset v0.6.5
[INFO] [stderr]    Compiling lock_api v0.4.7
[INFO] [stderr]    Compiling wayland-sys v0.29.5
[INFO] [stderr]    Compiling smithay-client-toolkit v0.15.4
[INFO] [stderr]    Compiling x11-dl v2.19.1
[INFO] [stderr]    Compiling nom v7.1.1
[INFO] [stderr]    Compiling wayland-scanner v0.29.5
[INFO] [stderr]    Compiling nix v0.24.2
[INFO] [stderr]    Compiling nix v0.22.3
[INFO] [stderr]    Compiling memmap2 v0.3.1
[INFO] [stderr]    Compiling parking_lot_core v0.8.5
[INFO] [stderr]    Compiling mio v0.8.4
[INFO] [stderr]    Compiling parking_lot v0.11.2
[INFO] [stderr]    Compiling wayland-client v0.29.5
[INFO] [stderr]    Compiling wayland-protocols v0.29.5
[INFO] [stderr]    Compiling xcursor v0.3.4
[INFO] [stderr]    Compiling wayland-commons v0.29.5
[INFO] [stderr]    Compiling calloop v0.9.3
[INFO] [stderr]    Compiling wayland-cursor v0.29.5
[INFO] [stderr]    Compiling buttons v0.4.0 (/opt/rustwide/workdir)
[INFO] [stderr]     Finished test [unoptimized + debuginfo] target(s) in 1m 02s
[INFO] running `Command { std: "docker" "inspect" "54b40fe7c77ef8df417559f805963ab5b1d901f00b2f9170aa80e6aaa1cec979", kill_on_drop: false }`
[INFO] running `Command { std: "docker" "rm" "-f" "54b40fe7c77ef8df417559f805963ab5b1d901f00b2f9170aa80e6aaa1cec979", kill_on_drop: false }`
[INFO] [stdout] 54b40fe7c77ef8df417559f805963ab5b1d901f00b2f9170aa80e6aaa1cec979
[INFO] running `Command { std: "docker" "create" "-v" "/var/lib/crater-agent-workspace/builds/worker-7-tc2/target:/opt/rustwide/target:rw,Z" "-v" "/var/lib/crater-agent-workspace/builds/worker-7-tc2/source:/opt/rustwide/workdir:ro,Z" "-v" "/var/lib/crater-agent-workspace/cargo-home:/opt/rustwide/cargo-home:ro,Z" "-v" "/var/lib/crater-agent-workspace/rustup-home:/opt/rustwide/rustup-home:ro,Z" "-e" "SOURCE_DIR=/opt/rustwide/workdir" "-e" "CARGO_TARGET_DIR=/opt/rustwide/target" "-e" "CARGO_INCREMENTAL=0" "-e" "RUST_BACKTRACE=full" "-e" "RUSTFLAGS=--cap-lints=warn" "-e" "RUSTDOCFLAGS=--cap-lints=warn" "-e" "CARGO_HOME=/opt/rustwide/cargo-home" "-e" "RUSTUP_HOME=/opt/rustwide/rustup-home" "-w" "/opt/rustwide/workdir" "-m" "1610612736" "--user" "0:0" "--network" "none" "ghcr.io/rust-lang/crates-build-env/linux@sha256:5ff2268d62e97bff2cde7d5815dd6ed5b47097566f13b8d0ca110b04b60e07ed" "/opt/rustwide/cargo-home/bin/cargo" "+beta-2023-04-20" "test" "--frozen", kill_on_drop: false }`
[INFO] [stdout] 05474e53967a2aaf399b18dcb9d1d76cf4a95c005cd6166b0b47dafb18ec514c
[INFO] running `Command { std: "docker" "start" "-a" "05474e53967a2aaf399b18dcb9d1d76cf4a95c005cd6166b0b47dafb18ec514c", kill_on_drop: false }`
[INFO] [stderr]     Finished test [unoptimized + debuginfo] target(s) in 0.14s
[INFO] [stderr]      Running unittests src/lib.rs (/opt/rustwide/target/debug/deps/buttons-22f79622e86fa2c1)
[INFO] [stdout] 
[INFO] [stdout] running 25 tests
[INFO] [stdout] test keyboard::tests::key_can_be_pressed_and_released_on_same_frame ... ok
[INFO] [stdout] test keyboard::tests::can_set_modifiers ... ok
[INFO] [stdout] test keyboard::tests::key_down_persists_across_frames ... ok
[INFO] [stdout] test keyboard::tests::key_not_down_when_released ... ok
[INFO] [stdout] test keyboard::tests::modifiers_persisit_over_frames ... ok
[INFO] [stdout] test mouse::tests::mouse_button_not_down_when_released ... ok
[INFO] [stdout] test keyboard::tests::key_pressed_resets_at_start_of_frame ... ok
[INFO] [stdout] test mouse::tests::default_mouse_has_no_button_state ... ok
[INFO] [stdout] test mouse::tests::mouse_button_can_be_pressed_and_released_on_same_frame ... ok
[INFO] [stdout] test mouse::tests::mouse_button_down_persists_across_frames ... ok
[INFO] [stdout] test keyboard::tests::key_down_when_pressed ... ok
[INFO] [stdout] test keyboard::tests::key_released_after_releasing ... ok
[INFO] [stdout] test keyboard::tests::key_released_resets_at_start_of_frame ... ok
[INFO] [stdout] test keyboard::tests::key_pressed_after_pressing ... ok
[INFO] [stdout] test mouse::tests::default_mouse_is_at_zero_position ... ok
[INFO] [stdout] test mouse::tests::mouse_button_released_resets_at_start_of_frame ... ok
[INFO] [stdout] test mouse::tests::mouse_button_pressed_after_pressing ... ok
[INFO] [stdout] test mouse::tests::mouse_button_down_when_pressed ... ok
[INFO] [stdout] test mouse::tests::mouse_button_released_after_releasing ... ok
[INFO] [stdout] test keyboard::tests::key_not_pressed_or_released_by_default ... ok
[INFO] [stdout] test mouse::tests::mouse_button_pressed_resets_at_start_of_frame ... ok
[INFO] [stdout] test mouse::tests::mouse_can_be_created_at_a_position ... ok
[INFO] [stdout] test mouse::tests::mouse_can_be_moved ... ok
[INFO] [stdout] test keyboard::tests::modifiers_empty_by_default ... ok
[INFO] [stdout] test mouse::tests::mouse_can_be_placed ... ok
[INFO] [stdout] 
[INFO] [stdout] test result: ok. 25 passed; 0 failed; 0 ignored; 0 measured; 0 filtered out; finished in 0.05s
[INFO] [stdout] 
[INFO] [stderr]    Doc-tests buttons
[INFO] [stdout] 
[INFO] [stdout] running 1 test
[INFO] [stdout] test src/lib.rs - (line 18) - compile ... FAILED
[INFO] [stdout] 
[INFO] [stdout] failures:
[INFO] [stdout] 
[INFO] [stdout] ---- src/lib.rs - (line 18) stdout ----
[INFO] [stdout] error[E0433]: failed to resolve: could not find `winit_support` in `buttons`
[INFO] [stdout]  --> src/lib.rs:21:29
[INFO] [stdout]   |
[INFO] [stdout] 6 | let mut keyboard = buttons::winit_support::keyboard();
[INFO] [stdout]   |                             ^^^^^^^^^^^^^ could not find `winit_support` in `buttons`
[INFO] [stdout] 
[INFO] [stdout] error[E0433]: failed to resolve: could not find `winit_support` in `buttons`
[INFO] [stdout]  --> src/lib.rs:22:26
[INFO] [stdout]   |
[INFO] [stdout] 7 | let mut mouse = buttons::winit_support::mouse();
[INFO] [stdout]   |                          ^^^^^^^^^^^^^ could not find `winit_support` in `buttons`
[INFO] [stdout] 
[INFO] [stdout] error[E0433]: failed to resolve: could not find `winit_support` in `buttons`
[INFO] [stdout]  --> src/lib.rs:23:26
[INFO] [stdout]   |
[INFO] [stdout] 8 | let mut touch = buttons::winit_support::touch();
[INFO] [stdout]   |                          ^^^^^^^^^^^^^ could not find `winit_support` in `buttons`
[INFO] [stdout] 
[INFO] [stdout] error: aborting due to 3 previous errors
[INFO] [stdout] 
[INFO] [stdout] For more information about this error, try `rustc --explain E0433`.
[INFO] [stdout] Couldn't compile the test.
[INFO] [stdout] 
[INFO] [stdout] failures:
[INFO] [stdout]     src/lib.rs - (line 18)
[INFO] [stdout] 
[INFO] [stdout] test result: FAILED. 0 passed; 1 failed; 0 ignored; 0 measured; 0 filtered out; finished in 0.09s
[INFO] [stdout] 
[INFO] [stderr] error: doctest failed, to rerun pass `--doc`
[INFO] running `Command { std: "docker" "inspect" "05474e53967a2aaf399b18dcb9d1d76cf4a95c005cd6166b0b47dafb18ec514c", kill_on_drop: false }`
[INFO] running `Command { std: "docker" "rm" "-f" "05474e53967a2aaf399b18dcb9d1d76cf4a95c005cd6166b0b47dafb18ec514c", kill_on_drop: false }`
[INFO] [stdout] 05474e53967a2aaf399b18dcb9d1d76cf4a95c005cd6166b0b47dafb18ec514c
