[INFO] fetching crate builder_cpp 0.4.9...
[INFO] testing builder_cpp-0.4.9 against beta-2023-04-20 for beta-1.70-1
[INFO] extracting crate builder_cpp 0.4.9 into /workspace/builds/worker-6-tc2/source
[INFO] validating manifest of crates.io crate builder_cpp 0.4.9 on toolchain beta-2023-04-20
[INFO] running `Command { std: CARGO_HOME="/workspace/cargo-home" RUSTUP_HOME="/workspace/rustup-home" "/workspace/cargo-home/bin/cargo" "+beta-2023-04-20" "metadata" "--manifest-path" "Cargo.toml" "--no-deps", kill_on_drop: false }`
[INFO] started tweaking crates.io crate builder_cpp 0.4.9
[INFO] finished tweaking crates.io crate builder_cpp 0.4.9
[INFO] tweaked toml for crates.io crate builder_cpp 0.4.9 written to /workspace/builds/worker-6-tc2/source/Cargo.toml
[INFO] crate crates.io crate builder_cpp 0.4.9 already has a lockfile, it will not be regenerated
[INFO] running `Command { std: CARGO_HOME="/workspace/cargo-home" RUSTUP_HOME="/workspace/rustup-home" "/workspace/cargo-home/bin/cargo" "+beta-2023-04-20" "fetch" "--manifest-path" "Cargo.toml", kill_on_drop: false }`
[INFO] [stderr]  Downloading crates ...
[INFO] [stderr]   Downloaded toml_edit v0.19.7
[INFO] [stderr]   Downloaded winnow v0.3.6
[INFO] running `Command { std: "docker" "create" "-v" "/var/lib/crater-agent-workspace/builds/worker-6-tc2/target:/opt/rustwide/target:rw,Z" "-v" "/var/lib/crater-agent-workspace/builds/worker-6-tc2/source:/opt/rustwide/workdir:ro,Z" "-v" "/var/lib/crater-agent-workspace/cargo-home:/opt/rustwide/cargo-home:ro,Z" "-v" "/var/lib/crater-agent-workspace/rustup-home:/opt/rustwide/rustup-home:ro,Z" "-e" "SOURCE_DIR=/opt/rustwide/workdir" "-e" "CARGO_TARGET_DIR=/opt/rustwide/target" "-e" "CARGO_HOME=/opt/rustwide/cargo-home" "-e" "RUSTUP_HOME=/opt/rustwide/rustup-home" "-w" "/opt/rustwide/workdir" "-m" "1610612736" "--user" "0:0" "--network" "none" "ghcr.io/rust-lang/crates-build-env/linux@sha256:5ff2268d62e97bff2cde7d5815dd6ed5b47097566f13b8d0ca110b04b60e07ed" "/opt/rustwide/cargo-home/bin/cargo" "+beta-2023-04-20" "metadata" "--no-deps" "--format-version=1", kill_on_drop: false }`
[INFO] [stdout] cbe6b8ad9ac68d48fe9d3a192e54c574c8551c0662d558c54e1701689b15c249
[INFO] running `Command { std: "docker" "start" "-a" "cbe6b8ad9ac68d48fe9d3a192e54c574c8551c0662d558c54e1701689b15c249", kill_on_drop: false }`
[INFO] running `Command { std: "docker" "inspect" "cbe6b8ad9ac68d48fe9d3a192e54c574c8551c0662d558c54e1701689b15c249", kill_on_drop: false }`
[INFO] running `Command { std: "docker" "rm" "-f" "cbe6b8ad9ac68d48fe9d3a192e54c574c8551c0662d558c54e1701689b15c249", kill_on_drop: false }`
[INFO] [stdout] cbe6b8ad9ac68d48fe9d3a192e54c574c8551c0662d558c54e1701689b15c249
[INFO] running `Command { std: "docker" "create" "-v" "/var/lib/crater-agent-workspace/builds/worker-6-tc2/target:/opt/rustwide/target:rw,Z" "-v" "/var/lib/crater-agent-workspace/builds/worker-6-tc2/source:/opt/rustwide/workdir:ro,Z" "-v" "/var/lib/crater-agent-workspace/cargo-home:/opt/rustwide/cargo-home:ro,Z" "-v" "/var/lib/crater-agent-workspace/rustup-home:/opt/rustwide/rustup-home:ro,Z" "-e" "SOURCE_DIR=/opt/rustwide/workdir" "-e" "CARGO_TARGET_DIR=/opt/rustwide/target" "-e" "CARGO_INCREMENTAL=0" "-e" "RUST_BACKTRACE=full" "-e" "RUSTFLAGS=--cap-lints=warn" "-e" "RUSTDOCFLAGS=--cap-lints=warn" "-e" "CARGO_HOME=/opt/rustwide/cargo-home" "-e" "RUSTUP_HOME=/opt/rustwide/rustup-home" "-w" "/opt/rustwide/workdir" "-m" "1610612736" "--user" "0:0" "--network" "none" "ghcr.io/rust-lang/crates-build-env/linux@sha256:5ff2268d62e97bff2cde7d5815dd6ed5b47097566f13b8d0ca110b04b60e07ed" "/opt/rustwide/cargo-home/bin/cargo" "+beta-2023-04-20" "build" "--frozen" "--message-format=json", kill_on_drop: false }`
[INFO] [stdout] 0b584f009ff5f2404fc58beeca7af4850f39377cd7f8b82f92738ecd50d56fb2
[INFO] running `Command { std: "docker" "start" "-a" "0b584f009ff5f2404fc58beeca7af4850f39377cd7f8b82f92738ecd50d56fb2", kill_on_drop: false }`
[INFO] [stderr]    Compiling libc v0.2.140
[INFO] [stderr]    Compiling crossbeam-utils v0.8.15
[INFO] [stderr]    Compiling memoffset v0.8.0
[INFO] [stderr]    Compiling serde v1.0.158
[INFO] [stderr]    Compiling crossbeam-epoch v0.9.14
[INFO] [stderr]    Compiling portable-atomic v0.3.19
[INFO] [stderr]    Compiling rayon-core v1.11.0
[INFO] [stderr]    Compiling unicode-width v0.1.10
[INFO] [stderr]    Compiling either v1.8.1
[INFO] [stderr]    Compiling winnow v0.3.6
[INFO] [stderr]    Compiling number_prefix v0.4.0
[INFO] [stderr]    Compiling block-buffer v0.10.4
[INFO] [stderr]    Compiling digest v0.10.6
[INFO] [stderr]    Compiling itertools v0.10.5
[INFO] [stderr]    Compiling sha1 v0.10.5
[INFO] [stderr]    Compiling crossbeam-channel v0.5.7
[INFO] [stderr]    Compiling crossbeam-deque v0.8.3
[INFO] [stderr]    Compiling num_cpus v1.15.0
[INFO] [stderr]    Compiling atty v0.2.14
[INFO] [stderr]    Compiling console v0.15.5
[INFO] [stderr]    Compiling colored v2.0.0
[INFO] [stderr]    Compiling indicatif v0.17.3
[INFO] [stderr]    Compiling rayon v1.7.0
[INFO] [stderr]    Compiling toml_datetime v0.6.1
[INFO] [stderr]    Compiling serde_spanned v0.6.1
[INFO] [stderr]    Compiling toml_edit v0.19.7
[INFO] [stderr]    Compiling toml v0.7.3
[INFO] [stderr]    Compiling builder_cpp v0.4.9 (/opt/rustwide/workdir)
[INFO] [stderr]     Finished dev [unoptimized + debuginfo] target(s) in 10.85s
[INFO] running `Command { std: "docker" "inspect" "0b584f009ff5f2404fc58beeca7af4850f39377cd7f8b82f92738ecd50d56fb2", kill_on_drop: false }`
[INFO] running `Command { std: "docker" "rm" "-f" "0b584f009ff5f2404fc58beeca7af4850f39377cd7f8b82f92738ecd50d56fb2", kill_on_drop: false }`
[INFO] [stdout] 0b584f009ff5f2404fc58beeca7af4850f39377cd7f8b82f92738ecd50d56fb2
[INFO] running `Command { std: "docker" "create" "-v" "/var/lib/crater-agent-workspace/builds/worker-6-tc2/target:/opt/rustwide/target:rw,Z" "-v" "/var/lib/crater-agent-workspace/builds/worker-6-tc2/source:/opt/rustwide/workdir:ro,Z" "-v" "/var/lib/crater-agent-workspace/cargo-home:/opt/rustwide/cargo-home:ro,Z" "-v" "/var/lib/crater-agent-workspace/rustup-home:/opt/rustwide/rustup-home:ro,Z" "-e" "SOURCE_DIR=/opt/rustwide/workdir" "-e" "CARGO_TARGET_DIR=/opt/rustwide/target" "-e" "CARGO_INCREMENTAL=0" "-e" "RUST_BACKTRACE=full" "-e" "RUSTFLAGS=--cap-lints=warn" "-e" "RUSTDOCFLAGS=--cap-lints=warn" "-e" "CARGO_HOME=/opt/rustwide/cargo-home" "-e" "RUSTUP_HOME=/opt/rustwide/rustup-home" "-w" "/opt/rustwide/workdir" "-m" "1610612736" "--user" "0:0" "--network" "none" "ghcr.io/rust-lang/crates-build-env/linux@sha256:5ff2268d62e97bff2cde7d5815dd6ed5b47097566f13b8d0ca110b04b60e07ed" "/opt/rustwide/cargo-home/bin/cargo" "+beta-2023-04-20" "test" "--frozen" "--no-run" "--message-format=json", kill_on_drop: false }`
[INFO] [stdout] 83969470d7fa220ab6729424d7f857ad3035fa45cb0d40f6d6f7687bc039502a
[INFO] running `Command { std: "docker" "start" "-a" "83969470d7fa220ab6729424d7f857ad3035fa45cb0d40f6d6f7687bc039502a", kill_on_drop: false }`
[INFO] [stderr]    Compiling builder_cpp v0.4.9 (/opt/rustwide/workdir)
[INFO] [stderr]     Finished test [unoptimized + debuginfo] target(s) in 0.55s
[INFO] running `Command { std: "docker" "inspect" "83969470d7fa220ab6729424d7f857ad3035fa45cb0d40f6d6f7687bc039502a", kill_on_drop: false }`
[INFO] running `Command { std: "docker" "rm" "-f" "83969470d7fa220ab6729424d7f857ad3035fa45cb0d40f6d6f7687bc039502a", kill_on_drop: false }`
[INFO] [stdout] 83969470d7fa220ab6729424d7f857ad3035fa45cb0d40f6d6f7687bc039502a
[INFO] running `Command { std: "docker" "create" "-v" "/var/lib/crater-agent-workspace/builds/worker-6-tc2/target:/opt/rustwide/target:rw,Z" "-v" "/var/lib/crater-agent-workspace/builds/worker-6-tc2/source:/opt/rustwide/workdir:ro,Z" "-v" "/var/lib/crater-agent-workspace/cargo-home:/opt/rustwide/cargo-home:ro,Z" "-v" "/var/lib/crater-agent-workspace/rustup-home:/opt/rustwide/rustup-home:ro,Z" "-e" "SOURCE_DIR=/opt/rustwide/workdir" "-e" "CARGO_TARGET_DIR=/opt/rustwide/target" "-e" "CARGO_INCREMENTAL=0" "-e" "RUST_BACKTRACE=full" "-e" "RUSTFLAGS=--cap-lints=warn" "-e" "RUSTDOCFLAGS=--cap-lints=warn" "-e" "CARGO_HOME=/opt/rustwide/cargo-home" "-e" "RUSTUP_HOME=/opt/rustwide/rustup-home" "-w" "/opt/rustwide/workdir" "-m" "1610612736" "--user" "0:0" "--network" "none" "ghcr.io/rust-lang/crates-build-env/linux@sha256:5ff2268d62e97bff2cde7d5815dd6ed5b47097566f13b8d0ca110b04b60e07ed" "/opt/rustwide/cargo-home/bin/cargo" "+beta-2023-04-20" "test" "--frozen", kill_on_drop: false }`
[INFO] [stdout] afe4205030ccd5e193383d5b5fc3faa64f00304871697209d3089ddd5d4b19ef
[INFO] running `Command { std: "docker" "start" "-a" "afe4205030ccd5e193383d5b5fc3faa64f00304871697209d3089ddd5d4b19ef", kill_on_drop: false }`
[INFO] [stderr]     Finished test [unoptimized + debuginfo] target(s) in 0.02s
[INFO] [stderr]      Running unittests src/lib.rs (/opt/rustwide/target/debug/deps/builder_cpp-c13d5faf4f13eb3c)
[INFO] [stdout] 
[INFO] [stdout] running 0 tests
[INFO] [stdout] 
[INFO] [stdout] test result: ok. 0 passed; 0 failed; 0 ignored; 0 measured; 0 filtered out; finished in 0.00s
[INFO] [stdout] 
[INFO] [stderr]      Running unittests src/main.rs (/opt/rustwide/target/debug/deps/builder_cpp-bfa1eadbf371039c)
[INFO] [stdout] 
[INFO] [stdout] running 0 tests
[INFO] [stdout] 
[INFO] [stdout] test result: ok. 0 passed; 0 failed; 0 ignored; 0 measured; 0 filtered out; finished in 0.00s
[INFO] [stdout] 
[INFO] [stderr]    Doc-tests builder_cpp
[INFO] [stdout] 
[INFO] [stdout] running 4 tests
[INFO] [stdout] test src/lib.rs - (line 10) - compile ... FAILED
[INFO] [stdout] test src/lib.rs - (line 16) - compile ... FAILED
[INFO] [stdout] test src/lib.rs - (line 20) - compile ... FAILED
[INFO] [stdout] test src/utils.rs - utils::log (line 29) ... FAILED
[INFO] [stdout] 
[INFO] [stdout] failures:
[INFO] [stdout] 
[INFO] [stdout] ---- src/lib.rs - (line 10) stdout ----
[INFO] [stdout] error: expected one of `!`, `.`, `::`, `;`, `?`, `{`, `}`, or an operator, found `install`
[INFO] [stdout]  --> src/lib.rs:11:7
[INFO] [stdout]   |
[INFO] [stdout] 4 | cargo install builder_cpp
[INFO] [stdout]   |       ^^^^^^^ expected one of 8 possible tokens
[INFO] [stdout] 
[INFO] [stdout] error: aborting due to previous error
[INFO] [stdout] 
[INFO] [stdout] Couldn't compile the test.
[INFO] [stdout] ---- src/lib.rs - (line 16) stdout ----
[INFO] [stdout] error[E0423]: expected value, found crate `builder_cpp`
[INFO] [stdout]  --> src/lib.rs:17:1
[INFO] [stdout]   |
[INFO] [stdout] 4 | builder_cpp -h
[INFO] [stdout]   | ^^^^^^^^^^^ not a value
[INFO] [stdout] 
[INFO] [stdout] error[E0425]: cannot find value `h` in this scope
[INFO] [stdout]  --> src/lib.rs:17:14
[INFO] [stdout]   |
[INFO] [stdout] 4 | builder_cpp -h
[INFO] [stdout]   |              ^ not found in this scope
[INFO] [stdout] 
[INFO] [stdout] error: aborting due to 2 previous errors
[INFO] [stdout] 
[INFO] [stdout] Some errors have detailed explanations: E0423, E0425.
[INFO] [stdout] For more information about an error, try `rustc --explain E0423`.
[INFO] [stdout] Couldn't compile the test.
[INFO] [stdout] ---- src/lib.rs - (line 20) stdout ----
[INFO] [stdout] error[E0423]: expected value, found crate `builder_cpp`
[INFO] [stdout]  --> src/lib.rs:21:1
[INFO] [stdout]   |
[INFO] [stdout] 4 | builder_cpp --help
[INFO] [stdout]   | ^^^^^^^^^^^ not a value
[INFO] [stdout] 
[INFO] [stdout] error[E0425]: cannot find value `help` in this scope
[INFO] [stdout]  --> src/lib.rs:21:15
[INFO] [stdout]   |
[INFO] [stdout] 4 | builder_cpp --help
[INFO] [stdout]   |               ^^^^ not found in this scope
[INFO] [stdout] 
[INFO] [stdout] error: aborting due to 2 previous errors
[INFO] [stdout] 
[INFO] [stdout] Some errors have detailed explanations: E0423, E0425.
[INFO] [stdout] For more information about an error, try `rustc --explain E0423`.
[INFO] [stdout] Couldn't compile the test.
[INFO] [stdout] ---- src/utils.rs - utils::log (line 29) stdout ----
[INFO] [stdout] error[E0433]: failed to resolve: use of undeclared type `LogLevel`
[INFO] [stdout]  --> src/utils.rs:30:5
[INFO] [stdout]   |
[INFO] [stdout] 3 | log(LogLevel::Info, "Hello World!");
[INFO] [stdout]   |     ^^^^^^^^ use of undeclared type `LogLevel`
[INFO] [stdout] 
[INFO] [stdout] error[E0433]: failed to resolve: use of undeclared type `LogLevel`
[INFO] [stdout]  --> src/utils.rs:31:5
[INFO] [stdout]   |
[INFO] [stdout] 4 | log(LogLevel::Error, &format!("Something went wrong! {}", error));
[INFO] [stdout]   |     ^^^^^^^^ use of undeclared type `LogLevel`
[INFO] [stdout] 
[INFO] [stdout] error[E0425]: cannot find function `log` in this scope
[INFO] [stdout]  --> src/utils.rs:30:1
[INFO] [stdout]   |
[INFO] [stdout] 3 | log(LogLevel::Info, "Hello World!");
[INFO] [stdout]   | ^^^ not found in this scope
[INFO] [stdout]   |
[INFO] [stdout] help: consider importing this function
[INFO] [stdout]   |
[INFO] [stdout] 2 + use builder_cpp::utils::log;
[INFO] [stdout]   |
[INFO] [stdout] 
[INFO] [stdout] error[E0425]: cannot find function `log` in this scope
[INFO] [stdout]  --> src/utils.rs:31:1
[INFO] [stdout]   |
[INFO] [stdout] 4 | log(LogLevel::Error, &format!("Something went wrong! {}", error));
[INFO] [stdout]   | ^^^ not found in this scope
[INFO] [stdout]   |
[INFO] [stdout] help: consider importing this function
[INFO] [stdout]   |
[INFO] [stdout] 2 + use builder_cpp::utils::log;
[INFO] [stdout]   |
[INFO] [stdout] 
[INFO] [stdout] error[E0425]: cannot find value `error` in this scope
[INFO] [stdout]  --> src/utils.rs:31:59
[INFO] [stdout]   |
[INFO] [stdout] 4 | log(LogLevel::Error, &format!("Something went wrong! {}", error));
[INFO] [stdout]   |                                                           ^^^^^ not found in this scope
[INFO] [stdout] 
[INFO] [stdout] error: aborting due to 5 previous errors
[INFO] [stdout] 
[INFO] [stdout] Some errors have detailed explanations: E0425, E0433.
[INFO] [stdout] For more information about an error, try `rustc --explain E0425`.
[INFO] [stdout] Couldn't compile the test.
[INFO] [stdout] 
[INFO] [stdout] failures:
[INFO] [stdout]     src/lib.rs - (line 10)
[INFO] [stdout]     src/lib.rs - (line 16)
[INFO] [stdout]     src/lib.rs - (line 20)
[INFO] [stdout]     src/utils.rs - utils::log (line 29)
[INFO] [stdout] 
[INFO] [stdout] test result: FAILED. 0 passed; 4 failed; 0 ignored; 0 measured; 0 filtered out; finished in 0.04s
[INFO] [stdout] 
[INFO] [stderr] error: doctest failed, to rerun pass `--doc`
[INFO] running `Command { std: "docker" "inspect" "afe4205030ccd5e193383d5b5fc3faa64f00304871697209d3089ddd5d4b19ef", kill_on_drop: false }`
[INFO] running `Command { std: "docker" "rm" "-f" "afe4205030ccd5e193383d5b5fc3faa64f00304871697209d3089ddd5d4b19ef", kill_on_drop: false }`
[INFO] [stdout] afe4205030ccd5e193383d5b5fc3faa64f00304871697209d3089ddd5d4b19ef
