[INFO] fetching crate bucket 1.0.0...
[INFO] testing bucket-1.0.0 against beta-2023-04-20 for beta-1.70-1
[INFO] extracting crate bucket 1.0.0 into /workspace/builds/worker-5-tc2/source
[INFO] validating manifest of crates.io crate bucket 1.0.0 on toolchain beta-2023-04-20
[INFO] running `Command { std: CARGO_HOME="/workspace/cargo-home" RUSTUP_HOME="/workspace/rustup-home" "/workspace/cargo-home/bin/cargo" "+beta-2023-04-20" "metadata" "--manifest-path" "Cargo.toml" "--no-deps", kill_on_drop: false }`
[INFO] started tweaking crates.io crate bucket 1.0.0
[INFO] finished tweaking crates.io crate bucket 1.0.0
[INFO] tweaked toml for crates.io crate bucket 1.0.0 written to /workspace/builds/worker-5-tc2/source/Cargo.toml
[INFO] running `Command { std: CARGO_HOME="/workspace/cargo-home" RUSTUP_HOME="/workspace/rustup-home" __CARGO_TEST_CHANNEL_OVERRIDE_DO_NOT_USE_THIS="nightly" "/workspace/cargo-home/bin/cargo" "+beta-2023-04-20" "generate-lockfile" "--manifest-path" "Cargo.toml" "-Zno-index-update", kill_on_drop: false }`
[INFO] running `Command { std: CARGO_HOME="/workspace/cargo-home" RUSTUP_HOME="/workspace/rustup-home" "/workspace/cargo-home/bin/cargo" "+beta-2023-04-20" "fetch" "--manifest-path" "Cargo.toml", kill_on_drop: false }`
[INFO] running `Command { std: "docker" "create" "-v" "/var/lib/crater-agent-workspace/builds/worker-5-tc2/target:/opt/rustwide/target:rw,Z" "-v" "/var/lib/crater-agent-workspace/builds/worker-5-tc2/source:/opt/rustwide/workdir:ro,Z" "-v" "/var/lib/crater-agent-workspace/cargo-home:/opt/rustwide/cargo-home:ro,Z" "-v" "/var/lib/crater-agent-workspace/rustup-home:/opt/rustwide/rustup-home:ro,Z" "-e" "SOURCE_DIR=/opt/rustwide/workdir" "-e" "CARGO_TARGET_DIR=/opt/rustwide/target" "-e" "CARGO_HOME=/opt/rustwide/cargo-home" "-e" "RUSTUP_HOME=/opt/rustwide/rustup-home" "-w" "/opt/rustwide/workdir" "-m" "1610612736" "--user" "0:0" "--network" "none" "ghcr.io/rust-lang/crates-build-env/linux@sha256:5ff2268d62e97bff2cde7d5815dd6ed5b47097566f13b8d0ca110b04b60e07ed" "/opt/rustwide/cargo-home/bin/cargo" "+beta-2023-04-20" "metadata" "--no-deps" "--format-version=1", kill_on_drop: false }`
[INFO] [stdout] b3294093323af47b2d8a3d116d1518d075d2baafa4a0180d6dc39551bf401476
[INFO] running `Command { std: "docker" "start" "-a" "b3294093323af47b2d8a3d116d1518d075d2baafa4a0180d6dc39551bf401476", kill_on_drop: false }`
[INFO] running `Command { std: "docker" "inspect" "b3294093323af47b2d8a3d116d1518d075d2baafa4a0180d6dc39551bf401476", kill_on_drop: false }`
[INFO] running `Command { std: "docker" "rm" "-f" "b3294093323af47b2d8a3d116d1518d075d2baafa4a0180d6dc39551bf401476", kill_on_drop: false }`
[INFO] [stdout] b3294093323af47b2d8a3d116d1518d075d2baafa4a0180d6dc39551bf401476
[INFO] running `Command { std: "docker" "create" "-v" "/var/lib/crater-agent-workspace/builds/worker-5-tc2/target:/opt/rustwide/target:rw,Z" "-v" "/var/lib/crater-agent-workspace/builds/worker-5-tc2/source:/opt/rustwide/workdir:ro,Z" "-v" "/var/lib/crater-agent-workspace/cargo-home:/opt/rustwide/cargo-home:ro,Z" "-v" "/var/lib/crater-agent-workspace/rustup-home:/opt/rustwide/rustup-home:ro,Z" "-e" "SOURCE_DIR=/opt/rustwide/workdir" "-e" "CARGO_TARGET_DIR=/opt/rustwide/target" "-e" "CARGO_INCREMENTAL=0" "-e" "RUST_BACKTRACE=full" "-e" "RUSTFLAGS=--cap-lints=warn" "-e" "RUSTDOCFLAGS=--cap-lints=warn" "-e" "CARGO_HOME=/opt/rustwide/cargo-home" "-e" "RUSTUP_HOME=/opt/rustwide/rustup-home" "-w" "/opt/rustwide/workdir" "-m" "1610612736" "--user" "0:0" "--network" "none" "ghcr.io/rust-lang/crates-build-env/linux@sha256:5ff2268d62e97bff2cde7d5815dd6ed5b47097566f13b8d0ca110b04b60e07ed" "/opt/rustwide/cargo-home/bin/cargo" "+beta-2023-04-20" "build" "--frozen" "--message-format=json", kill_on_drop: false }`
[INFO] [stdout] 64ab56fed2f419ef978d3e9652e274eb05d71b349783ea3059425792d7022e21
[INFO] running `Command { std: "docker" "start" "-a" "64ab56fed2f419ef978d3e9652e274eb05d71b349783ea3059425792d7022e21", kill_on_drop: false }`
[INFO] [stderr]    Compiling bucket v1.0.0 (/opt/rustwide/workdir)
[INFO] [stderr]     Finished dev [unoptimized + debuginfo] target(s) in 0.08s
[INFO] running `Command { std: "docker" "inspect" "64ab56fed2f419ef978d3e9652e274eb05d71b349783ea3059425792d7022e21", kill_on_drop: false }`
[INFO] running `Command { std: "docker" "rm" "-f" "64ab56fed2f419ef978d3e9652e274eb05d71b349783ea3059425792d7022e21", kill_on_drop: false }`
[INFO] [stdout] 64ab56fed2f419ef978d3e9652e274eb05d71b349783ea3059425792d7022e21
[INFO] running `Command { std: "docker" "create" "-v" "/var/lib/crater-agent-workspace/builds/worker-5-tc2/target:/opt/rustwide/target:rw,Z" "-v" "/var/lib/crater-agent-workspace/builds/worker-5-tc2/source:/opt/rustwide/workdir:ro,Z" "-v" "/var/lib/crater-agent-workspace/cargo-home:/opt/rustwide/cargo-home:ro,Z" "-v" "/var/lib/crater-agent-workspace/rustup-home:/opt/rustwide/rustup-home:ro,Z" "-e" "SOURCE_DIR=/opt/rustwide/workdir" "-e" "CARGO_TARGET_DIR=/opt/rustwide/target" "-e" "CARGO_INCREMENTAL=0" "-e" "RUST_BACKTRACE=full" "-e" "RUSTFLAGS=--cap-lints=warn" "-e" "RUSTDOCFLAGS=--cap-lints=warn" "-e" "CARGO_HOME=/opt/rustwide/cargo-home" "-e" "RUSTUP_HOME=/opt/rustwide/rustup-home" "-w" "/opt/rustwide/workdir" "-m" "1610612736" "--user" "0:0" "--network" "none" "ghcr.io/rust-lang/crates-build-env/linux@sha256:5ff2268d62e97bff2cde7d5815dd6ed5b47097566f13b8d0ca110b04b60e07ed" "/opt/rustwide/cargo-home/bin/cargo" "+beta-2023-04-20" "test" "--frozen" "--no-run" "--message-format=json", kill_on_drop: false }`
[INFO] [stdout] 1843c5010e6a9edd33c6bfa5b4ba847f6c56841ddfd85acb76252143f948e0b3
[INFO] running `Command { std: "docker" "start" "-a" "1843c5010e6a9edd33c6bfa5b4ba847f6c56841ddfd85acb76252143f948e0b3", kill_on_drop: false }`
[INFO] [stderr]    Compiling bucket v1.0.0 (/opt/rustwide/workdir)
[INFO] [stderr]     Finished test [unoptimized + debuginfo] target(s) in 0.27s
[INFO] running `Command { std: "docker" "inspect" "1843c5010e6a9edd33c6bfa5b4ba847f6c56841ddfd85acb76252143f948e0b3", kill_on_drop: false }`
[INFO] running `Command { std: "docker" "rm" "-f" "1843c5010e6a9edd33c6bfa5b4ba847f6c56841ddfd85acb76252143f948e0b3", kill_on_drop: false }`
[INFO] [stdout] 1843c5010e6a9edd33c6bfa5b4ba847f6c56841ddfd85acb76252143f948e0b3
[INFO] running `Command { std: "docker" "create" "-v" "/var/lib/crater-agent-workspace/builds/worker-5-tc2/target:/opt/rustwide/target:rw,Z" "-v" "/var/lib/crater-agent-workspace/builds/worker-5-tc2/source:/opt/rustwide/workdir:ro,Z" "-v" "/var/lib/crater-agent-workspace/cargo-home:/opt/rustwide/cargo-home:ro,Z" "-v" "/var/lib/crater-agent-workspace/rustup-home:/opt/rustwide/rustup-home:ro,Z" "-e" "SOURCE_DIR=/opt/rustwide/workdir" "-e" "CARGO_TARGET_DIR=/opt/rustwide/target" "-e" "CARGO_INCREMENTAL=0" "-e" "RUST_BACKTRACE=full" "-e" "RUSTFLAGS=--cap-lints=warn" "-e" "RUSTDOCFLAGS=--cap-lints=warn" "-e" "CARGO_HOME=/opt/rustwide/cargo-home" "-e" "RUSTUP_HOME=/opt/rustwide/rustup-home" "-w" "/opt/rustwide/workdir" "-m" "1610612736" "--user" "0:0" "--network" "none" "ghcr.io/rust-lang/crates-build-env/linux@sha256:5ff2268d62e97bff2cde7d5815dd6ed5b47097566f13b8d0ca110b04b60e07ed" "/opt/rustwide/cargo-home/bin/cargo" "+beta-2023-04-20" "test" "--frozen", kill_on_drop: false }`
[INFO] [stdout] a80ec1470c8998f3a27ceee79a9f434419bf0519ee778a267f6519b187f22904
[INFO] running `Command { std: "docker" "start" "-a" "a80ec1470c8998f3a27ceee79a9f434419bf0519ee778a267f6519b187f22904", kill_on_drop: false }`
[INFO] [stderr]     Finished test [unoptimized + debuginfo] target(s) in 0.00s
[INFO] [stderr]      Running unittests src/bucket.rs (/opt/rustwide/target/debug/deps/bucket-3cdb9bf998d4ef72)
[INFO] [stdout] 
[INFO] [stdout] running 8 tests
[INFO] [stdout] test tests::empty_exception ... ok
[INFO] [stdout] test tests::default_construction ... ok
[INFO] [stdout] test tests::construction ... ok
[INFO] [stdout] test tests::filling ... ok
[INFO] [stdout] test tests::peek_ref ... ok
[INFO] [stdout] test tests::peek_ref_mut ... ok
[INFO] [stdout] test tests::vacating_non_primitive ... ok
[INFO] [stdout] test tests::vacating_primitive ... ok
[INFO] [stdout] 
[INFO] [stdout] test result: ok. 8 passed; 0 failed; 0 ignored; 0 measured; 0 filtered out; finished in 0.00s
[INFO] [stdout] 
[INFO] [stderr]    Doc-tests bucket
[INFO] [stdout] 
[INFO] [stdout] running 4 tests
[INFO] [stdout] test src/bucket.rs - Bucket<T>::vacate (line 35) ... FAILED
[INFO] [stdout] test src/bucket.rs - Bucket<T>::peek_ref (line 60) ... FAILED
[INFO] [stdout] test src/bucket.rs - Bucket<T>::peek_mut (line 77) ... ok
[INFO] [stdout] test src/bucket.rs - Bucket<T>::fill (line 96) ... ok
[INFO] [stdout] 
[INFO] [stdout] failures:
[INFO] [stdout] 
[INFO] [stdout] ---- src/bucket.rs - Bucket<T>::vacate (line 35) stdout ----
[INFO] [stdout] error[E0282]: type annotations needed for `Bucket<T>`
[INFO] [stdout]  --> src/bucket.rs:41:5
[INFO] [stdout]   |
[INFO] [stdout] 9 | let bucket = Bucket::default();
[INFO] [stdout]   |     ^^^^^^
[INFO] [stdout]   |
[INFO] [stdout] help: consider giving `bucket` an explicit type, where the type for type parameter `T` is specified
[INFO] [stdout]   |
[INFO] [stdout] 9 | let bucket: Bucket<T> = Bucket::default();
[INFO] [stdout]   |           +++++++++++
[INFO] [stdout] 
[INFO] [stdout] error: aborting due to previous error
[INFO] [stdout] 
[INFO] [stdout] For more information about this error, try `rustc --explain E0282`.
[INFO] [stdout] Couldn't compile the test.
[INFO] [stdout] ---- src/bucket.rs - Bucket<T>::peek_ref (line 60) stdout ----
[INFO] [stdout] error[E0277]: `Option<&{integer}>` doesn't implement `std::fmt::Display`
[INFO] [stdout]  --> src/bucket.rs:64:16
[INFO] [stdout]   |
[INFO] [stdout] 7 | println!("{}", bucket.peek_ref());
[INFO] [stdout]   |                ^^^^^^^^^^^^^^^^^ `Option<&{integer}>` cannot be formatted with the default formatter
[INFO] [stdout]   |
[INFO] [stdout]   = help: the trait `std::fmt::Display` is not implemented for `Option<&{integer}>`
[INFO] [stdout]   = note: in format strings you may be able to use `{:?}` (or {:#?} for pretty-print) instead
[INFO] [stdout]   = note: this error originates in the macro `$crate::format_args_nl` which comes from the expansion of the macro `println` (in Nightly builds, run with -Z macro-backtrace for more info)
[INFO] [stdout] 
[INFO] [stdout] error: aborting due to previous error
[INFO] [stdout] 
[INFO] [stdout] For more information about this error, try `rustc --explain E0277`.
[INFO] [stdout] Couldn't compile the test.
[INFO] [stdout] 
[INFO] [stdout] failures:
[INFO] [stdout]     src/bucket.rs - Bucket<T>::peek_ref (line 60)
[INFO] [stdout]     src/bucket.rs - Bucket<T>::vacate (line 35)
[INFO] [stdout] 
[INFO] [stdout] test result: FAILED. 2 passed; 2 failed; 0 ignored; 0 measured; 0 filtered out; finished in 0.16s
[INFO] [stdout] 
[INFO] [stderr] error: doctest failed, to rerun pass `--doc`
[INFO] running `Command { std: "docker" "inspect" "a80ec1470c8998f3a27ceee79a9f434419bf0519ee778a267f6519b187f22904", kill_on_drop: false }`
[INFO] running `Command { std: "docker" "rm" "-f" "a80ec1470c8998f3a27ceee79a9f434419bf0519ee778a267f6519b187f22904", kill_on_drop: false }`
[INFO] [stdout] a80ec1470c8998f3a27ceee79a9f434419bf0519ee778a267f6519b187f22904
