[INFO] fetching crate bosonnlp 0.10.3...
[INFO] testing bosonnlp-0.10.3 against 1.69.0 for beta-1.70-1
[INFO] extracting crate bosonnlp 0.10.3 into /workspace/builds/worker-5-tc1/source
[INFO] validating manifest of crates.io crate bosonnlp 0.10.3 on toolchain 1.69.0
[INFO] running `Command { std: CARGO_HOME="/workspace/cargo-home" RUSTUP_HOME="/workspace/rustup-home" "/workspace/cargo-home/bin/cargo" "+1.69.0" "metadata" "--manifest-path" "Cargo.toml" "--no-deps", kill_on_drop: false }`
[INFO] started tweaking crates.io crate bosonnlp 0.10.3
[INFO] finished tweaking crates.io crate bosonnlp 0.10.3
[INFO] tweaked toml for crates.io crate bosonnlp 0.10.3 written to /workspace/builds/worker-5-tc1/source/Cargo.toml
[INFO] running `Command { std: CARGO_HOME="/workspace/cargo-home" RUSTUP_HOME="/workspace/rustup-home" __CARGO_TEST_CHANNEL_OVERRIDE_DO_NOT_USE_THIS="nightly" "/workspace/cargo-home/bin/cargo" "+1.69.0" "generate-lockfile" "--manifest-path" "Cargo.toml" "-Zno-index-update", kill_on_drop: false }`
[INFO] running `Command { std: CARGO_HOME="/workspace/cargo-home" RUSTUP_HOME="/workspace/rustup-home" "/workspace/cargo-home/bin/cargo" "+1.69.0" "fetch" "--manifest-path" "Cargo.toml", kill_on_drop: false }`
[INFO] running `Command { std: "docker" "create" "-v" "/var/lib/crater-agent-workspace/builds/worker-5-tc1/target:/opt/rustwide/target:rw,Z" "-v" "/var/lib/crater-agent-workspace/builds/worker-5-tc1/source:/opt/rustwide/workdir:ro,Z" "-v" "/var/lib/crater-agent-workspace/cargo-home:/opt/rustwide/cargo-home:ro,Z" "-v" "/var/lib/crater-agent-workspace/rustup-home:/opt/rustwide/rustup-home:ro,Z" "-e" "SOURCE_DIR=/opt/rustwide/workdir" "-e" "CARGO_TARGET_DIR=/opt/rustwide/target" "-e" "CARGO_HOME=/opt/rustwide/cargo-home" "-e" "RUSTUP_HOME=/opt/rustwide/rustup-home" "-w" "/opt/rustwide/workdir" "-m" "1610612736" "--user" "0:0" "--network" "none" "ghcr.io/rust-lang/crates-build-env/linux@sha256:5ff2268d62e97bff2cde7d5815dd6ed5b47097566f13b8d0ca110b04b60e07ed" "/opt/rustwide/cargo-home/bin/cargo" "+1.69.0" "metadata" "--no-deps" "--format-version=1", kill_on_drop: false }`
[INFO] [stdout] 9f20a132cd87f6ea29162e9e5044639960f36d3fd9f87b8ba86c6d253bcddbdd
[INFO] running `Command { std: "docker" "start" "-a" "9f20a132cd87f6ea29162e9e5044639960f36d3fd9f87b8ba86c6d253bcddbdd", kill_on_drop: false }`
[INFO] running `Command { std: "docker" "inspect" "9f20a132cd87f6ea29162e9e5044639960f36d3fd9f87b8ba86c6d253bcddbdd", kill_on_drop: false }`
[INFO] running `Command { std: "docker" "rm" "-f" "9f20a132cd87f6ea29162e9e5044639960f36d3fd9f87b8ba86c6d253bcddbdd", kill_on_drop: false }`
[INFO] [stdout] 9f20a132cd87f6ea29162e9e5044639960f36d3fd9f87b8ba86c6d253bcddbdd
[INFO] running `Command { std: "docker" "create" "-v" "/var/lib/crater-agent-workspace/builds/worker-5-tc1/target:/opt/rustwide/target:rw,Z" "-v" "/var/lib/crater-agent-workspace/builds/worker-5-tc1/source:/opt/rustwide/workdir:ro,Z" "-v" "/var/lib/crater-agent-workspace/cargo-home:/opt/rustwide/cargo-home:ro,Z" "-v" "/var/lib/crater-agent-workspace/rustup-home:/opt/rustwide/rustup-home:ro,Z" "-e" "SOURCE_DIR=/opt/rustwide/workdir" "-e" "CARGO_TARGET_DIR=/opt/rustwide/target" "-e" "CARGO_INCREMENTAL=0" "-e" "RUST_BACKTRACE=full" "-e" "RUSTFLAGS=--cap-lints=warn" "-e" "RUSTDOCFLAGS=--cap-lints=warn" "-e" "CARGO_HOME=/opt/rustwide/cargo-home" "-e" "RUSTUP_HOME=/opt/rustwide/rustup-home" "-w" "/opt/rustwide/workdir" "-m" "1610612736" "--user" "0:0" "--network" "none" "ghcr.io/rust-lang/crates-build-env/linux@sha256:5ff2268d62e97bff2cde7d5815dd6ed5b47097566f13b8d0ca110b04b60e07ed" "/opt/rustwide/cargo-home/bin/cargo" "+1.69.0" "build" "--frozen" "--message-format=json", kill_on_drop: false }`
[INFO] [stdout] 97aa70fb2373e0393d14b1ea5e1e502afe96780122c8a6efa1ffd240c3b92e36
[INFO] running `Command { std: "docker" "start" "-a" "97aa70fb2373e0393d14b1ea5e1e502afe96780122c8a6efa1ffd240c3b92e36", kill_on_drop: false }`
[INFO] [stderr]    Compiling cfg-if v1.0.0
[INFO] [stderr]    Compiling libc v0.2.142
[INFO] [stderr]    Compiling autocfg v1.1.0
[INFO] [stderr]    Compiling proc-macro2 v1.0.56
[INFO] [stderr]    Compiling unicode-ident v1.0.8
[INFO] [stderr]    Compiling cc v1.0.79
[INFO] [stderr]    Compiling quote v1.0.26
[INFO] [stderr]    Compiling log v0.4.17
[INFO] [stderr]    Compiling pin-project-lite v0.2.9
[INFO] [stderr]    Compiling once_cell v1.17.1
[INFO] [stderr]    Compiling memchr v2.5.0
[INFO] [stderr]    Compiling pkg-config v0.3.26
[INFO] [stderr]    Compiling bytes v1.4.0
[INFO] [stderr]    Compiling futures-core v0.3.28
[INFO] [stderr]    Compiling itoa v1.0.6
[INFO] [stderr]    Compiling futures-task v0.3.28
[INFO] [stderr]    Compiling fnv v1.0.7
[INFO] [stderr]    Compiling futures-util v0.3.28
[INFO] [stderr]    Compiling foreign-types-shared v0.1.1
[INFO] [stderr]    Compiling openssl v0.10.52
[INFO] [stderr]    Compiling futures-channel v0.3.28
[INFO] [stderr]    Compiling tracing-core v0.1.30
[INFO] [stderr]    Compiling foreign-types v0.3.2
[INFO] [stderr]    Compiling http v0.2.9
[INFO] [stderr]    Compiling native-tls v0.2.11
[INFO] [stderr]    Compiling tokio v1.28.0
[INFO] [stderr]    Compiling slab v0.4.8
[INFO] [stderr]    Compiling indexmap v1.9.3
[INFO] [stderr]    Compiling futures-sink v0.3.28
[INFO] [stderr]    Compiling tracing v0.1.37
[INFO] [stderr]    Compiling hashbrown v0.12.3
[INFO] [stderr]    Compiling pin-utils v0.1.0
[INFO] [stderr]    Compiling syn v1.0.109
[INFO] [stderr]    Compiling futures-io v0.3.28
[INFO] [stderr]    Compiling bitflags v1.3.2
[INFO] [stderr]    Compiling adler v1.0.2
[INFO] [stderr]    Compiling httparse v1.8.0
[INFO] [stderr]    Compiling serde v1.0.160
[INFO] [stderr]    Compiling tinyvec_macros v0.1.1
[INFO] [stderr]    Compiling percent-encoding v2.2.0
[INFO] [stderr]    Compiling tinyvec v1.6.0
[INFO] [stderr]    Compiling try-lock v0.2.4
[INFO] [stderr]    Compiling openssl-probe v0.1.5
[INFO] [stderr]    Compiling form_urlencoded v1.1.0
[INFO] [stderr]    Compiling want v0.3.0
[INFO] [stderr]    Compiling httpdate v1.0.2
[INFO] [stderr]    Compiling failure_derive v0.1.8
[INFO] [stderr]    Compiling gimli v0.27.2
[INFO] [stderr]    Compiling ryu v1.0.13
[INFO] [stderr]    Compiling syn v2.0.15
[INFO] [stderr]    Compiling http-body v0.4.5
[INFO] [stderr]    Compiling unicode-xid v0.2.4
[INFO] [stderr]    Compiling crc32fast v1.3.2
[INFO] [stderr]    Compiling tower-service v0.3.2
[INFO] [stderr]    Compiling unicode-bidi v0.3.13
[INFO] [stderr]    Compiling miniz_oxide v0.6.2
[INFO] [stderr]    Compiling object v0.30.3
[INFO] [stderr]    Compiling rustc-demangle v0.1.23
[INFO] [stderr]    Compiling serde_derive v1.0.160
[INFO] [stderr]    Compiling unicode-normalization v0.1.22
[INFO] [stderr]    Compiling openssl-sys v0.9.87
[INFO] [stderr]    Compiling backtrace v0.3.67
[INFO] [stderr]    Compiling serde_json v1.0.96
[INFO] [stderr]    Compiling miniz_oxide v0.7.1
[INFO] [stderr]    Compiling encoding_rs v0.8.32
[INFO] [stderr]    Compiling mime v0.3.17
[INFO] [stderr]    Compiling num_cpus v1.15.0
[INFO] [stderr]    Compiling mio v0.8.6
[INFO] [stderr]    Compiling socket2 v0.4.9
[INFO] [stderr]    Compiling idna v0.3.0
[INFO] [stderr]    Compiling getrandom v0.2.9
[INFO] [stderr]    Compiling ipnet v2.7.2
[INFO] [stderr]    Compiling base64 v0.21.0
[INFO] [stderr]    Compiling uuid v0.8.2
[INFO] [stderr]    Compiling flate2 v1.0.26
[INFO] [stderr]    Compiling url v2.3.1
[INFO] [stderr]    Compiling addr2line v0.19.0
[INFO] [stderr]    Compiling openssl-macros v0.1.1
[INFO] [stderr]    Compiling serde_urlencoded v0.7.1
[INFO] [stderr]    Compiling synstructure v0.12.6
[INFO] [stderr]    Compiling tokio-util v0.7.8
[INFO] [stderr]    Compiling failure v0.1.8
[INFO] [stderr]    Compiling h2 v0.3.18
[INFO] [stderr]    Compiling tokio-native-tls v0.3.1
[INFO] [stderr]    Compiling hyper v0.14.26
[INFO] [stderr]    Compiling hyper-tls v0.5.0
[INFO] [stderr]    Compiling reqwest v0.11.17
[INFO] [stderr]    Compiling bosonnlp v0.10.3 (/opt/rustwide/workdir)
[INFO] [stdout] warning: fields `task_id` and `count` are never read
[INFO] [stdout]   --> src/rep.rs:87:9
[INFO] [stdout]    |
[INFO] [stdout] 86 | pub(crate) struct TaskPushResp {
[INFO] [stdout]    |                   ------------ fields in this struct
[INFO] [stdout] 87 |     pub task_id: String,
[INFO] [stdout]    |         ^^^^^^^
[INFO] [stdout] 88 |     pub count: usize,
[INFO] [stdout]    |         ^^^^^
[INFO] [stdout]    |
[INFO] [stdout]    = note: `TaskPushResp` has derived impls for the traits `Clone` and `Debug`, but these are intentionally ignored during dead code analysis
[INFO] [stdout]    = note: `#[warn(dead_code)]` on by default
[INFO] [stdout] 
[INFO] [stdout] 
[INFO] [stdout] warning: field `count` is never read
[INFO] [stdout]   --> src/rep.rs:96:9
[INFO] [stdout]    |
[INFO] [stdout] 93 | pub(crate) struct TaskStatusResp {
[INFO] [stdout]    |                   -------------- field in this struct
[INFO] [stdout] ...
[INFO] [stdout] 96 |     pub count: usize,
[INFO] [stdout]    |         ^^^^^
[INFO] [stdout]    |
[INFO] [stdout]    = note: `TaskStatusResp` has derived impls for the traits `Clone` and `Debug`, but these are intentionally ignored during dead code analysis
[INFO] [stdout] 
[INFO] [stdout] 
[INFO] [stdout] warning: 2 warnings emitted
[INFO] [stdout] 
[INFO] [stdout] 
[INFO] [stderr]     Finished dev [unoptimized + debuginfo] target(s) in 48.26s
[INFO] running `Command { std: "docker" "inspect" "97aa70fb2373e0393d14b1ea5e1e502afe96780122c8a6efa1ffd240c3b92e36", kill_on_drop: false }`
[INFO] running `Command { std: "docker" "rm" "-f" "97aa70fb2373e0393d14b1ea5e1e502afe96780122c8a6efa1ffd240c3b92e36", kill_on_drop: false }`
[INFO] [stdout] 97aa70fb2373e0393d14b1ea5e1e502afe96780122c8a6efa1ffd240c3b92e36
[INFO] running `Command { std: "docker" "create" "-v" "/var/lib/crater-agent-workspace/builds/worker-5-tc1/target:/opt/rustwide/target:rw,Z" "-v" "/var/lib/crater-agent-workspace/builds/worker-5-tc1/source:/opt/rustwide/workdir:ro,Z" "-v" "/var/lib/crater-agent-workspace/cargo-home:/opt/rustwide/cargo-home:ro,Z" "-v" "/var/lib/crater-agent-workspace/rustup-home:/opt/rustwide/rustup-home:ro,Z" "-e" "SOURCE_DIR=/opt/rustwide/workdir" "-e" "CARGO_TARGET_DIR=/opt/rustwide/target" "-e" "CARGO_INCREMENTAL=0" "-e" "RUST_BACKTRACE=full" "-e" "RUSTFLAGS=--cap-lints=warn" "-e" "RUSTDOCFLAGS=--cap-lints=warn" "-e" "CARGO_HOME=/opt/rustwide/cargo-home" "-e" "RUSTUP_HOME=/opt/rustwide/rustup-home" "-w" "/opt/rustwide/workdir" "-m" "1610612736" "--user" "0:0" "--network" "none" "ghcr.io/rust-lang/crates-build-env/linux@sha256:5ff2268d62e97bff2cde7d5815dd6ed5b47097566f13b8d0ca110b04b60e07ed" "/opt/rustwide/cargo-home/bin/cargo" "+1.69.0" "test" "--frozen" "--no-run" "--message-format=json", kill_on_drop: false }`
[INFO] [stdout] ef8aa5b5a7443b83f49e6e21459fb5c1d83d8459608b08559419d89e0af16ac6
[INFO] running `Command { std: "docker" "start" "-a" "ef8aa5b5a7443b83f49e6e21459fb5c1d83d8459608b08559419d89e0af16ac6", kill_on_drop: false }`
[INFO] [stderr]    Compiling bosonnlp v0.10.3 (/opt/rustwide/workdir)
[INFO] [stdout] warning: fields `task_id` and `count` are never read
[INFO] [stdout]   --> src/rep.rs:87:9
[INFO] [stdout]    |
[INFO] [stdout] 86 | pub(crate) struct TaskPushResp {
[INFO] [stdout]    |                   ------------ fields in this struct
[INFO] [stdout] 87 |     pub task_id: String,
[INFO] [stdout]    |         ^^^^^^^
[INFO] [stdout] 88 |     pub count: usize,
[INFO] [stdout]    |         ^^^^^
[INFO] [stdout]    |
[INFO] [stdout]    = note: `TaskPushResp` has derived impls for the traits `Clone` and `Debug`, but these are intentionally ignored during dead code analysis
[INFO] [stdout]    = note: `#[warn(dead_code)]` on by default
[INFO] [stdout] 
[INFO] [stdout] 
[INFO] [stdout] warning: field `count` is never read
[INFO] [stdout]   --> src/rep.rs:96:9
[INFO] [stdout]    |
[INFO] [stdout] 93 | pub(crate) struct TaskStatusResp {
[INFO] [stdout]    |                   -------------- field in this struct
[INFO] [stdout] ...
[INFO] [stdout] 96 |     pub count: usize,
[INFO] [stdout]    |         ^^^^^
[INFO] [stdout]    |
[INFO] [stdout]    = note: `TaskStatusResp` has derived impls for the traits `Clone` and `Debug`, but these are intentionally ignored during dead code analysis
[INFO] [stdout] 
[INFO] [stdout] 
[INFO] [stdout] warning: 2 warnings emitted
[INFO] [stdout] 
[INFO] [stdout] 
[INFO] [stdout] warning: fields `task_id` and `count` are never read
[INFO] [stdout]   --> src/rep.rs:87:9
[INFO] [stdout]    |
[INFO] [stdout] 86 | pub(crate) struct TaskPushResp {
[INFO] [stdout]    |                   ------------ fields in this struct
[INFO] [stdout] 87 |     pub task_id: String,
[INFO] [stdout]    |         ^^^^^^^
[INFO] [stdout] 88 |     pub count: usize,
[INFO] [stdout]    |         ^^^^^
[INFO] [stdout]    |
[INFO] [stdout]    = note: `TaskPushResp` has derived impls for the traits `Clone` and `Debug`, but these are intentionally ignored during dead code analysis
[INFO] [stdout]    = note: `#[warn(dead_code)]` on by default
[INFO] [stdout] 
[INFO] [stdout] 
[INFO] [stdout] warning: field `count` is never read
[INFO] [stdout]   --> src/rep.rs:96:9
[INFO] [stdout]    |
[INFO] [stdout] 93 | pub(crate) struct TaskStatusResp {
[INFO] [stdout]    |                   -------------- field in this struct
[INFO] [stdout] ...
[INFO] [stdout] 96 |     pub count: usize,
[INFO] [stdout]    |         ^^^^^
[INFO] [stdout]    |
[INFO] [stdout]    = note: `TaskStatusResp` has derived impls for the traits `Clone` and `Debug`, but these are intentionally ignored during dead code analysis
[INFO] [stdout] 
[INFO] [stdout] 
[INFO] [stdout] warning: 2 warnings emitted
[INFO] [stdout] 
[INFO] [stdout] 
[INFO] [stderr]     Finished test [unoptimized + debuginfo] target(s) in 1.05s
[INFO] running `Command { std: "docker" "inspect" "ef8aa5b5a7443b83f49e6e21459fb5c1d83d8459608b08559419d89e0af16ac6", kill_on_drop: false }`
[INFO] running `Command { std: "docker" "rm" "-f" "ef8aa5b5a7443b83f49e6e21459fb5c1d83d8459608b08559419d89e0af16ac6", kill_on_drop: false }`
[INFO] [stdout] ef8aa5b5a7443b83f49e6e21459fb5c1d83d8459608b08559419d89e0af16ac6
[INFO] running `Command { std: "docker" "create" "-v" "/var/lib/crater-agent-workspace/builds/worker-5-tc1/target:/opt/rustwide/target:rw,Z" "-v" "/var/lib/crater-agent-workspace/builds/worker-5-tc1/source:/opt/rustwide/workdir:ro,Z" "-v" "/var/lib/crater-agent-workspace/cargo-home:/opt/rustwide/cargo-home:ro,Z" "-v" "/var/lib/crater-agent-workspace/rustup-home:/opt/rustwide/rustup-home:ro,Z" "-e" "SOURCE_DIR=/opt/rustwide/workdir" "-e" "CARGO_TARGET_DIR=/opt/rustwide/target" "-e" "CARGO_INCREMENTAL=0" "-e" "RUST_BACKTRACE=full" "-e" "RUSTFLAGS=--cap-lints=warn" "-e" "RUSTDOCFLAGS=--cap-lints=warn" "-e" "CARGO_HOME=/opt/rustwide/cargo-home" "-e" "RUSTUP_HOME=/opt/rustwide/rustup-home" "-w" "/opt/rustwide/workdir" "-m" "1610612736" "--user" "0:0" "--network" "none" "ghcr.io/rust-lang/crates-build-env/linux@sha256:5ff2268d62e97bff2cde7d5815dd6ed5b47097566f13b8d0ca110b04b60e07ed" "/opt/rustwide/cargo-home/bin/cargo" "+1.69.0" "test" "--frozen", kill_on_drop: false }`
[INFO] [stdout] a475e2e6a057626fd921e2de52a4bcd80c5a3125af72853e1dc4fa22134b4bb8
[INFO] running `Command { std: "docker" "start" "-a" "a475e2e6a057626fd921e2de52a4bcd80c5a3125af72853e1dc4fa22134b4bb8", kill_on_drop: false }`
[INFO] [stdout] 
[INFO] [stderr] warning: fields `task_id` and `count` are never read
[INFO] [stdout] running 0 tests
[INFO] [stderr]   --> src/rep.rs:87:9
[INFO] [stdout] 
[INFO] [stderr]    |
[INFO] [stdout] test result: ok. 0 passed; 0 failed; 0 ignored; 0 measured; 0 filtered out; finished in 0.00s
[INFO] [stderr] 86 | pub(crate) struct TaskPushResp {
[INFO] [stdout] 
[INFO] [stderr]    |                   ------------ fields in this struct
[INFO] [stderr] 87 |     pub task_id: String,
[INFO] [stderr]    |         ^^^^^^^
[INFO] [stderr] 88 |     pub count: usize,
[INFO] [stderr]    |         ^^^^^
[INFO] [stderr]    |
[INFO] [stderr]    = note: `TaskPushResp` has derived impls for the traits `Clone` and `Debug`, but these are intentionally ignored during dead code analysis
[INFO] [stderr]    = note: `#[warn(dead_code)]` on by default
[INFO] [stderr] 
[INFO] [stderr] warning: field `count` is never read
[INFO] [stderr]   --> src/rep.rs:96:9
[INFO] [stderr]    |
[INFO] [stderr] 93 | pub(crate) struct TaskStatusResp {
[INFO] [stderr]    |                   -------------- field in this struct
[INFO] [stderr] ...
[INFO] [stderr] 96 |     pub count: usize,
[INFO] [stderr]    |         ^^^^^
[INFO] [stderr]    |
[INFO] [stderr]    = note: `TaskStatusResp` has derived impls for the traits `Clone` and `Debug`, but these are intentionally ignored during dead code analysis
[INFO] [stderr] 
[INFO] [stderr] warning: `bosonnlp` (lib) generated 2 warnings
[INFO] [stderr] warning: `bosonnlp` (lib test) generated 2 warnings (2 duplicates)
[INFO] [stderr]     Finished test [unoptimized + debuginfo] target(s) in 0.14s
[INFO] [stderr]      Running unittests src/lib.rs (/opt/rustwide/target/debug/deps/bosonnlp-1b98540f6828a6ae)
[INFO] [stderr]    Doc-tests bosonnlp
[INFO] [stdout] 
[INFO] [stdout] running 12 tests
[INFO] [stdout] test src/client.rs - client::BosonNLP::cluster (line 438) ... FAILED
[INFO] [stdout] test src/lib.rs - (line 17) ... FAILED
[INFO] [stdout] test src/client.rs - client::BosonNLP::comments (line 496) ... FAILED
[INFO] [stdout] test src/client.rs - client::BosonNLP::sentiment (line 151) ... FAILED
[INFO] [stdout] test src/client.rs - client::BosonNLP::suggest (line 228) ... FAILED
[INFO] [stdout] test src/client.rs - client::BosonNLP::summary (line 402) ... FAILED
[INFO] [stdout] test src/client.rs - client::BosonNLP::classify (line 204) ... FAILED
[INFO] [stdout] test src/client.rs - client::BosonNLP::convert_time (line 176) ... FAILED
[INFO] [stdout] test src/client.rs - client::BosonNLP::ner (line 316) ... FAILED
[INFO] [stdout] test src/client.rs - client::BosonNLP::keywords (line 257) ... FAILED
[INFO] [stderr] error: doctest failed, to rerun pass `--doc`
[INFO] [stdout] test src/client.rs - client::BosonNLP::depparser (line 284) ... FAILED
[INFO] [stdout] test src/client.rs - client::BosonNLP::tag (line 357) ... FAILED
[INFO] [stdout] 
[INFO] [stdout] failures:
[INFO] [stdout] 
[INFO] [stdout] ---- src/client.rs - client::BosonNLP::cluster (line 438) stdout ----
[INFO] [stdout] error: environment variable `BOSON_API_TOKEN` not defined at compile time
[INFO] [stdout]  --> src/client.rs:444:29
[INFO] [stdout]   |
[INFO] [stdout] 7 |     let nlp = BosonNLP::new(env!("BOSON_API_TOKEN"));
[INFO] [stdout]   |                             ^^^^^^^^^^^^^^^^^^^^^^^
[INFO] [stdout]   |
[INFO] [stdout]   = help: Use `std::env::var("BOSON_API_TOKEN")` to read the variable at run time
[INFO] [stdout]   = note: this error originates in the macro `env` (in Nightly builds, run with -Z macro-backtrace for more info)
[INFO] [stdout] 
[INFO] [stdout] error: aborting due to previous error
[INFO] [stdout] 
[INFO] [stdout] Couldn't compile the test.
[INFO] [stdout] ---- src/lib.rs - (line 17) stdout ----
[INFO] [stdout] error: environment variable `BOSON_API_TOKEN` not defined at compile time
[INFO] [stdout]  --> src/lib.rs:23:29
[INFO] [stdout]   |
[INFO] [stdout] 7 |     let nlp = BosonNLP::new(env!("BOSON_API_TOKEN"));
[INFO] [stdout]   |                             ^^^^^^^^^^^^^^^^^^^^^^^
[INFO] [stdout]   |
[INFO] [stdout]   = help: Use `std::env::var("BOSON_API_TOKEN")` to read the variable at run time
[INFO] [stdout]   = note: this error originates in the macro `env` (in Nightly builds, run with -Z macro-backtrace for more info)
[INFO] [stdout] 
[INFO] [stdout] error: aborting due to previous error
[INFO] [stdout] 
[INFO] [stdout] Couldn't compile the test.
[INFO] [stdout] ---- src/client.rs - client::BosonNLP::comments (line 496) stdout ----
[INFO] [stdout] error: environment variable `BOSON_API_TOKEN` not defined at compile time
[INFO] [stdout]  --> src/client.rs:502:29
[INFO] [stdout]   |
[INFO] [stdout] 7 |     let nlp = BosonNLP::new(env!("BOSON_API_TOKEN"));
[INFO] [stdout]   |                             ^^^^^^^^^^^^^^^^^^^^^^^
[INFO] [stdout]   |
[INFO] [stdout]   = help: Use `std::env::var("BOSON_API_TOKEN")` to read the variable at run time
[INFO] [stdout]   = note: this error originates in the macro `env` (in Nightly builds, run with -Z macro-backtrace for more info)
[INFO] [stdout] 
[INFO] [stdout] error: aborting due to previous error
[INFO] [stdout] 
[INFO] [stdout] Couldn't compile the test.
[INFO] [stdout] ---- src/client.rs - client::BosonNLP::sentiment (line 151) stdout ----
[INFO] [stdout] error: environment variable `BOSON_API_TOKEN` not defined at compile time
[INFO] [stdout]  --> src/client.rs:157:29
[INFO] [stdout]   |
[INFO] [stdout] 7 |     let nlp = BosonNLP::new(env!("BOSON_API_TOKEN"));
[INFO] [stdout]   |                             ^^^^^^^^^^^^^^^^^^^^^^^
[INFO] [stdout]   |
[INFO] [stdout]   = help: Use `std::env::var("BOSON_API_TOKEN")` to read the variable at run time
[INFO] [stdout]   = note: this error originates in the macro `env` (in Nightly builds, run with -Z macro-backtrace for more info)
[INFO] [stdout] 
[INFO] [stdout] error: aborting due to previous error
[INFO] [stdout] 
[INFO] [stdout] Couldn't compile the test.
[INFO] [stdout] ---- src/client.rs - client::BosonNLP::suggest (line 228) stdout ----
[INFO] [stdout] error: environment variable `BOSON_API_TOKEN` not defined at compile time
[INFO] [stdout]  --> src/client.rs:234:29
[INFO] [stdout]   |
[INFO] [stdout] 7 |     let nlp = BosonNLP::new(env!("BOSON_API_TOKEN"));
[INFO] [stdout]   |                             ^^^^^^^^^^^^^^^^^^^^^^^
[INFO] [stdout]   |
[INFO] [stdout]   = help: Use `std::env::var("BOSON_API_TOKEN")` to read the variable at run time
[INFO] [stdout]   = note: this error originates in the macro `env` (in Nightly builds, run with -Z macro-backtrace for more info)
[INFO] [stdout] 
[INFO] [stdout] error: aborting due to previous error
[INFO] [stdout] 
[INFO] [stdout] Couldn't compile the test.
[INFO] [stdout] ---- src/client.rs - client::BosonNLP::summary (line 402) stdout ----
[INFO] [stdout] error: environment variable `BOSON_API_TOKEN` not defined at compile time
[INFO] [stdout]  --> src/client.rs:408:29
[INFO] [stdout]   |
[INFO] [stdout] 7 |     let nlp = BosonNLP::new(env!("BOSON_API_TOKEN"));
[INFO] [stdout]   |                             ^^^^^^^^^^^^^^^^^^^^^^^
[INFO] [stdout]   |
[INFO] [stdout]   = help: Use `std::env::var("BOSON_API_TOKEN")` to read the variable at run time
[INFO] [stdout]   = note: this error originates in the macro `env` (in Nightly builds, run with -Z macro-backtrace for more info)
[INFO] [stdout] 
[INFO] [stdout] error: aborting due to previous error
[INFO] [stdout] 
[INFO] [stdout] Couldn't compile the test.
[INFO] [stdout] ---- src/client.rs - client::BosonNLP::classify (line 204) stdout ----
[INFO] [stdout] error: environment variable `BOSON_API_TOKEN` not defined at compile time
[INFO] [stdout]  --> src/client.rs:210:29
[INFO] [stdout]   |
[INFO] [stdout] 7 |     let nlp = BosonNLP::new(env!("BOSON_API_TOKEN"));
[INFO] [stdout]   |                             ^^^^^^^^^^^^^^^^^^^^^^^
[INFO] [stdout]   |
[INFO] [stdout]   = help: Use `std::env::var("BOSON_API_TOKEN")` to read the variable at run time
[INFO] [stdout]   = note: this error originates in the macro `env` (in Nightly builds, run with -Z macro-backtrace for more info)
[INFO] [stdout] 
[INFO] [stdout] error: aborting due to previous error
[INFO] [stdout] 
[INFO] [stdout] Couldn't compile the test.
[INFO] [stdout] ---- src/client.rs - client::BosonNLP::convert_time (line 176) stdout ----
[INFO] [stdout] error: environment variable `BOSON_API_TOKEN` not defined at compile time
[INFO] [stdout]  --> src/client.rs:182:29
[INFO] [stdout]   |
[INFO] [stdout] 7 |     let nlp = BosonNLP::new(env!("BOSON_API_TOKEN"));
[INFO] [stdout]   |                             ^^^^^^^^^^^^^^^^^^^^^^^
[INFO] [stdout]   |
[INFO] [stdout]   = help: Use `std::env::var("BOSON_API_TOKEN")` to read the variable at run time
[INFO] [stdout]   = note: this error originates in the macro `env` (in Nightly builds, run with -Z macro-backtrace for more info)
[INFO] [stdout] 
[INFO] [stdout] error: aborting due to previous error
[INFO] [stdout] 
[INFO] [stdout] Couldn't compile the test.
[INFO] [stdout] ---- src/client.rs - client::BosonNLP::ner (line 316) stdout ----
[INFO] [stdout] error: environment variable `BOSON_API_TOKEN` not defined at compile time
[INFO] [stdout]  --> src/client.rs:322:29
[INFO] [stdout]   |
[INFO] [stdout] 7 |     let nlp = BosonNLP::new(env!("BOSON_API_TOKEN"));
[INFO] [stdout]   |                             ^^^^^^^^^^^^^^^^^^^^^^^
[INFO] [stdout]   |
[INFO] [stdout]   = help: Use `std::env::var("BOSON_API_TOKEN")` to read the variable at run time
[INFO] [stdout]   = note: this error originates in the macro `env` (in Nightly builds, run with -Z macro-backtrace for more info)
[INFO] [stdout] 
[INFO] [stdout] error: aborting due to previous error
[INFO] [stdout] 
[INFO] [stdout] Couldn't compile the test.
[INFO] [stdout] ---- src/client.rs - client::BosonNLP::keywords (line 257) stdout ----
[INFO] [stdout] error: environment variable `BOSON_API_TOKEN` not defined at compile time
[INFO] [stdout]  --> src/client.rs:263:29
[INFO] [stdout]   |
[INFO] [stdout] 7 |     let nlp = BosonNLP::new(env!("BOSON_API_TOKEN"));
[INFO] [stdout]   |                             ^^^^^^^^^^^^^^^^^^^^^^^
[INFO] [stdout]   |
[INFO] [stdout]   = help: Use `std::env::var("BOSON_API_TOKEN")` to read the variable at run time
[INFO] [stdout]   = note: this error originates in the macro `env` (in Nightly builds, run with -Z macro-backtrace for more info)
[INFO] [stdout] 
[INFO] [stdout] error: aborting due to previous error
[INFO] [stdout] 
[INFO] [stdout] Couldn't compile the test.
[INFO] [stdout] ---- src/client.rs - client::BosonNLP::depparser (line 284) stdout ----
[INFO] [stdout] error: environment variable `BOSON_API_TOKEN` not defined at compile time
[INFO] [stdout]  --> src/client.rs:290:29
[INFO] [stdout]   |
[INFO] [stdout] 7 |     let nlp = BosonNLP::new(env!("BOSON_API_TOKEN"));
[INFO] [stdout]   |                             ^^^^^^^^^^^^^^^^^^^^^^^
[INFO] [stdout]   |
[INFO] [stdout]   = help: Use `std::env::var("BOSON_API_TOKEN")` to read the variable at run time
[INFO] [stdout]   = note: this error originates in the macro `env` (in Nightly builds, run with -Z macro-backtrace for more info)
[INFO] [stdout] 
[INFO] [stdout] error: aborting due to previous error
[INFO] [stdout] 
[INFO] [stdout] Couldn't compile the test.
[INFO] [stdout] ---- src/client.rs - client::BosonNLP::tag (line 357) stdout ----
[INFO] [stdout] error: environment variable `BOSON_API_TOKEN` not defined at compile time
[INFO] [stdout]  --> src/client.rs:363:29
[INFO] [stdout]   |
[INFO] [stdout] 7 |     let nlp = BosonNLP::new(env!("BOSON_API_TOKEN"));
[INFO] [stdout]   |                             ^^^^^^^^^^^^^^^^^^^^^^^
[INFO] [stdout]   |
[INFO] [stdout]   = help: Use `std::env::var("BOSON_API_TOKEN")` to read the variable at run time
[INFO] [stdout]   = note: this error originates in the macro `env` (in Nightly builds, run with -Z macro-backtrace for more info)
[INFO] [stdout] 
[INFO] [stdout] error: aborting due to previous error
[INFO] [stdout] 
[INFO] [stdout] Couldn't compile the test.
[INFO] [stdout] 
[INFO] [stdout] failures:
[INFO] [stdout]     src/client.rs - client::BosonNLP::classify (line 204)
[INFO] [stdout]     src/client.rs - client::BosonNLP::cluster (line 438)
[INFO] [stdout]     src/client.rs - client::BosonNLP::comments (line 496)
[INFO] [stdout]     src/client.rs - client::BosonNLP::convert_time (line 176)
[INFO] [stdout]     src/client.rs - client::BosonNLP::depparser (line 284)
[INFO] [stdout]     src/client.rs - client::BosonNLP::keywords (line 257)
[INFO] [stdout]     src/client.rs - client::BosonNLP::ner (line 316)
[INFO] [stdout]     src/client.rs - client::BosonNLP::sentiment (line 151)
[INFO] [stdout]     src/client.rs - client::BosonNLP::suggest (line 228)
[INFO] [stdout]     src/client.rs - client::BosonNLP::summary (line 402)
[INFO] [stdout]     src/client.rs - client::BosonNLP::tag (line 357)
[INFO] [stdout]     src/lib.rs - (line 17)
[INFO] [stdout] 
[INFO] [stdout] test result: FAILED. 0 passed; 12 failed; 0 ignored; 0 measured; 0 filtered out; finished in 0.19s
[INFO] [stdout] 
[INFO] running `Command { std: "docker" "inspect" "a475e2e6a057626fd921e2de52a4bcd80c5a3125af72853e1dc4fa22134b4bb8", kill_on_drop: false }`
[INFO] running `Command { std: "docker" "rm" "-f" "a475e2e6a057626fd921e2de52a4bcd80c5a3125af72853e1dc4fa22134b4bb8", kill_on_drop: false }`
[INFO] [stdout] a475e2e6a057626fd921e2de52a4bcd80c5a3125af72853e1dc4fa22134b4bb8
