[INFO] fetching crate borrow-owned 0.1.0...
[INFO] testing borrow-owned-0.1.0 against beta-2023-04-20 for beta-1.70-1
[INFO] extracting crate borrow-owned 0.1.0 into /workspace/builds/worker-7-tc2/source
[INFO] validating manifest of crates.io crate borrow-owned 0.1.0 on toolchain beta-2023-04-20
[INFO] running `Command { std: CARGO_HOME="/workspace/cargo-home" RUSTUP_HOME="/workspace/rustup-home" "/workspace/cargo-home/bin/cargo" "+beta-2023-04-20" "metadata" "--manifest-path" "Cargo.toml" "--no-deps", kill_on_drop: false }`
[INFO] started tweaking crates.io crate borrow-owned 0.1.0
[INFO] finished tweaking crates.io crate borrow-owned 0.1.0
[INFO] tweaked toml for crates.io crate borrow-owned 0.1.0 written to /workspace/builds/worker-7-tc2/source/Cargo.toml
[INFO] running `Command { std: CARGO_HOME="/workspace/cargo-home" RUSTUP_HOME="/workspace/rustup-home" __CARGO_TEST_CHANNEL_OVERRIDE_DO_NOT_USE_THIS="nightly" "/workspace/cargo-home/bin/cargo" "+beta-2023-04-20" "generate-lockfile" "--manifest-path" "Cargo.toml" "-Zno-index-update", kill_on_drop: false }`
[INFO] running `Command { std: CARGO_HOME="/workspace/cargo-home" RUSTUP_HOME="/workspace/rustup-home" "/workspace/cargo-home/bin/cargo" "+beta-2023-04-20" "fetch" "--manifest-path" "Cargo.toml", kill_on_drop: false }`
[INFO] [stderr]  Downloading crates ...
[INFO] [stderr]   Downloaded tokio-macros v2.1.0
[INFO] [stderr]   Downloaded tokio v1.28.0
[INFO] running `Command { std: "docker" "create" "-v" "/var/lib/crater-agent-workspace/builds/worker-7-tc2/target:/opt/rustwide/target:rw,Z" "-v" "/var/lib/crater-agent-workspace/builds/worker-7-tc2/source:/opt/rustwide/workdir:ro,Z" "-v" "/var/lib/crater-agent-workspace/cargo-home:/opt/rustwide/cargo-home:ro,Z" "-v" "/var/lib/crater-agent-workspace/rustup-home:/opt/rustwide/rustup-home:ro,Z" "-e" "SOURCE_DIR=/opt/rustwide/workdir" "-e" "CARGO_TARGET_DIR=/opt/rustwide/target" "-e" "CARGO_HOME=/opt/rustwide/cargo-home" "-e" "RUSTUP_HOME=/opt/rustwide/rustup-home" "-w" "/opt/rustwide/workdir" "-m" "1610612736" "--user" "0:0" "--network" "none" "ghcr.io/rust-lang/crates-build-env/linux@sha256:5ff2268d62e97bff2cde7d5815dd6ed5b47097566f13b8d0ca110b04b60e07ed" "/opt/rustwide/cargo-home/bin/cargo" "+beta-2023-04-20" "metadata" "--no-deps" "--format-version=1", kill_on_drop: false }`
[INFO] [stdout] d8ea3d17effdbb50ffc652d950917c1fc8d0a44b6d195de30e1f4c3b822d90f0
[INFO] running `Command { std: "docker" "start" "-a" "d8ea3d17effdbb50ffc652d950917c1fc8d0a44b6d195de30e1f4c3b822d90f0", kill_on_drop: false }`
[INFO] running `Command { std: "docker" "inspect" "d8ea3d17effdbb50ffc652d950917c1fc8d0a44b6d195de30e1f4c3b822d90f0", kill_on_drop: false }`
[INFO] running `Command { std: "docker" "rm" "-f" "d8ea3d17effdbb50ffc652d950917c1fc8d0a44b6d195de30e1f4c3b822d90f0", kill_on_drop: false }`
[INFO] [stdout] d8ea3d17effdbb50ffc652d950917c1fc8d0a44b6d195de30e1f4c3b822d90f0
[INFO] running `Command { std: "docker" "create" "-v" "/var/lib/crater-agent-workspace/builds/worker-7-tc2/target:/opt/rustwide/target:rw,Z" "-v" "/var/lib/crater-agent-workspace/builds/worker-7-tc2/source:/opt/rustwide/workdir:ro,Z" "-v" "/var/lib/crater-agent-workspace/cargo-home:/opt/rustwide/cargo-home:ro,Z" "-v" "/var/lib/crater-agent-workspace/rustup-home:/opt/rustwide/rustup-home:ro,Z" "-e" "SOURCE_DIR=/opt/rustwide/workdir" "-e" "CARGO_TARGET_DIR=/opt/rustwide/target" "-e" "CARGO_INCREMENTAL=0" "-e" "RUST_BACKTRACE=full" "-e" "RUSTFLAGS=--cap-lints=warn" "-e" "RUSTDOCFLAGS=--cap-lints=warn" "-e" "CARGO_HOME=/opt/rustwide/cargo-home" "-e" "RUSTUP_HOME=/opt/rustwide/rustup-home" "-w" "/opt/rustwide/workdir" "-m" "1610612736" "--user" "0:0" "--network" "none" "ghcr.io/rust-lang/crates-build-env/linux@sha256:5ff2268d62e97bff2cde7d5815dd6ed5b47097566f13b8d0ca110b04b60e07ed" "/opt/rustwide/cargo-home/bin/cargo" "+beta-2023-04-20" "build" "--frozen" "--message-format=json", kill_on_drop: false }`
[INFO] [stdout] 48acc582ae40c74b93e63b590e58c64f20ce4c4a323dddd2362925dbe0f378e5
[INFO] running `Command { std: "docker" "start" "-a" "48acc582ae40c74b93e63b590e58c64f20ce4c4a323dddd2362925dbe0f378e5", kill_on_drop: false }`
[INFO] [stderr]    Compiling borrow-owned v0.1.0 (/opt/rustwide/workdir)
[INFO] [stderr]     Finished dev [unoptimized + debuginfo] target(s) in 0.42s
[INFO] running `Command { std: "docker" "inspect" "48acc582ae40c74b93e63b590e58c64f20ce4c4a323dddd2362925dbe0f378e5", kill_on_drop: false }`
[INFO] running `Command { std: "docker" "rm" "-f" "48acc582ae40c74b93e63b590e58c64f20ce4c4a323dddd2362925dbe0f378e5", kill_on_drop: false }`
[INFO] [stdout] 48acc582ae40c74b93e63b590e58c64f20ce4c4a323dddd2362925dbe0f378e5
[INFO] running `Command { std: "docker" "create" "-v" "/var/lib/crater-agent-workspace/builds/worker-7-tc2/target:/opt/rustwide/target:rw,Z" "-v" "/var/lib/crater-agent-workspace/builds/worker-7-tc2/source:/opt/rustwide/workdir:ro,Z" "-v" "/var/lib/crater-agent-workspace/cargo-home:/opt/rustwide/cargo-home:ro,Z" "-v" "/var/lib/crater-agent-workspace/rustup-home:/opt/rustwide/rustup-home:ro,Z" "-e" "SOURCE_DIR=/opt/rustwide/workdir" "-e" "CARGO_TARGET_DIR=/opt/rustwide/target" "-e" "CARGO_INCREMENTAL=0" "-e" "RUST_BACKTRACE=full" "-e" "RUSTFLAGS=--cap-lints=warn" "-e" "RUSTDOCFLAGS=--cap-lints=warn" "-e" "CARGO_HOME=/opt/rustwide/cargo-home" "-e" "RUSTUP_HOME=/opt/rustwide/rustup-home" "-w" "/opt/rustwide/workdir" "-m" "1610612736" "--user" "0:0" "--network" "none" "ghcr.io/rust-lang/crates-build-env/linux@sha256:5ff2268d62e97bff2cde7d5815dd6ed5b47097566f13b8d0ca110b04b60e07ed" "/opt/rustwide/cargo-home/bin/cargo" "+beta-2023-04-20" "test" "--frozen" "--no-run" "--message-format=json", kill_on_drop: false }`
[INFO] [stdout] f1244c2c57eab896aed7915897027b0c175a252d5b9a65b2cbcce5fa93ebf64d
[INFO] running `Command { std: "docker" "start" "-a" "f1244c2c57eab896aed7915897027b0c175a252d5b9a65b2cbcce5fa93ebf64d", kill_on_drop: false }`
[INFO] [stderr]    Compiling proc-macro2 v1.0.56
[INFO] [stderr]    Compiling quote v1.0.26
[INFO] [stderr]    Compiling unicode-ident v1.0.8
[INFO] [stderr]    Compiling libc v0.2.142
[INFO] [stderr]    Compiling autocfg v1.1.0
[INFO] [stderr]    Compiling pin-project-lite v0.2.9
[INFO] [stderr]    Compiling tokio v1.28.0
[INFO] [stderr]    Compiling num_cpus v1.15.0
[INFO] [stderr]    Compiling syn v2.0.15
[INFO] [stderr]    Compiling tokio-macros v2.1.0
[INFO] [stderr]    Compiling borrow-owned v0.1.0 (/opt/rustwide/workdir)
[INFO] [stderr]     Finished test [unoptimized + debuginfo] target(s) in 13.30s
[INFO] running `Command { std: "docker" "inspect" "f1244c2c57eab896aed7915897027b0c175a252d5b9a65b2cbcce5fa93ebf64d", kill_on_drop: false }`
[INFO] running `Command { std: "docker" "rm" "-f" "f1244c2c57eab896aed7915897027b0c175a252d5b9a65b2cbcce5fa93ebf64d", kill_on_drop: false }`
[INFO] [stdout] f1244c2c57eab896aed7915897027b0c175a252d5b9a65b2cbcce5fa93ebf64d
[INFO] running `Command { std: "docker" "create" "-v" "/var/lib/crater-agent-workspace/builds/worker-7-tc2/target:/opt/rustwide/target:rw,Z" "-v" "/var/lib/crater-agent-workspace/builds/worker-7-tc2/source:/opt/rustwide/workdir:ro,Z" "-v" "/var/lib/crater-agent-workspace/cargo-home:/opt/rustwide/cargo-home:ro,Z" "-v" "/var/lib/crater-agent-workspace/rustup-home:/opt/rustwide/rustup-home:ro,Z" "-e" "SOURCE_DIR=/opt/rustwide/workdir" "-e" "CARGO_TARGET_DIR=/opt/rustwide/target" "-e" "CARGO_INCREMENTAL=0" "-e" "RUST_BACKTRACE=full" "-e" "RUSTFLAGS=--cap-lints=warn" "-e" "RUSTDOCFLAGS=--cap-lints=warn" "-e" "CARGO_HOME=/opt/rustwide/cargo-home" "-e" "RUSTUP_HOME=/opt/rustwide/rustup-home" "-w" "/opt/rustwide/workdir" "-m" "1610612736" "--user" "0:0" "--network" "none" "ghcr.io/rust-lang/crates-build-env/linux@sha256:5ff2268d62e97bff2cde7d5815dd6ed5b47097566f13b8d0ca110b04b60e07ed" "/opt/rustwide/cargo-home/bin/cargo" "+beta-2023-04-20" "test" "--frozen", kill_on_drop: false }`
[INFO] [stdout] 933b230b3ce75e440a430dbd95cda04d74ce2cd5079b2a3f789c8a5a17f3f5b0
[INFO] running `Command { std: "docker" "start" "-a" "933b230b3ce75e440a430dbd95cda04d74ce2cd5079b2a3f789c8a5a17f3f5b0", kill_on_drop: false }`
[INFO] [stdout] 
[INFO] [stdout] running 0 tests
[INFO] [stdout] 
[INFO] [stdout] test result: ok. 0 passed; 0 failed; 0 ignored; 0 measured; 0 filtered out; finished in 0.00s
[INFO] [stdout] 
[INFO] [stderr]     Finished test [unoptimized + debuginfo] target(s) in 0.02s
[INFO] [stderr]      Running unittests src/lib.rs (/opt/rustwide/target/debug/deps/borrow_owned-2df3ae6a37171a54)
[INFO] [stderr]    Doc-tests borrow-owned
[INFO] [stdout] 
[INFO] [stdout] running 2 tests
[INFO] [stdout] test src/lib.rs - (line 41) ... FAILED
[INFO] [stdout] test src/lib.rs - (line 16) ... ok
[INFO] [stdout] 
[INFO] [stdout] failures:
[INFO] [stdout] 
[INFO] [stdout] ---- src/lib.rs - (line 41) stdout ----
[INFO] [stdout] error[E0432]: unresolved import `borrow_owned::AsyncBorrowOwned`
[INFO] [stdout]  --> src/lib.rs:43:5
[INFO] [stdout]   |
[INFO] [stdout] 4 | use borrow_owned::AsyncBorrowOwned;
[INFO] [stdout]   |     ^^^^^^^^^^^^^^----------------
[INFO] [stdout]   |     |             |
[INFO] [stdout]   |     |             help: a similar name exists in the module: `BorrowOwned`
[INFO] [stdout]   |     no `AsyncBorrowOwned` in the root
[INFO] [stdout] 
[INFO] [stdout] error[E0599]: no method named `async_borrow_owned` found for struct `MyStruct` in the current scope
[INFO] [stdout]   --> src/lib.rs:50:34
[INFO] [stdout]    |
[INFO] [stdout] 6  | struct MyStruct;
[INFO] [stdout]    | --------------- method `async_borrow_owned` not found for this struct
[INFO] [stdout] ...
[INFO] [stdout] 11 |     let (borrowed, ret) = object.async_borrow_owned();
[INFO] [stdout]    |                                  ^^^^^^^^^^^^^^^^^^ method not found in `MyStruct`
[INFO] [stdout] 
[INFO] [stdout] error: aborting due to 2 previous errors
[INFO] [stdout] 
[INFO] [stdout] Some errors have detailed explanations: E0432, E0599.
[INFO] [stdout] For more information about an error, try `rustc --explain E0432`.
[INFO] [stdout] Couldn't compile the test.
[INFO] [stdout] 
[INFO] [stdout] failures:
[INFO] [stdout]     src/lib.rs - (line 41)
[INFO] [stdout] 
[INFO] [stdout] test result: FAILED. 1 passed; 1 failed; 0 ignored; 0 measured; 0 filtered out; finished in 0.72s
[INFO] [stdout] 
[INFO] [stderr] error: doctest failed, to rerun pass `--doc`
[INFO] running `Command { std: "docker" "inspect" "933b230b3ce75e440a430dbd95cda04d74ce2cd5079b2a3f789c8a5a17f3f5b0", kill_on_drop: false }`
[INFO] running `Command { std: "docker" "rm" "-f" "933b230b3ce75e440a430dbd95cda04d74ce2cd5079b2a3f789c8a5a17f3f5b0", kill_on_drop: false }`
[INFO] [stdout] 933b230b3ce75e440a430dbd95cda04d74ce2cd5079b2a3f789c8a5a17f3f5b0
