[INFO] fetching crate bma-benchmark-proc 0.0.18...
[INFO] testing bma-benchmark-proc-0.0.18 against 1.69.0 for beta-1.70-1
[INFO] extracting crate bma-benchmark-proc 0.0.18 into /workspace/builds/worker-7-tc1/source
[INFO] validating manifest of crates.io crate bma-benchmark-proc 0.0.18 on toolchain 1.69.0
[INFO] running `Command { std: CARGO_HOME="/workspace/cargo-home" RUSTUP_HOME="/workspace/rustup-home" "/workspace/cargo-home/bin/cargo" "+1.69.0" "metadata" "--manifest-path" "Cargo.toml" "--no-deps", kill_on_drop: false }`
[INFO] started tweaking crates.io crate bma-benchmark-proc 0.0.18
[INFO] finished tweaking crates.io crate bma-benchmark-proc 0.0.18
[INFO] tweaked toml for crates.io crate bma-benchmark-proc 0.0.18 written to /workspace/builds/worker-7-tc1/source/Cargo.toml
[INFO] running `Command { std: CARGO_HOME="/workspace/cargo-home" RUSTUP_HOME="/workspace/rustup-home" __CARGO_TEST_CHANNEL_OVERRIDE_DO_NOT_USE_THIS="nightly" "/workspace/cargo-home/bin/cargo" "+1.69.0" "generate-lockfile" "--manifest-path" "Cargo.toml" "-Zno-index-update", kill_on_drop: false }`
[INFO] running `Command { std: CARGO_HOME="/workspace/cargo-home" RUSTUP_HOME="/workspace/rustup-home" "/workspace/cargo-home/bin/cargo" "+1.69.0" "fetch" "--manifest-path" "Cargo.toml", kill_on_drop: false }`
[INFO] running `Command { std: "docker" "create" "-v" "/var/lib/crater-agent-workspace/builds/worker-7-tc1/target:/opt/rustwide/target:rw,Z" "-v" "/var/lib/crater-agent-workspace/builds/worker-7-tc1/source:/opt/rustwide/workdir:ro,Z" "-v" "/var/lib/crater-agent-workspace/cargo-home:/opt/rustwide/cargo-home:ro,Z" "-v" "/var/lib/crater-agent-workspace/rustup-home:/opt/rustwide/rustup-home:ro,Z" "-e" "SOURCE_DIR=/opt/rustwide/workdir" "-e" "CARGO_TARGET_DIR=/opt/rustwide/target" "-e" "CARGO_HOME=/opt/rustwide/cargo-home" "-e" "RUSTUP_HOME=/opt/rustwide/rustup-home" "-w" "/opt/rustwide/workdir" "-m" "1610612736" "--user" "0:0" "--network" "none" "ghcr.io/rust-lang/crates-build-env/linux@sha256:5ff2268d62e97bff2cde7d5815dd6ed5b47097566f13b8d0ca110b04b60e07ed" "/opt/rustwide/cargo-home/bin/cargo" "+1.69.0" "metadata" "--no-deps" "--format-version=1", kill_on_drop: false }`
[INFO] [stdout] cec556eabd44e05cb2ca3e3bee2c4ac5d890a24dba3150fa9e3cec9f337797dd
[INFO] running `Command { std: "docker" "start" "-a" "cec556eabd44e05cb2ca3e3bee2c4ac5d890a24dba3150fa9e3cec9f337797dd", kill_on_drop: false }`
[INFO] running `Command { std: "docker" "inspect" "cec556eabd44e05cb2ca3e3bee2c4ac5d890a24dba3150fa9e3cec9f337797dd", kill_on_drop: false }`
[INFO] running `Command { std: "docker" "rm" "-f" "cec556eabd44e05cb2ca3e3bee2c4ac5d890a24dba3150fa9e3cec9f337797dd", kill_on_drop: false }`
[INFO] [stdout] cec556eabd44e05cb2ca3e3bee2c4ac5d890a24dba3150fa9e3cec9f337797dd
[INFO] running `Command { std: "docker" "create" "-v" "/var/lib/crater-agent-workspace/builds/worker-7-tc1/target:/opt/rustwide/target:rw,Z" "-v" "/var/lib/crater-agent-workspace/builds/worker-7-tc1/source:/opt/rustwide/workdir:ro,Z" "-v" "/var/lib/crater-agent-workspace/cargo-home:/opt/rustwide/cargo-home:ro,Z" "-v" "/var/lib/crater-agent-workspace/rustup-home:/opt/rustwide/rustup-home:ro,Z" "-e" "SOURCE_DIR=/opt/rustwide/workdir" "-e" "CARGO_TARGET_DIR=/opt/rustwide/target" "-e" "CARGO_INCREMENTAL=0" "-e" "RUST_BACKTRACE=full" "-e" "RUSTFLAGS=--cap-lints=warn" "-e" "RUSTDOCFLAGS=--cap-lints=warn" "-e" "CARGO_HOME=/opt/rustwide/cargo-home" "-e" "RUSTUP_HOME=/opt/rustwide/rustup-home" "-w" "/opt/rustwide/workdir" "-m" "1610612736" "--user" "0:0" "--network" "none" "ghcr.io/rust-lang/crates-build-env/linux@sha256:5ff2268d62e97bff2cde7d5815dd6ed5b47097566f13b8d0ca110b04b60e07ed" "/opt/rustwide/cargo-home/bin/cargo" "+1.69.0" "build" "--frozen" "--message-format=json", kill_on_drop: false }`
[INFO] [stdout] a024693ca4cac4b9d2b159e722e7731c6058bf5139fc4b814d03eaaee7714cb9
[INFO] running `Command { std: "docker" "start" "-a" "a024693ca4cac4b9d2b159e722e7731c6058bf5139fc4b814d03eaaee7714cb9", kill_on_drop: false }`
[INFO] [stderr]    Compiling proc-macro2 v1.0.56
[INFO] [stderr]    Compiling quote v1.0.26
[INFO] [stderr]    Compiling syn v1.0.109
[INFO] [stderr]    Compiling bma-benchmark-proc v0.0.18 (/opt/rustwide/workdir)
[INFO] [stderr]     Finished dev [unoptimized + debuginfo] target(s) in 8.70s
[INFO] running `Command { std: "docker" "inspect" "a024693ca4cac4b9d2b159e722e7731c6058bf5139fc4b814d03eaaee7714cb9", kill_on_drop: false }`
[INFO] running `Command { std: "docker" "rm" "-f" "a024693ca4cac4b9d2b159e722e7731c6058bf5139fc4b814d03eaaee7714cb9", kill_on_drop: false }`
[INFO] [stdout] a024693ca4cac4b9d2b159e722e7731c6058bf5139fc4b814d03eaaee7714cb9
[INFO] running `Command { std: "docker" "create" "-v" "/var/lib/crater-agent-workspace/builds/worker-7-tc1/target:/opt/rustwide/target:rw,Z" "-v" "/var/lib/crater-agent-workspace/builds/worker-7-tc1/source:/opt/rustwide/workdir:ro,Z" "-v" "/var/lib/crater-agent-workspace/cargo-home:/opt/rustwide/cargo-home:ro,Z" "-v" "/var/lib/crater-agent-workspace/rustup-home:/opt/rustwide/rustup-home:ro,Z" "-e" "SOURCE_DIR=/opt/rustwide/workdir" "-e" "CARGO_TARGET_DIR=/opt/rustwide/target" "-e" "CARGO_INCREMENTAL=0" "-e" "RUST_BACKTRACE=full" "-e" "RUSTFLAGS=--cap-lints=warn" "-e" "RUSTDOCFLAGS=--cap-lints=warn" "-e" "CARGO_HOME=/opt/rustwide/cargo-home" "-e" "RUSTUP_HOME=/opt/rustwide/rustup-home" "-w" "/opt/rustwide/workdir" "-m" "1610612736" "--user" "0:0" "--network" "none" "ghcr.io/rust-lang/crates-build-env/linux@sha256:5ff2268d62e97bff2cde7d5815dd6ed5b47097566f13b8d0ca110b04b60e07ed" "/opt/rustwide/cargo-home/bin/cargo" "+1.69.0" "test" "--frozen" "--no-run" "--message-format=json", kill_on_drop: false }`
[INFO] [stdout] 8d4663a9316feaf14bb2386fd681cc5e30f36813d37cbeb3c7b6d0427f665a55
[INFO] running `Command { std: "docker" "start" "-a" "8d4663a9316feaf14bb2386fd681cc5e30f36813d37cbeb3c7b6d0427f665a55", kill_on_drop: false }`
[INFO] [stderr]     Blocking waiting for file lock on package cache
[INFO] [stderr]    Compiling bma-benchmark-proc v0.0.18 (/opt/rustwide/workdir)
[INFO] [stderr]     Finished test [unoptimized + debuginfo] target(s) in 1.16s
[INFO] running `Command { std: "docker" "inspect" "8d4663a9316feaf14bb2386fd681cc5e30f36813d37cbeb3c7b6d0427f665a55", kill_on_drop: false }`
[INFO] running `Command { std: "docker" "rm" "-f" "8d4663a9316feaf14bb2386fd681cc5e30f36813d37cbeb3c7b6d0427f665a55", kill_on_drop: false }`
[INFO] [stdout] 8d4663a9316feaf14bb2386fd681cc5e30f36813d37cbeb3c7b6d0427f665a55
[INFO] running `Command { std: "docker" "create" "-v" "/var/lib/crater-agent-workspace/builds/worker-7-tc1/target:/opt/rustwide/target:rw,Z" "-v" "/var/lib/crater-agent-workspace/builds/worker-7-tc1/source:/opt/rustwide/workdir:ro,Z" "-v" "/var/lib/crater-agent-workspace/cargo-home:/opt/rustwide/cargo-home:ro,Z" "-v" "/var/lib/crater-agent-workspace/rustup-home:/opt/rustwide/rustup-home:ro,Z" "-e" "SOURCE_DIR=/opt/rustwide/workdir" "-e" "CARGO_TARGET_DIR=/opt/rustwide/target" "-e" "CARGO_INCREMENTAL=0" "-e" "RUST_BACKTRACE=full" "-e" "RUSTFLAGS=--cap-lints=warn" "-e" "RUSTDOCFLAGS=--cap-lints=warn" "-e" "CARGO_HOME=/opt/rustwide/cargo-home" "-e" "RUSTUP_HOME=/opt/rustwide/rustup-home" "-w" "/opt/rustwide/workdir" "-m" "1610612736" "--user" "0:0" "--network" "none" "ghcr.io/rust-lang/crates-build-env/linux@sha256:5ff2268d62e97bff2cde7d5815dd6ed5b47097566f13b8d0ca110b04b60e07ed" "/opt/rustwide/cargo-home/bin/cargo" "+1.69.0" "test" "--frozen", kill_on_drop: false }`
[INFO] [stdout] 3ad776ba87d8f6a89f3b80ddbc3b27a9c4f1d771b5a00930b06b2483894d0f4f
[INFO] running `Command { std: "docker" "start" "-a" "3ad776ba87d8f6a89f3b80ddbc3b27a9c4f1d771b5a00930b06b2483894d0f4f", kill_on_drop: false }`
[INFO] [stderr]     Finished test [unoptimized + debuginfo] target(s) in 0.02s
[INFO] [stderr]      Running unittests src/lib.rs (/opt/rustwide/target/debug/deps/bma_benchmark_proc-eb29827bff0f04a5)
[INFO] [stderr]    Doc-tests bma-benchmark-proc
[INFO] [stdout] 
[INFO] [stdout] running 0 tests
[INFO] [stdout] 
[INFO] [stdout] test result: ok. 0 passed; 0 failed; 0 ignored; 0 measured; 0 filtered out; finished in 0.00s
[INFO] [stdout] 
[INFO] [stdout] 
[INFO] [stdout] running 3 tests
[INFO] [stdout] test src/lib.rs - benchmark_stage (line 28) ... FAILED
[INFO] [stdout] test src/lib.rs - benchmark_stage (line 21) ... FAILED
[INFO] [stdout] test src/lib.rs - benchmark_stage (line 35) ... FAILED
[INFO] [stderr] error: doctest failed, to rerun pass `--doc`
[INFO] [stdout] 
[INFO] [stdout] failures:
[INFO] [stdout] 
[INFO] [stdout] ---- src/lib.rs - benchmark_stage (line 28) stdout ----
[INFO] [stdout] error: cannot find attribute `benchmark_stage` in this scope
[INFO] [stdout]  --> src/lib.rs:29:3
[INFO] [stdout]   |
[INFO] [stdout] 3 | #[benchmark_stage(i=1_000,name=stage1)]
[INFO] [stdout]   |   ^^^^^^^^^^^^^^^
[INFO] [stdout]   |
[INFO] [stdout]   = help: consider importing this attribute macro:
[INFO] [stdout]           bma_benchmark_proc::benchmark_stage
[INFO] [stdout] 
[INFO] [stdout] error: aborting due to previous error
[INFO] [stdout] 
[INFO] [stdout] Couldn't compile the test.
[INFO] [stdout] ---- src/lib.rs - benchmark_stage (line 21) stdout ----
[INFO] [stdout] error: cannot find attribute `benchmark_stage` in this scope
[INFO] [stdout]  --> src/lib.rs:22:3
[INFO] [stdout]   |
[INFO] [stdout] 3 | #[benchmark_stage(i=1_000)]
[INFO] [stdout]   |   ^^^^^^^^^^^^^^^
[INFO] [stdout]   |
[INFO] [stdout]   = help: consider importing this attribute macro:
[INFO] [stdout]           bma_benchmark_proc::benchmark_stage
[INFO] [stdout] 
[INFO] [stdout] error: aborting due to previous error
[INFO] [stdout] 
[INFO] [stdout] Couldn't compile the test.
[INFO] [stdout] ---- src/lib.rs - benchmark_stage (line 35) stdout ----
[INFO] [stdout] error: cannot find attribute `benchmark_stage` in this scope
[INFO] [stdout]  --> src/lib.rs:36:3
[INFO] [stdout]   |
[INFO] [stdout] 3 | #[benchmark_stage(i=1_000,name=stage1,check)]
[INFO] [stdout]   |   ^^^^^^^^^^^^^^^
[INFO] [stdout]   |
[INFO] [stdout]   = help: consider importing this attribute macro:
[INFO] [stdout]           bma_benchmark_proc::benchmark_stage
[INFO] [stdout] 
[INFO] [stdout] error[E0433]: failed to resolve: use of undeclared type `File`
[INFO] [stdout]  --> src/lib.rs:38:5
[INFO] [stdout]   |
[INFO] [stdout] 5 |     File::create("/tmp/test123").is_ok()
[INFO] [stdout]   |     ^^^^ use of undeclared type `File`
[INFO] [stdout]   |
[INFO] [stdout] help: consider importing one of these items
[INFO] [stdout]   |
[INFO] [stdout] 2 | use std::fs::File;
[INFO] [stdout]   |
[INFO] [stdout] 2 | use syn::File;
[INFO] [stdout]   |
[INFO] [stdout] 
[INFO] [stdout] error: aborting due to 2 previous errors
[INFO] [stdout] 
[INFO] [stdout] For more information about this error, try `rustc --explain E0433`.
[INFO] [stdout] Couldn't compile the test.
[INFO] [stdout] 
[INFO] [stdout] failures:
[INFO] [stdout]     src/lib.rs - benchmark_stage (line 21)
[INFO] [stdout]     src/lib.rs - benchmark_stage (line 28)
[INFO] [stdout]     src/lib.rs - benchmark_stage (line 35)
[INFO] [stdout] 
[INFO] [stdout] test result: FAILED. 0 passed; 3 failed; 0 ignored; 0 measured; 0 filtered out; finished in 0.16s
[INFO] [stdout] 
[INFO] running `Command { std: "docker" "inspect" "3ad776ba87d8f6a89f3b80ddbc3b27a9c4f1d771b5a00930b06b2483894d0f4f", kill_on_drop: false }`
[INFO] running `Command { std: "docker" "rm" "-f" "3ad776ba87d8f6a89f3b80ddbc3b27a9c4f1d771b5a00930b06b2483894d0f4f", kill_on_drop: false }`
[INFO] [stdout] 3ad776ba87d8f6a89f3b80ddbc3b27a9c4f1d771b5a00930b06b2483894d0f4f
