[INFO] fetching crate bitformat 0.0.5...
[INFO] testing bitformat-0.0.5 against beta-2023-04-20 for beta-1.70-1
[INFO] extracting crate bitformat 0.0.5 into /workspace/builds/worker-5-tc2/source
[INFO] validating manifest of crates.io crate bitformat 0.0.5 on toolchain beta-2023-04-20
[INFO] running `Command { std: CARGO_HOME="/workspace/cargo-home" RUSTUP_HOME="/workspace/rustup-home" "/workspace/cargo-home/bin/cargo" "+beta-2023-04-20" "metadata" "--manifest-path" "Cargo.toml" "--no-deps", kill_on_drop: false }`
[INFO] started tweaking crates.io crate bitformat 0.0.5
[INFO] finished tweaking crates.io crate bitformat 0.0.5
[INFO] tweaked toml for crates.io crate bitformat 0.0.5 written to /workspace/builds/worker-5-tc2/source/Cargo.toml
[INFO] running `Command { std: CARGO_HOME="/workspace/cargo-home" RUSTUP_HOME="/workspace/rustup-home" __CARGO_TEST_CHANNEL_OVERRIDE_DO_NOT_USE_THIS="nightly" "/workspace/cargo-home/bin/cargo" "+beta-2023-04-20" "generate-lockfile" "--manifest-path" "Cargo.toml" "-Zno-index-update", kill_on_drop: false }`
[INFO] running `Command { std: CARGO_HOME="/workspace/cargo-home" RUSTUP_HOME="/workspace/rustup-home" "/workspace/cargo-home/bin/cargo" "+beta-2023-04-20" "fetch" "--manifest-path" "Cargo.toml", kill_on_drop: false }`
[INFO] [stderr]     Blocking waiting for file lock on package cache
[INFO] running `Command { std: "docker" "create" "-v" "/var/lib/crater-agent-workspace/builds/worker-5-tc2/target:/opt/rustwide/target:rw,Z" "-v" "/var/lib/crater-agent-workspace/builds/worker-5-tc2/source:/opt/rustwide/workdir:ro,Z" "-v" "/var/lib/crater-agent-workspace/cargo-home:/opt/rustwide/cargo-home:ro,Z" "-v" "/var/lib/crater-agent-workspace/rustup-home:/opt/rustwide/rustup-home:ro,Z" "-e" "SOURCE_DIR=/opt/rustwide/workdir" "-e" "CARGO_TARGET_DIR=/opt/rustwide/target" "-e" "CARGO_HOME=/opt/rustwide/cargo-home" "-e" "RUSTUP_HOME=/opt/rustwide/rustup-home" "-w" "/opt/rustwide/workdir" "-m" "1610612736" "--user" "0:0" "--network" "none" "ghcr.io/rust-lang/crates-build-env/linux@sha256:5ff2268d62e97bff2cde7d5815dd6ed5b47097566f13b8d0ca110b04b60e07ed" "/opt/rustwide/cargo-home/bin/cargo" "+beta-2023-04-20" "metadata" "--no-deps" "--format-version=1", kill_on_drop: false }`
[INFO] [stdout] 994a478a342b0db821646309305b21de6b8340648794ad7f99e9e69acbdec0ce
[INFO] running `Command { std: "docker" "start" "-a" "994a478a342b0db821646309305b21de6b8340648794ad7f99e9e69acbdec0ce", kill_on_drop: false }`
[INFO] running `Command { std: "docker" "inspect" "994a478a342b0db821646309305b21de6b8340648794ad7f99e9e69acbdec0ce", kill_on_drop: false }`
[INFO] running `Command { std: "docker" "rm" "-f" "994a478a342b0db821646309305b21de6b8340648794ad7f99e9e69acbdec0ce", kill_on_drop: false }`
[INFO] [stdout] 994a478a342b0db821646309305b21de6b8340648794ad7f99e9e69acbdec0ce
[INFO] running `Command { std: "docker" "create" "-v" "/var/lib/crater-agent-workspace/builds/worker-5-tc2/target:/opt/rustwide/target:rw,Z" "-v" "/var/lib/crater-agent-workspace/builds/worker-5-tc2/source:/opt/rustwide/workdir:ro,Z" "-v" "/var/lib/crater-agent-workspace/cargo-home:/opt/rustwide/cargo-home:ro,Z" "-v" "/var/lib/crater-agent-workspace/rustup-home:/opt/rustwide/rustup-home:ro,Z" "-e" "SOURCE_DIR=/opt/rustwide/workdir" "-e" "CARGO_TARGET_DIR=/opt/rustwide/target" "-e" "CARGO_INCREMENTAL=0" "-e" "RUST_BACKTRACE=full" "-e" "RUSTFLAGS=--cap-lints=warn" "-e" "RUSTDOCFLAGS=--cap-lints=warn" "-e" "CARGO_HOME=/opt/rustwide/cargo-home" "-e" "RUSTUP_HOME=/opt/rustwide/rustup-home" "-w" "/opt/rustwide/workdir" "-m" "1610612736" "--user" "0:0" "--network" "none" "ghcr.io/rust-lang/crates-build-env/linux@sha256:5ff2268d62e97bff2cde7d5815dd6ed5b47097566f13b8d0ca110b04b60e07ed" "/opt/rustwide/cargo-home/bin/cargo" "+beta-2023-04-20" "build" "--frozen" "--message-format=json", kill_on_drop: false }`
[INFO] [stdout] 5abd17463c6f146f3956c2edab59fb79cef078ddc3bcb0fef5ca316044c1e12e
[INFO] running `Command { std: "docker" "start" "-a" "5abd17463c6f146f3956c2edab59fb79cef078ddc3bcb0fef5ca316044c1e12e", kill_on_drop: false }`
[INFO] [stderr]    Compiling libc v0.2.142
[INFO] [stderr]    Compiling lazy_static v1.4.0
[INFO] [stderr]    Compiling base64 v0.12.3
[INFO] [stderr]    Compiling atty v0.2.14
[INFO] [stderr]    Compiling colored v2.0.0
[INFO] [stderr]    Compiling bitformat v0.0.5 (/opt/rustwide/workdir)
[INFO] [stderr]     Finished dev [unoptimized + debuginfo] target(s) in 3.08s
[INFO] running `Command { std: "docker" "inspect" "5abd17463c6f146f3956c2edab59fb79cef078ddc3bcb0fef5ca316044c1e12e", kill_on_drop: false }`
[INFO] running `Command { std: "docker" "rm" "-f" "5abd17463c6f146f3956c2edab59fb79cef078ddc3bcb0fef5ca316044c1e12e", kill_on_drop: false }`
[INFO] [stdout] 5abd17463c6f146f3956c2edab59fb79cef078ddc3bcb0fef5ca316044c1e12e
[INFO] running `Command { std: "docker" "create" "-v" "/var/lib/crater-agent-workspace/builds/worker-5-tc2/target:/opt/rustwide/target:rw,Z" "-v" "/var/lib/crater-agent-workspace/builds/worker-5-tc2/source:/opt/rustwide/workdir:ro,Z" "-v" "/var/lib/crater-agent-workspace/cargo-home:/opt/rustwide/cargo-home:ro,Z" "-v" "/var/lib/crater-agent-workspace/rustup-home:/opt/rustwide/rustup-home:ro,Z" "-e" "SOURCE_DIR=/opt/rustwide/workdir" "-e" "CARGO_TARGET_DIR=/opt/rustwide/target" "-e" "CARGO_INCREMENTAL=0" "-e" "RUST_BACKTRACE=full" "-e" "RUSTFLAGS=--cap-lints=warn" "-e" "RUSTDOCFLAGS=--cap-lints=warn" "-e" "CARGO_HOME=/opt/rustwide/cargo-home" "-e" "RUSTUP_HOME=/opt/rustwide/rustup-home" "-w" "/opt/rustwide/workdir" "-m" "1610612736" "--user" "0:0" "--network" "none" "ghcr.io/rust-lang/crates-build-env/linux@sha256:5ff2268d62e97bff2cde7d5815dd6ed5b47097566f13b8d0ca110b04b60e07ed" "/opt/rustwide/cargo-home/bin/cargo" "+beta-2023-04-20" "test" "--frozen" "--no-run" "--message-format=json", kill_on_drop: false }`
[INFO] [stdout] 5ba96a342b1476123da0328286a0dd431def93907ecf3404bffe2a45a8390e3c
[INFO] running `Command { std: "docker" "start" "-a" "5ba96a342b1476123da0328286a0dd431def93907ecf3404bffe2a45a8390e3c", kill_on_drop: false }`
[INFO] [stderr]    Compiling bitformat v0.0.5 (/opt/rustwide/workdir)
[INFO] [stderr]     Finished test [unoptimized + debuginfo] target(s) in 1.33s
[INFO] running `Command { std: "docker" "inspect" "5ba96a342b1476123da0328286a0dd431def93907ecf3404bffe2a45a8390e3c", kill_on_drop: false }`
[INFO] running `Command { std: "docker" "rm" "-f" "5ba96a342b1476123da0328286a0dd431def93907ecf3404bffe2a45a8390e3c", kill_on_drop: false }`
[INFO] [stdout] 5ba96a342b1476123da0328286a0dd431def93907ecf3404bffe2a45a8390e3c
[INFO] running `Command { std: "docker" "create" "-v" "/var/lib/crater-agent-workspace/builds/worker-5-tc2/target:/opt/rustwide/target:rw,Z" "-v" "/var/lib/crater-agent-workspace/builds/worker-5-tc2/source:/opt/rustwide/workdir:ro,Z" "-v" "/var/lib/crater-agent-workspace/cargo-home:/opt/rustwide/cargo-home:ro,Z" "-v" "/var/lib/crater-agent-workspace/rustup-home:/opt/rustwide/rustup-home:ro,Z" "-e" "SOURCE_DIR=/opt/rustwide/workdir" "-e" "CARGO_TARGET_DIR=/opt/rustwide/target" "-e" "CARGO_INCREMENTAL=0" "-e" "RUST_BACKTRACE=full" "-e" "RUSTFLAGS=--cap-lints=warn" "-e" "RUSTDOCFLAGS=--cap-lints=warn" "-e" "CARGO_HOME=/opt/rustwide/cargo-home" "-e" "RUSTUP_HOME=/opt/rustwide/rustup-home" "-w" "/opt/rustwide/workdir" "-m" "1610612736" "--user" "0:0" "--network" "none" "ghcr.io/rust-lang/crates-build-env/linux@sha256:5ff2268d62e97bff2cde7d5815dd6ed5b47097566f13b8d0ca110b04b60e07ed" "/opt/rustwide/cargo-home/bin/cargo" "+beta-2023-04-20" "test" "--frozen", kill_on_drop: false }`
[INFO] [stdout] 7040855fce0ceee80d58f21f77145512c194ee735d2da2e307eb6bd991885ede
[INFO] running `Command { std: "docker" "start" "-a" "7040855fce0ceee80d58f21f77145512c194ee735d2da2e307eb6bd991885ede", kill_on_drop: false }`
[INFO] [stderr]     Finished test [unoptimized + debuginfo] target(s) in 0.02s
[INFO] [stderr]      Running unittests src/lib.rs (/opt/rustwide/target/debug/deps/bitformat-2af1776cf1957854)
[INFO] [stdout] 
[INFO] [stdout] running 11 tests
[INFO] [stdout] test websocket_frame::websocket_opcode::tests::text_get_opcode_binary ... ok
[INFO] [stdout] test color::tests::test_colors_to_string ... ok
[INFO] [stdout] test qword_table::tests::test_one_byte ... ok
[INFO] [stdout] test websocket_frame::websocket_opcode::tests::text_get_opcode_close_connection ... ok
[INFO] [stdout] test websocket_frame::websocket_opcode::tests::text_get_opcode_unrecognized ... ok
[INFO] [stdout] test websocket_frame::websocket_opcode::tests::text_get_opcode_text ... ok
[INFO] [stdout] test websocket_frame::websocket_opcode::tests::test_get_opcode_continuation ... ok
[INFO] [stdout] test websocket_frame::websocket_opcode::tests::text_get_opcode_reserved_future ... ok
[INFO] [stdout] test websocket_frame::websocket_opcode::tests::text_get_opcode_ping ... ok
[INFO] [stdout] test websocket_frame::websocket_opcode::tests::text_get_opcode_pong ... ok
[INFO] [stderr] error: test failed, to rerun pass `--lib`
[INFO] [stdout] test websocket_frame::tests::test_short_masked_text_frame ... FAILED
[INFO] [stdout] 
[INFO] [stdout] failures:
[INFO] [stdout] 
[INFO] [stdout] ---- websocket_frame::tests::test_short_masked_text_frame stdout ----
[INFO] [stdout] thread 'websocket_frame::tests::test_short_masked_text_frame' panicked at 'assertion failed: `(left == right)`
[INFO] [stdout]   left: `"               +---------------+---------------+---------------+---------------+\n  Frame Data   |    Byte  1    |    Byte  2    |    Byte  3    |    Byte  4    |\n   (Masked)    +---------------+---------------+---------------+---------------+\n   Short(4)    |0              |    1          |        2      |            3  |\n               |0 1 2 3 4 5 6 7|8 9 0 1 2 3 4 5|6 7 8 9 0 1 2 3|4 5 6 7 8 9 0 1|\n       +-------+---------------+---------------+---------------+---------------+\n       | DWORD |1|0|0|0|0 0 0 1|1|0 0 0 0 1 0 0|0 1 1 1 1 0 1 1|1 0 1 0 1 0 1 1|\n       |   1   |F|R|R|R| Text  |M|  Short(4)   |                               |\n       |       |I|S|S|S|op code|A| Payload len |     Masking-key (part 1)      |\n       |       |N|V|V|V| (4 b) |S|  (7 bits)   |                               |\n       |       | |1|2|3|       |K|             |                               |\n       +-------+-+-+-+-+-------+-+-------------+-------------------------------+\n       | DWORD |0 1 0 0 1 0 1 0|1 1 0 1 1 1 0 1|0 0 0 0 1 1 1 1|1 1 0 0 1 1 1 0|\n       |   2   |                               |  (15)      MASKED  (206)      |\n       |       |     Masking-key (part 2)      |0 1 1 1 0 1 0 0|0 1 1 0 0 1 0 1|\n       |       |           (16 bits)           | (116) 't' UNMASKED (101) 'e'  |\n       |       |                               |     Payload Data (part 1)     |\n       +-------+-------------------------------+-------------------------------+\n       | DWORD |0 0 1 1 1 0 0 1|1 0 1 0 1 0 0 1|\n       |   3   |  (57)      MASKED  (169)      |\n       |       |0 1 1 1 0 0 1 1|0 1 1 1 0 1 0 0|\n       |       | (115) 's' UNMASKED (116) 't'  |\n       |       |     Payload Data (part 2)     |\n       +-------+---------------+---------------+\n"`,
[INFO] [stdout]  right: `"               \u{1b}[36m+---------------+---------------+---------------+---------------+\u{1b}[0m\n  \u{1b}[37mFrame Data\u{1b}[0m   \u{1b}[36m|\u{1b}[0m\u{1b}[32m    Byte  1    \u{1b}[0m\u{1b}[36m|\u{1b}[0m\u{1b}[32m    Byte  2    \u{1b}[0m\u{1b}[36m|\u{1b}[0m\u{1b}[32m    Byte  3    \u{1b}[0m\u{1b}[36m|\u{1b}[0m\u{1b}[32m    Byte  4    \u{1b}[0m\u{1b}[36m|\u{1b}[0m\n  \u{1b}[37m (Masked) \u{1b}[0m   \u{1b}[36m+---------------+---------------+---------------+---------------+\u{1b}[0m\n   Short(4)    \u{1b}[36m|\u{1b}[0m\u{1b}[32m0\u{1b}[0m              \u{1b}[36m|\u{1b}[0m    \u{1b}[32m1\u{1b}[0m          \u{1b}[36m|\u{1b}[0m        \u{1b}[32m2\u{1b}[0m      \u{1b}[36m|\u{1b}[0m            \u{1b}[32m3\u{1b}[0m  \u{1b}[36m|\u{1b}[0m\n               \u{1b}[36m|\u{1b}[0m\u{1b}[32m0 1 2 3 4 5 6 7\u{1b}[0m\u{1b}[36m|\u{1b}[0m\u{1b}[32m8 9 0 1 2 3 4 5\u{1b}[0m\u{1b}[36m|\u{1b}[0m\u{1b}[32m6 7 8 9 0 1 2 3\u{1b}[0m\u{1b}[36m|\u{1b}[0m\u{1b}[32m4 5 6 7 8 9 0 1\u{1b}[0m\u{1b}[36m|\u{1b}[0m\n       \u{1b}[36m+-------+---------------+---------------+---------------+---------------+\u{1b}[0m\n       \u{1b}[36m|\u{1b}[0m\u{1b}[32m DWORD \u{1b}[0m\u{1b}[36m|\u{1b}[0m\u{1b}[37m1\u{1b}[0m\u{1b}[36m|\u{1b}[0m\u{1b}[37m0\u{1b}[0m\u{1b}[36m|\u{1b}[0m\u{1b}[37m0\u{1b}[0m\u{1b}[36m|\u{1b}[0m\u{1b}[37m0\u{1b}[0m\u{1b}[36m|\u{1b}[0m\u{1b}[37m0 0 0 1\u{1b}[0m\u{1b}[36m|\u{1b}[0m\u{1b}[37m1\u{1b}[0m\u{1b}[36m|\u{1b}[0m\u{1b}[37m0 0 0 0 1 0 0\u{1b}[0m\u{1b}[36m|\u{1b}[0m\u{1b}[37m0 1 1 1 1 0 1 1\u{1b}[0m\u{1b}[36m|\u{1b}[0m\u{1b}[37m1 0 1 0 1 0 1 1\u{1b}[0m\u{1b}[36m|\u{1b}[0m\n       \u{1b}[36m|\u{1b}[0m\u{1b}[32m   1   \u{1b}[0m\u{1b}[36m|\u{1b}[0m\u{1b}[35mF\u{1b}[0m\u{1b}[36m|\u{1b}[0m\u{1b}[35mR\u{1b}[0m\u{1b}[36m|\u{1b}[0m\u{1b}[35mR\u{1b}[0m\u{1b}[36m|\u{1b}[0m\u{1b}[35mR\u{1b}[0m\u{1b}[36m|\u{1b}[0m\u{1b}[31m Text  \u{1b}[0m\u{1b}[36m|\u{1b}[0m\u{1b}[35mM\u{1b}[0m\u{1b}[36m|\u{1b}[0m\u{1b}[31m  Short(4)   \u{1b}[0m\u{1b}[36m|\u{1b}[0m                               \u{1b}[36m|\u{1b}[0m\n       \u{1b}[36m|\u{1b}[0m       \u{1b}[36m|\u{1b}[0m\u{1b}[35mI\u{1b}[0m\u{1b}[36m|\u{1b}[0m\u{1b}[35mS\u{1b}[0m\u{1b}[36m|\u{1b}[0m\u{1b}[35mS\u{1b}[0m\u{1b}[36m|\u{1b}[0m\u{1b}[35mS\u{1b}[0m\u{1b}[36m|\u{1b}[0m\u{1b}[35mop code\u{1b}[0m\u{1b}[36m|\u{1b}[0m\u{1b}[35mA\u{1b}[0m\u{1b}[36m|\u{1b}[0m\u{1b}[35m Payload len \u{1b}[0m\u{1b}[36m|\u{1b}[0m\u{1b}[35m     Masking-key (part 1)      \u{1b}[0m\u{1b}[36m|\u{1b}[0m\n       \u{1b}[36m|\u{1b}[0m       \u{1b}[36m|\u{1b}[0m\u{1b}[35mN\u{1b}[0m\u{1b}[36m|\u{1b}[0m\u{1b}[35mV\u{1b}[0m\u{1b}[36m|\u{1b}[0m\u{1b}[35mV\u{1b}[0m\u{1b}[36m|\u{1b}[0m\u{1b}[35mV\u{1b}[0m\u{1b}[36m|\u{1b}[0m\u{1b}[35m (4 b) \u{1b}[0m\u{1b}[36m|\u{1b}[0m\u{1b}[35mS\u{1b}[0m\u{1b}[36m|\u{1b}[0m\u{1b}[35m  (7 bits)   \u{1b}[0m\u{1b}[36m|\u{1b}[0m                               \u{1b}[36m|\u{1b}[0m\n       \u{1b}[36m|\u{1b}[0m       \u{1b}[36m|\u{1b}[0m \u{1b}[36m|\u{1b}[0m\u{1b}[35m1\u{1b}[0m\u{1b}[36m|\u{1b}[0m\u{1b}[35m2\u{1b}[0m\u{1b}[36m|\u{1b}[0m\u{1b}[35m3\u{1b}[0m\u{1b}[36m|\u{1b}[0m       \u{1b}[36m|\u{1b}[0m\u{1b}[35mK\u{1b}[0m\u{1b}[36m|\u{1b}[0m             \u{1b}[36m|\u{1b}[0m                               \u{1b}[36m|\u{1b}[0m\n       \u{1b}[36m+-------+-+-+-+-+-------+-+-------------+-------------------------------+\u{1b}[0m\n       \u{1b}[36m|\u{1b}[0m\u{1b}[32m DWORD \u{1b}[0m\u{1b}[36m|\u{1b}[0m\u{1b}[37m0 1 0 0 1 0 1 0\u{1b}[0m\u{1b}[36m|\u{1b}[0m\u{1b}[37m1 1 0 1 1 1 0 1\u{1b}[0m\u{1b}[36m|\u{1b}[0m\u{1b}[37m0 0 0 0 1 1 1 1\u{1b}[0m\u{1b}[36m|\u{1b}[0m\u{1b}[37m1 1 0 0 1 1 1 0\u{1b}[0m\u{1b}[36m|\u{1b}[0m\n       \u{1b}[36m|\u{1b}[0m\u{1b}[32m   2   \u{1b}[0m\u{1b}[36m|\u{1b}[0m                               \u{1b}[36m|\u{1b}[0m \u{1b}[34m (15)\u{1b}[0m      \u{1b}[35mMASKED\u{1b}[0m  \u{1b}[34m(206)\u{1b}[0m      \u{1b}[36m|\u{1b}[0m\n       \u{1b}[36m|\u{1b}[0m       \u{1b}[36m|\u{1b}[0m\u{1b}[35m     Masking-key (part 2)      \u{1b}[0m\u{1b}[36m|\u{1b}[0m\u{1b}[33m0 1 1 1 0 1 0 0\u{1b}[0m\u{1b}[36m|\u{1b}[0m\u{1b}[33m0 1 1 0 0 1 0 1\u{1b}[0m\u{1b}[36m|\u{1b}[0m\n       \u{1b}[36m|\u{1b}[0m       \u{1b}[36m|\u{1b}[0m\u{1b}[35m           (16 bits)           \u{1b}[0m\u{1b}[36m|\u{1b}[0m \u{1b}[34m(116)\u{1b}[0m \u{1b}[31m't'\u{1b}[0m \u{1b}[35mUNMASKED\u{1b}[0m \u{1b}[34m(101)\u{1b}[0m \u{1b}[31m'e'\u{1b}[0m  \u{1b}[36m|\u{1b}[0m\n       \u{1b}[36m|\u{1b}[0m       \u{1b}[36m|\u{1b}[0m                               \u{1b}[36m|\u{1b}[0m\u{1b}[35m     Payload Data (part 1)     \u{1b}[0m\u{1b}[36m|\u{1b}[0m\n       \u{1b}[36m+-------+-------------------------------+-------------------------------+\u{1b}[0m\n       \u{1b}[36m|\u{1b}[0m\u{1b}[32m DWORD \u{1b}[0m\u{1b}[36m|\u{1b}[0m\u{1b}[37m0 0 1 1 1 0 0 1\u{1b}[0m\u{1b}[36m|\u{1b}[0m\u{1b}[37m1 0 1 0 1 0 0 1\u{1b}[0m\u{1b}[36m|\u{1b}[0m\n       \u{1b}[36m|\u{1b}[0m\u{1b}[32m   3   \u{1b}[0m\u{1b}[36m|\u{1b}[0m \u{1b}[34m (57)\u{1b}[0m      \u{1b}[35mMASKED\u{1b}[0m  \u{1b}[34m(169)\u{1b}[0m      \u{1b}[36m|\u{1b}[0m\n       \u{1b}[36m|\u{1b}[0m       \u{1b}[36m|\u{1b}[0m\u{1b}[33m0 1 1 1 0 0 1 1\u{1b}[0m\u{1b}[36m|\u{1b}[0m\u{1b}[33m0 1 1 1 0 1 0 0\u{1b}[0m\u{1b}[36m|\u{1b}[0m\n       \u{1b}[36m|\u{1b}[0m       \u{1b}[36m|\u{1b}[0m \u{1b}[34m(115)\u{1b}[0m \u{1b}[31m's'\u{1b}[0m \u{1b}[35mUNMASKED\u{1b}[0m \u{1b}[34m(116)\u{1b}[0m \u{1b}[31m't'\u{1b}[0m  \u{1b}[36m|\u{1b}[0m\n       \u{1b}[36m|\u{1b}[0m       \u{1b}[36m|\u{1b}[0m\u{1b}[35m     Payload Data (part 2)     \u{1b}[0m\u{1b}[36m|\u{1b}[0m\n       \u{1b}[36m+-------+\u{1b}[0m\u{1b}[36m---------------+\u{1b}[0m\u{1b}[36m---------------+\u{1b}[0m\n"`', src/websocket_frame.rs:758:9
[INFO] [stdout] stack backtrace:
[INFO] [stdout]    0:     0x5650cdf301fa - std::backtrace_rs::backtrace::libunwind::trace::h2f05d0192276a8f6
[INFO] [stdout]                                at /rustc/1b7dd2252b99671ce5d1cb9664c5f8636329436d/library/std/src/../../backtrace/src/backtrace/libunwind.rs:93:5
[INFO] [stdout]    1:     0x5650cdf301fa - std::backtrace_rs::backtrace::trace_unsynchronized::hedc23dff7a1af150
[INFO] [stdout]                                at /rustc/1b7dd2252b99671ce5d1cb9664c5f8636329436d/library/std/src/../../backtrace/src/backtrace/mod.rs:66:5
[INFO] [stdout]    2:     0x5650cdf301fa - std::sys_common::backtrace::_print_fmt::h17541ef7592f3ce2
[INFO] [stdout]                                at /rustc/1b7dd2252b99671ce5d1cb9664c5f8636329436d/library/std/src/sys_common/backtrace.rs:65:5
[INFO] [stdout]    3:     0x5650cdf301fa - <std::sys_common::backtrace::_print::DisplayBacktrace as core::fmt::Display>::fmt::h20f75df5ab0c0792
[INFO] [stdout]                                at /rustc/1b7dd2252b99671ce5d1cb9664c5f8636329436d/library/std/src/sys_common/backtrace.rs:44:22
[INFO] [stdout]    4:     0x5650cdf545ff - core::fmt::write::h78109e6f466b3af6
[INFO] [stdout]                                at /rustc/1b7dd2252b99671ce5d1cb9664c5f8636329436d/library/core/src/fmt/mod.rs:1254:17
[INFO] [stdout]    5:     0x5650cdf2d545 - std::io::Write::write_fmt::hd24bfb68a1b35a25
[INFO] [stdout]                                at /rustc/1b7dd2252b99671ce5d1cb9664c5f8636329436d/library/std/src/io/mod.rs:1698:15
[INFO] [stdout]    6:     0x5650cdf2ffc5 - std::sys_common::backtrace::_print::h8dac57a9f8fbf9a5
[INFO] [stdout]                                at /rustc/1b7dd2252b99671ce5d1cb9664c5f8636329436d/library/std/src/sys_common/backtrace.rs:47:5
[INFO] [stdout]    7:     0x5650cdf2ffc5 - std::sys_common::backtrace::print::hf9ecbf41d1aa712f
[INFO] [stdout]                                at /rustc/1b7dd2252b99671ce5d1cb9664c5f8636329436d/library/std/src/sys_common/backtrace.rs:34:9
[INFO] [stdout]    8:     0x5650cdf31c7e - std::panicking::default_hook::{{closure}}::h04c07acfc84ca028
[INFO] [stdout]                                at /rustc/1b7dd2252b99671ce5d1cb9664c5f8636329436d/library/std/src/panicking.rs:269:22
[INFO] [stdout]    9:     0x5650cdf319b1 - std::panicking::default_hook::h01f6bb23e1eceb2c
[INFO] [stdout]                                at /rustc/1b7dd2252b99671ce5d1cb9664c5f8636329436d/library/std/src/panicking.rs:285:9
[INFO] [stdout]   10:     0x5650cdef4ffb - <alloc::boxed::Box<F,A> as core::ops::function::Fn<Args>>::call::h87fe9f7b2fd49e4c
[INFO] [stdout]                                at /rustc/1b7dd2252b99671ce5d1cb9664c5f8636329436d/library/alloc/src/boxed.rs:1987:9
[INFO] [stdout]   11:     0x5650cdef4ffb - test::test_main::{{closure}}::he94d679243a7531b
[INFO] [stdout]                                at /rustc/1b7dd2252b99671ce5d1cb9664c5f8636329436d/library/test/src/lib.rs:134:21
[INFO] [stdout]   12:     0x5650cdf32364 - <alloc::boxed::Box<F,A> as core::ops::function::Fn<Args>>::call::h3f2d6d8b14c4769f
[INFO] [stdout]                                at /rustc/1b7dd2252b99671ce5d1cb9664c5f8636329436d/library/alloc/src/boxed.rs:1987:9
[INFO] [stdout]   13:     0x5650cdf32364 - std::panicking::rust_panic_with_hook::h2bb3722bbaf2f6df
[INFO] [stdout]                                at /rustc/1b7dd2252b99671ce5d1cb9664c5f8636329436d/library/std/src/panicking.rs:695:13
[INFO] [stdout]   14:     0x5650cdf320d9 - std::panicking::begin_panic_handler::{{closure}}::h91bc7f36a4be011b
[INFO] [stdout]                                at /rustc/1b7dd2252b99671ce5d1cb9664c5f8636329436d/library/std/src/panicking.rs:582:13
[INFO] [stdout]   15:     0x5650cdf30666 - std::sys_common::backtrace::__rust_end_short_backtrace::h8b3d3717114f9e59
[INFO] [stdout]                                at /rustc/1b7dd2252b99671ce5d1cb9664c5f8636329436d/library/std/src/sys_common/backtrace.rs:150:18
[INFO] [stdout]   16:     0x5650cdf31e32 - rust_begin_unwind
[INFO] [stdout]                                at /rustc/1b7dd2252b99671ce5d1cb9664c5f8636329436d/library/std/src/panicking.rs:578:5
[INFO] [stdout]   17:     0x5650cde7eba3 - core::panicking::panic_fmt::hfd368e3fbdabea26
[INFO] [stdout]                                at /rustc/1b7dd2252b99671ce5d1cb9664c5f8636329436d/library/core/src/panicking.rs:67:14
[INFO] [stdout]   18:     0x5650cde7ef6f - core::panicking::assert_failed_inner::haef49168e1798a91
[INFO] [stdout]   19:     0x5650cdebcfee - core::panicking::assert_failed::h8b5d2d939a7906fd
[INFO] [stdout]                                at /rustc/1b7dd2252b99671ce5d1cb9664c5f8636329436d/library/core/src/panicking.rs:228:5
[INFO] [stdout]   20:     0x5650cdebccf0 - bitformat::websocket_frame::tests::test_short_masked_text_frame::h37a65ce98a6159d0
[INFO] [stdout]                                at /opt/rustwide/workdir/src/websocket_frame.rs:758:9
[INFO] [stdout]   21:     0x5650cdebcb37 - bitformat::websocket_frame::tests::test_short_masked_text_frame::{{closure}}::hc1ad200b7ae9c539
[INFO] [stdout]                                at /opt/rustwide/workdir/src/websocket_frame.rs:750:39
[INFO] [stdout]   22:     0x5650cdeaff35 - core::ops::function::FnOnce::call_once::h2370d992806bf963
[INFO] [stdout]                                at /rustc/1b7dd2252b99671ce5d1cb9664c5f8636329436d/library/core/src/ops/function.rs:250:5
[INFO] [stdout]   23:     0x5650cdef9ecf - core::ops::function::FnOnce::call_once::ha6a70e79f7481a7e
[INFO] [stdout]                                at /rustc/1b7dd2252b99671ce5d1cb9664c5f8636329436d/library/core/src/ops/function.rs:250:5
[INFO] [stdout]   24:     0x5650cdef9ecf - test::__rust_begin_short_backtrace::hce33033019b61e69
[INFO] [stdout]                                at /rustc/1b7dd2252b99671ce5d1cb9664c5f8636329436d/library/test/src/lib.rs:655:18
[INFO] [stdout]   25:     0x5650cdec76bc - test::run_test::{{closure}}::h858d3528838ae3e5
[INFO] [stdout]                                at /rustc/1b7dd2252b99671ce5d1cb9664c5f8636329436d/library/test/src/lib.rs:646:30
[INFO] [stdout]   26:     0x5650cdec76bc - core::ops::function::FnOnce::call_once{{vtable.shim}}::he8ac2b00f01ae79e
[INFO] [stdout]                                at /rustc/1b7dd2252b99671ce5d1cb9664c5f8636329436d/library/core/src/ops/function.rs:250:5
[INFO] [stdout]   27:     0x5650cdef8fa6 - <alloc::boxed::Box<F,A> as core::ops::function::FnOnce<Args>>::call_once::h8093d25b522725ef
[INFO] [stdout]                                at /rustc/1b7dd2252b99671ce5d1cb9664c5f8636329436d/library/alloc/src/boxed.rs:1973:9
[INFO] [stdout]   28:     0x5650cdef8fa6 - <core::panic::unwind_safe::AssertUnwindSafe<F> as core::ops::function::FnOnce<()>>::call_once::h5c334c204e4a3913
[INFO] [stdout]                                at /rustc/1b7dd2252b99671ce5d1cb9664c5f8636329436d/library/core/src/panic/unwind_safe.rs:271:9
[INFO] [stdout]   29:     0x5650cdef8fa6 - std::panicking::try::do_call::ha8b740c7b9478074
[INFO] [stdout]                                at /rustc/1b7dd2252b99671ce5d1cb9664c5f8636329436d/library/std/src/panicking.rs:485:40
[INFO] [stdout]   30:     0x5650cdef8fa6 - std::panicking::try::h5d34f63d0e41b64e
[INFO] [stdout]                                at /rustc/1b7dd2252b99671ce5d1cb9664c5f8636329436d/library/std/src/panicking.rs:449:19
[INFO] [stdout]   31:     0x5650cdef8fa6 - std::panic::catch_unwind::hcfbb511e1aa7fc67
[INFO] [stdout]                                at /rustc/1b7dd2252b99671ce5d1cb9664c5f8636329436d/library/std/src/panic.rs:140:14
[INFO] [stdout]   32:     0x5650cdef8fa6 - test::run_test_in_process::h9abda90f802eaf21
[INFO] [stdout]                                at /rustc/1b7dd2252b99671ce5d1cb9664c5f8636329436d/library/test/src/lib.rs:678:27
[INFO] [stdout]   33:     0x5650cdef8fa6 - test::run_test::run_test_inner::{{closure}}::h0f058de91f6c6edf
[INFO] [stdout]                                at /rustc/1b7dd2252b99671ce5d1cb9664c5f8636329436d/library/test/src/lib.rs:572:39
[INFO] [stdout]   34:     0x5650cdec1ec5 - test::run_test::run_test_inner::{{closure}}::h5ca48a4c59c6c1fb
[INFO] [stdout]                                at /rustc/1b7dd2252b99671ce5d1cb9664c5f8636329436d/library/test/src/lib.rs:599:37
[INFO] [stdout]   35:     0x5650cdec1ec5 - std::sys_common::backtrace::__rust_begin_short_backtrace::h32bd51e1495d4a33
[INFO] [stdout]                                at /rustc/1b7dd2252b99671ce5d1cb9664c5f8636329436d/library/std/src/sys_common/backtrace.rs:134:18
[INFO] [stdout]   36:     0x5650cdec7401 - std::thread::Builder::spawn_unchecked_::{{closure}}::{{closure}}::hc086fae9b128b2db
[INFO] [stdout]                                at /rustc/1b7dd2252b99671ce5d1cb9664c5f8636329436d/library/std/src/thread/mod.rs:526:17
[INFO] [stdout]   37:     0x5650cdec7401 - <core::panic::unwind_safe::AssertUnwindSafe<F> as core::ops::function::FnOnce<()>>::call_once::hb66571888d270d43
[INFO] [stdout]                                at /rustc/1b7dd2252b99671ce5d1cb9664c5f8636329436d/library/core/src/panic/unwind_safe.rs:271:9
[INFO] [stdout]   38:     0x5650cdec7401 - std::panicking::try::do_call::h4fa2ef4f6e51fecf
[INFO] [stdout]                                at /rustc/1b7dd2252b99671ce5d1cb9664c5f8636329436d/library/std/src/panicking.rs:485:40
[INFO] [stdout]   39:     0x5650cdec7401 - std::panicking::try::h1e9e22b8584489b5
[INFO] [stdout]                                at /rustc/1b7dd2252b99671ce5d1cb9664c5f8636329436d/library/std/src/panicking.rs:449:19
[INFO] [stdout]   40:     0x5650cdec7401 - std::panic::catch_unwind::h44698a3de0e0769e
[INFO] [stdout]                                at /rustc/1b7dd2252b99671ce5d1cb9664c5f8636329436d/library/std/src/panic.rs:140:14
[INFO] [stdout]   41:     0x5650cdec7401 - std::thread::Builder::spawn_unchecked_::{{closure}}::h50153abde3fe239e
[INFO] [stdout]                                at /rustc/1b7dd2252b99671ce5d1cb9664c5f8636329436d/library/std/src/thread/mod.rs:525:30
[INFO] [stdout]   42:     0x5650cdec7401 - core::ops::function::FnOnce::call_once{{vtable.shim}}::hbe5bbf6f38394364
[INFO] [stdout]                                at /rustc/1b7dd2252b99671ce5d1cb9664c5f8636329436d/library/core/src/ops/function.rs:250:5
[INFO] [stdout]   43:     0x5650cdf36835 - <alloc::boxed::Box<F,A> as core::ops::function::FnOnce<Args>>::call_once::h0d83cb2920a49046
[INFO] [stdout]                                at /rustc/1b7dd2252b99671ce5d1cb9664c5f8636329436d/library/alloc/src/boxed.rs:1973:9
[INFO] [stdout]   44:     0x5650cdf36835 - <alloc::boxed::Box<F,A> as core::ops::function::FnOnce<Args>>::call_once::hbe0a008aa7d9ef59
[INFO] [stdout]                                at /rustc/1b7dd2252b99671ce5d1cb9664c5f8636329436d/library/alloc/src/boxed.rs:1973:9
[INFO] [stdout]   45:     0x5650cdf36835 - std::sys::unix::thread::Thread::new::thread_start::h3a466996bdf6b1f9
[INFO] [stdout]                                at /rustc/1b7dd2252b99671ce5d1cb9664c5f8636329436d/library/std/src/sys/unix/thread.rs:108:17
[INFO] [stdout]   46:     0x7f742f449b43 - <unknown>
[INFO] [stdout]   47:     0x7f742f4dabb4 - __clone
[INFO] [stdout]   48:                0x0 - <unknown>
[INFO] [stdout] 
[INFO] [stdout] 
[INFO] [stdout] failures:
[INFO] [stdout]     websocket_frame::tests::test_short_masked_text_frame
[INFO] [stdout] 
[INFO] [stdout] test result: FAILED. 10 passed; 1 failed; 0 ignored; 0 measured; 0 filtered out; finished in 0.05s
[INFO] [stdout] 
[INFO] running `Command { std: "docker" "inspect" "7040855fce0ceee80d58f21f77145512c194ee735d2da2e307eb6bd991885ede", kill_on_drop: false }`
[INFO] running `Command { std: "docker" "rm" "-f" "7040855fce0ceee80d58f21f77145512c194ee735d2da2e307eb6bd991885ede", kill_on_drop: false }`
[INFO] [stdout] 7040855fce0ceee80d58f21f77145512c194ee735d2da2e307eb6bd991885ede
