[INFO] fetching crate binance-pay-rs 0.3.2...
[INFO] testing binance-pay-rs-0.3.2 against beta-2023-04-20 for beta-1.70-1
[INFO] extracting crate binance-pay-rs 0.3.2 into /workspace/builds/worker-1-tc2/source
[INFO] validating manifest of crates.io crate binance-pay-rs 0.3.2 on toolchain beta-2023-04-20
[INFO] running `Command { std: CARGO_HOME="/workspace/cargo-home" RUSTUP_HOME="/workspace/rustup-home" "/workspace/cargo-home/bin/cargo" "+beta-2023-04-20" "metadata" "--manifest-path" "Cargo.toml" "--no-deps", kill_on_drop: false }`
[INFO] started tweaking crates.io crate binance-pay-rs 0.3.2
[INFO] finished tweaking crates.io crate binance-pay-rs 0.3.2
[INFO] tweaked toml for crates.io crate binance-pay-rs 0.3.2 written to /workspace/builds/worker-1-tc2/source/Cargo.toml
[INFO] crate crates.io crate binance-pay-rs 0.3.2 already has a lockfile, it will not be regenerated
[INFO] running `Command { std: CARGO_HOME="/workspace/cargo-home" RUSTUP_HOME="/workspace/rustup-home" "/workspace/cargo-home/bin/cargo" "+beta-2023-04-20" "fetch" "--manifest-path" "Cargo.toml", kill_on_drop: false }`
[INFO] [stderr]     Updating crates.io index
[INFO] [stderr]  Downloading crates ...
[INFO] [stderr]   Downloaded tower-layer v0.3.1
[INFO] [stderr]   Downloaded mio v0.8.2
[INFO] [stderr]   Downloaded time v0.3.9
[INFO] [stderr]   Downloaded syn v1.0.92
[INFO] [stderr]   Downloaded libc v0.2.125
[INFO] [stderr]   Downloaded axum-core v0.2.4
[INFO] [stderr]   Downloaded tower-http v0.3.3
[INFO] [stderr]   Downloaded rsa-der v0.3.0
[INFO] [stderr]   Downloaded async-trait v0.1.53
[INFO] [stderr]   Downloaded matchit v0.5.0
[INFO] [stderr]   Downloaded axum v0.5.4
[INFO] [stderr]   Downloaded mockito v0.31.0
[INFO] [stderr]   Downloaded tokio v1.18.0
[INFO] [stderr]   Downloaded tokio-util v0.7.1
[INFO] [stderr]   Downloaded http-range-header v0.3.0
[INFO] [stderr]   Downloaded quickcheck v1.0.3
[INFO] [stderr]   Downloaded tower v0.4.12
[INFO] [stderr]   Downloaded serde_json v1.0.80
[INFO] [stderr]   Downloaded simple_asn1 v0.6.1
[INFO] [stderr]   Downloaded tracing-attributes v0.1.21
[INFO] [stderr]   Downloaded sync_wrapper v0.1.1
[INFO] [stderr]   Downloaded assert-json-diff v2.0.1
[INFO] [stderr]   Downloaded similar v2.1.0
[INFO] [stderr]   Downloaded regex v1.5.5
[INFO] [stderr]   Downloaded indexmap v1.8.1
[INFO] [stderr]   Downloaded http v0.2.7
[INFO] [stderr]   Downloaded hyper v0.14.18
[INFO] [stderr]   Downloaded wasm-bindgen-futures v0.4.30
[INFO] [stderr]   Downloaded reqwest v0.11.10
[INFO] running `Command { std: "docker" "create" "-v" "/var/lib/crater-agent-workspace/builds/worker-1-tc2/target:/opt/rustwide/target:rw,Z" "-v" "/var/lib/crater-agent-workspace/builds/worker-1-tc2/source:/opt/rustwide/workdir:ro,Z" "-v" "/var/lib/crater-agent-workspace/cargo-home:/opt/rustwide/cargo-home:ro,Z" "-v" "/var/lib/crater-agent-workspace/rustup-home:/opt/rustwide/rustup-home:ro,Z" "-e" "SOURCE_DIR=/opt/rustwide/workdir" "-e" "CARGO_TARGET_DIR=/opt/rustwide/target" "-e" "CARGO_HOME=/opt/rustwide/cargo-home" "-e" "RUSTUP_HOME=/opt/rustwide/rustup-home" "-w" "/opt/rustwide/workdir" "-m" "1610612736" "--user" "0:0" "--network" "none" "ghcr.io/rust-lang/crates-build-env/linux@sha256:5ff2268d62e97bff2cde7d5815dd6ed5b47097566f13b8d0ca110b04b60e07ed" "/opt/rustwide/cargo-home/bin/cargo" "+beta-2023-04-20" "metadata" "--no-deps" "--format-version=1", kill_on_drop: false }`
[INFO] [stdout] 6ab620ce6a15f99589e0072709934523386c0e27827cb413bfdd2bd81dc7e57b
[INFO] running `Command { std: "docker" "start" "-a" "6ab620ce6a15f99589e0072709934523386c0e27827cb413bfdd2bd81dc7e57b", kill_on_drop: false }`
[INFO] running `Command { std: "docker" "inspect" "6ab620ce6a15f99589e0072709934523386c0e27827cb413bfdd2bd81dc7e57b", kill_on_drop: false }`
[INFO] running `Command { std: "docker" "rm" "-f" "6ab620ce6a15f99589e0072709934523386c0e27827cb413bfdd2bd81dc7e57b", kill_on_drop: false }`
[INFO] [stdout] 6ab620ce6a15f99589e0072709934523386c0e27827cb413bfdd2bd81dc7e57b
[INFO] running `Command { std: "docker" "create" "-v" "/var/lib/crater-agent-workspace/builds/worker-1-tc2/target:/opt/rustwide/target:rw,Z" "-v" "/var/lib/crater-agent-workspace/builds/worker-1-tc2/source:/opt/rustwide/workdir:ro,Z" "-v" "/var/lib/crater-agent-workspace/cargo-home:/opt/rustwide/cargo-home:ro,Z" "-v" "/var/lib/crater-agent-workspace/rustup-home:/opt/rustwide/rustup-home:ro,Z" "-e" "SOURCE_DIR=/opt/rustwide/workdir" "-e" "CARGO_TARGET_DIR=/opt/rustwide/target" "-e" "CARGO_INCREMENTAL=0" "-e" "RUST_BACKTRACE=full" "-e" "RUSTFLAGS=--cap-lints=warn" "-e" "RUSTDOCFLAGS=--cap-lints=warn" "-e" "CARGO_HOME=/opt/rustwide/cargo-home" "-e" "RUSTUP_HOME=/opt/rustwide/rustup-home" "-w" "/opt/rustwide/workdir" "-m" "1610612736" "--user" "0:0" "--network" "none" "ghcr.io/rust-lang/crates-build-env/linux@sha256:5ff2268d62e97bff2cde7d5815dd6ed5b47097566f13b8d0ca110b04b60e07ed" "/opt/rustwide/cargo-home/bin/cargo" "+beta-2023-04-20" "build" "--frozen" "--message-format=json", kill_on_drop: false }`
[INFO] [stdout] 55a8b8880d47260733274597e3ae7bdb4302efe50170e09b444ab1b6fe7e21dd
[INFO] running `Command { std: "docker" "start" "-a" "55a8b8880d47260733274597e3ae7bdb4302efe50170e09b444ab1b6fe7e21dd", kill_on_drop: false }`
[INFO] [stderr]    Compiling libc v0.2.125
[INFO] [stderr]    Compiling autocfg v1.1.0
[INFO] [stderr]    Compiling proc-macro2 v1.0.37
[INFO] [stderr]    Compiling cfg-if v1.0.0
[INFO] [stderr]    Compiling unicode-xid v0.2.2
[INFO] [stderr]    Compiling syn v1.0.92
[INFO] [stderr]    Compiling log v0.4.16
[INFO] [stderr]    Compiling memchr v2.5.0
[INFO] [stderr]    Compiling itoa v1.0.1
[INFO] [stderr]    Compiling cc v1.0.73
[INFO] [stderr]    Compiling pin-project-lite v0.2.9
[INFO] [stderr]    Compiling pkg-config v0.3.25
[INFO] [stderr]    Compiling once_cell v1.10.0
[INFO] [stderr]    Compiling futures-core v0.3.21
[INFO] [stderr]    Compiling bytes v1.1.0
[INFO] [stderr]    Compiling lazy_static v1.4.0
[INFO] [stderr]    Compiling serde_derive v1.0.137
[INFO] [stderr]    Compiling futures-task v0.3.21
[INFO] [stderr]    Compiling serde v1.0.137
[INFO] [stderr]    Compiling ppv-lite86 v0.2.16
[INFO] [stderr]    Compiling tracing-core v0.1.26
[INFO] [stderr]    Compiling httparse v1.7.1
[INFO] [stderr]    Compiling openssl v0.10.38
[INFO] [stderr]    Compiling futures-util v0.3.21
[INFO] [stderr]    Compiling matches v0.1.9
[INFO] [stderr]    Compiling fnv v1.0.7
[INFO] [stderr]    Compiling num-traits v0.2.15
[INFO] [stderr]    Compiling indexmap v1.8.1
[INFO] [stderr]    Compiling foreign-types-shared v0.1.1
[INFO] [stderr]    Compiling http v0.2.7
[INFO] [stderr]    Compiling num-integer v0.1.45
[INFO] [stderr]    Compiling foreign-types v0.3.2
[INFO] [stderr]    Compiling tinyvec_macros v0.1.0
[INFO] [stderr]    Compiling serde_json v1.0.80
[INFO] [stderr]    Compiling native-tls v0.2.10
[INFO] [stderr]    Compiling hashbrown v0.11.2
[INFO] [stderr]    Compiling percent-encoding v2.1.0
[INFO] [stderr]    Compiling futures-channel v0.3.21
[INFO] [stderr]    Compiling pin-utils v0.1.0
[INFO] [stderr]    Compiling ryu v1.0.9
[INFO] [stderr]    Compiling bitflags v1.3.2
[INFO] [stderr]    Compiling futures-sink v0.3.21
[INFO] [stderr]    Compiling quote v1.0.18
[INFO] [stderr]    Compiling aho-corasick v0.7.18
[INFO] [stderr]    Compiling form_urlencoded v1.0.1
[INFO] [stderr]    Compiling tinyvec v1.6.0
[INFO] [stderr]    Compiling num-bigint v0.4.3
[INFO] [stderr]    Compiling regex-syntax v0.6.25
[INFO] [stderr]    Compiling openssl-probe v0.1.5
[INFO] [stderr]    Compiling getrandom v0.2.6
[INFO] [stderr]    Compiling num_cpus v1.13.1
[INFO] [stderr]    Compiling mio v0.8.2
[INFO] [stderr]    Compiling socket2 v0.4.4
[INFO] [stderr]    Compiling openssl-sys v0.9.72
[INFO] [stderr]    Compiling rand_core v0.6.3
[INFO] [stderr]    Compiling atty v0.2.14
[INFO] [stderr]    Compiling try-lock v0.2.3
[INFO] [stderr]    Compiling slab v0.4.6
[INFO] [stderr]    Compiling want v0.3.0
[INFO] [stderr]    Compiling rand_chacha v0.3.1
[INFO] [stderr]    Compiling http-body v0.4.4
[INFO] [stderr]    Compiling unicode-bidi v0.3.8
[INFO] [stderr]    Compiling time-macros v0.2.4
[INFO] [stderr]    Compiling encoding_rs v0.8.31
[INFO] [stderr]    Compiling quick-error v1.2.3
[INFO] [stderr]    Compiling num_threads v0.1.6
[INFO] [stderr]    Compiling rand v0.8.5
[INFO] [stderr]    Compiling httpdate v1.0.2
[INFO] [stderr]    Compiling tower-service v0.3.1
[INFO] [stderr]    Compiling humantime v1.3.0
[INFO] [stderr]    Compiling ring v0.16.20
[INFO] [stderr]    Compiling termcolor v1.1.3
[INFO] [stderr]    Compiling unicode-normalization v0.1.19
[INFO] [stderr]    Compiling async-trait v0.1.53
[INFO] [stderr]    Compiling colored v2.0.0
[INFO] [stderr]    Compiling mime v0.3.16
[INFO] [stderr]    Compiling ipnet v2.5.0
[INFO] [stderr]    Compiling untrusted v0.7.1
[INFO] [stderr]    Compiling similar v2.1.0
[INFO] [stderr]    Compiling base64 v0.13.0
[INFO] [stderr]    Compiling spin v0.5.2
[INFO] [stderr]    Compiling hex v0.4.3
[INFO] [stderr]    Compiling idna v0.2.3
[INFO] [stderr]    Compiling quickcheck v1.0.3
[INFO] [stderr]    Compiling url v2.2.2
[INFO] [stderr]    Compiling regex v1.5.5
[INFO] [stderr]    Compiling time v0.3.9
[INFO] [stderr]    Compiling env_logger v0.7.1
[INFO] [stderr]    Compiling pretty_env_logger v0.4.0
[INFO] [stderr]    Compiling tokio-macros v1.7.0
[INFO] [stderr]    Compiling tracing-attributes v0.1.21
[INFO] [stderr]    Compiling thiserror-impl v1.0.31
[INFO] [stderr]    Compiling tokio v1.18.0
[INFO] [stderr]    Compiling tracing v0.1.34
[INFO] [stderr]    Compiling thiserror v1.0.31
[INFO] [stderr]    Compiling simple_asn1 v0.6.1
[INFO] [stderr]    Compiling rsa-der v0.3.0
[INFO] [stderr]    Compiling tokio-util v0.7.1
[INFO] [stderr]    Compiling tokio-native-tls v0.3.0
[INFO] [stderr]    Compiling h2 v0.3.13
[INFO] [stderr]    Compiling serde_urlencoded v0.7.1
[INFO] [stderr]    Compiling hyper v0.14.18
[INFO] [stderr]    Compiling assert-json-diff v2.0.1
[INFO] [stderr]    Compiling mockito v0.31.0
[INFO] [stderr]    Compiling hyper-tls v0.5.0
[INFO] [stderr]    Compiling reqwest v0.11.10
[INFO] [stderr]    Compiling binance-pay-rs v0.3.2 (/opt/rustwide/workdir)
[INFO] [stderr]     Finished dev [unoptimized + debuginfo] target(s) in 1m 05s
[INFO] running `Command { std: "docker" "inspect" "55a8b8880d47260733274597e3ae7bdb4302efe50170e09b444ab1b6fe7e21dd", kill_on_drop: false }`
[INFO] running `Command { std: "docker" "rm" "-f" "55a8b8880d47260733274597e3ae7bdb4302efe50170e09b444ab1b6fe7e21dd", kill_on_drop: false }`
[INFO] [stdout] 55a8b8880d47260733274597e3ae7bdb4302efe50170e09b444ab1b6fe7e21dd
[INFO] running `Command { std: "docker" "create" "-v" "/var/lib/crater-agent-workspace/builds/worker-1-tc2/target:/opt/rustwide/target:rw,Z" "-v" "/var/lib/crater-agent-workspace/builds/worker-1-tc2/source:/opt/rustwide/workdir:ro,Z" "-v" "/var/lib/crater-agent-workspace/cargo-home:/opt/rustwide/cargo-home:ro,Z" "-v" "/var/lib/crater-agent-workspace/rustup-home:/opt/rustwide/rustup-home:ro,Z" "-e" "SOURCE_DIR=/opt/rustwide/workdir" "-e" "CARGO_TARGET_DIR=/opt/rustwide/target" "-e" "CARGO_INCREMENTAL=0" "-e" "RUST_BACKTRACE=full" "-e" "RUSTFLAGS=--cap-lints=warn" "-e" "RUSTDOCFLAGS=--cap-lints=warn" "-e" "CARGO_HOME=/opt/rustwide/cargo-home" "-e" "RUSTUP_HOME=/opt/rustwide/rustup-home" "-w" "/opt/rustwide/workdir" "-m" "1610612736" "--user" "0:0" "--network" "none" "ghcr.io/rust-lang/crates-build-env/linux@sha256:5ff2268d62e97bff2cde7d5815dd6ed5b47097566f13b8d0ca110b04b60e07ed" "/opt/rustwide/cargo-home/bin/cargo" "+beta-2023-04-20" "test" "--frozen" "--no-run" "--message-format=json", kill_on_drop: false }`
[INFO] [stdout] b978f55ee5334975a270be9ea163dd4637a43fd06a7e95d931dec42cc5a4f753
[INFO] running `Command { std: "docker" "start" "-a" "b978f55ee5334975a270be9ea163dd4637a43fd06a7e95d931dec42cc5a4f753", kill_on_drop: false }`
[INFO] [stderr]     Blocking waiting for file lock on package cache
[INFO] [stderr]    Compiling futures-task v0.3.21
[INFO] [stderr]    Compiling futures-util v0.3.21
[INFO] [stderr]    Compiling serde_json v1.0.80
[INFO] [stderr]    Compiling tokio v1.18.0
[INFO] [stderr]    Compiling tracing v0.1.34
[INFO] [stderr]    Compiling pin-project-internal v1.0.10
[INFO] [stderr]    Compiling tower-layer v0.3.1
[INFO] [stderr]    Compiling http-range-header v0.3.0
[INFO] [stderr]    Compiling sync_wrapper v0.1.1
[INFO] [stderr]    Compiling matchit v0.5.0
[INFO] [stderr]    Compiling pin-project v1.0.10
[INFO] [stderr]    Compiling assert-json-diff v2.0.1
[INFO] [stderr]    Compiling mockito v0.31.0
[INFO] [stderr]    Compiling axum-core v0.2.4
[INFO] [stderr]    Compiling tokio-util v0.7.1
[INFO] [stderr]    Compiling tokio-native-tls v0.3.0
[INFO] [stderr]    Compiling h2 v0.3.13
[INFO] [stderr]    Compiling tower v0.4.12
[INFO] [stderr]    Compiling tower-http v0.3.3
[INFO] [stderr]    Compiling hyper v0.14.18
[INFO] [stderr]    Compiling hyper-tls v0.5.0
[INFO] [stderr]    Compiling axum v0.5.4
[INFO] [stderr]    Compiling reqwest v0.11.10
[INFO] [stderr]    Compiling binance-pay-rs v0.3.2 (/opt/rustwide/workdir)
[INFO] [stderr]     Finished test [unoptimized + debuginfo] target(s) in 42.82s
[INFO] running `Command { std: "docker" "inspect" "b978f55ee5334975a270be9ea163dd4637a43fd06a7e95d931dec42cc5a4f753", kill_on_drop: false }`
[INFO] running `Command { std: "docker" "rm" "-f" "b978f55ee5334975a270be9ea163dd4637a43fd06a7e95d931dec42cc5a4f753", kill_on_drop: false }`
[INFO] [stdout] b978f55ee5334975a270be9ea163dd4637a43fd06a7e95d931dec42cc5a4f753
[INFO] running `Command { std: "docker" "create" "-v" "/var/lib/crater-agent-workspace/builds/worker-1-tc2/target:/opt/rustwide/target:rw,Z" "-v" "/var/lib/crater-agent-workspace/builds/worker-1-tc2/source:/opt/rustwide/workdir:ro,Z" "-v" "/var/lib/crater-agent-workspace/cargo-home:/opt/rustwide/cargo-home:ro,Z" "-v" "/var/lib/crater-agent-workspace/rustup-home:/opt/rustwide/rustup-home:ro,Z" "-e" "SOURCE_DIR=/opt/rustwide/workdir" "-e" "CARGO_TARGET_DIR=/opt/rustwide/target" "-e" "CARGO_INCREMENTAL=0" "-e" "RUST_BACKTRACE=full" "-e" "RUSTFLAGS=--cap-lints=warn" "-e" "RUSTDOCFLAGS=--cap-lints=warn" "-e" "CARGO_HOME=/opt/rustwide/cargo-home" "-e" "RUSTUP_HOME=/opt/rustwide/rustup-home" "-w" "/opt/rustwide/workdir" "-m" "1610612736" "--user" "0:0" "--network" "none" "ghcr.io/rust-lang/crates-build-env/linux@sha256:5ff2268d62e97bff2cde7d5815dd6ed5b47097566f13b8d0ca110b04b60e07ed" "/opt/rustwide/cargo-home/bin/cargo" "+beta-2023-04-20" "test" "--frozen", kill_on_drop: false }`
[INFO] [stdout] ef9dafb61e22740543dbff787319500fb98f7ac43faadd5dc63f288ce7c49c4e
[INFO] running `Command { std: "docker" "start" "-a" "ef9dafb61e22740543dbff787319500fb98f7ac43faadd5dc63f288ce7c49c4e", kill_on_drop: false }`
[INFO] [stderr]     Finished test [unoptimized + debuginfo] target(s) in 0.21s
[INFO] [stderr]      Running unittests src/lib.rs (/opt/rustwide/target/debug/deps/bpay-af186f9196b236cb)
[INFO] [stdout] 
[INFO] [stdout] running 29 tests
[INFO] [stdout] test c2b::order::close::tests::test_deserialize_close_order_result ... ok
[INFO] [stdout] test c2b::sub_merchant::create::tests::test_create_sub_merchant_result_deserialize ... ok
[INFO] [stdout] test c2b::transfer::initiate::tests::test_transfer_fund_result_deserialize_to_pay ... ok
[INFO] [stdout] test c2b::order::close::tests::test_serialize_close_order ... ok
[INFO] [stdout] test c2b::transfer::initiate::tests::test_transfer_fund_serialize ... ok
[INFO] [stdout] test c2b::payout::query::tests::test_payout_query_request_serialize ... ok
[INFO] [stdout] test c2b::refund::initiate::tests::test_refund_result_deserialize ... ok
[INFO] [stdout] test c2b::transfer::query::tests::test_query_transfer_request_serialize ... ok
[INFO] [stdout] test c2b::wallet_balance::query::tests::test_wallet_balance_serialize ... ok
[INFO] [stdout] test c2b::wallet_balance::query::tests::test_wallet_balance_deserialize ... ok
[INFO] [stdout] test c2b::transfer::query::tests::test_query_transfer_result_deserialize ... ok
[INFO] [stdout] test c2b::webhook::notification::batch_payout::tests::test_batch_payout_notification_serialize ... ok
[INFO] [stdout] test c2b::order::query::tests::test_query_order_serialization ... ok
[INFO] [stdout] test c2b::payout::query::tests::test_payout_query_result_deserialize ... ok
[INFO] [stdout] test c2b::payout::initiate::tests::test_batch_payout_serialize ... ok
[INFO] [stdout] test c2b::refund::initiate::tests::test_refund_order_serialize ... ok
[INFO] [stdout] test c2b::order::create::tests::test_deserialize_create_order_response ... ok
[INFO] [stdout] test c2b::refund::query::tests::test_query_refund_request_serialize ... ok
[INFO] [stdout] test c2b::sub_merchant::create::tests::test_create_sub_merchant_request_serialize ... ok
[INFO] [stdout] test c2b::refund::query::tests::test_query_refund_result_deserialize ... ok
[INFO] [stdout] test c2b::sub_merchant::create::tests::test_create_sub_merchant_result_2_serialize ... ok
[INFO] [stdout] test c2b::payout::initiate::tests::test_batch_payout_deserialize ... ok
[INFO] [stdout] test c2b::order::create::tests::test_serialize_create_order ... ok
[INFO] [stdout] test c2b::webhook::notification::tests::test_notification_from_str ... ok
[INFO] [stdout] test c2b::webhook::notification::tests::test_payout_notification_parsing ... ok
[INFO] [stdout] test c2b::order::query::tests::test_query_order_result_deserialization ... ok
[INFO] [stdout] test c2b::webhook::notification::tests::test_refund_notification_parsing ... ok
[INFO] [stdout] test c2b::webhook::verification::tests::check_signature_verification ... ok
[INFO] [stdout] test client::tests::check_signature_algo ... ok
[INFO] [stderr]    Doc-tests bpay
[INFO] [stdout] 
[INFO] [stdout] test result: ok. 29 passed; 0 failed; 0 ignored; 0 measured; 0 filtered out; finished in 0.05s
[INFO] [stdout] 
[INFO] [stdout] 
[INFO] [stdout] running 4 tests
[INFO] [stdout] test src/c2b/webhook/verification.rs - c2b::webhook::verification (line 2) - compile ... ok
[INFO] [stdout] test src/api.rs - api::Verifier (line 137) - compile ... ok
[INFO] [stdout] test src/c2b/webhook/notification.rs - c2b::webhook::notification (line 2) ... ok
[INFO] [stderr] error: doctest failed, to rerun pass `--doc`
[INFO] [stdout] test src/lib.rs - (line 18) ... FAILED
[INFO] [stdout] 
[INFO] [stdout] failures:
[INFO] [stdout] 
[INFO] [stdout] ---- src/lib.rs - (line 18) stdout ----
[INFO] [stdout] Test executable failed (exit status: 101).
[INFO] [stdout] 
[INFO] [stdout] stderr:
[INFO] [stdout] thread 'main' panicked at 'BINANCE_PAY_API_KEY env var not set.: NotPresent', src/client.rs:102:45
[INFO] [stdout] stack backtrace:
[INFO] [stdout]    0:     0x5574adddf81a - std::backtrace_rs::backtrace::libunwind::trace::h2f05d0192276a8f6
[INFO] [stdout]                                at /rustc/1b7dd2252b99671ce5d1cb9664c5f8636329436d/library/std/src/../../backtrace/src/backtrace/libunwind.rs:93:5
[INFO] [stdout]    1:     0x5574adddf81a - std::backtrace_rs::backtrace::trace_unsynchronized::hedc23dff7a1af150
[INFO] [stdout]                                at /rustc/1b7dd2252b99671ce5d1cb9664c5f8636329436d/library/std/src/../../backtrace/src/backtrace/mod.rs:66:5
[INFO] [stdout]    2:     0x5574adddf81a - std::sys_common::backtrace::_print_fmt::h17541ef7592f3ce2
[INFO] [stdout]                                at /rustc/1b7dd2252b99671ce5d1cb9664c5f8636329436d/library/std/src/sys_common/backtrace.rs:65:5
[INFO] [stdout]    3:     0x5574adddf81a - <std::sys_common::backtrace::_print::DisplayBacktrace as core::fmt::Display>::fmt::h20f75df5ab0c0792
[INFO] [stdout]                                at /rustc/1b7dd2252b99671ce5d1cb9664c5f8636329436d/library/std/src/sys_common/backtrace.rs:44:22
[INFO] [stdout]    4:     0x5574ade0392f - core::fmt::write::h78109e6f466b3af6
[INFO] [stdout]                                at /rustc/1b7dd2252b99671ce5d1cb9664c5f8636329436d/library/core/src/fmt/mod.rs:1254:17
[INFO] [stdout]    5:     0x5574adddc3c5 - std::io::Write::write_fmt::hc59e1b02dd273c8a
[INFO] [stdout]                                at /rustc/1b7dd2252b99671ce5d1cb9664c5f8636329436d/library/std/src/io/mod.rs:1698:15
[INFO] [stdout]    6:     0x5574adddf5e5 - std::sys_common::backtrace::_print::h8dac57a9f8fbf9a5
[INFO] [stdout]                                at /rustc/1b7dd2252b99671ce5d1cb9664c5f8636329436d/library/std/src/sys_common/backtrace.rs:47:5
[INFO] [stdout]    7:     0x5574adddf5e5 - std::sys_common::backtrace::print::hf9ecbf41d1aa712f
[INFO] [stdout]                                at /rustc/1b7dd2252b99671ce5d1cb9664c5f8636329436d/library/std/src/sys_common/backtrace.rs:34:9
[INFO] [stdout]    8:     0x5574adde0c8e - std::panicking::default_hook::{{closure}}::h04c07acfc84ca028
[INFO] [stdout]                                at /rustc/1b7dd2252b99671ce5d1cb9664c5f8636329436d/library/std/src/panicking.rs:269:22
[INFO] [stdout]    9:     0x5574adde0a35 - std::panicking::default_hook::h01f6bb23e1eceb2c
[INFO] [stdout]                                at /rustc/1b7dd2252b99671ce5d1cb9664c5f8636329436d/library/std/src/panicking.rs:288:9
[INFO] [stdout]   10:     0x5574adde11ee - std::panicking::rust_panic_with_hook::h2bb3722bbaf2f6df
[INFO] [stdout]                                at /rustc/1b7dd2252b99671ce5d1cb9664c5f8636329436d/library/std/src/panicking.rs:691:13
[INFO] [stdout]   11:     0x5574adde10e9 - std::panicking::begin_panic_handler::{{closure}}::h91bc7f36a4be011b
[INFO] [stdout]                                at /rustc/1b7dd2252b99671ce5d1cb9664c5f8636329436d/library/std/src/panicking.rs:582:13
[INFO] [stdout]   12:     0x5574adddfc86 - std::sys_common::backtrace::__rust_end_short_backtrace::h8b3d3717114f9e59
[INFO] [stdout]                                at /rustc/1b7dd2252b99671ce5d1cb9664c5f8636329436d/library/std/src/sys_common/backtrace.rs:150:18
[INFO] [stdout]   13:     0x5574adde0e42 - rust_begin_unwind
[INFO] [stdout]                                at /rustc/1b7dd2252b99671ce5d1cb9664c5f8636329436d/library/std/src/panicking.rs:578:5
[INFO] [stdout]   14:     0x5574ad6e6fa3 - core::panicking::panic_fmt::hfd368e3fbdabea26
[INFO] [stdout]                                at /rustc/1b7dd2252b99671ce5d1cb9664c5f8636329436d/library/core/src/panicking.rs:67:14
[INFO] [stdout]   15:     0x5574ad6e7543 - core::result::unwrap_failed::he54eb4b2f125b26f
[INFO] [stdout]                                at /rustc/1b7dd2252b99671ce5d1cb9664c5f8636329436d/library/core/src/result.rs:1687:5
[INFO] [stdout]   16:     0x5574ad8b1366 - core::result::Result<T,E>::expect::h319acf17ca053985
[INFO] [stdout]                                at /rustc/1b7dd2252b99671ce5d1cb9664c5f8636329436d/library/core/src/result.rs:1046:23
[INFO] [stdout]   17:     0x5574ad8b1cfb - bpay::client::Client::from_env::hc8053a5af3ebe524
[INFO] [stdout]                                at /opt/rustwide/workdir/src/client.rs:102:13
[INFO] [stdout]   18:     0x5574ad70527b - rust_out::main::{{closure}}::hf9287cfe9f817871
[INFO] [stdout]   19:     0x5574ad6fabba - tokio::park::thread::CachedParkThread::block_on::{{closure}}::heeb927977a044e88
[INFO] [stdout]   20:     0x5574ad6fa218 - tokio::coop::with_budget::{{closure}}::h68e128b6833d2c44
[INFO] [stdout]   21:     0x5574ad6f0cee - std::thread::local::LocalKey<T>::try_with::h8375952e49b5f934
[INFO] [stdout]   22:     0x5574ad6f09c6 - std::thread::local::LocalKey<T>::with::h378483cde557c4b5
[INFO] [stdout]   23:     0x5574ad6fa679 - tokio::park::thread::CachedParkThread::block_on::h41cad41446864a8c
[INFO] [stdout]   24:     0x5574ad6fcb9b - tokio::runtime::enter::Enter::block_on::h71ec70683d6768de
[INFO] [stdout]   25:     0x5574ad6fadc7 - tokio::runtime::thread_pool::ThreadPool::block_on::h1b983ad077c1e905
[INFO] [stdout]   26:     0x5574ad6fcce8 - tokio::runtime::Runtime::block_on::h1c8f50f913147c8c
[INFO] [stdout]   27:     0x5574ad704edc - rust_out::main::h2731449a68dfa004
[INFO] [stdout]   28:     0x5574ad6f5bc3 - core::ops::function::FnOnce::call_once::hd1715aa1b26fc35c
[INFO] [stdout]   29:     0x5574ad6f0956 - std::sys_common::backtrace::__rust_begin_short_backtrace::h8d2b4d09ce515535
[INFO] [stdout]   30:     0x5574ad6f09a9 - std::rt::lang_start::{{closure}}::hc9a918c63b0dc835
[INFO] [stdout]   31:     0x5574addd897e - core::ops::function::impls::<impl core::ops::function::FnOnce<A> for &F>::call_once::h2eb19b8ce4148df4
[INFO] [stdout]                                at /rustc/1b7dd2252b99671ce5d1cb9664c5f8636329436d/library/core/src/ops/function.rs:287:13
[INFO] [stdout]   32:     0x5574addd897e - std::panicking::try::do_call::h2e900feff5d504c5
[INFO] [stdout]                                at /rustc/1b7dd2252b99671ce5d1cb9664c5f8636329436d/library/std/src/panicking.rs:485:40
[INFO] [stdout]   33:     0x5574addd897e - std::panicking::try::h8854836cb85aa9f2
[INFO] [stdout]                                at /rustc/1b7dd2252b99671ce5d1cb9664c5f8636329436d/library/std/src/panicking.rs:449:19
[INFO] [stdout]   34:     0x5574addd897e - std::panic::catch_unwind::h706025dd4c48f64b
[INFO] [stdout]                                at /rustc/1b7dd2252b99671ce5d1cb9664c5f8636329436d/library/std/src/panic.rs:140:14
[INFO] [stdout]   35:     0x5574addd897e - std::rt::lang_start_internal::{{closure}}::h7be5b97f4a07a91a
[INFO] [stdout]                                at /rustc/1b7dd2252b99671ce5d1cb9664c5f8636329436d/library/std/src/rt.rs:148:48
[INFO] [stdout]   36:     0x5574addd897e - std::panicking::try::do_call::h59847e9d0a176965
[INFO] [stdout]                                at /rustc/1b7dd2252b99671ce5d1cb9664c5f8636329436d/library/std/src/panicking.rs:485:40
[INFO] [stdout]   37:     0x5574addd897e - std::panicking::try::h399a918ba8522823
[INFO] [stdout]                                at /rustc/1b7dd2252b99671ce5d1cb9664c5f8636329436d/library/std/src/panicking.rs:449:19
[INFO] [stdout]   38:     0x5574addd897e - std::panic::catch_unwind::hca7ca6c55b2a2e26
[INFO] [stdout]                                at /rustc/1b7dd2252b99671ce5d1cb9664c5f8636329436d/library/std/src/panic.rs:140:14
[INFO] [stdout]   39:     0x5574addd897e - std::rt::lang_start_internal::h2c807a81560459eb
[INFO] [stdout]                                at /rustc/1b7dd2252b99671ce5d1cb9664c5f8636329436d/library/std/src/rt.rs:148:20
[INFO] [stdout]   40:     0x5574ad6f0987 - std::rt::lang_start::hc4bd3329ce767e23
[INFO] [stdout]   41:     0x5574ad705865 - main
[INFO] [stdout]   42:     0x7f43eafb0d90 - <unknown>
[INFO] [stdout]   43:     0x7f43eafb0e40 - __libc_start_main
[INFO] [stdout]   44:     0x5574ad6e7725 - _start
[INFO] [stdout]   45:                0x0 - <unknown>
[INFO] [stdout] 
[INFO] [stdout] 
[INFO] [stdout] 
[INFO] [stdout] failures:
[INFO] [stdout]     src/lib.rs - (line 18)
[INFO] [stdout] 
[INFO] [stdout] test result: FAILED. 3 passed; 1 failed; 0 ignored; 0 measured; 0 filtered out; finished in 5.65s
[INFO] [stdout] 
[INFO] running `Command { std: "docker" "inspect" "ef9dafb61e22740543dbff787319500fb98f7ac43faadd5dc63f288ce7c49c4e", kill_on_drop: false }`
[INFO] running `Command { std: "docker" "rm" "-f" "ef9dafb61e22740543dbff787319500fb98f7ac43faadd5dc63f288ce7c49c4e", kill_on_drop: false }`
[INFO] [stdout] ef9dafb61e22740543dbff787319500fb98f7ac43faadd5dc63f288ce7c49c4e
