[INFO] fetching crate big_mac 0.1.7...
[INFO] testing big_mac-0.1.7 against beta-2023-04-20 for beta-1.70-1
[INFO] extracting crate big_mac 0.1.7 into /workspace/builds/worker-3-tc2/source
[INFO] validating manifest of crates.io crate big_mac 0.1.7 on toolchain beta-2023-04-20
[INFO] running `Command { std: CARGO_HOME="/workspace/cargo-home" RUSTUP_HOME="/workspace/rustup-home" "/workspace/cargo-home/bin/cargo" "+beta-2023-04-20" "metadata" "--manifest-path" "Cargo.toml" "--no-deps", kill_on_drop: false }`
[INFO] started tweaking crates.io crate big_mac 0.1.7
[INFO] finished tweaking crates.io crate big_mac 0.1.7
[INFO] tweaked toml for crates.io crate big_mac 0.1.7 written to /workspace/builds/worker-3-tc2/source/Cargo.toml
[INFO] running `Command { std: CARGO_HOME="/workspace/cargo-home" RUSTUP_HOME="/workspace/rustup-home" __CARGO_TEST_CHANNEL_OVERRIDE_DO_NOT_USE_THIS="nightly" "/workspace/cargo-home/bin/cargo" "+beta-2023-04-20" "generate-lockfile" "--manifest-path" "Cargo.toml" "-Zno-index-update", kill_on_drop: false }`
[INFO] running `Command { std: CARGO_HOME="/workspace/cargo-home" RUSTUP_HOME="/workspace/rustup-home" "/workspace/cargo-home/bin/cargo" "+beta-2023-04-20" "fetch" "--manifest-path" "Cargo.toml", kill_on_drop: false }`
[INFO] running `Command { std: "docker" "create" "-v" "/var/lib/crater-agent-workspace/builds/worker-3-tc2/target:/opt/rustwide/target:rw,Z" "-v" "/var/lib/crater-agent-workspace/builds/worker-3-tc2/source:/opt/rustwide/workdir:ro,Z" "-v" "/var/lib/crater-agent-workspace/cargo-home:/opt/rustwide/cargo-home:ro,Z" "-v" "/var/lib/crater-agent-workspace/rustup-home:/opt/rustwide/rustup-home:ro,Z" "-e" "SOURCE_DIR=/opt/rustwide/workdir" "-e" "CARGO_TARGET_DIR=/opt/rustwide/target" "-e" "CARGO_HOME=/opt/rustwide/cargo-home" "-e" "RUSTUP_HOME=/opt/rustwide/rustup-home" "-w" "/opt/rustwide/workdir" "-m" "1610612736" "--user" "0:0" "--network" "none" "ghcr.io/rust-lang/crates-build-env/linux@sha256:5ff2268d62e97bff2cde7d5815dd6ed5b47097566f13b8d0ca110b04b60e07ed" "/opt/rustwide/cargo-home/bin/cargo" "+beta-2023-04-20" "metadata" "--no-deps" "--format-version=1", kill_on_drop: false }`
[INFO] [stdout] cf3ae5c59fd0d0f463b2d7bfb4e49e5ccee5d51eb483b37808463864a84a8594
[INFO] running `Command { std: "docker" "start" "-a" "cf3ae5c59fd0d0f463b2d7bfb4e49e5ccee5d51eb483b37808463864a84a8594", kill_on_drop: false }`
[INFO] running `Command { std: "docker" "inspect" "cf3ae5c59fd0d0f463b2d7bfb4e49e5ccee5d51eb483b37808463864a84a8594", kill_on_drop: false }`
[INFO] running `Command { std: "docker" "rm" "-f" "cf3ae5c59fd0d0f463b2d7bfb4e49e5ccee5d51eb483b37808463864a84a8594", kill_on_drop: false }`
[INFO] [stdout] cf3ae5c59fd0d0f463b2d7bfb4e49e5ccee5d51eb483b37808463864a84a8594
[INFO] running `Command { std: "docker" "create" "-v" "/var/lib/crater-agent-workspace/builds/worker-3-tc2/target:/opt/rustwide/target:rw,Z" "-v" "/var/lib/crater-agent-workspace/builds/worker-3-tc2/source:/opt/rustwide/workdir:ro,Z" "-v" "/var/lib/crater-agent-workspace/cargo-home:/opt/rustwide/cargo-home:ro,Z" "-v" "/var/lib/crater-agent-workspace/rustup-home:/opt/rustwide/rustup-home:ro,Z" "-e" "SOURCE_DIR=/opt/rustwide/workdir" "-e" "CARGO_TARGET_DIR=/opt/rustwide/target" "-e" "CARGO_INCREMENTAL=0" "-e" "RUST_BACKTRACE=full" "-e" "RUSTFLAGS=--cap-lints=warn" "-e" "RUSTDOCFLAGS=--cap-lints=warn" "-e" "CARGO_HOME=/opt/rustwide/cargo-home" "-e" "RUSTUP_HOME=/opt/rustwide/rustup-home" "-w" "/opt/rustwide/workdir" "-m" "1610612736" "--user" "0:0" "--network" "none" "ghcr.io/rust-lang/crates-build-env/linux@sha256:5ff2268d62e97bff2cde7d5815dd6ed5b47097566f13b8d0ca110b04b60e07ed" "/opt/rustwide/cargo-home/bin/cargo" "+beta-2023-04-20" "build" "--frozen" "--message-format=json", kill_on_drop: false }`
[INFO] [stdout] 94ddf3437681eb05f4953dafb04de21e29277ef6f474273b92ea5408ca40ac6b
[INFO] running `Command { std: "docker" "start" "-a" "94ddf3437681eb05f4953dafb04de21e29277ef6f474273b92ea5408ca40ac6b", kill_on_drop: false }`
[INFO] [stderr]    Compiling big_mac v0.1.7 (/opt/rustwide/workdir)
[INFO] [stderr]     Finished dev [unoptimized + debuginfo] target(s) in 0.15s
[INFO] running `Command { std: "docker" "inspect" "94ddf3437681eb05f4953dafb04de21e29277ef6f474273b92ea5408ca40ac6b", kill_on_drop: false }`
[INFO] running `Command { std: "docker" "rm" "-f" "94ddf3437681eb05f4953dafb04de21e29277ef6f474273b92ea5408ca40ac6b", kill_on_drop: false }`
[INFO] [stdout] 94ddf3437681eb05f4953dafb04de21e29277ef6f474273b92ea5408ca40ac6b
[INFO] running `Command { std: "docker" "create" "-v" "/var/lib/crater-agent-workspace/builds/worker-3-tc2/target:/opt/rustwide/target:rw,Z" "-v" "/var/lib/crater-agent-workspace/builds/worker-3-tc2/source:/opt/rustwide/workdir:ro,Z" "-v" "/var/lib/crater-agent-workspace/cargo-home:/opt/rustwide/cargo-home:ro,Z" "-v" "/var/lib/crater-agent-workspace/rustup-home:/opt/rustwide/rustup-home:ro,Z" "-e" "SOURCE_DIR=/opt/rustwide/workdir" "-e" "CARGO_TARGET_DIR=/opt/rustwide/target" "-e" "CARGO_INCREMENTAL=0" "-e" "RUST_BACKTRACE=full" "-e" "RUSTFLAGS=--cap-lints=warn" "-e" "RUSTDOCFLAGS=--cap-lints=warn" "-e" "CARGO_HOME=/opt/rustwide/cargo-home" "-e" "RUSTUP_HOME=/opt/rustwide/rustup-home" "-w" "/opt/rustwide/workdir" "-m" "1610612736" "--user" "0:0" "--network" "none" "ghcr.io/rust-lang/crates-build-env/linux@sha256:5ff2268d62e97bff2cde7d5815dd6ed5b47097566f13b8d0ca110b04b60e07ed" "/opt/rustwide/cargo-home/bin/cargo" "+beta-2023-04-20" "test" "--frozen" "--no-run" "--message-format=json", kill_on_drop: false }`
[INFO] [stdout] ec54e678f7f3213dbdbbe7ce769c82b6c1332c65bdab2df639609dbec9f4e9fe
[INFO] running `Command { std: "docker" "start" "-a" "ec54e678f7f3213dbdbbe7ce769c82b6c1332c65bdab2df639609dbec9f4e9fe", kill_on_drop: false }`
[INFO] [stderr]    Compiling big_mac v0.1.7 (/opt/rustwide/workdir)
[INFO] [stderr]     Finished test [unoptimized + debuginfo] target(s) in 0.42s
[INFO] running `Command { std: "docker" "inspect" "ec54e678f7f3213dbdbbe7ce769c82b6c1332c65bdab2df639609dbec9f4e9fe", kill_on_drop: false }`
[INFO] running `Command { std: "docker" "rm" "-f" "ec54e678f7f3213dbdbbe7ce769c82b6c1332c65bdab2df639609dbec9f4e9fe", kill_on_drop: false }`
[INFO] [stdout] ec54e678f7f3213dbdbbe7ce769c82b6c1332c65bdab2df639609dbec9f4e9fe
[INFO] running `Command { std: "docker" "create" "-v" "/var/lib/crater-agent-workspace/builds/worker-3-tc2/target:/opt/rustwide/target:rw,Z" "-v" "/var/lib/crater-agent-workspace/builds/worker-3-tc2/source:/opt/rustwide/workdir:ro,Z" "-v" "/var/lib/crater-agent-workspace/cargo-home:/opt/rustwide/cargo-home:ro,Z" "-v" "/var/lib/crater-agent-workspace/rustup-home:/opt/rustwide/rustup-home:ro,Z" "-e" "SOURCE_DIR=/opt/rustwide/workdir" "-e" "CARGO_TARGET_DIR=/opt/rustwide/target" "-e" "CARGO_INCREMENTAL=0" "-e" "RUST_BACKTRACE=full" "-e" "RUSTFLAGS=--cap-lints=warn" "-e" "RUSTDOCFLAGS=--cap-lints=warn" "-e" "CARGO_HOME=/opt/rustwide/cargo-home" "-e" "RUSTUP_HOME=/opt/rustwide/rustup-home" "-w" "/opt/rustwide/workdir" "-m" "1610612736" "--user" "0:0" "--network" "none" "ghcr.io/rust-lang/crates-build-env/linux@sha256:5ff2268d62e97bff2cde7d5815dd6ed5b47097566f13b8d0ca110b04b60e07ed" "/opt/rustwide/cargo-home/bin/cargo" "+beta-2023-04-20" "test" "--frozen", kill_on_drop: false }`
[INFO] [stdout] deef229770739e0f90e20c03f8fb205d4a69eaa581aa1005fe97155e4406212d
[INFO] running `Command { std: "docker" "start" "-a" "deef229770739e0f90e20c03f8fb205d4a69eaa581aa1005fe97155e4406212d", kill_on_drop: false }`
[INFO] [stderr]     Finished test [unoptimized + debuginfo] target(s) in 0.00s
[INFO] [stderr]      Running unittests src/lib.rs (/opt/rustwide/target/debug/deps/big_mac-8fcc5031dce35ef6)
[INFO] [stderr]    Doc-tests big_mac
[INFO] [stdout] 
[INFO] [stdout] running 0 tests
[INFO] [stdout] 
[INFO] [stdout] test result: ok. 0 passed; 0 failed; 0 ignored; 0 measured; 0 filtered out; finished in 0.00s
[INFO] [stdout] 
[INFO] [stdout] 
[INFO] [stdout] running 4 tests
[INFO] [stdout] test src/lib.rs - (line 11) ... FAILED
[INFO] [stdout] test src/lib.rs - (line 71) ... FAILED
[INFO] [stdout] test src/lib.rs - (line 95) ... FAILED
[INFO] [stdout] test src/lib.rs - (line 53) ... FAILED
[INFO] [stdout] 
[INFO] [stdout] failures:
[INFO] [stdout] 
[INFO] [stdout] ---- src/lib.rs - (line 11) stdout ----
[INFO] [stdout] error: cannot find macro `branching_parser` in this scope
[INFO] [stdout]  --> src/lib.rs:12:1
[INFO] [stdout]   |
[INFO] [stdout] 3 | branching_parser!{
[INFO] [stdout]   | ^^^^^^^^^^^^^^^^
[INFO] [stdout]   |
[INFO] [stdout]   = help: consider importing this macro:
[INFO] [stdout]           big_mac::branching_parser
[INFO] [stdout] 
[INFO] [stdout] error: aborting due to previous error
[INFO] [stdout] 
[INFO] [stdout] Couldn't compile the test.
[INFO] [stdout] ---- src/lib.rs - (line 71) stdout ----
[INFO] [stdout] error: expected one of `!` or `[`, found `{`
[INFO] [stdout]  --> src/lib.rs:76:9
[INFO] [stdout]   |
[INFO] [stdout] 4 |     group
[INFO] [stdout]   |     ----- while parsing this struct
[INFO] [stdout] 5 |     {
[INFO] [stdout] 6 |         #
[INFO] [stdout]   |          - expected one of `!` or `[`
[INFO] [stdout] 7 |         {
[INFO] [stdout]   |         ^ unexpected token
[INFO] [stdout] 
[INFO] [stdout] error[E0422]: cannot find struct, variant or union type `group` in this scope
[INFO] [stdout]  --> src/lib.rs:73:5
[INFO] [stdout]   |
[INFO] [stdout] 4 |     group
[INFO] [stdout]   |     ^^^^^ not found in this scope
[INFO] [stdout] 
[INFO] [stdout] error: aborting due to 2 previous errors
[INFO] [stdout] 
[INFO] [stdout] For more information about this error, try `rustc --explain E0422`.
[INFO] [stdout] Couldn't compile the test.
[INFO] [stdout] ---- src/lib.rs - (line 95) stdout ----
[INFO] [stdout] error: expected one of `!` or `[`, found `{`
[INFO] [stdout]  --> src/lib.rs:100:9
[INFO] [stdout]   |
[INFO] [stdout] 4 |     orderby
[INFO] [stdout]   |     ------- while parsing this struct
[INFO] [stdout] 5 |     {
[INFO] [stdout] 6 |         #
[INFO] [stdout]   |          - expected one of `!` or `[`
[INFO] [stdout] 7 |         {}
[INFO] [stdout]   |         ^ unexpected token
[INFO] [stdout] 
[INFO] [stdout] error[E0422]: cannot find struct, variant or union type `orderby` in this scope
[INFO] [stdout]  --> src/lib.rs:97:5
[INFO] [stdout]   |
[INFO] [stdout] 4 |     orderby
[INFO] [stdout]   |     ^^^^^^^ not found in this scope
[INFO] [stdout] 
[INFO] [stdout] error: aborting due to 2 previous errors
[INFO] [stdout] 
[INFO] [stdout] For more information about this error, try `rustc --explain E0422`.
[INFO] [stdout] Couldn't compile the test.
[INFO] [stdout] ---- src/lib.rs - (line 53) stdout ----
[INFO] [stdout] error: expected one of `!` or `[`, found `{`
[INFO] [stdout]  --> src/lib.rs:58:9
[INFO] [stdout]   |
[INFO] [stdout] 4 |     select
[INFO] [stdout]   |     ------ while parsing this struct
[INFO] [stdout] 5 |     {
[INFO] [stdout] 6 |         #
[INFO] [stdout]   |          - expected one of `!` or `[`
[INFO] [stdout] 7 |         {}
[INFO] [stdout]   |         ^ unexpected token
[INFO] [stdout] 
[INFO] [stdout] error[E0422]: cannot find struct, variant or union type `select` in this scope
[INFO] [stdout]  --> src/lib.rs:55:5
[INFO] [stdout]   |
[INFO] [stdout] 4 |     select
[INFO] [stdout]   |     ^^^^^^ not found in this scope
[INFO] [stdout] 
[INFO] [stdout] error: aborting due to 2 previous errors
[INFO] [stdout] 
[INFO] [stdout] For more information about this error, try `rustc --explain E0422`.
[INFO] [stdout] Couldn't compile the test.
[INFO] [stdout] 
[INFO] [stdout] failures:
[INFO] [stdout]     src/lib.rs - (line 11)
[INFO] [stdout]     src/lib.rs - (line 53)
[INFO] [stdout]     src/lib.rs - (line 71)
[INFO] [stdout]     src/lib.rs - (line 95)
[INFO] [stdout] 
[INFO] [stdout] test result: FAILED. 0 passed; 4 failed; 0 ignored; 0 measured; 0 filtered out; finished in 0.11s
[INFO] [stdout] 
[INFO] [stderr] error: doctest failed, to rerun pass `--doc`
[INFO] running `Command { std: "docker" "inspect" "deef229770739e0f90e20c03f8fb205d4a69eaa581aa1005fe97155e4406212d", kill_on_drop: false }`
[INFO] running `Command { std: "docker" "rm" "-f" "deef229770739e0f90e20c03f8fb205d4a69eaa581aa1005fe97155e4406212d", kill_on_drop: false }`
[INFO] [stdout] deef229770739e0f90e20c03f8fb205d4a69eaa581aa1005fe97155e4406212d
