[INFO] fetching crate bgfx-rs 0.18.0...
[INFO] testing bgfx-rs-0.18.0 against 1.69.0 for beta-1.70-1
[INFO] extracting crate bgfx-rs 0.18.0 into /workspace/builds/worker-6-tc1/source
[INFO] validating manifest of crates.io crate bgfx-rs 0.18.0 on toolchain 1.69.0
[INFO] running `Command { std: CARGO_HOME="/workspace/cargo-home" RUSTUP_HOME="/workspace/rustup-home" "/workspace/cargo-home/bin/cargo" "+1.69.0" "metadata" "--manifest-path" "Cargo.toml" "--no-deps", kill_on_drop: false }`
[INFO] started tweaking crates.io crate bgfx-rs 0.18.0
[INFO] finished tweaking crates.io crate bgfx-rs 0.18.0
[INFO] tweaked toml for crates.io crate bgfx-rs 0.18.0 written to /workspace/builds/worker-6-tc1/source/Cargo.toml
[INFO] crate crates.io crate bgfx-rs 0.18.0 already has a lockfile, it will not be regenerated
[INFO] running `Command { std: CARGO_HOME="/workspace/cargo-home" RUSTUP_HOME="/workspace/rustup-home" "/workspace/cargo-home/bin/cargo" "+1.69.0" "fetch" "--manifest-path" "Cargo.toml", kill_on_drop: false }`
[INFO] [stderr]  Downloading crates ...
[INFO] [stderr]   Downloaded wayland-cursor v0.29.5
[INFO] [stderr]   Downloaded xcursor v0.3.4
[INFO] [stderr]   Downloaded wayland-sys v0.29.5
[INFO] [stderr]   Downloaded dlib v0.5.0
[INFO] [stderr]   Downloaded wayland-client v0.29.5
[INFO] [stderr]   Downloaded num_enum v0.5.10
[INFO] [stderr]   Downloaded num_enum_derive v0.5.10
[INFO] [stderr]   Downloaded toml_datetime v0.5.1
[INFO] [stderr]   Downloaded memmap2 v0.5.9
[INFO] [stderr]   Downloaded cmake v0.1.49
[INFO] [stderr]   Downloaded wayland-commons v0.29.5
[INFO] [stderr]   Downloaded proc-macro-crate v1.3.0
[INFO] [stderr]   Downloaded bytemuck v1.13.0
[INFO] [stderr]   Downloaded tiny-skia-path v0.8.3
[INFO] [stderr]   Downloaded calloop v0.10.5
[INFO] [stderr]   Downloaded sctk-adwaita v0.5.3
[INFO] [stderr]   Downloaded toml_edit v0.18.1
[INFO] [stderr]   Downloaded smithay-client-toolkit v0.16.0
[INFO] [stderr]   Downloaded wayland-protocols v0.29.5
[INFO] [stderr]   Downloaded nom8 v0.2.0
[INFO] [stderr]   Downloaded glfw v0.51.0
[INFO] [stderr]   Downloaded glam v0.15.2
[INFO] [stderr]   Downloaded tiny-skia v0.8.3
[INFO] [stderr]   Downloaded glfw-sys v4.0.0+3.3.5
[INFO] [stderr]   Downloaded winit v0.28.1
[INFO] [stderr]   Downloaded cfixed-string v1.0.0
[INFO] [stderr]   Downloaded bgfx-sys v0.12.0
[INFO] running `Command { std: "docker" "create" "-v" "/var/lib/crater-agent-workspace/builds/worker-6-tc1/target:/opt/rustwide/target:rw,Z" "-v" "/var/lib/crater-agent-workspace/builds/worker-6-tc1/source:/opt/rustwide/workdir:ro,Z" "-v" "/var/lib/crater-agent-workspace/cargo-home:/opt/rustwide/cargo-home:ro,Z" "-v" "/var/lib/crater-agent-workspace/rustup-home:/opt/rustwide/rustup-home:ro,Z" "-e" "SOURCE_DIR=/opt/rustwide/workdir" "-e" "CARGO_TARGET_DIR=/opt/rustwide/target" "-e" "CARGO_HOME=/opt/rustwide/cargo-home" "-e" "RUSTUP_HOME=/opt/rustwide/rustup-home" "-w" "/opt/rustwide/workdir" "-m" "1610612736" "--user" "0:0" "--network" "none" "ghcr.io/rust-lang/crates-build-env/linux@sha256:5ff2268d62e97bff2cde7d5815dd6ed5b47097566f13b8d0ca110b04b60e07ed" "/opt/rustwide/cargo-home/bin/cargo" "+1.69.0" "metadata" "--no-deps" "--format-version=1", kill_on_drop: false }`
[INFO] [stdout] 7e245b08d45259fb83c450a78c091cc161c2393282f7a06ee57402692cdca155
[INFO] running `Command { std: "docker" "start" "-a" "7e245b08d45259fb83c450a78c091cc161c2393282f7a06ee57402692cdca155", kill_on_drop: false }`
[INFO] running `Command { std: "docker" "inspect" "7e245b08d45259fb83c450a78c091cc161c2393282f7a06ee57402692cdca155", kill_on_drop: false }`
[INFO] running `Command { std: "docker" "rm" "-f" "7e245b08d45259fb83c450a78c091cc161c2393282f7a06ee57402692cdca155", kill_on_drop: false }`
[INFO] [stdout] 7e245b08d45259fb83c450a78c091cc161c2393282f7a06ee57402692cdca155
[INFO] running `Command { std: "docker" "create" "-v" "/var/lib/crater-agent-workspace/builds/worker-6-tc1/target:/opt/rustwide/target:rw,Z" "-v" "/var/lib/crater-agent-workspace/builds/worker-6-tc1/source:/opt/rustwide/workdir:ro,Z" "-v" "/var/lib/crater-agent-workspace/cargo-home:/opt/rustwide/cargo-home:ro,Z" "-v" "/var/lib/crater-agent-workspace/rustup-home:/opt/rustwide/rustup-home:ro,Z" "-e" "SOURCE_DIR=/opt/rustwide/workdir" "-e" "CARGO_TARGET_DIR=/opt/rustwide/target" "-e" "CARGO_INCREMENTAL=0" "-e" "RUST_BACKTRACE=full" "-e" "RUSTFLAGS=--cap-lints=warn" "-e" "RUSTDOCFLAGS=--cap-lints=warn" "-e" "CARGO_HOME=/opt/rustwide/cargo-home" "-e" "RUSTUP_HOME=/opt/rustwide/rustup-home" "-w" "/opt/rustwide/workdir" "-m" "1610612736" "--user" "0:0" "--network" "none" "ghcr.io/rust-lang/crates-build-env/linux@sha256:5ff2268d62e97bff2cde7d5815dd6ed5b47097566f13b8d0ca110b04b60e07ed" "/opt/rustwide/cargo-home/bin/cargo" "+1.69.0" "build" "--frozen" "--message-format=json", kill_on_drop: false }`
[INFO] [stdout] c30db9ea8fc34dfac56764ec8f0d752783e8c81b7a0286b6bbfcd38f915e1ba7
[INFO] running `Command { std: "docker" "start" "-a" "c30db9ea8fc34dfac56764ec8f0d752783e8c81b7a0286b6bbfcd38f915e1ba7", kill_on_drop: false }`
[INFO] [stderr]    Compiling libc v0.2.139
[INFO] [stderr]    Compiling cfixed-string v1.0.0
[INFO] [stderr]    Compiling jobserver v0.1.25
[INFO] [stderr]    Compiling cc v1.0.79
[INFO] [stderr]    Compiling bgfx-sys v0.12.0
[INFO] [stderr]    Compiling bgfx-rs v0.18.0 (/opt/rustwide/workdir)
[INFO] [stderr]     Finished dev [unoptimized + debuginfo] target(s) in 11.13s
[INFO] running `Command { std: "docker" "inspect" "c30db9ea8fc34dfac56764ec8f0d752783e8c81b7a0286b6bbfcd38f915e1ba7", kill_on_drop: false }`
[INFO] running `Command { std: "docker" "rm" "-f" "c30db9ea8fc34dfac56764ec8f0d752783e8c81b7a0286b6bbfcd38f915e1ba7", kill_on_drop: false }`
[INFO] [stdout] c30db9ea8fc34dfac56764ec8f0d752783e8c81b7a0286b6bbfcd38f915e1ba7
[INFO] running `Command { std: "docker" "create" "-v" "/var/lib/crater-agent-workspace/builds/worker-6-tc1/target:/opt/rustwide/target:rw,Z" "-v" "/var/lib/crater-agent-workspace/builds/worker-6-tc1/source:/opt/rustwide/workdir:ro,Z" "-v" "/var/lib/crater-agent-workspace/cargo-home:/opt/rustwide/cargo-home:ro,Z" "-v" "/var/lib/crater-agent-workspace/rustup-home:/opt/rustwide/rustup-home:ro,Z" "-e" "SOURCE_DIR=/opt/rustwide/workdir" "-e" "CARGO_TARGET_DIR=/opt/rustwide/target" "-e" "CARGO_INCREMENTAL=0" "-e" "RUST_BACKTRACE=full" "-e" "RUSTFLAGS=--cap-lints=warn" "-e" "RUSTDOCFLAGS=--cap-lints=warn" "-e" "CARGO_HOME=/opt/rustwide/cargo-home" "-e" "RUSTUP_HOME=/opt/rustwide/rustup-home" "-w" "/opt/rustwide/workdir" "-m" "1610612736" "--user" "0:0" "--network" "none" "ghcr.io/rust-lang/crates-build-env/linux@sha256:5ff2268d62e97bff2cde7d5815dd6ed5b47097566f13b8d0ca110b04b60e07ed" "/opt/rustwide/cargo-home/bin/cargo" "+1.69.0" "test" "--frozen" "--no-run" "--message-format=json", kill_on_drop: false }`
[INFO] [stdout] 371085b11f28b81808daaae67beba37d93e5d0c3078f04d3cd56f604faf0d8ce
[INFO] running `Command { std: "docker" "start" "-a" "371085b11f28b81808daaae67beba37d93e5d0c3078f04d3cd56f604faf0d8ce", kill_on_drop: false }`
[INFO] [stderr]    Compiling libc v0.2.139
[INFO] [stderr]    Compiling proc-macro2 v1.0.51
[INFO] [stderr]    Compiling unicode-ident v1.0.6
[INFO] [stderr]    Compiling quote v1.0.23
[INFO] [stderr]    Compiling pkg-config v0.3.26
[INFO] [stderr]    Compiling xml-rs v0.8.4
[INFO] [stderr]    Compiling syn v1.0.107
[INFO] [stderr]    Compiling memchr v2.5.0
[INFO] [stderr]    Compiling memoffset v0.6.5
[INFO] [stderr]    Compiling libloading v0.7.4
[INFO] [stderr]    Compiling crc32fast v1.3.2
[INFO] [stderr]    Compiling slotmap v1.0.6
[INFO] [stderr]    Compiling adler v1.0.2
[INFO] [stderr]    Compiling minimal-lexical v0.2.1
[INFO] [stderr]    Compiling thiserror v1.0.38
[INFO] [stderr]    Compiling scoped-tls v1.0.1
[INFO] [stderr]    Compiling downcast-rs v1.2.0
[INFO] [stderr]    Compiling strict-num v0.1.0
[INFO] [stderr]    Compiling dlib v0.5.0
[INFO] [stderr]    Compiling miniz_oxide v0.6.2
[INFO] [stderr]    Compiling vec_map v0.8.2
[INFO] [stderr]    Compiling bytemuck v1.13.0
[INFO] [stderr]    Compiling arrayref v0.3.6
[INFO] [stderr]    Compiling ttf-parser v0.18.1
[INFO] [stderr]    Compiling cfg_aliases v0.1.1
[INFO] [stderr]    Compiling cty v0.2.2
[INFO] [stderr]    Compiling ab_glyph_rasterizer v0.1.8
[INFO] [stderr]    Compiling arrayvec v0.7.2
[INFO] [stderr]    Compiling instant v0.1.12
[INFO] [stderr]    Compiling raw-window-handle v0.5.0
[INFO] [stderr]    Compiling glam v0.15.2
[INFO] [stderr]    Compiling flate2 v1.0.25
[INFO] [stderr]    Compiling tiny-skia-path v0.8.3
[INFO] [stderr]    Compiling wayland-sys v0.29.5
[INFO] [stderr]    Compiling smithay-client-toolkit v0.16.0
[INFO] [stderr]    Compiling x11-dl v2.21.0
[INFO] [stderr]    Compiling nom v7.1.3
[INFO] [stderr]    Compiling wayland-scanner v0.29.5
[INFO] [stderr]    Compiling png v0.17.7
[INFO] [stderr]    Compiling jobserver v0.1.25
[INFO] [stderr]    Compiling nix v0.24.3
[INFO] [stderr]    Compiling nix v0.25.1
[INFO] [stderr]    Compiling memmap2 v0.5.9
[INFO] [stderr]    Compiling mio v0.8.6
[INFO] [stderr]    Compiling cc v1.0.79
[INFO] [stderr]    Compiling tiny-skia v0.8.3
[INFO] [stderr]    Compiling cmake v0.1.49
[INFO] [stderr]    Compiling wayland-client v0.29.5
[INFO] [stderr]    Compiling wayland-protocols v0.29.5
[INFO] [stderr]    Compiling winit v0.28.1
[INFO] [stderr]    Compiling bgfx-sys v0.12.0
[INFO] [stderr]    Compiling owned_ttf_parser v0.18.1
[INFO] [stderr]    Compiling glfw-sys v4.0.0+3.3.5
[INFO] [stderr]    Compiling ab_glyph v0.2.20
[INFO] [stderr]    Compiling wayland-commons v0.29.5
[INFO] [stderr]    Compiling xcursor v0.3.4
[INFO] [stderr]    Compiling thiserror-impl v1.0.38
[INFO] [stderr]    Compiling wayland-cursor v0.29.5
[INFO] [stderr]    Compiling glfw v0.51.0
[INFO] [stderr]    Compiling calloop v0.10.5
[INFO] [stderr]    Compiling bgfx-rs v0.18.0 (/opt/rustwide/workdir)
[INFO] [stderr]    Compiling sctk-adwaita v0.5.3
[INFO] [stdout] warning: unused import: `WindowEvent`
[INFO] [stdout]  --> examples/windows.rs:4:33
[INFO] [stdout]   |
[INFO] [stdout] 4 | use glfw::{Action, Key, Window, WindowEvent};
[INFO] [stdout]   |                                 ^^^^^^^^^^^
[INFO] [stdout]   |
[INFO] [stdout]   = note: `#[warn(unused_imports)]` on by default
[INFO] [stdout] 
[INFO] [stdout] 
[INFO] [stdout] warning: 1 warning emitted
[INFO] [stdout] 
[INFO] [stdout] 
[INFO] [stderr]     Finished test [unoptimized + debuginfo] target(s) in 1m 05s
[INFO] running `Command { std: "docker" "inspect" "371085b11f28b81808daaae67beba37d93e5d0c3078f04d3cd56f604faf0d8ce", kill_on_drop: false }`
[INFO] running `Command { std: "docker" "rm" "-f" "371085b11f28b81808daaae67beba37d93e5d0c3078f04d3cd56f604faf0d8ce", kill_on_drop: false }`
[INFO] [stdout] 371085b11f28b81808daaae67beba37d93e5d0c3078f04d3cd56f604faf0d8ce
[INFO] running `Command { std: "docker" "create" "-v" "/var/lib/crater-agent-workspace/builds/worker-6-tc1/target:/opt/rustwide/target:rw,Z" "-v" "/var/lib/crater-agent-workspace/builds/worker-6-tc1/source:/opt/rustwide/workdir:ro,Z" "-v" "/var/lib/crater-agent-workspace/cargo-home:/opt/rustwide/cargo-home:ro,Z" "-v" "/var/lib/crater-agent-workspace/rustup-home:/opt/rustwide/rustup-home:ro,Z" "-e" "SOURCE_DIR=/opt/rustwide/workdir" "-e" "CARGO_TARGET_DIR=/opt/rustwide/target" "-e" "CARGO_INCREMENTAL=0" "-e" "RUST_BACKTRACE=full" "-e" "RUSTFLAGS=--cap-lints=warn" "-e" "RUSTDOCFLAGS=--cap-lints=warn" "-e" "CARGO_HOME=/opt/rustwide/cargo-home" "-e" "RUSTUP_HOME=/opt/rustwide/rustup-home" "-w" "/opt/rustwide/workdir" "-m" "1610612736" "--user" "0:0" "--network" "none" "ghcr.io/rust-lang/crates-build-env/linux@sha256:5ff2268d62e97bff2cde7d5815dd6ed5b47097566f13b8d0ca110b04b60e07ed" "/opt/rustwide/cargo-home/bin/cargo" "+1.69.0" "test" "--frozen", kill_on_drop: false }`
[INFO] [stdout] 007da279b92d477c82697a24a46dccd97457130187638e3143a9bd2b0bc7fe49
[INFO] running `Command { std: "docker" "start" "-a" "007da279b92d477c82697a24a46dccd97457130187638e3143a9bd2b0bc7fe49", kill_on_drop: false }`
[INFO] [stderr]     Blocking waiting for file lock on package cache
[INFO] [stdout] 
[INFO] [stderr] warning: unused import: `WindowEvent`
[INFO] [stdout] running 0 tests
[INFO] [stderr]  --> examples/windows.rs:4:33
[INFO] [stdout] 
[INFO] [stderr]   |
[INFO] [stdout] test result: ok. 0 passed; 0 failed; 0 ignored; 0 measured; 0 filtered out; finished in 0.00s
[INFO] [stderr] 4 | use glfw::{Action, Key, Window, WindowEvent};
[INFO] [stdout] 
[INFO] [stderr]   |                                 ^^^^^^^^^^^
[INFO] [stderr]   |
[INFO] [stderr]   = note: `#[warn(unused_imports)]` on by default
[INFO] [stderr] 
[INFO] [stderr] warning: `bgfx-rs` (example "windows") generated 1 warning (run `cargo fix --example "windows"` to apply 1 suggestion)
[INFO] [stderr]     Finished test [unoptimized + debuginfo] target(s) in 1.24s
[INFO] [stderr]      Running unittests src/lib.rs (/opt/rustwide/target/debug/deps/bgfx_rs-cc2325e0d424f9ba)
[INFO] [stderr]    Doc-tests bgfx-rs
[INFO] [stdout] 
[INFO] [stdout] running 3 tests
[INFO] [stdout] test src/static_lib.rs - static_lib::TextureFormat (line 131) ... FAILED
[INFO] [stdout] test src/static_lib.rs - static_lib::Texture::update_texture_cube (line 2770) ... FAILED
[INFO] [stdout] test src/static_lib.rs - static_lib::update_texture_cube (line 4749) ... FAILED
[INFO] [stdout] 
[INFO] [stdout] failures:
[INFO] [stdout] 
[INFO] [stdout] ---- src/static_lib.rs - static_lib::TextureFormat (line 131) stdout ----
[INFO] [stdout] error: expected expression, found `^`
[INFO] [stdout]  --> src/static_lib.rs:133:7
[INFO] [stderr] error: doctest failed, to rerun pass `--doc`
[INFO] [stdout]   |
[INFO] [stdout] 4 |   ^   ^ ^
[INFO] [stdout]   |       ^ expected expression
[INFO] [stdout] 
[INFO] [stdout] error: aborting due to previous error
[INFO] [stdout] 
[INFO] [stdout] Couldn't compile the test.
[INFO] [stdout] ---- src/static_lib.rs - static_lib::Texture::update_texture_cube (line 2770) stdout ----
[INFO] [stdout] error: expected expression, found `+`
[INFO] [stdout]  --> src/static_lib.rs:2771:1
[INFO] [stdout]   |
[INFO] [stdout] 3 | +----------+
[INFO] [stdout]   | ^ expected expression
[INFO] [stdout] 
[INFO] [stdout] error: aborting due to previous error
[INFO] [stdout] 
[INFO] [stdout] Couldn't compile the test.
[INFO] [stdout] ---- src/static_lib.rs - static_lib::update_texture_cube (line 4749) stdout ----
[INFO] [stdout] error: expected expression, found `+`
[INFO] [stdout]  --> src/static_lib.rs:4750:1
[INFO] [stdout]   |
[INFO] [stdout] 3 | +----------+
[INFO] [stdout]   | ^ expected expression
[INFO] [stdout] 
[INFO] [stdout] error: aborting due to previous error
[INFO] [stdout] 
[INFO] [stdout] Couldn't compile the test.
[INFO] [stdout] 
[INFO] [stdout] failures:
[INFO] [stdout]     src/static_lib.rs - static_lib::Texture::update_texture_cube (line 2770)
[INFO] [stdout]     src/static_lib.rs - static_lib::TextureFormat (line 131)
[INFO] [stdout]     src/static_lib.rs - static_lib::update_texture_cube (line 4749)
[INFO] [stdout] 
[INFO] [stdout] test result: FAILED. 0 passed; 3 failed; 0 ignored; 0 measured; 0 filtered out; finished in 0.05s
[INFO] [stdout] 
[INFO] running `Command { std: "docker" "inspect" "007da279b92d477c82697a24a46dccd97457130187638e3143a9bd2b0bc7fe49", kill_on_drop: false }`
[INFO] running `Command { std: "docker" "rm" "-f" "007da279b92d477c82697a24a46dccd97457130187638e3143a9bd2b0bc7fe49", kill_on_drop: false }`
[INFO] [stdout] 007da279b92d477c82697a24a46dccd97457130187638e3143a9bd2b0bc7fe49
