[INFO] fetching crate bfmod 0.1.0...
[INFO] testing bfmod-0.1.0 against beta-2023-04-20 for beta-1.70-1
[INFO] extracting crate bfmod 0.1.0 into /workspace/builds/worker-0-tc2/source
[INFO] validating manifest of crates.io crate bfmod 0.1.0 on toolchain beta-2023-04-20
[INFO] running `Command { std: CARGO_HOME="/workspace/cargo-home" RUSTUP_HOME="/workspace/rustup-home" "/workspace/cargo-home/bin/cargo" "+beta-2023-04-20" "metadata" "--manifest-path" "Cargo.toml" "--no-deps", kill_on_drop: false }`
[INFO] started tweaking crates.io crate bfmod 0.1.0
[INFO] finished tweaking crates.io crate bfmod 0.1.0
[INFO] tweaked toml for crates.io crate bfmod 0.1.0 written to /workspace/builds/worker-0-tc2/source/Cargo.toml
[INFO] running `Command { std: CARGO_HOME="/workspace/cargo-home" RUSTUP_HOME="/workspace/rustup-home" __CARGO_TEST_CHANNEL_OVERRIDE_DO_NOT_USE_THIS="nightly" "/workspace/cargo-home/bin/cargo" "+beta-2023-04-20" "generate-lockfile" "--manifest-path" "Cargo.toml" "-Zno-index-update", kill_on_drop: false }`
[INFO] running `Command { std: CARGO_HOME="/workspace/cargo-home" RUSTUP_HOME="/workspace/rustup-home" "/workspace/cargo-home/bin/cargo" "+beta-2023-04-20" "fetch" "--manifest-path" "Cargo.toml", kill_on_drop: false }`
[INFO] running `Command { std: "docker" "create" "-v" "/var/lib/crater-agent-workspace/builds/worker-0-tc2/target:/opt/rustwide/target:rw,Z" "-v" "/var/lib/crater-agent-workspace/builds/worker-0-tc2/source:/opt/rustwide/workdir:ro,Z" "-v" "/var/lib/crater-agent-workspace/cargo-home:/opt/rustwide/cargo-home:ro,Z" "-v" "/var/lib/crater-agent-workspace/rustup-home:/opt/rustwide/rustup-home:ro,Z" "-e" "SOURCE_DIR=/opt/rustwide/workdir" "-e" "CARGO_TARGET_DIR=/opt/rustwide/target" "-e" "CARGO_HOME=/opt/rustwide/cargo-home" "-e" "RUSTUP_HOME=/opt/rustwide/rustup-home" "-w" "/opt/rustwide/workdir" "-m" "1610612736" "--user" "0:0" "--network" "none" "ghcr.io/rust-lang/crates-build-env/linux@sha256:5ff2268d62e97bff2cde7d5815dd6ed5b47097566f13b8d0ca110b04b60e07ed" "/opt/rustwide/cargo-home/bin/cargo" "+beta-2023-04-20" "metadata" "--no-deps" "--format-version=1", kill_on_drop: false }`
[INFO] [stdout] 9f2ae6167f90af186bc6f09d1fba643b6d4aee7792dccc3a9e1002011644dafb
[INFO] running `Command { std: "docker" "start" "-a" "9f2ae6167f90af186bc6f09d1fba643b6d4aee7792dccc3a9e1002011644dafb", kill_on_drop: false }`
[INFO] running `Command { std: "docker" "inspect" "9f2ae6167f90af186bc6f09d1fba643b6d4aee7792dccc3a9e1002011644dafb", kill_on_drop: false }`
[INFO] running `Command { std: "docker" "rm" "-f" "9f2ae6167f90af186bc6f09d1fba643b6d4aee7792dccc3a9e1002011644dafb", kill_on_drop: false }`
[INFO] [stdout] 9f2ae6167f90af186bc6f09d1fba643b6d4aee7792dccc3a9e1002011644dafb
[INFO] running `Command { std: "docker" "create" "-v" "/var/lib/crater-agent-workspace/builds/worker-0-tc2/target:/opt/rustwide/target:rw,Z" "-v" "/var/lib/crater-agent-workspace/builds/worker-0-tc2/source:/opt/rustwide/workdir:ro,Z" "-v" "/var/lib/crater-agent-workspace/cargo-home:/opt/rustwide/cargo-home:ro,Z" "-v" "/var/lib/crater-agent-workspace/rustup-home:/opt/rustwide/rustup-home:ro,Z" "-e" "SOURCE_DIR=/opt/rustwide/workdir" "-e" "CARGO_TARGET_DIR=/opt/rustwide/target" "-e" "CARGO_INCREMENTAL=0" "-e" "RUST_BACKTRACE=full" "-e" "RUSTFLAGS=--cap-lints=warn" "-e" "RUSTDOCFLAGS=--cap-lints=warn" "-e" "CARGO_HOME=/opt/rustwide/cargo-home" "-e" "RUSTUP_HOME=/opt/rustwide/rustup-home" "-w" "/opt/rustwide/workdir" "-m" "1610612736" "--user" "0:0" "--network" "none" "ghcr.io/rust-lang/crates-build-env/linux@sha256:5ff2268d62e97bff2cde7d5815dd6ed5b47097566f13b8d0ca110b04b60e07ed" "/opt/rustwide/cargo-home/bin/cargo" "+beta-2023-04-20" "build" "--frozen" "--message-format=json", kill_on_drop: false }`
[INFO] [stdout] da1690bfbf8482044dda4a77ebf50127f867cf2bf34f7d577ddf6cfaedeaec5e
[INFO] running `Command { std: "docker" "start" "-a" "da1690bfbf8482044dda4a77ebf50127f867cf2bf34f7d577ddf6cfaedeaec5e", kill_on_drop: false }`
[INFO] [stderr]    Compiling bfmod v0.1.0 (/opt/rustwide/workdir)
[INFO] [stderr]     Finished dev [unoptimized + debuginfo] target(s) in 0.51s
[INFO] running `Command { std: "docker" "inspect" "da1690bfbf8482044dda4a77ebf50127f867cf2bf34f7d577ddf6cfaedeaec5e", kill_on_drop: false }`
[INFO] running `Command { std: "docker" "rm" "-f" "da1690bfbf8482044dda4a77ebf50127f867cf2bf34f7d577ddf6cfaedeaec5e", kill_on_drop: false }`
[INFO] [stdout] da1690bfbf8482044dda4a77ebf50127f867cf2bf34f7d577ddf6cfaedeaec5e
[INFO] running `Command { std: "docker" "create" "-v" "/var/lib/crater-agent-workspace/builds/worker-0-tc2/target:/opt/rustwide/target:rw,Z" "-v" "/var/lib/crater-agent-workspace/builds/worker-0-tc2/source:/opt/rustwide/workdir:ro,Z" "-v" "/var/lib/crater-agent-workspace/cargo-home:/opt/rustwide/cargo-home:ro,Z" "-v" "/var/lib/crater-agent-workspace/rustup-home:/opt/rustwide/rustup-home:ro,Z" "-e" "SOURCE_DIR=/opt/rustwide/workdir" "-e" "CARGO_TARGET_DIR=/opt/rustwide/target" "-e" "CARGO_INCREMENTAL=0" "-e" "RUST_BACKTRACE=full" "-e" "RUSTFLAGS=--cap-lints=warn" "-e" "RUSTDOCFLAGS=--cap-lints=warn" "-e" "CARGO_HOME=/opt/rustwide/cargo-home" "-e" "RUSTUP_HOME=/opt/rustwide/rustup-home" "-w" "/opt/rustwide/workdir" "-m" "1610612736" "--user" "0:0" "--network" "none" "ghcr.io/rust-lang/crates-build-env/linux@sha256:5ff2268d62e97bff2cde7d5815dd6ed5b47097566f13b8d0ca110b04b60e07ed" "/opt/rustwide/cargo-home/bin/cargo" "+beta-2023-04-20" "test" "--frozen" "--no-run" "--message-format=json", kill_on_drop: false }`
[INFO] [stdout] b1fed79a6641d03f7e20fdf2d16e3152ff7612d58157dc3d2f718c54930f1376
[INFO] running `Command { std: "docker" "start" "-a" "b1fed79a6641d03f7e20fdf2d16e3152ff7612d58157dc3d2f718c54930f1376", kill_on_drop: false }`
[INFO] [stderr]    Compiling bfmod v0.1.0 (/opt/rustwide/workdir)
[INFO] [stderr]     Finished test [unoptimized + debuginfo] target(s) in 0.57s
[INFO] running `Command { std: "docker" "inspect" "b1fed79a6641d03f7e20fdf2d16e3152ff7612d58157dc3d2f718c54930f1376", kill_on_drop: false }`
[INFO] running `Command { std: "docker" "rm" "-f" "b1fed79a6641d03f7e20fdf2d16e3152ff7612d58157dc3d2f718c54930f1376", kill_on_drop: false }`
[INFO] [stdout] b1fed79a6641d03f7e20fdf2d16e3152ff7612d58157dc3d2f718c54930f1376
[INFO] running `Command { std: "docker" "create" "-v" "/var/lib/crater-agent-workspace/builds/worker-0-tc2/target:/opt/rustwide/target:rw,Z" "-v" "/var/lib/crater-agent-workspace/builds/worker-0-tc2/source:/opt/rustwide/workdir:ro,Z" "-v" "/var/lib/crater-agent-workspace/cargo-home:/opt/rustwide/cargo-home:ro,Z" "-v" "/var/lib/crater-agent-workspace/rustup-home:/opt/rustwide/rustup-home:ro,Z" "-e" "SOURCE_DIR=/opt/rustwide/workdir" "-e" "CARGO_TARGET_DIR=/opt/rustwide/target" "-e" "CARGO_INCREMENTAL=0" "-e" "RUST_BACKTRACE=full" "-e" "RUSTFLAGS=--cap-lints=warn" "-e" "RUSTDOCFLAGS=--cap-lints=warn" "-e" "CARGO_HOME=/opt/rustwide/cargo-home" "-e" "RUSTUP_HOME=/opt/rustwide/rustup-home" "-w" "/opt/rustwide/workdir" "-m" "1610612736" "--user" "0:0" "--network" "none" "ghcr.io/rust-lang/crates-build-env/linux@sha256:5ff2268d62e97bff2cde7d5815dd6ed5b47097566f13b8d0ca110b04b60e07ed" "/opt/rustwide/cargo-home/bin/cargo" "+beta-2023-04-20" "test" "--frozen", kill_on_drop: false }`
[INFO] [stdout] 83c78ff7e6e0ec6943df566670a75c91c2c7b8fb02c649d89051bf180a34f072
[INFO] running `Command { std: "docker" "start" "-a" "83c78ff7e6e0ec6943df566670a75c91c2c7b8fb02c649d89051bf180a34f072", kill_on_drop: false }`
[INFO] [stderr]     Finished test [unoptimized + debuginfo] target(s) in 0.02s
[INFO] [stderr]      Running unittests src/lib.rs (/opt/rustwide/target/debug/deps/bfmod-c8b078b89784c6e4)
[INFO] [stderr]    Doc-tests bfmod
[INFO] [stdout] 
[INFO] [stdout] running 0 tests
[INFO] [stdout] 
[INFO] [stdout] test result: ok. 0 passed; 0 failed; 0 ignored; 0 measured; 0 filtered out; finished in 0.00s
[INFO] [stdout] 
[INFO] [stdout] 
[INFO] [stdout] running 4 tests
[INFO] [stdout] test src/lexer.rs - lexer::check_brackets (line 146) ... FAILED
[INFO] [stdout] test src/compiler.rs - compiler::build (line 56) ... FAILED
[INFO] [stdout] test src/lexer.rs - lexer::execute (line 51) ... FAILED
[INFO] [stdout] test src/compiler.rs - compiler::compile (line 14) ... FAILED
[INFO] [stdout] 
[INFO] [stdout] failures:
[INFO] [stdout] 
[INFO] [stdout] ---- src/lexer.rs - lexer::check_brackets (line 146) stdout ----
[INFO] [stdout] error: format argument must be a string literal
[INFO] [stdout]  --> src/lexer.rs:151:26
[INFO] [stdout]   |
[INFO] [stdout] 8 |     Err(msg) => println!(msg)
[INFO] [stdout]   |                          ^^^
[INFO] [stdout]   |
[INFO] [stdout] help: you might be missing a string literal to format with
[INFO] [stdout]   |
[INFO] [stdout] 8 |     Err(msg) => println!("{}", msg)
[INFO] [stdout]   |                          +++++
[INFO] [stdout] 
[INFO] [stdout] error[E0425]: cannot find value `tokens` in this scope
[INFO] [stdout]  --> src/lexer.rs:147:37
[INFO] [stdout]   |
[INFO] [stdout] 4 | match bfmod::lexer::check_brackets(&tokens) {
[INFO] [stdout]   |                                     ^^^^^^ not found in this scope
[INFO] [stdout] 
[INFO] [stdout] error: aborting due to 2 previous errors
[INFO] [stdout] 
[INFO] [stdout] For more information about this error, try `rustc --explain E0425`.
[INFO] [stdout] Couldn't compile the test.
[INFO] [stdout] ---- src/compiler.rs - compiler::build (line 56) stdout ----
[INFO] [stdout] error[E0061]: this function takes 2 arguments but 1 argument was supplied
[INFO] [stdout]   --> src/compiler.rs:57:20
[INFO] [stdout]    |
[INFO] [stdout] 4  |   let tokens: bool = bfmod::compiler::build("
[INFO] [stdout]    |  ____________________^^^^^^^^^^^^^^^^^^^^^^_-
[INFO] [stdout] 5  | |     >++++++++[<+++++++++>-]<.>++++[<+++++++>-]
[INFO] [stdout] 6  | |     <+.+++++++..+++.>>++++++[<+++++++>-]<++.--
[INFO] [stdout] 7  | |     ----------.>++++++[<+++++++++>-]<+.<.+++.-
[INFO] [stdout] 8  | |     -----.--------.>>>++++[<++++++++>-]<+.");
[INFO] [stdout]    | |___________________________________________- an argument of type `&Vec<Token>` is missing
[INFO] [stdout]    |
[INFO] [stdout] note: function defined here
[INFO] [stdout]   --> /opt/rustwide/workdir/src/compiler.rs:63:8
[INFO] [stdout]    |
[INFO] [stdout] 63 | pub fn build(tokens: &Vec<Token>, file_path: &str) -> bool {
[INFO] [stdout]    |        ^^^^^
[INFO] [stdout] help: provide the argument
[INFO] [stdout]    |
[INFO] [stdout] 4  ~ let tokens: bool = bfmod::compiler::build(/* &Vec<Token> */, "
[INFO] [stdout] 5  +     >++++++++[<+++++++++>-]<.>++++[<+++++++>-]
[INFO] [stdout] 6  +     <+.+++++++..+++.>>++++++[<+++++++>-]<++.--
[INFO] [stdout] 7  +     ----------.>++++++[<+++++++++>-]<+.<.+++.-
[INFO] [stdout] 8  ~     -----.--------.>>>++++[<++++++++>-]<+.");
[INFO] [stdout]    |
[INFO] [stdout] 
[INFO] [stdout] error: aborting due to previous error
[INFO] [stdout] 
[INFO] [stdout] For more information about this error, try `rustc --explain E0061`.
[INFO] [stdout] Couldn't compile the test.
[INFO] [stdout] ---- src/lexer.rs - lexer::execute (line 51) stdout ----
[INFO] [stdout] error[E0412]: cannot find type `Token` in this scope
[INFO] [stdout]  --> src/lexer.rs:52:17
[INFO] [stdout]   |
[INFO] [stdout] 4 | let tokens: Vec<Token> = bfmod::lexer::execute("
[INFO] [stdout]   |                 ^^^^^ not found in this scope
[INFO] [stdout]   |
[INFO] [stdout] help: consider importing this struct
[INFO] [stdout]   |
[INFO] [stdout] 2 + use bfmod::lexer::Token;
[INFO] [stdout]   |
[INFO] [stdout] 
[INFO] [stdout] error: aborting due to previous error
[INFO] [stdout] 
[INFO] [stdout] For more information about this error, try `rustc --explain E0412`.
[INFO] [stdout] Couldn't compile the test.
[INFO] [stdout] ---- src/compiler.rs - compiler::compile (line 14) stdout ----
[INFO] [stdout] error: expected `;`, found `}`
[INFO] [stdout]  --> src/compiler.rs:15:61
[INFO] [stdout]   |
[INFO] [stdout] 4 | let bf_rust_code: String = bfmod::compiler::compile(&tokens)
[INFO] [stdout]   |                                                             ^ help: add `;` here
[INFO] [stdout] 5 | } _doctest_main_src_compiler_rs_14_0() }
[INFO] [stdout]   | - unexpected token
[INFO] [stdout] 
[INFO] [stdout] error[E0425]: cannot find value `tokens` in this scope
[INFO] [stdout]  --> src/compiler.rs:15:54
[INFO] [stdout]   |
[INFO] [stdout] 4 | let bf_rust_code: String = bfmod::compiler::compile(&tokens)
[INFO] [stdout]   |                                                      ^^^^^^ not found in this scope
[INFO] [stdout] 
[INFO] [stdout] error: aborting due to 2 previous errors
[INFO] [stdout] 
[INFO] [stdout] For more information about this error, try `rustc --explain E0425`.
[INFO] [stdout] Couldn't compile the test.
[INFO] [stdout] 
[INFO] [stdout] failures:
[INFO] [stdout]     src/compiler.rs - compiler::build (line 56)
[INFO] [stdout]     src/compiler.rs - compiler::compile (line 14)
[INFO] [stdout]     src/lexer.rs - lexer::check_brackets (line 146)
[INFO] [stdout]     src/lexer.rs - lexer::execute (line 51)
[INFO] [stdout] 
[INFO] [stdout] test result: FAILED. 0 passed; 4 failed; 0 ignored; 0 measured; 0 filtered out; finished in 0.15s
[INFO] [stdout] 
[INFO] [stderr] error: doctest failed, to rerun pass `--doc`
[INFO] running `Command { std: "docker" "inspect" "83c78ff7e6e0ec6943df566670a75c91c2c7b8fb02c649d89051bf180a34f072", kill_on_drop: false }`
[INFO] running `Command { std: "docker" "rm" "-f" "83c78ff7e6e0ec6943df566670a75c91c2c7b8fb02c649d89051bf180a34f072", kill_on_drop: false }`
[INFO] [stdout] 83c78ff7e6e0ec6943df566670a75c91c2c7b8fb02c649d89051bf180a34f072
