[INFO] fetching crate bevy_tileset_map 0.5.0...
[INFO] testing bevy_tileset_map-0.5.0 against beta-2023-04-20 for beta-1.70-1
[INFO] extracting crate bevy_tileset_map 0.5.0 into /workspace/builds/worker-7-tc2/source
[INFO] validating manifest of crates.io crate bevy_tileset_map 0.5.0 on toolchain beta-2023-04-20
[INFO] running `Command { std: CARGO_HOME="/workspace/cargo-home" RUSTUP_HOME="/workspace/rustup-home" "/workspace/cargo-home/bin/cargo" "+beta-2023-04-20" "metadata" "--manifest-path" "Cargo.toml" "--no-deps", kill_on_drop: false }`
[INFO] started tweaking crates.io crate bevy_tileset_map 0.5.0
[INFO] removed 0 missing examples
[INFO] finished tweaking crates.io crate bevy_tileset_map 0.5.0
[INFO] tweaked toml for crates.io crate bevy_tileset_map 0.5.0 written to /workspace/builds/worker-7-tc2/source/Cargo.toml
[INFO] crate crates.io crate bevy_tileset_map 0.5.0 already has a lockfile, it will not be regenerated
[INFO] running `Command { std: CARGO_HOME="/workspace/cargo-home" RUSTUP_HOME="/workspace/rustup-home" "/workspace/cargo-home/bin/cargo" "+beta-2023-04-20" "fetch" "--manifest-path" "Cargo.toml", kill_on_drop: false }`
[INFO] [stderr]     Updating crates.io index
[INFO] [stderr]     Blocking waiting for file lock on package cache
[INFO] [stderr]  Downloading crates ...
[INFO] [stderr]   Downloaded serde_json v1.0.79
[INFO] [stderr]   Downloaded raw-window-handle v0.4.2
[INFO] [stderr]   Downloaded bevy_render v0.7.0
[INFO] [stderr]   Downloaded libc v0.2.118
[INFO] [stderr]   Downloaded wgpu-hal v0.12.4
[INFO] [stderr]   Downloaded wgpu v0.12.0
[INFO] [stderr]   Downloaded android_logger v0.10.1
[INFO] [stderr]   Downloaded num-rational v0.3.2
[INFO] [stderr]   Downloaded bevy_tileset v0.4.0
[INFO] [stderr]   Downloaded wgpu-core v0.12.2
[INFO] [stderr]   Downloaded bevy_utils v0.7.0
[INFO] [stderr]   Downloaded bevy_derive v0.7.0
[INFO] [stderr]   Downloaded tracing-core v0.1.22
[INFO] [stderr]   Downloaded png v0.16.8
[INFO] [stderr]   Downloaded bevy_tasks v0.7.0
[INFO] [stderr]   Downloaded bevy_reflect_derive v0.7.0
[INFO] [stderr]   Downloaded tracing-attributes v0.1.19
[INFO] [stderr]   Downloaded tracing v0.1.30
[INFO] [stderr]   Downloaded bevy_ecs_macros v0.7.0
[INFO] [stderr]   Downloaded bevy_log v0.7.0
[INFO] [stderr]   Downloaded proc-macro-crate v1.1.2
[INFO] [stderr]   Downloaded ndk-glue v0.5.1
[INFO] [stderr]   Downloaded ron v0.7.0
[INFO] [stderr]   Downloaded bevy_internal v0.7.0
[INFO] [stderr]   Downloaded bevy_sprite v0.7.0
[INFO] [stderr]   Downloaded bevy_diagnostic v0.7.0
[INFO] [stderr]   Downloaded bevy-crevice-derive v0.7.0
[INFO] [stderr]   Downloaded bevy_crevice v0.7.0
[INFO] [stderr]   Downloaded bevy_hierarchy v0.7.0
[INFO] [stderr]   Downloaded bevy_input v0.7.0
[INFO] [stderr]   Downloaded bevy_gltf v0.7.0
[INFO] [stderr]   Downloaded bevy_core v0.7.0
[INFO] [stderr]   Downloaded bevy_scene v0.7.0
[INFO] [stderr]   Downloaded bevy_core_pipeline v0.7.0
[INFO] [stderr]   Downloaded bevy_transform v0.7.0
[INFO] [stderr]   Downloaded bevy_ui v0.7.0
[INFO] [stderr]   Downloaded bevy_ecs_tilemap v0.6.0
[INFO] [stderr]   Downloaded bevy_pbr v0.7.0
[INFO] [stderr]   Downloaded mint v0.5.9
[INFO] [stderr]   Downloaded adler32 v1.2.0
[INFO] [stderr]   Downloaded wgpu-types v0.12.0
[INFO] [stderr]   Downloaded bevy_text v0.7.0
[INFO] [stderr]   Downloaded bevy_app v0.7.0
[INFO] [stderr]   Downloaded bevy_reflect v0.7.0
[INFO] [stderr]   Downloaded libm v0.1.4
[INFO] [stderr]   Downloaded bevy_asset v0.7.0
[INFO] [stderr]   Downloaded bevy_math v0.7.0
[INFO] [stderr]   Downloaded bevy_macro_utils v0.7.0
[INFO] [stderr]   Downloaded d3d12 v0.4.1
[INFO] [stderr]   Downloaded tracing-subscriber v0.3.8
[INFO] [stderr]   Downloaded env_logger v0.8.4
[INFO] [stderr]   Downloaded stretch v0.3.2
[INFO] [stderr]   Downloaded cargo-manifest v0.2.6
[INFO] [stderr]   Downloaded miniz_oxide v0.3.7
[INFO] [stderr]   Downloaded num-iter v0.1.42
[INFO] [stderr]   Downloaded deflate v0.8.6
[INFO] [stderr]   Downloaded glam v0.20.2
[INFO] [stderr]   Downloaded crossbeam-utils v0.8.7
[INFO] [stderr]   Downloaded bevy_tile_atlas v0.3.0
[INFO] [stderr]   Downloaded bevy_window v0.7.0
[INFO] [stderr]   Downloaded bevy_tileset_core v0.4.0
[INFO] [stderr]   Downloaded hexasphere v7.0.0
[INFO] [stderr]   Downloaded image v0.23.14
[INFO] [stderr]   Downloaded ndk v0.5.0
[INFO] [stderr]   Downloaded ndk-sys v0.2.2
[INFO] [stderr]   Downloaded naga v0.8.5
[INFO] [stderr]   Downloaded ash v0.34.0+1.2.203
[INFO] [stderr]   Downloaded metal v0.23.1
[INFO] [stderr]   Downloaded ndk-context v0.1.0
[INFO] [stderr]   Downloaded uuid v0.8.2
[INFO] [stderr]   Downloaded bevy_tileset_tiles v0.4.0
[INFO] [stderr]   Downloaded bevy_ecs v0.7.0
[INFO] [stderr]   Downloaded bevy v0.7.0
[INFO] running `Command { std: "docker" "create" "-v" "/var/lib/crater-agent-workspace/builds/worker-7-tc2/target:/opt/rustwide/target:rw,Z" "-v" "/var/lib/crater-agent-workspace/builds/worker-7-tc2/source:/opt/rustwide/workdir:ro,Z" "-v" "/var/lib/crater-agent-workspace/cargo-home:/opt/rustwide/cargo-home:ro,Z" "-v" "/var/lib/crater-agent-workspace/rustup-home:/opt/rustwide/rustup-home:ro,Z" "-e" "SOURCE_DIR=/opt/rustwide/workdir" "-e" "CARGO_TARGET_DIR=/opt/rustwide/target" "-e" "CARGO_HOME=/opt/rustwide/cargo-home" "-e" "RUSTUP_HOME=/opt/rustwide/rustup-home" "-w" "/opt/rustwide/workdir" "-m" "1610612736" "--user" "0:0" "--network" "none" "ghcr.io/rust-lang/crates-build-env/linux@sha256:5ff2268d62e97bff2cde7d5815dd6ed5b47097566f13b8d0ca110b04b60e07ed" "/opt/rustwide/cargo-home/bin/cargo" "+beta-2023-04-20" "metadata" "--no-deps" "--format-version=1", kill_on_drop: false }`
[INFO] [stdout] e60ec39293e0243a69aa9bcfc1deba0a68dcbc6d89a213d7bab21aefeb971ea5
[INFO] running `Command { std: "docker" "start" "-a" "e60ec39293e0243a69aa9bcfc1deba0a68dcbc6d89a213d7bab21aefeb971ea5", kill_on_drop: false }`
[INFO] running `Command { std: "docker" "inspect" "e60ec39293e0243a69aa9bcfc1deba0a68dcbc6d89a213d7bab21aefeb971ea5", kill_on_drop: false }`
[INFO] running `Command { std: "docker" "rm" "-f" "e60ec39293e0243a69aa9bcfc1deba0a68dcbc6d89a213d7bab21aefeb971ea5", kill_on_drop: false }`
[INFO] [stdout] e60ec39293e0243a69aa9bcfc1deba0a68dcbc6d89a213d7bab21aefeb971ea5
[INFO] running `Command { std: "docker" "create" "-v" "/var/lib/crater-agent-workspace/builds/worker-7-tc2/target:/opt/rustwide/target:rw,Z" "-v" "/var/lib/crater-agent-workspace/builds/worker-7-tc2/source:/opt/rustwide/workdir:ro,Z" "-v" "/var/lib/crater-agent-workspace/cargo-home:/opt/rustwide/cargo-home:ro,Z" "-v" "/var/lib/crater-agent-workspace/rustup-home:/opt/rustwide/rustup-home:ro,Z" "-e" "SOURCE_DIR=/opt/rustwide/workdir" "-e" "CARGO_TARGET_DIR=/opt/rustwide/target" "-e" "CARGO_INCREMENTAL=0" "-e" "RUST_BACKTRACE=full" "-e" "RUSTFLAGS=--cap-lints=warn" "-e" "RUSTDOCFLAGS=--cap-lints=warn" "-e" "CARGO_HOME=/opt/rustwide/cargo-home" "-e" "RUSTUP_HOME=/opt/rustwide/rustup-home" "-w" "/opt/rustwide/workdir" "-m" "1610612736" "--user" "0:0" "--network" "none" "ghcr.io/rust-lang/crates-build-env/linux@sha256:5ff2268d62e97bff2cde7d5815dd6ed5b47097566f13b8d0ca110b04b60e07ed" "/opt/rustwide/cargo-home/bin/cargo" "+beta-2023-04-20" "build" "--frozen" "--message-format=json", kill_on_drop: false }`
[INFO] [stdout] 9251f0f78ff7603684406b694ed2f894df307d41bf71972bb6c74c96aa33a586
[INFO] running `Command { std: "docker" "start" "-a" "9251f0f78ff7603684406b694ed2f894df307d41bf71972bb6c74c96aa33a586", kill_on_drop: false }`
[INFO] [stderr]    Compiling proc-macro2 v1.0.36
[INFO] [stderr]    Compiling unicode-xid v0.2.2
[INFO] [stderr]    Compiling syn v1.0.86
[INFO] [stderr]    Compiling serde_derive v1.0.136
[INFO] [stderr]    Compiling serde v1.0.136
[INFO] [stderr]    Compiling libc v0.2.118
[INFO] [stderr]    Compiling indexmap v1.8.0
[INFO] [stderr]    Compiling once_cell v1.9.0
[INFO] [stderr]    Compiling ahash v0.7.6
[INFO] [stderr]    Compiling hashbrown v0.11.2
[INFO] [stderr]    Compiling memchr v2.4.1
[INFO] [stderr]    Compiling futures-core v0.3.21
[INFO] [stderr]    Compiling instant v0.1.12
[INFO] [stderr]    Compiling byteorder v1.4.3
[INFO] [stderr]    Compiling parking_lot_core v0.8.5
[INFO] [stderr]    Compiling quote v1.0.15
[INFO] [stderr]    Compiling lock_api v0.4.6
[INFO] [stderr]    Compiling getrandom v0.2.4
[INFO] [stderr]    Compiling tracing-core v0.1.22
[INFO] [stderr]    Compiling futures-io v0.3.21
[INFO] [stderr]    Compiling fixedbitset v0.4.1
[INFO] [stderr]    Compiling mint v0.5.9
[INFO] [stderr]    Compiling slab v0.4.5
[INFO] [stderr]    Compiling num-traits v0.2.14
[INFO] [stderr]    Compiling erased-serde v0.3.18
[INFO] [stderr]    Compiling cache-padded v1.2.0
[INFO] [stderr]    Compiling fxhash v0.2.1
[INFO] [stderr]    Compiling concurrent-queue v1.2.2
[INFO] [stderr]    Compiling fastrand v1.7.0
[INFO] [stderr]    Compiling event-listener v2.5.2
[INFO] [stderr]    Compiling async-task v4.1.0
[INFO] [stderr]    Compiling downcast-rs v1.2.0
[INFO] [stderr]    Compiling async-channel v1.6.1
[INFO] [stderr]    Compiling futures-lite v1.12.0
[INFO] [stderr]    Compiling num_cpus v1.13.1
[INFO] [stderr]    Compiling log v0.4.14
[INFO] [stderr]    Compiling regex-syntax v0.6.25
[INFO] [stderr]    Compiling aho-corasick v0.7.18
[INFO] [stderr]    Compiling tracing-log v0.1.2
[INFO] [stderr]    Compiling sharded-slab v0.1.4
[INFO] [stderr]    Compiling async-executor v1.4.1
[INFO] [stderr]    Compiling thread_local v1.1.4
[INFO] [stderr]    Compiling num-integer v0.1.44
[INFO] [stderr]    Compiling bevy_tasks v0.7.0
[INFO] [stderr]    Compiling libloading v0.7.3
[INFO] [stderr]    Compiling ansi_term v0.12.1
[INFO] [stderr]    Compiling crossbeam-utils v0.8.7
[INFO] [stderr]    Compiling khronos-egl v4.1.0
[INFO] [stderr]    Compiling termcolor v1.1.2
[INFO] [stderr]    Compiling toml v0.5.8
[INFO] [stderr]    Compiling uuid v0.8.2
[INFO] [stderr]    Compiling bit-vec v0.6.3
[INFO] [stderr]    Compiling cty v0.2.2
[INFO] [stderr]    Compiling ash v0.34.0+1.2.203
[INFO] [stderr]    Compiling regex-automata v0.1.10
[INFO] [stderr]    Compiling regex v1.5.4
[INFO] [stderr]    Compiling unicode-width v0.1.9
[INFO] [stderr]    Compiling bit-set v0.5.2
[INFO] [stderr]    Compiling raw-window-handle v0.4.2
[INFO] [stderr]    Compiling codespan-reporting v0.11.1
[INFO] [stderr]    Compiling spirv v0.2.0+1.5.4
[INFO] [stderr]    Compiling gpu-alloc-types v0.2.0
[INFO] [stderr]    Compiling gpu-descriptor-types v0.1.1
[INFO] [stderr]    Compiling rand_core v0.6.3
[INFO] [stderr]    Compiling pp-rs v0.2.1
[INFO] [stderr]    Compiling matchers v0.1.0
[INFO] [stderr]    Compiling hexf-parse v0.2.1
[INFO] [stderr]    Compiling adler32 v1.2.0
[INFO] [stderr]    Compiling rustc-hash v1.1.0
[INFO] [stderr]    Compiling cfg_aliases v0.1.1
[INFO] [stderr]    Compiling anyhow v1.0.53
[INFO] [stderr]    Compiling crc32fast v1.3.2
[INFO] [stderr]    Compiling wgpu-core v0.12.2
[INFO] [stderr]    Compiling rand_chacha v0.3.1
[INFO] [stderr]    Compiling gpu-alloc v0.5.3
[INFO] [stderr]    Compiling wgpu-types v0.12.0
[INFO] [stderr]    Compiling num-rational v0.3.2
[INFO] [stderr]    Compiling num-iter v0.1.42
[INFO] [stderr]    Compiling profiling v1.0.5
[INFO] [stderr]    Compiling inplace_it v0.3.3
[INFO] [stderr]    Compiling renderdoc-sys v0.7.1
[INFO] [stderr]    Compiling arrayvec v0.7.2
[INFO] [stderr]    Compiling glow v0.11.2
[INFO] [stderr]    Compiling crossbeam-channel v0.5.2
[INFO] [stderr]    Compiling rand v0.8.5
[INFO] [stderr]    Compiling deflate v0.8.6
[INFO] [stderr]    Compiling miniz_oxide v0.3.7
[INFO] [stderr]    Compiling copyless v0.1.5
[INFO] [stderr]    Compiling color_quant v1.1.0
[INFO] [stderr]    Compiling png v0.16.8
[INFO] [stderr]    Compiling hex v0.4.3
[INFO] [stderr]    Compiling euclid v0.22.6
[INFO] [stderr]    Compiling ttf-parser v0.14.0
[INFO] [stderr]    Compiling serde_json v1.0.79
[INFO] [stderr]    Compiling thiserror-impl v1.0.30
[INFO] [stderr]    Compiling bytemuck_derive v1.0.1
[INFO] [stderr]    Compiling tracing-attributes v0.1.19
[INFO] [stderr]    Compiling svg_fmt v0.4.1
[INFO] [stderr]    Compiling guillotiere v0.6.2
[INFO] [stderr]    Compiling ab_glyph_rasterizer v0.1.5
[INFO] [stderr]    Compiling bytemuck v1.7.3
[INFO] [stderr]    Compiling ryu v1.0.9
[INFO] [stderr]    Compiling image v0.23.14
[INFO] [stderr]    Compiling rectangle-pack v0.4.2
[INFO] [stderr]    Compiling inflections v1.1.1
[INFO] [stderr]    Compiling owned_ttf_parser v0.14.0
[INFO] [stderr]    Compiling libm v0.1.4
[INFO] [stderr]    Compiling itoa v1.0.1
[INFO] [stderr]    Compiling thiserror v1.0.30
[INFO] [stderr]    Compiling ab_glyph v0.2.13
[INFO] [stderr]    Compiling gltf-derive v1.0.0
[INFO] [stderr]    Compiling approx v0.5.1
[INFO] [stderr]    Compiling xi-unicode v0.3.0
[INFO] [stderr]    Compiling tracing v0.1.30
[INFO] [stderr]    Compiling base64 v0.13.0
[INFO] [stderr]    Compiling glyph_brush_layout v0.2.3
[INFO] [stderr]    Compiling futures-channel v0.3.21
[INFO] [stderr]    Compiling futures-task v0.3.21
[INFO] [stderr]    Compiling futures-sink v0.3.21
[INFO] [stderr]    Compiling futures-util v0.3.21
[INFO] [stderr]    Compiling futures-macro v0.3.21
[INFO] [stderr]    Compiling stretch v0.3.2
[INFO] [stderr]    Compiling cargo-manifest v0.2.6
[INFO] [stderr]    Compiling bevy_macro_utils v0.7.0
[INFO] [stderr]    Compiling bevy_derive v0.7.0
[INFO] [stderr]    Compiling bevy_reflect_derive v0.7.0
[INFO] [stderr]    Compiling bevy_ecs_macros v0.7.0
[INFO] [stderr]    Compiling bevy-crevice-derive v0.7.0
[INFO] [stderr]    Compiling futures-executor v0.3.21
[INFO] [stderr]    Compiling smallvec v1.8.0
[INFO] [stderr]    Compiling glam v0.20.2
[INFO] [stderr]    Compiling parking_lot v0.11.2
[INFO] [stderr]    Compiling bevy_utils v0.7.0
[INFO] [stderr]    Compiling tracing-subscriber v0.3.8
[INFO] [stderr]    Compiling gpu-descriptor v0.2.2
[INFO] [stderr]    Compiling ron v0.7.0
[INFO] [stderr]    Compiling futures v0.3.21
[INFO] [stderr]    Compiling petgraph v0.6.0
[INFO] [stderr]    Compiling gltf-json v1.0.0
[INFO] [stderr]    Compiling bevy_reflect v0.7.0
[INFO] [stderr]    Compiling hexasphere v7.0.0
[INFO] [stderr]    Compiling bevy_crevice v0.7.0
[INFO] [stderr]    Compiling naga v0.8.5
[INFO] [stderr]    Compiling bevy_ecs v0.7.0
[INFO] [stderr]    Compiling bevy_math v0.7.0
[INFO] [stderr]    Compiling gltf v1.0.0
[INFO] [stderr]    Compiling wgpu-hal v0.12.4
[INFO] [stderr]    Compiling bevy_app v0.7.0
[INFO] [stderr]    Compiling bevy_log v0.7.0
[INFO] [stderr]    Compiling bevy_core v0.7.0
[INFO] [stderr]    Compiling bevy_hierarchy v0.7.0
[INFO] [stderr]    Compiling bevy_window v0.7.0
[INFO] [stderr]    Compiling bevy_diagnostic v0.7.0
[INFO] [stderr]    Compiling bevy_asset v0.7.0
[INFO] [stderr]    Compiling bevy_transform v0.7.0
[INFO] [stderr]    Compiling bevy_input v0.7.0
[INFO] [stderr]    Compiling bevy_scene v0.7.0
[INFO] [stderr]    Compiling wgpu v0.12.0
[INFO] [stderr]    Compiling bevy_render v0.7.0
[INFO] [stderr]    Compiling bevy_core_pipeline v0.7.0
[INFO] [stderr]    Compiling bevy_tileset_tiles v0.4.0
[INFO] [stderr]    Compiling bevy_sprite v0.7.0
[INFO] [stderr]    Compiling bevy_pbr v0.7.0
[INFO] [stderr]    Compiling bevy_gltf v0.7.0
[INFO] [stderr]    Compiling bevy_text v0.7.0
[INFO] [stderr]    Compiling bevy_tile_atlas v0.3.0
[INFO] [stderr]    Compiling bevy_ui v0.7.0
[INFO] [stderr]    Compiling bevy_internal v0.7.0
[INFO] [stderr]    Compiling bevy v0.7.0
[INFO] [stderr]    Compiling bevy_tileset_core v0.4.0
[INFO] [stderr]    Compiling bevy_ecs_tilemap v0.6.0
[INFO] [stderr]    Compiling bevy_tileset v0.4.0
[INFO] [stderr]    Compiling bevy_tileset_map v0.5.0 (/opt/rustwide/workdir)
[INFO] [stderr]     Finished dev [unoptimized + debuginfo] target(s) in 4m 22s
[INFO] running `Command { std: "docker" "inspect" "9251f0f78ff7603684406b694ed2f894df307d41bf71972bb6c74c96aa33a586", kill_on_drop: false }`
[INFO] running `Command { std: "docker" "rm" "-f" "9251f0f78ff7603684406b694ed2f894df307d41bf71972bb6c74c96aa33a586", kill_on_drop: false }`
[INFO] [stdout] 9251f0f78ff7603684406b694ed2f894df307d41bf71972bb6c74c96aa33a586
[INFO] running `Command { std: "docker" "create" "-v" "/var/lib/crater-agent-workspace/builds/worker-7-tc2/target:/opt/rustwide/target:rw,Z" "-v" "/var/lib/crater-agent-workspace/builds/worker-7-tc2/source:/opt/rustwide/workdir:ro,Z" "-v" "/var/lib/crater-agent-workspace/cargo-home:/opt/rustwide/cargo-home:ro,Z" "-v" "/var/lib/crater-agent-workspace/rustup-home:/opt/rustwide/rustup-home:ro,Z" "-e" "SOURCE_DIR=/opt/rustwide/workdir" "-e" "CARGO_TARGET_DIR=/opt/rustwide/target" "-e" "CARGO_INCREMENTAL=0" "-e" "RUST_BACKTRACE=full" "-e" "RUSTFLAGS=--cap-lints=warn" "-e" "RUSTDOCFLAGS=--cap-lints=warn" "-e" "CARGO_HOME=/opt/rustwide/cargo-home" "-e" "RUSTUP_HOME=/opt/rustwide/rustup-home" "-w" "/opt/rustwide/workdir" "-m" "1610612736" "--user" "0:0" "--network" "none" "ghcr.io/rust-lang/crates-build-env/linux@sha256:5ff2268d62e97bff2cde7d5815dd6ed5b47097566f13b8d0ca110b04b60e07ed" "/opt/rustwide/cargo-home/bin/cargo" "+beta-2023-04-20" "test" "--frozen" "--no-run" "--message-format=json", kill_on_drop: false }`
[INFO] [stdout] a87737d62c96235fe9610cb60682309415b3c6d1d0ac6a7af965ea96ee77ed69
[INFO] running `Command { std: "docker" "start" "-a" "a87737d62c96235fe9610cb60682309415b3c6d1d0ac6a7af965ea96ee77ed69", kill_on_drop: false }`
[INFO] [stderr]    Compiling bevy_tileset_map v0.5.0 (/opt/rustwide/workdir)
[INFO] [stderr]     Finished test [unoptimized + debuginfo] target(s) in 3.62s
[INFO] running `Command { std: "docker" "inspect" "a87737d62c96235fe9610cb60682309415b3c6d1d0ac6a7af965ea96ee77ed69", kill_on_drop: false }`
[INFO] running `Command { std: "docker" "rm" "-f" "a87737d62c96235fe9610cb60682309415b3c6d1d0ac6a7af965ea96ee77ed69", kill_on_drop: false }`
[INFO] [stdout] a87737d62c96235fe9610cb60682309415b3c6d1d0ac6a7af965ea96ee77ed69
[INFO] running `Command { std: "docker" "create" "-v" "/var/lib/crater-agent-workspace/builds/worker-7-tc2/target:/opt/rustwide/target:rw,Z" "-v" "/var/lib/crater-agent-workspace/builds/worker-7-tc2/source:/opt/rustwide/workdir:ro,Z" "-v" "/var/lib/crater-agent-workspace/cargo-home:/opt/rustwide/cargo-home:ro,Z" "-v" "/var/lib/crater-agent-workspace/rustup-home:/opt/rustwide/rustup-home:ro,Z" "-e" "SOURCE_DIR=/opt/rustwide/workdir" "-e" "CARGO_TARGET_DIR=/opt/rustwide/target" "-e" "CARGO_INCREMENTAL=0" "-e" "RUST_BACKTRACE=full" "-e" "RUSTFLAGS=--cap-lints=warn" "-e" "RUSTDOCFLAGS=--cap-lints=warn" "-e" "CARGO_HOME=/opt/rustwide/cargo-home" "-e" "RUSTUP_HOME=/opt/rustwide/rustup-home" "-w" "/opt/rustwide/workdir" "-m" "1610612736" "--user" "0:0" "--network" "none" "ghcr.io/rust-lang/crates-build-env/linux@sha256:5ff2268d62e97bff2cde7d5815dd6ed5b47097566f13b8d0ca110b04b60e07ed" "/opt/rustwide/cargo-home/bin/cargo" "+beta-2023-04-20" "test" "--frozen", kill_on_drop: false }`
[INFO] [stdout] dcc55d25fabda7f32fe302aa33d62490e5fbb78b17aa98c832d5be829f213a39
[INFO] running `Command { std: "docker" "start" "-a" "dcc55d25fabda7f32fe302aa33d62490e5fbb78b17aa98c832d5be829f213a39", kill_on_drop: false }`
[INFO] [stderr]     Finished test [unoptimized + debuginfo] target(s) in 0.18s
[INFO] [stderr]      Running unittests src/lib.rs (/opt/rustwide/target/debug/deps/bevy_tileset_map-cb73637cfffe6616)
[INFO] [stdout] 
[INFO] [stdout] running 0 tests
[INFO] [stdout] 
[INFO] [stdout] test result: ok. 0 passed; 0 failed; 0 ignored; 0 measured; 0 filtered out; finished in 0.00s
[INFO] [stdout] 
[INFO] [stderr]    Doc-tests bevy_tileset_map
[INFO] [stdout] 
[INFO] [stdout] running 3 tests
[INFO] [stdout] test src/lib.rs - (line 35) ... FAILED
[INFO] [stdout] test src/placement.rs - placement::TilePlacer (line 78) ... ok
[INFO] [stdout] test src/lib.rs - (line 14) ... FAILED
[INFO] [stdout] 
[INFO] [stdout] failures:
[INFO] [stdout] 
[INFO] [stdout] ---- src/lib.rs - (line 35) stdout ----
[INFO] [stdout] error[E0432]: unresolved import `bevy_tileset_map::prelude::Tileplacer`
[INFO] [stdout]  --> src/lib.rs:36:5
[INFO] [stdout]   |
[INFO] [stdout] 4 | use bevy_tileset_map::prelude::Tileplacer;
[INFO] [stdout]   |     ^^^^^^^^^^^^^^^^^^^^^^^^^^^----------
[INFO] [stdout]   |     |                          |
[INFO] [stdout]   |     |                          help: a similar name exists in the module: `TilePlacer`
[INFO] [stdout]   |     no `Tileplacer` in `prelude`
[INFO] [stdout] 
[INFO] [stdout] error: aborting due to previous error
[INFO] [stdout] 
[INFO] [stdout] For more information about this error, try `rustc --explain E0432`.
[INFO] [stdout] Couldn't compile the test.
[INFO] [stdout] ---- src/lib.rs - (line 14) stdout ----
[INFO] [stdout] Test executable failed (exit status: 101).
[INFO] [stdout] 
[INFO] [stdout] stderr:
[INFO] [stdout] thread 'main' panicked at 'called `Option::unwrap()` on a `None` value', /opt/rustwide/cargo-home/registry/src/index.crates.io-6f17d22bba15001f/bevy_ecs_tilemap-0.6.0/src/render/mod.rs:51:74
[INFO] [stdout] stack backtrace:
[INFO] [stdout]    0:     0x55cd2832282a - std::backtrace_rs::backtrace::libunwind::trace::h2f05d0192276a8f6
[INFO] [stdout]                                at /rustc/1b7dd2252b99671ce5d1cb9664c5f8636329436d/library/std/src/../../backtrace/src/backtrace/libunwind.rs:93:5
[INFO] [stdout]    1:     0x55cd2832282a - std::backtrace_rs::backtrace::trace_unsynchronized::hedc23dff7a1af150
[INFO] [stdout]                                at /rustc/1b7dd2252b99671ce5d1cb9664c5f8636329436d/library/std/src/../../backtrace/src/backtrace/mod.rs:66:5
[INFO] [stdout]    2:     0x55cd2832282a - std::sys_common::backtrace::_print_fmt::h17541ef7592f3ce2
[INFO] [stdout]                                at /rustc/1b7dd2252b99671ce5d1cb9664c5f8636329436d/library/std/src/sys_common/backtrace.rs:65:5
[INFO] [stdout]    3:     0x55cd2832282a - <std::sys_common::backtrace::_print::DisplayBacktrace as core::fmt::Display>::fmt::h20f75df5ab0c0792
[INFO] [stdout]                                at /rustc/1b7dd2252b99671ce5d1cb9664c5f8636329436d/library/std/src/sys_common/backtrace.rs:44:22
[INFO] [stdout]    4:     0x55cd2834343f - core::fmt::write::h78109e6f466b3af6
[INFO] [stdout]                                at /rustc/1b7dd2252b99671ce5d1cb9664c5f8636329436d/library/core/src/fmt/mod.rs:1254:17
[INFO] [stdout]    5:     0x55cd2831ff15 - std::io::Write::write_fmt::hc59e1b02dd273c8a
[INFO] [stdout]                                at /rustc/1b7dd2252b99671ce5d1cb9664c5f8636329436d/library/std/src/io/mod.rs:1698:15
[INFO] [stdout]    6:     0x55cd283225f5 - std::sys_common::backtrace::_print::h8dac57a9f8fbf9a5
[INFO] [stdout]                                at /rustc/1b7dd2252b99671ce5d1cb9664c5f8636329436d/library/std/src/sys_common/backtrace.rs:47:5
[INFO] [stdout]    7:     0x55cd283225f5 - std::sys_common::backtrace::print::hf9ecbf41d1aa712f
[INFO] [stdout]                                at /rustc/1b7dd2252b99671ce5d1cb9664c5f8636329436d/library/std/src/sys_common/backtrace.rs:34:9
[INFO] [stdout]    8:     0x55cd28323c9e - std::panicking::default_hook::{{closure}}::h04c07acfc84ca028
[INFO] [stdout]                                at /rustc/1b7dd2252b99671ce5d1cb9664c5f8636329436d/library/std/src/panicking.rs:269:22
[INFO] [stdout]    9:     0x55cd28323a45 - std::panicking::default_hook::h01f6bb23e1eceb2c
[INFO] [stdout]                                at /rustc/1b7dd2252b99671ce5d1cb9664c5f8636329436d/library/std/src/panicking.rs:288:9
[INFO] [stdout]   10:     0x55cd283241fe - std::panicking::rust_panic_with_hook::h2bb3722bbaf2f6df
[INFO] [stdout]                                at /rustc/1b7dd2252b99671ce5d1cb9664c5f8636329436d/library/std/src/panicking.rs:691:13
[INFO] [stdout]   11:     0x55cd283240b2 - std::panicking::begin_panic_handler::{{closure}}::h91bc7f36a4be011b
[INFO] [stdout]                                at /rustc/1b7dd2252b99671ce5d1cb9664c5f8636329436d/library/std/src/panicking.rs:580:13
[INFO] [stdout]   12:     0x55cd28322c96 - std::sys_common::backtrace::__rust_end_short_backtrace::h8b3d3717114f9e59
[INFO] [stdout]                                at /rustc/1b7dd2252b99671ce5d1cb9664c5f8636329436d/library/std/src/sys_common/backtrace.rs:150:18
[INFO] [stdout]   13:     0x55cd28323e52 - rust_begin_unwind
[INFO] [stdout]                                at /rustc/1b7dd2252b99671ce5d1cb9664c5f8636329436d/library/std/src/panicking.rs:578:5
[INFO] [stdout]   14:     0x55cd27a57b63 - core::panicking::panic_fmt::hfd368e3fbdabea26
[INFO] [stdout]                                at /rustc/1b7dd2252b99671ce5d1cb9664c5f8636329436d/library/core/src/panicking.rs:67:14
[INFO] [stdout]   15:     0x55cd27a57bfd - core::panicking::panic::h3f9042d09bd0bf2e
[INFO] [stdout]                                at /rustc/1b7dd2252b99671ce5d1cb9664c5f8636329436d/library/core/src/panicking.rs:117:5
[INFO] [stdout]   16:     0x55cd27acf92a - core::option::Option<T>::unwrap::h28ca8ec2b4fdfe82
[INFO] [stdout]                                at /rustc/1b7dd2252b99671ce5d1cb9664c5f8636329436d/library/core/src/option.rs:950:21
[INFO] [stdout]   17:     0x55cd27ad17d9 - <bevy_ecs_tilemap::render::TilemapRenderPlugin as bevy_app::plugin::Plugin>::build::hfc1a41b588c2b739
[INFO] [stdout]                                at /opt/rustwide/cargo-home/registry/src/index.crates.io-6f17d22bba15001f/bevy_ecs_tilemap-0.6.0/src/render/mod.rs:51:27
[INFO] [stdout]   18:     0x55cd27a9b059 - bevy_app::app::App::add_plugin::hea8a92696d51b840
[INFO] [stdout]                                at /opt/rustwide/cargo-home/registry/src/index.crates.io-6f17d22bba15001f/bevy_app-0.7.0/src/app.rs:771:9
[INFO] [stdout]   19:     0x55cd27a655c1 - <bevy_ecs_tilemap::TilemapPlugin as bevy_app::plugin::Plugin>::build::h814b8c3cbdcbf065
[INFO] [stdout]                                at /opt/rustwide/cargo-home/registry/src/index.crates.io-6f17d22bba15001f/bevy_ecs_tilemap-0.6.0/src/lib.rs:135:9
[INFO] [stdout]   20:     0x55cd27a58ac6 - bevy_app::app::App::add_plugin::h0157c48c1f3108a5
[INFO] [stdout]   21:     0x55cd27a59824 - rust_out::main::h2731449a68dfa004
[INFO] [stdout]   22:     0x55cd27a586d3 - core::ops::function::FnOnce::call_once::hd1715aa1b26fc35c
[INFO] [stdout]   23:     0x55cd27a58436 - std::sys_common::backtrace::__rust_begin_short_backtrace::h8d2b4d09ce515535
[INFO] [stdout]   24:     0x55cd27a58489 - std::rt::lang_start::{{closure}}::hc9a918c63b0dc835
[INFO] [stdout]   25:     0x55cd2831c9ce - core::ops::function::impls::<impl core::ops::function::FnOnce<A> for &F>::call_once::h2eb19b8ce4148df4
[INFO] [stdout]                                at /rustc/1b7dd2252b99671ce5d1cb9664c5f8636329436d/library/core/src/ops/function.rs:287:13
[INFO] [stdout]   26:     0x55cd2831c9ce - std::panicking::try::do_call::h2e900feff5d504c5
[INFO] [stdout]                                at /rustc/1b7dd2252b99671ce5d1cb9664c5f8636329436d/library/std/src/panicking.rs:485:40
[INFO] [stdout]   27:     0x55cd2831c9ce - std::panicking::try::h8854836cb85aa9f2
[INFO] [stdout]                                at /rustc/1b7dd2252b99671ce5d1cb9664c5f8636329436d/library/std/src/panicking.rs:449:19
[INFO] [stdout]   28:     0x55cd2831c9ce - std::panic::catch_unwind::h706025dd4c48f64b
[INFO] [stdout]                                at /rustc/1b7dd2252b99671ce5d1cb9664c5f8636329436d/library/std/src/panic.rs:140:14
[INFO] [stdout]   29:     0x55cd2831c9ce - std::rt::lang_start_internal::{{closure}}::h7be5b97f4a07a91a
[INFO] [stdout]                                at /rustc/1b7dd2252b99671ce5d1cb9664c5f8636329436d/library/std/src/rt.rs:148:48
[INFO] [stdout]   30:     0x55cd2831c9ce - std::panicking::try::do_call::h59847e9d0a176965
[INFO] [stdout]                                at /rustc/1b7dd2252b99671ce5d1cb9664c5f8636329436d/library/std/src/panicking.rs:485:40
[INFO] [stdout]   31:     0x55cd2831c9ce - std::panicking::try::h399a918ba8522823
[INFO] [stdout]                                at /rustc/1b7dd2252b99671ce5d1cb9664c5f8636329436d/library/std/src/panicking.rs:449:19
[INFO] [stdout]   32:     0x55cd2831c9ce - std::panic::catch_unwind::hca7ca6c55b2a2e26
[INFO] [stdout]                                at /rustc/1b7dd2252b99671ce5d1cb9664c5f8636329436d/library/std/src/panic.rs:140:14
[INFO] [stdout]   33:     0x55cd2831c9ce - std::rt::lang_start_internal::h2c807a81560459eb
[INFO] [stdout]                                at /rustc/1b7dd2252b99671ce5d1cb9664c5f8636329436d/library/std/src/rt.rs:148:20
[INFO] [stdout]   34:     0x55cd27a58467 - std::rt::lang_start::hc4bd3329ce767e23
[INFO] [stdout]   35:     0x55cd27a598d5 - main
[INFO] [stdout]   36:     0x7f23439d7d90 - <unknown>
[INFO] [stdout]   37:     0x7f23439d7e40 - __libc_start_main
[INFO] [stdout]   38:     0x55cd27a582e5 - _start
[INFO] [stdout]   39:                0x0 - <unknown>
[INFO] [stdout] 
[INFO] [stdout] 
[INFO] [stdout] 
[INFO] [stdout] failures:
[INFO] [stdout]     src/lib.rs - (line 14)
[INFO] [stdout]     src/lib.rs - (line 35)
[INFO] [stdout] 
[INFO] [stdout] test result: FAILED. 1 passed; 2 failed; 0 ignored; 0 measured; 0 filtered out; finished in 12.03s
[INFO] [stdout] 
[INFO] [stderr] error: doctest failed, to rerun pass `--doc`
[INFO] running `Command { std: "docker" "inspect" "dcc55d25fabda7f32fe302aa33d62490e5fbb78b17aa98c832d5be829f213a39", kill_on_drop: false }`
[INFO] running `Command { std: "docker" "rm" "-f" "dcc55d25fabda7f32fe302aa33d62490e5fbb78b17aa98c832d5be829f213a39", kill_on_drop: false }`
[INFO] [stdout] dcc55d25fabda7f32fe302aa33d62490e5fbb78b17aa98c832d5be829f213a39
