[INFO] fetching crate bevy_svg 0.10.1...
[INFO] testing bevy_svg-0.10.1 against beta-2023-04-20 for beta-1.70-1
[INFO] extracting crate bevy_svg 0.10.1 into /workspace/builds/worker-5-tc2/source
[INFO] validating manifest of crates.io crate bevy_svg 0.10.1 on toolchain beta-2023-04-20
[INFO] running `Command { std: CARGO_HOME="/workspace/cargo-home" RUSTUP_HOME="/workspace/rustup-home" "/workspace/cargo-home/bin/cargo" "+beta-2023-04-20" "metadata" "--manifest-path" "Cargo.toml" "--no-deps", kill_on_drop: false }`
[INFO] started tweaking crates.io crate bevy_svg 0.10.1
[INFO] removed 12 missing examples
[INFO] finished tweaking crates.io crate bevy_svg 0.10.1
[INFO] tweaked toml for crates.io crate bevy_svg 0.10.1 written to /workspace/builds/worker-5-tc2/source/Cargo.toml
[INFO] crate crates.io crate bevy_svg 0.10.1 already has a lockfile, it will not be regenerated
[INFO] running `Command { std: CARGO_HOME="/workspace/cargo-home" RUSTUP_HOME="/workspace/rustup-home" "/workspace/cargo-home/bin/cargo" "+beta-2023-04-20" "fetch" "--manifest-path" "Cargo.toml", kill_on_drop: false }`
[INFO] [stderr]     Blocking waiting for file lock on package cache
[INFO] [stderr]     Updating crates.io index
[INFO] [stderr]  Downloading crates ...
[INFO] [stderr]   Downloaded unicode-script v0.5.5
[INFO] [stderr]   Downloaded bevy_ecs_macros v0.10.1
[INFO] [stderr]   Downloaded bevy_ptr v0.10.1
[INFO] [stderr]   Downloaded xmlwriter v0.1.0
[INFO] [stderr]   Downloaded bevy_reflect v0.10.1
[INFO] [stderr]   Downloaded objc2 v0.3.0-beta.3.patch-leaks.3
[INFO] [stderr]   Downloaded lyon_tessellation v1.0.10
[INFO] [stderr]   Downloaded wgpu-types v0.15.2
[INFO] [stderr]   Downloaded kurbo v0.9.3
[INFO] [stderr]   Downloaded unicode-bidi-mirroring v0.1.0
[INFO] [stderr]   Downloaded bevy_audio v0.10.1
[INFO] [stderr]   Downloaded simplecss v0.2.1
[INFO] [stderr]   Downloaded bevy_math v0.10.1
[INFO] [stderr]   Downloaded imagesize v0.10.1
[INFO] [stderr]   Downloaded unicode-bidi v0.3.11
[INFO] [stderr]   Downloaded bevy_core_pipeline v0.10.1
[INFO] [stderr]   Downloaded bevy_derive v0.10.1
[INFO] [stderr]   Downloaded bevy_gilrs v0.10.1
[INFO] [stderr]   Downloaded bevy_gltf v0.10.1
[INFO] [stderr]   Downloaded bevy_window v0.10.1
[INFO] [stderr]   Downloaded raw-window-handle v0.5.1
[INFO] [stderr]   Downloaded bevy_encase_derive v0.10.1
[INFO] [stderr]   Downloaded bevy_winit v0.10.1
[INFO] [stderr]   Downloaded bevy_diagnostic v0.10.1
[INFO] [stderr]   Downloaded pico-args v0.5.0
[INFO] [stderr]   Downloaded bevy_a11y v0.10.1
[INFO] [stderr]   Downloaded bevy_utils v0.10.1
[INFO] [stderr]   Downloaded float-cmp v0.9.0
[INFO] [stderr]   Downloaded bevy_time v0.10.1
[INFO] [stderr]   Downloaded bevy_pbr v0.10.1
[INFO] [stderr]   Downloaded cpal v0.15.1
[INFO] [stderr]   Downloaded accesskit_winit v0.12.4
[INFO] [stderr]   Downloaded bevy_scene v0.10.1
[INFO] [stderr]   Downloaded lyon_geom v1.0.4
[INFO] [stderr]   Downloaded taffy v0.3.11
[INFO] [stderr]   Downloaded bevy_ui v0.10.1
[INFO] [stderr]   Downloaded toml_edit v0.19.5
[INFO] [stderr]   Downloaded sysinfo v0.28.4
[INFO] [stderr]   Downloaded mach2 v0.4.1
[INFO] [stderr]   Downloaded bevy_asset v0.10.1
[INFO] [stderr]   Downloaded kurbo v0.8.3
[INFO] [stderr]   Downloaded bevy_transform v0.10.1
[INFO] [stderr]   Downloaded wgpu-hal v0.15.4
[INFO] [stderr]   Downloaded bevy_render v0.10.1
[INFO] [stderr]   Downloaded bevy_tasks v0.10.1
[INFO] [stderr]   Downloaded bevy v0.10.1
[INFO] [stderr]   Downloaded bevy_ecs v0.10.1
[INFO] [stderr]   Downloaded bevy_input v0.10.1
[INFO] [stderr]   Downloaded bevy_reflect_derive v0.10.1
[INFO] [stderr]   Downloaded serde_derive v1.0.155
[INFO] [stderr]   Downloaded ttf-parser v0.17.1
[INFO] [stderr]   Downloaded bevy_mikktspace v0.10.1
[INFO] [stderr]   Downloaded bevy_render_macros v0.10.1
[INFO] [stderr]   Downloaded bevy_log v0.10.1
[INFO] [stderr]   Downloaded bevy_hierarchy v0.10.1
[INFO] [stderr]   Downloaded accesskit_macos v0.6.2
[INFO] [stderr]   Downloaded fontdb v0.10.0
[INFO] [stderr]   Downloaded float_next_after v0.1.5
[INFO] [stderr]   Downloaded svgtypes v0.11.0
[INFO] [stderr]   Downloaded bevy_animation v0.10.1
[INFO] [stderr]   Downloaded bevy_macro_utils v0.10.1
[INFO] [stderr]   Downloaded bevy_utils_proc_macros v0.10.1
[INFO] [stderr]   Downloaded copyless v0.1.5
[INFO] [stderr]   Downloaded rctree v0.5.0
[INFO] [stderr]   Downloaded serde v1.0.155
[INFO] [stderr]   Downloaded rustybuzz v0.6.0
[INFO] [stderr]   Downloaded bevy_sprite v0.10.1
[INFO] [stderr]   Downloaded bevy_app v0.10.1
[INFO] [stderr]   Downloaded orbclient v0.3.44
[INFO] [stderr]   Downloaded unicode-vo v0.1.0
[INFO] [stderr]   Downloaded bevy_core v0.10.1
[INFO] [stderr]   Downloaded lyon_path v1.0.3
[INFO] [stderr]   Downloaded roxmltree v0.18.0
[INFO] [stderr]   Downloaded svgtypes v0.8.2
[INFO] [stderr]   Downloaded winit v0.28.3
[INFO] [stderr]   Downloaded bevy_internal v0.10.1
[INFO] [stderr]   Downloaded data-url v0.2.0
[INFO] [stderr]   Downloaded fontconfig-parser v0.5.2
[INFO] [stderr]   Downloaded memmap2 v0.5.10
[INFO] [stderr]   Downloaded unicode-ccc v0.1.2
[INFO] [stderr]   Downloaded unicode-general-category v0.6.0
[INFO] [stderr]   Downloaded usvg v0.27.0
[INFO] [stderr]   Downloaded strict-num v0.1.0
[INFO] [stderr]   Downloaded bevy_text v0.10.1
[INFO] [stderr]   Downloaded roxmltree v0.15.1
[INFO] running `Command { std: "docker" "create" "-v" "/var/lib/crater-agent-workspace/builds/worker-5-tc2/target:/opt/rustwide/target:rw,Z" "-v" "/var/lib/crater-agent-workspace/builds/worker-5-tc2/source:/opt/rustwide/workdir:ro,Z" "-v" "/var/lib/crater-agent-workspace/cargo-home:/opt/rustwide/cargo-home:ro,Z" "-v" "/var/lib/crater-agent-workspace/rustup-home:/opt/rustwide/rustup-home:ro,Z" "-e" "SOURCE_DIR=/opt/rustwide/workdir" "-e" "CARGO_TARGET_DIR=/opt/rustwide/target" "-e" "CARGO_HOME=/opt/rustwide/cargo-home" "-e" "RUSTUP_HOME=/opt/rustwide/rustup-home" "-w" "/opt/rustwide/workdir" "-m" "1610612736" "--user" "0:0" "--network" "none" "ghcr.io/rust-lang/crates-build-env/linux@sha256:5ff2268d62e97bff2cde7d5815dd6ed5b47097566f13b8d0ca110b04b60e07ed" "/opt/rustwide/cargo-home/bin/cargo" "+beta-2023-04-20" "metadata" "--no-deps" "--format-version=1", kill_on_drop: false }`
[INFO] [stdout] 28c3b6251124101b4c6b7122059bf6e1d8ff6938c357402dd583f87754de8ec3
[INFO] running `Command { std: "docker" "start" "-a" "28c3b6251124101b4c6b7122059bf6e1d8ff6938c357402dd583f87754de8ec3", kill_on_drop: false }`
[INFO] running `Command { std: "docker" "inspect" "28c3b6251124101b4c6b7122059bf6e1d8ff6938c357402dd583f87754de8ec3", kill_on_drop: false }`
[INFO] running `Command { std: "docker" "rm" "-f" "28c3b6251124101b4c6b7122059bf6e1d8ff6938c357402dd583f87754de8ec3", kill_on_drop: false }`
[INFO] [stdout] 28c3b6251124101b4c6b7122059bf6e1d8ff6938c357402dd583f87754de8ec3
[INFO] running `Command { std: "docker" "create" "-v" "/var/lib/crater-agent-workspace/builds/worker-5-tc2/target:/opt/rustwide/target:rw,Z" "-v" "/var/lib/crater-agent-workspace/builds/worker-5-tc2/source:/opt/rustwide/workdir:ro,Z" "-v" "/var/lib/crater-agent-workspace/cargo-home:/opt/rustwide/cargo-home:ro,Z" "-v" "/var/lib/crater-agent-workspace/rustup-home:/opt/rustwide/rustup-home:ro,Z" "-e" "SOURCE_DIR=/opt/rustwide/workdir" "-e" "CARGO_TARGET_DIR=/opt/rustwide/target" "-e" "CARGO_INCREMENTAL=0" "-e" "RUST_BACKTRACE=full" "-e" "RUSTFLAGS=--cap-lints=warn" "-e" "RUSTDOCFLAGS=--cap-lints=warn" "-e" "CARGO_HOME=/opt/rustwide/cargo-home" "-e" "RUSTUP_HOME=/opt/rustwide/rustup-home" "-w" "/opt/rustwide/workdir" "-m" "1610612736" "--user" "0:0" "--network" "none" "ghcr.io/rust-lang/crates-build-env/linux@sha256:5ff2268d62e97bff2cde7d5815dd6ed5b47097566f13b8d0ca110b04b60e07ed" "/opt/rustwide/cargo-home/bin/cargo" "+beta-2023-04-20" "build" "--frozen" "--message-format=json", kill_on_drop: false }`
[INFO] [stdout] 77a7593e72b5521c60d41ad322d0c266ffe0bb94c14f6f020fe14cad4ab5b02c
[INFO] running `Command { std: "docker" "start" "-a" "77a7593e72b5521c60d41ad322d0c266ffe0bb94c14f6f020fe14cad4ab5b02c", kill_on_drop: false }`
[INFO] [stderr]     Blocking waiting for file lock on package cache
[INFO] [stderr]     Blocking waiting for file lock on package cache
[INFO] [stderr]     Blocking waiting for file lock on package cache
[INFO] [stderr]    Compiling proc-macro2 v1.0.51
[INFO] [stderr]    Compiling syn v1.0.109
[INFO] [stderr]    Compiling serde_derive v1.0.155
[INFO] [stderr]    Compiling serde v1.0.155
[INFO] [stderr]    Compiling libc v0.2.140
[INFO] [stderr]    Compiling thiserror v1.0.39
[INFO] [stderr]    Compiling hashbrown v0.12.3
[INFO] [stderr]    Compiling winnow v0.3.5
[INFO] [stderr]    Compiling toml_datetime v0.6.1
[INFO] [stderr]    Compiling ahash v0.7.6
[INFO] [stderr]    Compiling parking_lot_core v0.9.7
[INFO] [stderr]    Compiling crossbeam-utils v0.8.15
[INFO] [stderr]    Compiling fixedbitset v0.4.2
[INFO] [stderr]    Compiling futures-core v0.3.27
[INFO] [stderr]    Compiling tracing-core v0.1.30
[INFO] [stderr]    Compiling libm v0.2.6
[INFO] [stderr]    Compiling num-traits v0.2.15
[INFO] [stderr]    Compiling event-listener v2.5.3
[INFO] [stderr]    Compiling rustc-hash v1.1.0
[INFO] [stderr]    Compiling bit-vec v0.6.3
[INFO] [stderr]    Compiling waker-fn v1.1.0
[INFO] [stderr]    Compiling erased-serde v0.3.25
[INFO] [stderr]    Compiling futures-io v0.3.27
[INFO] [stderr]    Compiling tracing v0.1.37
[INFO] [stderr]    Compiling parking v2.0.0
[INFO] [stderr]    Compiling async-lock v2.7.0
[INFO] [stderr]    Compiling indexmap v1.9.2
[INFO] [stderr]    Compiling futures-lite v1.12.0
[INFO] [stderr]    Compiling bit-set v0.5.3
[INFO] [stderr]    Compiling instant v0.1.12
[INFO] [stderr]    Compiling concurrent-queue v2.1.0
[INFO] [stderr]    Compiling async-task v4.3.0
[INFO] [stderr]    Compiling thread_local v1.1.7
[INFO] [stderr]    Compiling quote v1.0.23
[INFO] [stderr]    Compiling downcast-rs v1.2.0
[INFO] [stderr]    Compiling async-channel v1.8.0
[INFO] [stderr]    Compiling bevy_ptr v0.10.1
[INFO] [stderr]    Compiling arrayvec v0.7.2
[INFO] [stderr]    Compiling regex-automata v0.1.10
[INFO] [stderr]    Compiling getrandom v0.2.8
[INFO] [stderr]    Compiling overload v0.1.1
[INFO] [stderr]    Compiling regex v1.7.1
[INFO] [stderr]    Compiling sharded-slab v0.1.4
[INFO] [stderr]    Compiling tracing-log v0.1.3
[INFO] [stderr]    Compiling nu-ansi-term v0.46.0
[INFO] [stderr]    Compiling libloading v0.7.4
[INFO] [stderr]    Compiling unicode-xid v0.2.4
[INFO] [stderr]    Compiling uuid v1.3.0
[INFO] [stderr]    Compiling async-executor v1.5.0
[INFO] [stderr]    Compiling ash v0.37.2+1.3.238
[INFO] [stderr]    Compiling khronos-egl v4.1.0
[INFO] [stderr]    Compiling pp-rs v0.2.1
[INFO] [stderr]    Compiling bevy_tasks v0.10.1
[INFO] [stderr]    Compiling codespan-reporting v0.11.1
[INFO] [stderr]    Compiling gpu-descriptor-types v0.1.1
[INFO] [stderr]    Compiling gpu-alloc-types v0.2.0
[INFO] [stderr]    Compiling num-integer v0.1.45
[INFO] [stderr]    Compiling raw-window-handle v0.5.1
[INFO] [stderr]    Compiling hexf-parse v0.2.1
[INFO] [stderr]    Compiling gpu-alloc v0.5.3
[INFO] [stderr]    Compiling matchers v0.1.0
[INFO] [stderr]    Compiling spirv v0.2.0+1.5.4
[INFO] [stderr]    Compiling fxhash v0.2.1
[INFO] [stderr]    Compiling wgpu-types v0.15.2
[INFO] [stderr]    Compiling crossbeam-channel v0.5.7
[INFO] [stderr]    Compiling num-rational v0.4.1
[INFO] [stderr]    Compiling toml_edit v0.19.5
[INFO] [stderr]    Compiling glow v0.12.1
[INFO] [stderr]    Compiling anyhow v1.0.69
[INFO] [stderr]    Compiling renderdoc-sys v0.7.1
[INFO] [stderr]    Compiling profiling v1.0.7
[INFO] [stderr]    Compiling sysinfo v0.28.4
[INFO] [stderr]    Compiling euclid v0.22.7
[INFO] [stderr]    Compiling color_quant v1.1.0
[INFO] [stderr]    Compiling static_assertions v1.1.0
[INFO] [stderr]    Compiling const_panic v0.2.7
[INFO] [stderr]    Compiling radsort v0.1.0
[INFO] [stderr]    Compiling unicode-general-category v0.6.0
[INFO] [stderr]    Compiling svg_fmt v0.4.1
[INFO] [stderr]    Compiling crc32fast v1.3.2
[INFO] [stderr]    Compiling roxmltree v0.18.0
[INFO] [stderr]    Compiling rectangle-pack v0.4.2
[INFO] [stderr]    Compiling ttf-parser v0.17.1
[INFO] [stderr]    Compiling guillotiere v0.6.2
[INFO] [stderr]    Compiling siphasher v0.3.10
[INFO] [stderr]    Compiling accesskit v0.10.1
[INFO] [stderr]    Compiling lyon_geom v1.0.4
[INFO] [stderr]    Compiling fontconfig-parser v0.5.2
[INFO] [stderr]    Compiling miniz_oxide v0.6.2
[INFO] [stderr]    Compiling memmap2 v0.5.10
[INFO] [stderr]    Compiling float-cmp v0.9.0
[INFO] [stderr]    Compiling bevy_macro_utils v0.10.1
[INFO] [stderr]    Compiling encase_derive_impl v0.5.0
[INFO] [stderr]    Compiling unicode-ccc v0.1.2
[INFO] [stderr]    Compiling unicode-bidi-mirroring v0.1.0
[INFO] [stderr]    Compiling unicode-script v0.5.5
[INFO] [stderr]    Compiling flate2 v1.0.25
[INFO] [stderr]    Compiling lyon_path v1.0.3
[INFO] [stderr]    Compiling strict-num v0.1.0
[INFO] [stderr]    Compiling svgtypes v0.8.2
[INFO] [stderr]    Compiling roxmltree v0.15.1
[INFO] [stderr]    Compiling float_next_after v0.1.5
[INFO] [stderr]    Compiling kurbo v0.8.3
[INFO] [stderr]    Compiling kurbo v0.9.3
[INFO] [stderr]    Compiling simplecss v0.2.1
[INFO] [stderr]    Compiling xmlwriter v0.1.0
[INFO] [stderr]    Compiling pico-args v0.5.0
[INFO] [stderr]    Compiling data-url v0.2.0
[INFO] [stderr]    Compiling unicode-vo v0.1.0
[INFO] [stderr]    Compiling rctree v0.5.0
[INFO] [stderr]    Compiling unicode-bidi v0.3.11
[INFO] [stderr]    Compiling fontdb v0.10.0
[INFO] [stderr]    Compiling base64 v0.13.1
[INFO] [stderr]    Compiling imagesize v0.10.1
[INFO] [stderr]    Compiling copyless v0.1.5
[INFO] [stderr]    Compiling svgtypes v0.11.0
[INFO] [stderr]    Compiling bytemuck_derive v1.4.0
[INFO] [stderr]    Compiling thiserror-impl v1.0.39
[INFO] [stderr]    Compiling bevy_utils_proc_macros v0.10.1
[INFO] [stderr]    Compiling bevy_reflect_derive v0.10.1
[INFO] [stderr]    Compiling bevy_ecs_macros v0.10.1
[INFO] [stderr]    Compiling bevy_derive v0.10.1
[INFO] [stderr]    Compiling encase_derive v0.5.0
[INFO] [stderr]    Compiling bevy_encase_derive v0.10.1
[INFO] [stderr]    Compiling bevy_render_macros v0.10.1
[INFO] [stderr]    Compiling bytemuck v1.13.1
[INFO] [stderr]    Compiling image v0.24.5
[INFO] [stderr]    Compiling lyon_tessellation v1.0.10
[INFO] [stderr]    Compiling smallvec v1.10.0
[INFO] [stderr]    Compiling glam v0.23.0
[INFO] [stderr]    Compiling tracing-subscriber v0.3.16
[INFO] [stderr]    Compiling rustybuzz v0.6.0
[INFO] [stderr]    Compiling parking_lot v0.12.1
[INFO] [stderr]    Compiling gpu-descriptor v0.2.3
[INFO] [stderr]    Compiling petgraph v0.6.3
[INFO] [stderr]    Compiling usvg v0.27.0
[INFO] [stderr]    Compiling bevy_math v0.10.1
[INFO] [stderr]    Compiling bevy_mikktspace v0.10.1
[INFO] [stderr]    Compiling hexasphere v8.1.0
[INFO] [stderr]    Compiling encase v0.5.0
[INFO] [stderr]    Compiling bevy_utils v0.10.1
[INFO] [stderr]    Compiling naga v0.11.0
[INFO] [stderr]    Compiling bevy_reflect v0.10.1
[INFO] [stderr]    Compiling bevy_ecs v0.10.1
[INFO] [stderr]    Compiling wgpu-hal v0.15.4
[INFO] [stderr]    Compiling wgpu-core v0.15.1
[INFO] [stderr]    Compiling bevy_app v0.10.1
[INFO] [stderr]    Compiling bevy_log v0.10.1
[INFO] [stderr]    Compiling bevy_core v0.10.1
[INFO] [stderr]    Compiling bevy_time v0.10.1
[INFO] [stderr]    Compiling bevy_input v0.10.1
[INFO] [stderr]    Compiling bevy_a11y v0.10.1
[INFO] [stderr]    Compiling bevy_hierarchy v0.10.1
[INFO] [stderr]    Compiling bevy_diagnostic v0.10.1
[INFO] [stderr]    Compiling bevy_transform v0.10.1
[INFO] [stderr]    Compiling bevy_asset v0.10.1
[INFO] [stderr]    Compiling bevy_window v0.10.1
[INFO] [stderr]    Compiling wgpu v0.15.1
[INFO] [stderr]    Compiling bevy_render v0.10.1
[INFO] [stderr]    Compiling bevy_core_pipeline v0.10.1
[INFO] [stderr]    Compiling bevy_pbr v0.10.1
[INFO] [stderr]    Compiling bevy_sprite v0.10.1
[INFO] [stderr]    Compiling bevy_internal v0.10.1
[INFO] [stderr]    Compiling bevy v0.10.1
[INFO] [stderr]    Compiling bevy_svg v0.10.1 (/opt/rustwide/workdir)
[INFO] [stderr]     Finished dev [unoptimized + debuginfo] target(s) in 1m 12s
[INFO] running `Command { std: "docker" "inspect" "77a7593e72b5521c60d41ad322d0c266ffe0bb94c14f6f020fe14cad4ab5b02c", kill_on_drop: false }`
[INFO] running `Command { std: "docker" "rm" "-f" "77a7593e72b5521c60d41ad322d0c266ffe0bb94c14f6f020fe14cad4ab5b02c", kill_on_drop: false }`
[INFO] [stdout] 77a7593e72b5521c60d41ad322d0c266ffe0bb94c14f6f020fe14cad4ab5b02c
[INFO] running `Command { std: "docker" "create" "-v" "/var/lib/crater-agent-workspace/builds/worker-5-tc2/target:/opt/rustwide/target:rw,Z" "-v" "/var/lib/crater-agent-workspace/builds/worker-5-tc2/source:/opt/rustwide/workdir:ro,Z" "-v" "/var/lib/crater-agent-workspace/cargo-home:/opt/rustwide/cargo-home:ro,Z" "-v" "/var/lib/crater-agent-workspace/rustup-home:/opt/rustwide/rustup-home:ro,Z" "-e" "SOURCE_DIR=/opt/rustwide/workdir" "-e" "CARGO_TARGET_DIR=/opt/rustwide/target" "-e" "CARGO_INCREMENTAL=0" "-e" "RUST_BACKTRACE=full" "-e" "RUSTFLAGS=--cap-lints=warn" "-e" "RUSTDOCFLAGS=--cap-lints=warn" "-e" "CARGO_HOME=/opt/rustwide/cargo-home" "-e" "RUSTUP_HOME=/opt/rustwide/rustup-home" "-w" "/opt/rustwide/workdir" "-m" "1610612736" "--user" "0:0" "--network" "none" "ghcr.io/rust-lang/crates-build-env/linux@sha256:5ff2268d62e97bff2cde7d5815dd6ed5b47097566f13b8d0ca110b04b60e07ed" "/opt/rustwide/cargo-home/bin/cargo" "+beta-2023-04-20" "test" "--frozen" "--no-run" "--message-format=json", kill_on_drop: false }`
[INFO] [stdout] 426fa5923d06cacb720790c0a3e3641b2e6787e35c3677fce4e873774babdcc1
[INFO] running `Command { std: "docker" "start" "-a" "426fa5923d06cacb720790c0a3e3641b2e6787e35c3677fce4e873774babdcc1", kill_on_drop: false }`
[INFO] [stderr]    Compiling libc v0.2.140
[INFO] [stderr]    Compiling same-file v1.0.6
[INFO] [stderr]    Compiling miniz_oxide v0.6.2
[INFO] [stderr]    Compiling scoped_threadpool v0.1.9
[INFO] [stderr]    Compiling twox-hash v1.6.3
[INFO] [stderr]    Compiling ktx2 v0.3.0
[INFO] [stderr]    Compiling alsa-sys v0.3.1
[INFO] [stderr]    Compiling xml-rs v0.8.4
[INFO] [stderr]    Compiling libudev-sys v0.1.4
[INFO] [stderr]    Compiling x11-dl v2.21.0
[INFO] [stderr]    Compiling serde_json v1.0.94
[INFO] [stderr]    Compiling cfg_aliases v0.1.1
[INFO] [stderr]    Compiling ttf-parser v0.18.1
[INFO] [stderr]    Compiling approx v0.5.1
[INFO] [stderr]    Compiling slotmap v1.0.6
[INFO] [stderr]    Compiling inflections v1.1.1
[INFO] [stderr]    Compiling tinyvec_macros v0.1.1
[INFO] [stderr]    Compiling ab_glyph_rasterizer v0.1.8
[INFO] [stderr]    Compiling walkdir v2.3.2
[INFO] [stderr]    Compiling cpal v0.15.1
[INFO] [stderr]    Compiling ruzstd v0.2.4
[INFO] [stderr]    Compiling gltf-derive v1.1.0
[INFO] [stderr]    Compiling tinyvec v1.6.0
[INFO] [stderr]    Compiling ogg v0.8.0
[INFO] [stderr]    Compiling gilrs v0.10.1
[INFO] [stderr]    Compiling flate2 v1.0.25
[INFO] [stderr]    Compiling dasp_sample v0.11.0
[INFO] [stderr]    Compiling xi-unicode v0.3.0
[INFO] [stderr]    Compiling wayland-scanner v0.29.5
[INFO] [stderr]    Compiling vec_map v0.8.2
[INFO] [stderr]    Compiling png v0.17.7
[INFO] [stderr]    Compiling ron v0.8.0
[INFO] [stderr]    Compiling lewton v0.10.2
[INFO] [stderr]    Compiling taffy v0.3.11
[INFO] [stderr]    Compiling gltf-json v1.1.0
[INFO] [stderr]    Compiling image v0.24.5
[INFO] [stderr]    Compiling winit v0.28.3
[INFO] [stderr]    Compiling getrandom v0.2.8
[INFO] [stderr]    Compiling parking_lot_core v0.9.7
[INFO] [stderr]    Compiling mio v0.8.6
[INFO] [stderr]    Compiling inotify-sys v0.1.5
[INFO] [stderr]    Compiling filetime v0.2.20
[INFO] [stderr]    Compiling sysinfo v0.28.4
[INFO] [stderr]    Compiling ahash v0.7.6
[INFO] [stderr]    Compiling uuid v1.3.0
[INFO] [stderr]    Compiling parking_lot v0.12.1
[INFO] [stderr]    Compiling inotify v0.9.6
[INFO] [stderr]    Compiling khronos-egl v4.1.0
[INFO] [stderr]    Compiling owned_ttf_parser v0.18.1
[INFO] [stderr]    Compiling nix v0.24.3
[INFO] [stderr]    Compiling hashbrown v0.12.3
[INFO] [stderr]    Compiling notify v5.1.0
[INFO] [stderr]    Compiling ab_glyph v0.2.20
[INFO] [stderr]    Compiling nix v0.25.1
[INFO] [stderr]    Compiling alsa v0.7.0
[INFO] [stderr]    Compiling memmap2 v0.5.10
[INFO] [stderr]    Compiling glyph_brush_layout v0.2.3
[INFO] [stderr]    Compiling gilrs-core v0.5.2
[INFO] [stderr]    Compiling fontdb v0.10.0
[INFO] [stderr]    Compiling indexmap v1.9.2
[INFO] [stderr]    Compiling gpu-descriptor v0.2.3
[INFO] [stderr]    Compiling usvg v0.27.0
[INFO] [stderr]    Compiling petgraph v0.6.3
[INFO] [stderr]    Compiling gltf v1.1.0
[INFO] [stderr]    Compiling rodio v0.17.1
[INFO] [stderr]    Compiling bevy_utils v0.10.1
[INFO] [stderr]    Compiling naga v0.11.0
[INFO] [stderr]    Compiling bevy_reflect v0.10.1
[INFO] [stderr]    Compiling accesskit_winit v0.12.4
[INFO] [stderr]    Compiling bevy_ecs v0.10.1
[INFO] [stderr]    Compiling wgpu-hal v0.15.4
[INFO] [stderr]    Compiling bevy_app v0.10.1
[INFO] [stderr]    Compiling wgpu-core v0.15.1
[INFO] [stderr]    Compiling bevy_core v0.10.1
[INFO] [stderr]    Compiling bevy_log v0.10.1
[INFO] [stderr]    Compiling bevy_time v0.10.1
[INFO] [stderr]    Compiling bevy_input v0.10.1
[INFO] [stderr]    Compiling bevy_a11y v0.10.1
[INFO] [stderr]    Compiling bevy_hierarchy v0.10.1
[INFO] [stderr]    Compiling bevy_diagnostic v0.10.1
[INFO] [stderr]    Compiling bevy_asset v0.10.1
[INFO] [stderr]    Compiling bevy_transform v0.10.1
[INFO] [stderr]    Compiling bevy_window v0.10.1
[INFO] [stderr]    Compiling bevy_gilrs v0.10.1
[INFO] [stderr]    Compiling bevy_animation v0.10.1
[INFO] [stderr]    Compiling bevy_audio v0.10.1
[INFO] [stderr]    Compiling bevy_winit v0.10.1
[INFO] [stderr]    Compiling wgpu v0.15.1
[INFO] [stderr]    Compiling bevy_render v0.10.1
[INFO] [stderr]    Compiling bevy_core_pipeline v0.10.1
[INFO] [stderr]    Compiling bevy_scene v0.10.1
[INFO] [stderr]    Compiling bevy_sprite v0.10.1
[INFO] [stderr]    Compiling bevy_pbr v0.10.1
[INFO] [stderr]    Compiling bevy_text v0.10.1
[INFO] [stderr]    Compiling bevy_ui v0.10.1
[INFO] [stderr]    Compiling bevy_gltf v0.10.1
[INFO] [stderr]    Compiling bevy_internal v0.10.1
[INFO] [stderr]    Compiling bevy v0.10.1
[INFO] [stderr]    Compiling bevy_svg v0.10.1 (/opt/rustwide/workdir)
[INFO] [stderr]     Finished test [unoptimized + debuginfo] target(s) in 54.34s
[INFO] running `Command { std: "docker" "inspect" "426fa5923d06cacb720790c0a3e3641b2e6787e35c3677fce4e873774babdcc1", kill_on_drop: false }`
[INFO] running `Command { std: "docker" "rm" "-f" "426fa5923d06cacb720790c0a3e3641b2e6787e35c3677fce4e873774babdcc1", kill_on_drop: false }`
[INFO] [stdout] 426fa5923d06cacb720790c0a3e3641b2e6787e35c3677fce4e873774babdcc1
[INFO] running `Command { std: "docker" "create" "-v" "/var/lib/crater-agent-workspace/builds/worker-5-tc2/target:/opt/rustwide/target:rw,Z" "-v" "/var/lib/crater-agent-workspace/builds/worker-5-tc2/source:/opt/rustwide/workdir:ro,Z" "-v" "/var/lib/crater-agent-workspace/cargo-home:/opt/rustwide/cargo-home:ro,Z" "-v" "/var/lib/crater-agent-workspace/rustup-home:/opt/rustwide/rustup-home:ro,Z" "-e" "SOURCE_DIR=/opt/rustwide/workdir" "-e" "CARGO_TARGET_DIR=/opt/rustwide/target" "-e" "CARGO_INCREMENTAL=0" "-e" "RUST_BACKTRACE=full" "-e" "RUSTFLAGS=--cap-lints=warn" "-e" "RUSTDOCFLAGS=--cap-lints=warn" "-e" "CARGO_HOME=/opt/rustwide/cargo-home" "-e" "RUSTUP_HOME=/opt/rustwide/rustup-home" "-w" "/opt/rustwide/workdir" "-m" "1610612736" "--user" "0:0" "--network" "none" "ghcr.io/rust-lang/crates-build-env/linux@sha256:5ff2268d62e97bff2cde7d5815dd6ed5b47097566f13b8d0ca110b04b60e07ed" "/opt/rustwide/cargo-home/bin/cargo" "+beta-2023-04-20" "test" "--frozen", kill_on_drop: false }`
[INFO] [stdout] 7cd07da0d659ce29c04cee7dacdd2c4fe438bc4e91d600a6de93ed24788789a7
[INFO] running `Command { std: "docker" "start" "-a" "7cd07da0d659ce29c04cee7dacdd2c4fe438bc4e91d600a6de93ed24788789a7", kill_on_drop: false }`
[INFO] [stderr]     Finished test [unoptimized + debuginfo] target(s) in 0.73s
[INFO] [stderr]      Running unittests src/lib.rs (/opt/rustwide/target/debug/deps/bevy_svg-0a5a079c3f5336fa)
[INFO] [stdout] 
[INFO] [stdout] running 0 tests
[INFO] [stdout] 
[INFO] [stdout] test result: ok. 0 passed; 0 failed; 0 ignored; 0 measured; 0 filtered out; finished in 0.00s
[INFO] [stdout] 
[INFO] [stderr]    Doc-tests bevy_svg
[INFO] [stdout] 
[INFO] [stdout] running 1 test
[INFO] [stdout] test src/lib.rs - (line 8) ... FAILED
[INFO] [stdout] 
[INFO] [stdout] failures:
[INFO] [stdout] 
[INFO] [stdout] ---- src/lib.rs - (line 8) stdout ----
[INFO] [stdout] error[E0433]: failed to resolve: use of undeclared type `App`
[INFO] [stdout]  --> src/lib.rs:10:5
[INFO] [stdout]   |
[INFO] [stdout] 4 |     App::new()
[INFO] [stdout]   |     ^^^ use of undeclared type `App`
[INFO] [stdout]   |
[INFO] [stdout] help: consider importing this struct
[INFO] [stdout]   |
[INFO] [stdout] 2 + use bevy::app::App;
[INFO] [stdout]   |
[INFO] [stdout] 
[INFO] [stdout] error: aborting due to previous error
[INFO] [stdout] 
[INFO] [stdout] For more information about this error, try `rustc --explain E0433`.
[INFO] [stdout] Couldn't compile the test.
[INFO] [stdout] 
[INFO] [stdout] failures:
[INFO] [stdout]     src/lib.rs - (line 8)
[INFO] [stdout] 
[INFO] [stdout] test result: FAILED. 0 passed; 1 failed; 0 ignored; 0 measured; 0 filtered out; finished in 0.16s
[INFO] [stdout] 
[INFO] [stderr] error: doctest failed, to rerun pass `--doc`
[INFO] running `Command { std: "docker" "inspect" "7cd07da0d659ce29c04cee7dacdd2c4fe438bc4e91d600a6de93ed24788789a7", kill_on_drop: false }`
[INFO] running `Command { std: "docker" "rm" "-f" "7cd07da0d659ce29c04cee7dacdd2c4fe438bc4e91d600a6de93ed24788789a7", kill_on_drop: false }`
[INFO] [stdout] 7cd07da0d659ce29c04cee7dacdd2c4fe438bc4e91d600a6de93ed24788789a7
