[INFO] fetching crate bevy_outline 0.1.0...
[INFO] testing bevy_outline-0.1.0 against 1.69.0 for beta-1.70-1
[INFO] extracting crate bevy_outline 0.1.0 into /workspace/builds/worker-3-tc1/source
[INFO] validating manifest of crates.io crate bevy_outline 0.1.0 on toolchain 1.69.0
[INFO] running `Command { std: CARGO_HOME="/workspace/cargo-home" RUSTUP_HOME="/workspace/rustup-home" "/workspace/cargo-home/bin/cargo" "+1.69.0" "metadata" "--manifest-path" "Cargo.toml" "--no-deps", kill_on_drop: false }`
[INFO] started tweaking crates.io crate bevy_outline 0.1.0
[INFO] finished tweaking crates.io crate bevy_outline 0.1.0
[INFO] tweaked toml for crates.io crate bevy_outline 0.1.0 written to /workspace/builds/worker-3-tc1/source/Cargo.toml
[INFO] crate crates.io crate bevy_outline 0.1.0 already has a lockfile, it will not be regenerated
[INFO] running `Command { std: CARGO_HOME="/workspace/cargo-home" RUSTUP_HOME="/workspace/rustup-home" "/workspace/cargo-home/bin/cargo" "+1.69.0" "fetch" "--manifest-path" "Cargo.toml", kill_on_drop: false }`
[INFO] [stderr]  Downloading crates ...
[INFO] [stderr]   Downloaded bevy_animation v0.7.0
[INFO] [stderr]   Downloaded gilrs v0.8.2
[INFO] [stderr]   Downloaded stdweb-internal-runtime v0.1.5
[INFO] [stderr]   Downloaded gilrs-core v0.3.2
[INFO] [stderr]   Downloaded stdweb v0.4.20
[INFO] [stderr]   Downloaded core-foundation v0.6.4
[INFO] [stderr]   Downloaded combine v4.6.4
[INFO] [stderr]   Downloaded wgpu-hal v0.12.5
[INFO] [stderr]   Downloaded wgpu v0.12.0
[INFO] [stderr]   Downloaded wgpu-core v0.12.2
[INFO] [stderr]   Downloaded bevy_asset v0.7.0
[INFO] [stderr]   Downloaded bevy_gilrs v0.7.0
[INFO] [stderr]   Downloaded discard v1.0.4
[INFO] [stderr]   Downloaded core-foundation-sys v0.6.2
[INFO] [stderr]   Downloaded mach v0.2.3
[INFO] [stderr]   Downloaded event-listener v2.5.2
[INFO] [stderr]   Downloaded anyhow v1.0.57
[INFO] [stderr]   Downloaded tracing-subscriber v0.3.11
[INFO] [stderr]   Downloaded ash v0.34.0+1.2.203
[INFO] [stderr]   Downloaded indexmap v1.8.2
[INFO] [stderr]   Downloaded tracing-attributes v0.1.21
[INFO] [stderr]   Downloaded unicode-ident v1.0.0
[INFO] [stderr]   Downloaded sha1_smol v1.0.0
[INFO] [stderr]   Downloaded stdweb-internal-macros v0.2.9
[INFO] [stderr]   Downloaded bevy_internal v0.7.0
[INFO] [stderr]   Downloaded bevy_gltf v0.7.0
[INFO] [stderr]   Downloaded bevy_pbr v0.7.0
[INFO] [stderr]   Downloaded ron v0.7.0
[INFO] [stderr]   Downloaded bevy_scene v0.7.0
[INFO] [stderr]   Downloaded bevy_core_pipeline v0.7.0
[INFO] [stderr]   Downloaded bevy_sprite v0.7.0
[INFO] [stderr]   Downloaded naga v0.8.5
[INFO] [stderr]   Downloaded ttf-parser v0.15.0
[INFO] [stderr]   Downloaded owned_ttf_parser v0.15.0
[INFO] [stderr]   Downloaded ab_glyph v0.2.15
[INFO] [stderr]   Downloaded bevy_text v0.7.0
[INFO] [stderr]   Downloaded bevy v0.7.0
[INFO] [stderr]   Downloaded bevy_dylib v0.7.0
[INFO] [stderr]   Downloaded bevy_ui v0.7.0
[INFO] [stderr]   Downloaded bevy_input v0.7.0
[INFO] [stderr]   Downloaded bevy_obj v0.7.0
[INFO] [stderr]   Downloaded mio v0.8.3
[INFO] [stderr]   Downloaded bevy_winit v0.7.0
[INFO] [stderr]   Downloaded bevy_diagnostic v0.7.0
[INFO] [stderr]   Downloaded bevy_log v0.7.0
[INFO] [stderr]   Downloaded filetime v0.2.16
[INFO] [stderr]   Downloaded notify v5.0.0-pre.11
[INFO] [stderr]   Downloaded bevy_crevice v0.7.0
[INFO] [stderr]   Downloaded bevy_core v0.7.0
[INFO] [stderr]   Downloaded bevy-crevice-derive v0.7.0
[INFO] [stderr]   Downloaded bevy_hierarchy v0.7.0
[INFO] [stderr]   Downloaded bevy_transform v0.7.0
[INFO] [stderr]   Downloaded bevy_app v0.7.0
[INFO] [stderr]   Downloaded bevy_ecs_macros v0.7.0
[INFO] [stderr]   Downloaded async-task v4.2.0
[INFO] [stderr]   Downloaded bevy_tasks v0.7.0
[INFO] [stderr]   Downloaded bevy_ecs v0.7.0
[INFO] [stderr]   Downloaded bevy_reflect_derive v0.7.0
[INFO] [stderr]   Downloaded bevy_reflect v0.7.0
[INFO] [stderr]   Downloaded bevy_math v0.7.0
[INFO] [stderr]   Downloaded bevy_window v0.7.0
[INFO] [stderr]   Downloaded glam v0.20.5
[INFO] [stderr]   Downloaded hexasphere v7.0.0
[INFO] [stderr]   Downloaded bytemuck_derive v1.1.0
[INFO] [stderr]   Downloaded bytemuck v1.9.1
[INFO] [stderr]   Downloaded wasm-bindgen-futures v0.4.30
[INFO] [stderr]   Downloaded gpu-descriptor v0.2.2
[INFO] [stderr]   Downloaded bevy_macro_utils v0.7.0
[INFO] [stderr]   Downloaded bevy_render v0.7.0
[INFO] [stderr]   Downloaded bevy_derive v0.7.0
[INFO] [stderr]   Downloaded tracing-core v0.1.26
[INFO] [stderr]   Downloaded tracing v0.1.34
[INFO] [stderr]   Downloaded bevy_utils v0.7.0
[INFO] [stderr]   Downloaded wgpu-types v0.12.0
[INFO] [stderr]   Downloaded bevy_audio v0.7.0
[INFO] [stderr]   Downloaded base-x v0.2.10
[INFO] [stderr]   Downloaded io-kit-sys v0.1.0
[INFO] [stderr]   Downloaded stdweb-derive v0.5.3
[INFO] [stderr]   Downloaded sha1 v0.6.1
[INFO] [stderr]   Downloaded syn v1.0.95
[INFO] [stderr]   Downloaded obj-rs v0.7.0
[INFO] running `Command { std: "docker" "create" "-v" "/var/lib/crater-agent-workspace/builds/worker-3-tc1/target:/opt/rustwide/target:rw,Z" "-v" "/var/lib/crater-agent-workspace/builds/worker-3-tc1/source:/opt/rustwide/workdir:ro,Z" "-v" "/var/lib/crater-agent-workspace/cargo-home:/opt/rustwide/cargo-home:ro,Z" "-v" "/var/lib/crater-agent-workspace/rustup-home:/opt/rustwide/rustup-home:ro,Z" "-e" "SOURCE_DIR=/opt/rustwide/workdir" "-e" "CARGO_TARGET_DIR=/opt/rustwide/target" "-e" "CARGO_HOME=/opt/rustwide/cargo-home" "-e" "RUSTUP_HOME=/opt/rustwide/rustup-home" "-w" "/opt/rustwide/workdir" "-m" "1610612736" "--user" "0:0" "--network" "none" "ghcr.io/rust-lang/crates-build-env/linux@sha256:5ff2268d62e97bff2cde7d5815dd6ed5b47097566f13b8d0ca110b04b60e07ed" "/opt/rustwide/cargo-home/bin/cargo" "+1.69.0" "metadata" "--no-deps" "--format-version=1", kill_on_drop: false }`
[INFO] [stdout] a62c374e01b45159d1bb87c6803aadb3b881b5de2a0b43f078e820bc91323872
[INFO] running `Command { std: "docker" "start" "-a" "a62c374e01b45159d1bb87c6803aadb3b881b5de2a0b43f078e820bc91323872", kill_on_drop: false }`
[INFO] running `Command { std: "docker" "inspect" "a62c374e01b45159d1bb87c6803aadb3b881b5de2a0b43f078e820bc91323872", kill_on_drop: false }`
[INFO] running `Command { std: "docker" "rm" "-f" "a62c374e01b45159d1bb87c6803aadb3b881b5de2a0b43f078e820bc91323872", kill_on_drop: false }`
[INFO] [stdout] a62c374e01b45159d1bb87c6803aadb3b881b5de2a0b43f078e820bc91323872
[INFO] running `Command { std: "docker" "create" "-v" "/var/lib/crater-agent-workspace/builds/worker-3-tc1/target:/opt/rustwide/target:rw,Z" "-v" "/var/lib/crater-agent-workspace/builds/worker-3-tc1/source:/opt/rustwide/workdir:ro,Z" "-v" "/var/lib/crater-agent-workspace/cargo-home:/opt/rustwide/cargo-home:ro,Z" "-v" "/var/lib/crater-agent-workspace/rustup-home:/opt/rustwide/rustup-home:ro,Z" "-e" "SOURCE_DIR=/opt/rustwide/workdir" "-e" "CARGO_TARGET_DIR=/opt/rustwide/target" "-e" "CARGO_INCREMENTAL=0" "-e" "RUST_BACKTRACE=full" "-e" "RUSTFLAGS=--cap-lints=warn" "-e" "RUSTDOCFLAGS=--cap-lints=warn" "-e" "CARGO_HOME=/opt/rustwide/cargo-home" "-e" "RUSTUP_HOME=/opt/rustwide/rustup-home" "-w" "/opt/rustwide/workdir" "-m" "1610612736" "--user" "0:0" "--network" "none" "ghcr.io/rust-lang/crates-build-env/linux@sha256:5ff2268d62e97bff2cde7d5815dd6ed5b47097566f13b8d0ca110b04b60e07ed" "/opt/rustwide/cargo-home/bin/cargo" "+1.69.0" "build" "--frozen" "--message-format=json", kill_on_drop: false }`
[INFO] [stdout] a37fc95f9acc3dec3c3b01bb4cdbbcf1e287a4f4205e2d13edeefb1c726ca879
[INFO] running `Command { std: "docker" "start" "-a" "a37fc95f9acc3dec3c3b01bb4cdbbcf1e287a4f4205e2d13edeefb1c726ca879", kill_on_drop: false }`
[INFO] [stderr]    Compiling proc-macro2 v1.0.39
[INFO] [stderr]    Compiling unicode-ident v1.0.0
[INFO] [stderr]    Compiling syn v1.0.95
[INFO] [stderr]    Compiling serde_derive v1.0.137
[INFO] [stderr]    Compiling serde v1.0.137
[INFO] [stderr]    Compiling libc v0.2.126
[INFO] [stderr]    Compiling once_cell v1.12.0
[INFO] [stderr]    Compiling indexmap v1.8.2
[INFO] [stderr]    Compiling ahash v0.7.6
[INFO] [stderr]    Compiling lock_api v0.4.7
[INFO] [stderr]    Compiling instant v0.1.12
[INFO] [stderr]    Compiling tracing-core v0.1.26
[INFO] [stderr]    Compiling futures-core v0.3.21
[INFO] [stderr]    Compiling num-traits v0.2.15
[INFO] [stderr]    Compiling fixedbitset v0.4.1
[INFO] [stderr]    Compiling mint v0.5.9
[INFO] [stderr]    Compiling cache-padded v1.2.0
[INFO] [stderr]    Compiling erased-serde v0.3.20
[INFO] [stderr]    Compiling concurrent-queue v1.2.2
[INFO] [stderr]    Compiling futures-io v0.3.21
[INFO] [stderr]    Compiling slab v0.4.6
[INFO] [stderr]    Compiling async-task v4.2.0
[INFO] [stderr]    Compiling event-listener v2.5.2
[INFO] [stderr]    Compiling downcast-rs v1.2.0
[INFO] [stderr]    Compiling futures-lite v1.12.0
[INFO] [stderr]    Compiling regex-syntax v0.6.26
[INFO] [stderr]    Compiling aho-corasick v0.7.18
[INFO] [stderr]    Compiling async-channel v1.6.1
[INFO] [stderr]    Compiling tracing-log v0.1.3
[INFO] [stderr]    Compiling thread_local v1.1.4
[INFO] [stderr]    Compiling num-integer v0.1.45
[INFO] [stderr]    Compiling libloading v0.7.3
[INFO] [stderr]    Compiling sharded-slab v0.1.4
[INFO] [stderr]    Compiling crossbeam-utils v0.8.8
[INFO] [stderr]    Compiling khronos-egl v4.1.0
[INFO] [stderr]    Compiling quote v1.0.18
[INFO] [stderr]    Compiling unicode-xid v0.2.3
[INFO] [stderr]    Compiling ash v0.34.0+1.2.203
[INFO] [stderr]    Compiling getrandom v0.2.6
[INFO] [stderr]    Compiling num_cpus v1.13.1
[INFO] [stderr]    Compiling termcolor v1.1.3
[INFO] [stderr]    Compiling raw-window-handle v0.4.3
[INFO] [stderr]    Compiling pp-rs v0.2.1
[INFO] [stderr]    Compiling gpu-alloc-types v0.2.0
[INFO] [stderr]    Compiling rand_core v0.6.3
[INFO] [stderr]    Compiling gpu-descriptor-types v0.1.1
[INFO] [stderr]    Compiling cfg_aliases v0.1.1
[INFO] [stderr]    Compiling async-executor v1.4.1
[INFO] [stderr]    Compiling hexf-parse v0.2.1
[INFO] [stderr]    Compiling anyhow v1.0.57
[INFO] [stderr]    Compiling codespan-reporting v0.11.1
[INFO] [stderr]    Compiling rustc-hash v1.1.0
[INFO] [stderr]    Compiling spirv v0.2.0+1.5.4
[INFO] [stderr]    Compiling bevy_tasks v0.7.0
[INFO] [stderr]    Compiling wgpu-core v0.12.2
[INFO] [stderr]    Compiling rand_chacha v0.3.1
[INFO] [stderr]    Compiling gpu-alloc v0.5.3
[INFO] [stderr]    Compiling wgpu-types v0.12.0
[INFO] [stderr]    Compiling regex-automata v0.1.10
[INFO] [stderr]    Compiling regex v1.5.6
[INFO] [stderr]    Compiling num-iter v0.1.43
[INFO] [stderr]    Compiling num-rational v0.3.2
[INFO] [stderr]    Compiling glow v0.11.2
[INFO] [stderr]    Compiling profiling v1.0.6
[INFO] [stderr]    Compiling arrayvec v0.7.2
[INFO] [stderr]    Compiling crossbeam-channel v0.5.4
[INFO] [stderr]    Compiling rand v0.8.5
[INFO] [stderr]    Compiling copyless v0.1.5
[INFO] [stderr]    Compiling color_quant v1.1.0
[INFO] [stderr]    Compiling ttf-parser v0.15.0
[INFO] [stderr]    Compiling serde_json v1.0.81
[INFO] [stderr]    Compiling euclid v0.22.7
[INFO] [stderr]    Compiling svg_fmt v0.4.1
[INFO] [stderr]    Compiling libm v0.1.4
[INFO] [stderr]    Compiling ryu v1.0.10
[INFO] [stderr]    Compiling inflections v1.1.1
[INFO] [stderr]    Compiling ab_glyph_rasterizer v0.1.5
[INFO] [stderr]    Compiling matchers v0.1.0
[INFO] [stderr]    Compiling itoa v1.0.2
[INFO] [stderr]    Compiling approx v0.5.1
[INFO] [stderr]    Compiling xi-unicode v0.3.0
[INFO] [stderr]    Compiling rectangle-pack v0.4.2
[INFO] [stderr]    Compiling base64 v0.13.0
[INFO] [stderr]    Compiling ordered-float v2.10.0
[INFO] [stderr]    Compiling toml v0.5.9
[INFO] [stderr]    Compiling uuid v0.8.2
[INFO] [stderr]    Compiling guillotiere v0.6.2
[INFO] [stderr]    Compiling stretch v0.3.2
[INFO] [stderr]    Compiling owned_ttf_parser v0.15.0
[INFO] [stderr]    Compiling ab_glyph v0.2.15
[INFO] [stderr]    Compiling glyph_brush_layout v0.2.3
[INFO] [stderr]    Compiling thiserror-impl v1.0.31
[INFO] [stderr]    Compiling bytemuck_derive v1.1.0
[INFO] [stderr]    Compiling tracing-attributes v0.1.21
[INFO] [stderr]    Compiling gltf-derive v1.0.0
[INFO] [stderr]    Compiling bytemuck v1.9.1
[INFO] [stderr]    Compiling image v0.23.14
[INFO] [stderr]    Compiling thiserror v1.0.31
[INFO] [stderr]    Compiling tracing v0.1.34
[INFO] [stderr]    Compiling cargo-manifest v0.2.6
[INFO] [stderr]    Compiling bevy_macro_utils v0.7.0
[INFO] [stderr]    Compiling bevy_derive v0.7.0
[INFO] [stderr]    Compiling bevy_reflect_derive v0.7.0
[INFO] [stderr]    Compiling bevy_ecs_macros v0.7.0
[INFO] [stderr]    Compiling bevy-crevice-derive v0.7.0
[INFO] [stderr]    Compiling hashbrown v0.11.2
[INFO] [stderr]    Compiling smallvec v1.8.0
[INFO] [stderr]    Compiling glam v0.20.5
[INFO] [stderr]    Compiling ron v0.7.0
[INFO] [stderr]    Compiling parking_lot_core v0.8.5
[INFO] [stderr]    Compiling tracing-subscriber v0.3.11
[INFO] [stderr]    Compiling parking_lot v0.11.2
[INFO] [stderr]    Compiling bevy_utils v0.7.0
[INFO] [stderr]    Compiling gpu-descriptor v0.2.2
[INFO] [stderr]    Compiling petgraph v0.6.2
[INFO] [stderr]    Compiling gltf-json v1.0.0
[INFO] [stderr]    Compiling naga v0.8.5
[INFO] [stderr]    Compiling bevy_reflect v0.7.0
[INFO] [stderr]    Compiling bevy_crevice v0.7.0
[INFO] [stderr]    Compiling hexasphere v7.0.0
[INFO] [stderr]    Compiling gltf v1.0.0
[INFO] [stderr]    Compiling bevy_ecs v0.7.0
[INFO] [stderr]    Compiling bevy_math v0.7.0
[INFO] [stderr]    Compiling wgpu-hal v0.12.5
[INFO] [stderr]    Compiling bevy_app v0.7.0
[INFO] [stderr]    Compiling bevy_log v0.7.0
[INFO] [stderr]    Compiling bevy_core v0.7.0
[INFO] [stderr]    Compiling bevy_hierarchy v0.7.0
[INFO] [stderr]    Compiling bevy_window v0.7.0
[INFO] [stderr]    Compiling bevy_input v0.7.0
[INFO] [stderr]    Compiling bevy_transform v0.7.0
[INFO] [stderr]    Compiling bevy_diagnostic v0.7.0
[INFO] [stderr]    Compiling bevy_asset v0.7.0
[INFO] [stderr]    Compiling bevy_scene v0.7.0
[INFO] [stderr]    Compiling wgpu v0.12.0
[INFO] [stderr]    Compiling bevy_render v0.7.0
[INFO] [stderr]    Compiling bevy_core_pipeline v0.7.0
[INFO] [stderr]    Compiling bevy_sprite v0.7.0
[INFO] [stderr]    Compiling bevy_pbr v0.7.0
[INFO] [stderr]    Compiling bevy_text v0.7.0
[INFO] [stderr]    Compiling bevy_gltf v0.7.0
[INFO] [stderr]    Compiling bevy_ui v0.7.0
[INFO] [stderr]    Compiling bevy_internal v0.7.0
[INFO] [stderr]    Compiling bevy v0.7.0
[INFO] [stderr]    Compiling bevy_outline v0.1.0 (/opt/rustwide/workdir)
[INFO] [stderr]     Finished dev [unoptimized + debuginfo] target(s) in 1m 38s
[INFO] running `Command { std: "docker" "inspect" "a37fc95f9acc3dec3c3b01bb4cdbbcf1e287a4f4205e2d13edeefb1c726ca879", kill_on_drop: false }`
[INFO] running `Command { std: "docker" "rm" "-f" "a37fc95f9acc3dec3c3b01bb4cdbbcf1e287a4f4205e2d13edeefb1c726ca879", kill_on_drop: false }`
[INFO] [stdout] a37fc95f9acc3dec3c3b01bb4cdbbcf1e287a4f4205e2d13edeefb1c726ca879
[INFO] running `Command { std: "docker" "create" "-v" "/var/lib/crater-agent-workspace/builds/worker-3-tc1/target:/opt/rustwide/target:rw,Z" "-v" "/var/lib/crater-agent-workspace/builds/worker-3-tc1/source:/opt/rustwide/workdir:ro,Z" "-v" "/var/lib/crater-agent-workspace/cargo-home:/opt/rustwide/cargo-home:ro,Z" "-v" "/var/lib/crater-agent-workspace/rustup-home:/opt/rustwide/rustup-home:ro,Z" "-e" "SOURCE_DIR=/opt/rustwide/workdir" "-e" "CARGO_TARGET_DIR=/opt/rustwide/target" "-e" "CARGO_INCREMENTAL=0" "-e" "RUST_BACKTRACE=full" "-e" "RUSTFLAGS=--cap-lints=warn" "-e" "RUSTDOCFLAGS=--cap-lints=warn" "-e" "CARGO_HOME=/opt/rustwide/cargo-home" "-e" "RUSTUP_HOME=/opt/rustwide/rustup-home" "-w" "/opt/rustwide/workdir" "-m" "1610612736" "--user" "0:0" "--network" "none" "ghcr.io/rust-lang/crates-build-env/linux@sha256:5ff2268d62e97bff2cde7d5815dd6ed5b47097566f13b8d0ca110b04b60e07ed" "/opt/rustwide/cargo-home/bin/cargo" "+1.69.0" "test" "--frozen" "--no-run" "--message-format=json", kill_on_drop: false }`
[INFO] [stdout] 44a91750242c9116191f5f04ed34166ce0f502503e4da9c0e56bac82c588a85c
[INFO] running `Command { std: "docker" "start" "-a" "44a91750242c9116191f5f04ed34166ce0f502503e4da9c0e56bac82c588a85c", kill_on_drop: false }`
[INFO] [stderr]    Compiling libc v0.2.126
[INFO] [stderr]    Compiling pkg-config v0.3.25
[INFO] [stderr]    Compiling adler32 v1.2.0
[INFO] [stderr]    Compiling crc32fast v1.3.2
[INFO] [stderr]    Compiling scoped_threadpool v0.1.9
[INFO] [stderr]    Compiling cpal v0.13.5
[INFO] [stderr]    Compiling tinyvec v1.6.0
[INFO] [stderr]    Compiling ogg v0.8.0
[INFO] [stderr]    Compiling vec_map v0.8.2
[INFO] [stderr]    Compiling winit v0.26.1
[INFO] [stderr]    Compiling obj-rs v0.7.0
[INFO] [stderr]    Compiling deflate v0.8.6
[INFO] [stderr]    Compiling miniz_oxide v0.3.7
[INFO] [stderr]    Compiling alsa-sys v0.3.1
[INFO] [stderr]    Compiling libudev-sys v0.1.4
[INFO] [stderr]    Compiling x11-dl v2.19.1
[INFO] [stderr]    Compiling png v0.16.8
[INFO] [stderr]    Compiling lewton v0.10.2
[INFO] [stderr]    Compiling image v0.23.14
[INFO] [stderr]    Compiling getrandom v0.2.6
[INFO] [stderr]    Compiling parking_lot_core v0.8.5
[INFO] [stderr]    Compiling num_cpus v1.13.1
[INFO] [stderr]    Compiling inotify-sys v0.1.5
[INFO] [stderr]    Compiling mio v0.7.14
[INFO] [stderr]    Compiling filetime v0.2.16
[INFO] [stderr]    Compiling khronos-egl v4.1.0
[INFO] [stderr]    Compiling nix v0.23.1
[INFO] [stderr]    Compiling mio v0.8.3
[INFO] [stderr]    Compiling inotify v0.9.6
[INFO] [stderr]    Compiling bevy_tasks v0.7.0
[INFO] [stderr]    Compiling ahash v0.7.6
[INFO] [stderr]    Compiling uuid v0.8.2
[INFO] [stderr]    Compiling rand_core v0.6.3
[INFO] [stderr]    Compiling parking_lot v0.11.2
[INFO] [stderr]    Compiling hashbrown v0.11.2
[INFO] [stderr]    Compiling rand_chacha v0.3.1
[INFO] [stderr]    Compiling notify v5.0.0-pre.11
[INFO] [stderr]    Compiling rand v0.8.5
[INFO] [stderr]    Compiling bevy_utils v0.7.0
[INFO] [stderr]    Compiling indexmap v1.8.2
[INFO] [stderr]    Compiling gpu-descriptor v0.2.2
[INFO] [stderr]    Compiling bevy_reflect v0.7.0
[INFO] [stderr]    Compiling petgraph v0.6.2
[INFO] [stderr]    Compiling bevy_ecs v0.7.0
[INFO] [stderr]    Compiling bevy_math v0.7.0
[INFO] [stderr]    Compiling naga v0.8.5
[INFO] [stderr]    Compiling alsa v0.6.0
[INFO] [stderr]    Compiling gilrs-core v0.3.2
[INFO] [stderr]    Compiling gilrs v0.8.2
[INFO] [stderr]    Compiling rodio v0.15.0
[INFO] [stderr]    Compiling bevy_app v0.7.0
[INFO] [stderr]    Compiling bevy_log v0.7.0
[INFO] [stderr]    Compiling bevy_core v0.7.0
[INFO] [stderr]    Compiling bevy_hierarchy v0.7.0
[INFO] [stderr]    Compiling bevy_window v0.7.0
[INFO] [stderr]    Compiling bevy_input v0.7.0
[INFO] [stderr]    Compiling bevy_diagnostic v0.7.0
[INFO] [stderr]    Compiling bevy_transform v0.7.0
[INFO] [stderr]    Compiling bevy_winit v0.7.0
[INFO] [stderr]    Compiling bevy_gilrs v0.7.0
[INFO] [stderr]    Compiling bevy_asset v0.7.0
[INFO] [stderr]    Compiling wgpu-hal v0.12.5
[INFO] [stderr]    Compiling bevy_scene v0.7.0
[INFO] [stderr]    Compiling bevy_animation v0.7.0
[INFO] [stderr]    Compiling bevy_audio v0.7.0
[INFO] [stderr]    Compiling wgpu-core v0.12.2
[INFO] [stderr]    Compiling wgpu v0.12.0
[INFO] [stderr]    Compiling bevy_render v0.7.0
[INFO] [stderr]    Compiling bevy_core_pipeline v0.7.0
[INFO] [stderr]    Compiling bevy_obj v0.7.0
[INFO] [stderr]    Compiling bevy_sprite v0.7.0
[INFO] [stderr]    Compiling bevy_pbr v0.7.0
[INFO] [stderr]    Compiling bevy_text v0.7.0
[INFO] [stderr]    Compiling bevy_gltf v0.7.0
[INFO] [stderr]    Compiling bevy_ui v0.7.0
[INFO] [stderr]    Compiling bevy_internal v0.7.0
[INFO] [stderr]    Compiling bevy_dylib v0.7.0
[INFO] [stderr]    Compiling bevy v0.7.0
[INFO] [stderr]    Compiling bevy_outline v0.1.0 (/opt/rustwide/workdir)
[INFO] [stderr]     Finished test [unoptimized + debuginfo] target(s) in 1m 22s
[INFO] [stderr] warning: the following packages contain code that will be rejected by a future version of Rust: obj-rs v0.7.0
[INFO] [stderr] note: to see what the problems were, use the option `--future-incompat-report`, or run `cargo report future-incompatibilities --id 2`
[INFO] running `Command { std: "docker" "inspect" "44a91750242c9116191f5f04ed34166ce0f502503e4da9c0e56bac82c588a85c", kill_on_drop: false }`
[INFO] running `Command { std: "docker" "rm" "-f" "44a91750242c9116191f5f04ed34166ce0f502503e4da9c0e56bac82c588a85c", kill_on_drop: false }`
[INFO] [stdout] 44a91750242c9116191f5f04ed34166ce0f502503e4da9c0e56bac82c588a85c
[INFO] running `Command { std: "docker" "create" "-v" "/var/lib/crater-agent-workspace/builds/worker-3-tc1/target:/opt/rustwide/target:rw,Z" "-v" "/var/lib/crater-agent-workspace/builds/worker-3-tc1/source:/opt/rustwide/workdir:ro,Z" "-v" "/var/lib/crater-agent-workspace/cargo-home:/opt/rustwide/cargo-home:ro,Z" "-v" "/var/lib/crater-agent-workspace/rustup-home:/opt/rustwide/rustup-home:ro,Z" "-e" "SOURCE_DIR=/opt/rustwide/workdir" "-e" "CARGO_TARGET_DIR=/opt/rustwide/target" "-e" "CARGO_INCREMENTAL=0" "-e" "RUST_BACKTRACE=full" "-e" "RUSTFLAGS=--cap-lints=warn" "-e" "RUSTDOCFLAGS=--cap-lints=warn" "-e" "CARGO_HOME=/opt/rustwide/cargo-home" "-e" "RUSTUP_HOME=/opt/rustwide/rustup-home" "-w" "/opt/rustwide/workdir" "-m" "1610612736" "--user" "0:0" "--network" "none" "ghcr.io/rust-lang/crates-build-env/linux@sha256:5ff2268d62e97bff2cde7d5815dd6ed5b47097566f13b8d0ca110b04b60e07ed" "/opt/rustwide/cargo-home/bin/cargo" "+1.69.0" "test" "--frozen", kill_on_drop: false }`
[INFO] [stdout] daee8d5572d52e6a2b834bc58971827ae47682ddc43589a6589d48eac140225a
[INFO] running `Command { std: "docker" "start" "-a" "daee8d5572d52e6a2b834bc58971827ae47682ddc43589a6589d48eac140225a", kill_on_drop: false }`
[INFO] [stderr]     Finished test [unoptimized + debuginfo] target(s) in 0.53s
[INFO] [stderr] warning: the following packages contain code that will be rejected by a future version of Rust: obj-rs v0.7.0
[INFO] [stderr] note: to see what the problems were, use the option `--future-incompat-report`, or run `cargo report future-incompatibilities --id 2`
[INFO] [stderr]      Running unittests src/lib.rs (/opt/rustwide/target/debug/deps/bevy_outline-9483435ed652c005)
[INFO] [stderr]    Doc-tests bevy_outline
[INFO] [stdout] 
[INFO] [stdout] running 0 tests
[INFO] [stdout] 
[INFO] [stdout] test result: ok. 0 passed; 0 failed; 0 ignored; 0 measured; 0 filtered out; finished in 0.00s
[INFO] [stdout] 
[INFO] [stderr] warning: unknown attribute `norun`. Did you mean `no_run`?
[INFO] [stderr]  --> /opt/rustwide/workdir/src/lib.rs:1:1
[INFO] [stderr]   |
[INFO] [stderr] 1 | #![doc = include_str!("../README.md")]
[INFO] [stderr]   | ^^^^^^^^^^^^^^^^^^^^^^^^^^^^^^^^^^^^^^
[INFO] [stderr]   |
[INFO] [stderr]   = help: the code block will either not be tested if not marked as a rust one or will be run (which you might not want)
[INFO] [stderr]   = note: `#[warn(rustdoc::invalid_codeblock_attributes)]` on by default
[INFO] [stderr] 
[INFO] [stderr] warning: 1 warning emitted
[INFO] [stderr] 
[INFO] [stdout] 
[INFO] [stdout] running 2 tests
[INFO] [stdout] test src/lib.rs - (line 22) ... FAILED
[INFO] [stderr] error: doctest failed, to rerun pass `--doc`
[INFO] [stdout] test src/lib.rs - (line 31) ... FAILED
[INFO] [stdout] 
[INFO] [stdout] failures:
[INFO] [stdout] 
[INFO] [stdout] ---- src/lib.rs - (line 22) stdout ----
[INFO] [stdout] error: unexpected token: `...`
[INFO] [stdout]  --> src/lib.rs:25:1
[INFO] [stdout]   |
[INFO] [stdout] 5 | ... ...
[INFO] [stdout]   | ^^^
[INFO] [stdout]   |
[INFO] [stdout] help: use `..` for an exclusive range
[INFO] [stdout]   |
[INFO] [stdout] 5 | .. ...
[INFO] [stdout]   | ~~
[INFO] [stdout] help: or `..=` for an inclusive range
[INFO] [stdout]   |
[INFO] [stdout] 5 | ..= ...
[INFO] [stdout]   | ~~~
[INFO] [stdout] 
[INFO] [stdout] error: unexpected token: `...`
[INFO] [stdout]  --> src/lib.rs:25:5
[INFO] [stdout]   |
[INFO] [stdout] 5 | ... ...
[INFO] [stdout]   |     ^^^
[INFO] [stdout]   |
[INFO] [stdout] help: use `..` for an exclusive range
[INFO] [stdout]   |
[INFO] [stdout] 5 | ... ..
[INFO] [stdout]   |     ~~
[INFO] [stdout] help: or `..=` for an inclusive range
[INFO] [stdout]   |
[INFO] [stdout] 5 | ... ..=
[INFO] [stdout]   |     ~~~
[INFO] [stdout] 
[INFO] [stdout] error[E0586]: inclusive range with no end
[INFO] [stdout]  --> src/lib.rs:25:5
[INFO] [stdout]   |
[INFO] [stdout] 5 | ... ...
[INFO] [stdout]   |     ^^^ help: use `..` instead
[INFO] [stdout]   |
[INFO] [stdout]   = note: inclusive ranges must be bounded at the end (`..=b` or `a..=b`)
[INFO] [stdout] 
[INFO] [stdout] error: expected one of `;` or `}`, found `.`
[INFO] [stdout]  --> src/lib.rs:26:5
[INFO] [stdout]   |
[INFO] [stdout] 5 | ... ...
[INFO] [stdout]   |        - expected one of `;` or `}`
[INFO] [stdout] 6 |     .add_plugin(OutlinePlugin)
[INFO] [stdout]   |     ^ unexpected token
[INFO] [stdout] 
[INFO] [stdout] error: aborting due to 4 previous errors
[INFO] [stdout] 
[INFO] [stdout] For more information about this error, try `rustc --explain E0586`.
[INFO] [stdout] Couldn't compile the test.
[INFO] [stdout] ---- src/lib.rs - (line 31) stdout ----
[INFO] [stdout] error: unexpected `...`
[INFO] [stdout]  --> src/lib.rs:33:5
[INFO] [stdout]   |
[INFO] [stdout] 4 |     ...
[INFO] [stdout]   |     ^^^
[INFO] [stdout]   |     |
[INFO] [stdout]   |     not a valid pattern
[INFO] [stdout]   |     help: for a rest pattern, use `..` instead of `...`
[INFO] [stdout] 
[INFO] [stdout] error: expected `:`, found keyword `mut`
[INFO] [stdout]  --> src/lib.rs:34:5
[INFO] [stdout]   |
[INFO] [stdout] 4 |     ...
[INFO] [stdout]   |        - expected `:`
[INFO] [stdout] 5 |     mut outlines: ResMut<Assets<OutlineMaterial>>,
[INFO] [stdout]   |     ^^^ unexpected token
[INFO] [stdout] 
[INFO] [stdout] error: unexpected token: `...`
[INFO] [stdout]  --> src/lib.rs:37:5
[INFO] [stdout]   |
[INFO] [stdout] 8 |     ...
[INFO] [stdout]   |     ^^^
[INFO] [stdout]   |
[INFO] [stdout] help: use `..` for an exclusive range
[INFO] [stdout]   |
[INFO] [stdout] 8 |     ..
[INFO] [stdout]   |
[INFO] [stdout] help: or `..=` for an inclusive range
[INFO] [stdout]   |
[INFO] [stdout] 8 |     ..=
[INFO] [stdout]   |
[INFO] [stdout] 
[INFO] [stdout] error: unexpected token: `...`
[INFO] [stdout]   --> src/lib.rs:49:5
[INFO] [stdout]    |
[INFO] [stdout] 20 |     ...
[INFO] [stdout]    |     ^^^
[INFO] [stdout]    |
[INFO] [stdout] help: use `..` for an exclusive range
[INFO] [stdout]    |
[INFO] [stdout] 20 |     ..
[INFO] [stdout]    |
[INFO] [stdout] help: or `..=` for an inclusive range
[INFO] [stdout]    |
[INFO] [stdout] 20 |     ..=
[INFO] [stdout]    |
[INFO] [stdout] 
[INFO] [stdout] error[E0586]: inclusive range with no end
[INFO] [stdout]   --> src/lib.rs:49:5
[INFO] [stdout]    |
[INFO] [stdout] 20 |     ...
[INFO] [stdout]    |     ^^^ help: use `..` instead
[INFO] [stdout]    |
[INFO] [stdout]    = note: inclusive ranges must be bounded at the end (`..=b` or `a..=b`)
[INFO] [stdout] 
[INFO] [stdout] error: only foreign or `unsafe extern "C"` functions may be C-variadic
[INFO] [stdout]  --> src/lib.rs:35:5
[INFO] [stdout]   |
[INFO] [stdout] 6 |     ...
[INFO] [stdout]   |     ^^^
[INFO] [stdout] 
[INFO] [stdout] error[E0433]: failed to resolve: use of undeclared crate or module `shape`
[INFO] [stdout]   --> src/lib.rs:40:41
[INFO] [stdout]    |
[INFO] [stdout] 11 |             mesh: meshes.add(Mesh::from(shape::Cube { ..default() })),
[INFO] [stdout]    |                                         ^^^^^ use of undeclared crate or module `shape`
[INFO] [stdout] 
[INFO] [stdout] error[E0425]: cannot find value `commands` in this scope
[INFO] [stdout]  --> src/lib.rs:38:5
[INFO] [stdout]   |
[INFO] [stdout] 9 |     commands
[INFO] [stdout]   |     ^^^^^^^^ not found in this scope
[INFO] [stdout] 
[INFO] [stdout] error[E0422]: cannot find struct, variant or union type `PbrBundle` in this scope
[INFO] [stdout]   --> src/lib.rs:39:23
[INFO] [stdout]    |
[INFO] [stdout] 10 |         .spawn_bundle(PbrBundle {
[INFO] [stdout]    |                       ^^^^^^^^^ not found in this scope
[INFO] [stdout]    |
[INFO] [stdout] help: consider importing this type alias
[INFO] [stdout]    |
[INFO] [stdout] 2  | use bevy::pbr::PbrBundle;
[INFO] [stdout]    |
[INFO] [stdout] 
[INFO] [stdout] error[E0425]: cannot find value `meshes` in this scope
[INFO] [stdout]   --> src/lib.rs:40:19
[INFO] [stdout]    |
[INFO] [stdout] 11 |             mesh: meshes.add(Mesh::from(shape::Cube { ..default() })),
[INFO] [stdout]    |                   ^^^^^^ not found in this scope
[INFO] [stdout] 
[INFO] [stdout] error[E0433]: failed to resolve: use of undeclared type `Mesh`
[INFO] [stdout]   --> src/lib.rs:40:30
[INFO] [stdout]    |
[INFO] [stdout] 11 |             mesh: meshes.add(Mesh::from(shape::Cube { ..default() })),
[INFO] [stdout]    |                              ^^^^ use of undeclared type `Mesh`
[INFO] [stdout]    |
[INFO] [stdout] help: consider importing this struct
[INFO] [stdout]    |
[INFO] [stdout] 2  | use bevy::render::mesh::Mesh;
[INFO] [stdout]    |
[INFO] [stdout] 
[INFO] [stdout] error[E0425]: cannot find function `default` in this scope
[INFO] [stdout]   --> src/lib.rs:40:57
[INFO] [stdout]    |
[INFO] [stdout] 11 |             mesh: meshes.add(Mesh::from(shape::Cube { ..default() })),
[INFO] [stdout]    |                                                         ^^^^^^^ not found in this scope
[INFO] [stdout]    |
[INFO] [stdout] help: consider importing one of these items
[INFO] [stdout]    |
[INFO] [stdout] 2  | use bevy::utils::default;
[INFO] [stdout]    |
[INFO] [stdout] 2  | use core::default::default;
[INFO] [stdout]    |
[INFO] [stdout] 2  | use std::default::default;
[INFO] [stdout]    |
[INFO] [stdout] 
[INFO] [stdout] error[E0425]: cannot find value `materials` in this scope
[INFO] [stdout]   --> src/lib.rs:41:23
[INFO] [stdout]    |
[INFO] [stdout] 12 |             material: materials.add(Color::rgb(0.8, 0.7, 0.6).into()),
[INFO] [stdout]    |                       ^^^^^^^^^ not found in this scope
[INFO] [stdout] 
[INFO] [stdout] error[E0433]: failed to resolve: use of undeclared type `Color`
[INFO] [stdout]   --> src/lib.rs:41:37
[INFO] [stdout]    |
[INFO] [stdout] 12 |             material: materials.add(Color::rgb(0.8, 0.7, 0.6).into()),
[INFO] [stdout]    |                                     ^^^^^ use of undeclared type `Color`
[INFO] [stdout]    |
[INFO] [stdout] help: consider importing one of these items
[INFO] [stdout]    |
[INFO] [stdout] 2  | use bevy::render::color::Color;
[INFO] [stdout]    |
[INFO] [stdout] 2  | use wgpu_types::Color;
[INFO] [stdout]    |
[INFO] [stdout] 
[INFO] [stdout] error[E0433]: failed to resolve: use of undeclared type `Transform`
[INFO] [stdout]   --> src/lib.rs:42:24
[INFO] [stdout]    |
[INFO] [stdout] 13 |             transform: Transform::from_translation(translation),
[INFO] [stdout]    |                        ^^^^^^^^^ use of undeclared type `Transform`
[INFO] [stdout]    |
[INFO] [stdout] help: consider importing this struct
[INFO] [stdout]    |
[INFO] [stdout] 2  | use bevy::transform::components::Transform;
[INFO] [stdout]    |
[INFO] [stdout] 
[INFO] [stdout] error[E0425]: cannot find value `translation` in this scope
[INFO] [stdout]   --> src/lib.rs:42:52
[INFO] [stdout]    |
[INFO] [stdout] 13 |             transform: Transform::from_translation(translation),
[INFO] [stdout]    |                                                    ^^^^^^^^^^^ not found in this scope
[INFO] [stdout] 
[INFO] [stdout] error[E0425]: cannot find function `default` in this scope
[INFO] [stdout]   --> src/lib.rs:43:15
[INFO] [stdout]    |
[INFO] [stdout] 14 |             ..default()
[INFO] [stdout]    |               ^^^^^^^ not found in this scope
[INFO] [stdout]    |
[INFO] [stdout] help: consider importing one of these items
[INFO] [stdout]    |
[INFO] [stdout] 2  | use bevy::utils::default;
[INFO] [stdout]    |
[INFO] [stdout] 2  | use core::default::default;
[INFO] [stdout]    |
[INFO] [stdout] 2  | use std::default::default;
[INFO] [stdout]    |
[INFO] [stdout] 
[INFO] [stdout] error[E0425]: cannot find value `outlines` in this scope
[INFO] [stdout]   --> src/lib.rs:45:17
[INFO] [stdout]    |
[INFO] [stdout] 16 |         .insert(outlines.add(OutlineMaterial {
[INFO] [stdout]    |                 ^^^^^^^^ not found in this scope
[INFO] [stdout] 
[INFO] [stdout] error[E0422]: cannot find struct, variant or union type `OutlineMaterial` in this scope
[INFO] [stdout]   --> src/lib.rs:45:30
[INFO] [stdout]    |
[INFO] [stdout] 16 |         .insert(outlines.add(OutlineMaterial {
[INFO] [stdout]    |                              ^^^^^^^^^^^^^^^ not found in this scope
[INFO] [stdout]    |
[INFO] [stdout] help: consider importing this struct
[INFO] [stdout]    |
[INFO] [stdout] 2  | use bevy_outline::OutlineMaterial;
[INFO] [stdout]    |
[INFO] [stdout] 
[INFO] [stdout] error[E0433]: failed to resolve: use of undeclared type `Color`
[INFO] [stdout]   --> src/lib.rs:47:20
[INFO] [stdout]    |
[INFO] [stdout] 18 |             color: Color::rgba(0.2, 0.3, 0.4, 1.0),
[INFO] [stdout]    |                    ^^^^^ use of undeclared type `Color`
[INFO] [stdout]    |
[INFO] [stdout] help: consider importing one of these items
[INFO] [stdout]    |
[INFO] [stdout] 2  | use bevy::render::color::Color;
[INFO] [stdout]    |
[INFO] [stdout] 2  | use wgpu_types::Color;
[INFO] [stdout]    |
[INFO] [stdout] 
[INFO] [stdout] error[E0658]: C-variadic functions are unstable
[INFO] [stdout]   --> src/lib.rs:32:1
[INFO] [stdout]    |
[INFO] [stdout] 3  | / fn setup(
[INFO] [stdout] 4  | |     ...
[INFO] [stdout] 5  | |     mut outlines: ResMut<Assets<OutlineMaterial>>,
[INFO] [stdout] 6  | |     ...
[INFO] [stdout] ...  |
[INFO] [stdout] 20 | |     ...
[INFO] [stdout] 21 | | }
[INFO] [stdout]    | |_^
[INFO] [stdout]    |
[INFO] [stdout]    = note: see issue #44930 <https://github.com/rust-lang/rust/issues/44930> for more information
[INFO] [stdout] 
[INFO] [stdout] error: aborting due to 21 previous errors
[INFO] [stdout] 
[INFO] [stdout] Some errors have detailed explanations: E0422, E0425, E0433, E0586, E0658.
[INFO] [stdout] For more information about an error, try `rustc --explain E0422`.
[INFO] [stdout] Couldn't compile the test.
[INFO] [stdout] 
[INFO] [stdout] failures:
[INFO] [stdout]     src/lib.rs - (line 22)
[INFO] [stdout]     src/lib.rs - (line 31)
[INFO] [stdout] 
[INFO] [stdout] test result: FAILED. 0 passed; 2 failed; 0 ignored; 0 measured; 0 filtered out; finished in 0.14s
[INFO] [stdout] 
[INFO] running `Command { std: "docker" "inspect" "daee8d5572d52e6a2b834bc58971827ae47682ddc43589a6589d48eac140225a", kill_on_drop: false }`
[INFO] running `Command { std: "docker" "rm" "-f" "daee8d5572d52e6a2b834bc58971827ae47682ddc43589a6589d48eac140225a", kill_on_drop: false }`
[INFO] [stdout] daee8d5572d52e6a2b834bc58971827ae47682ddc43589a6589d48eac140225a
