[INFO] fetching crate bevy_mod_sysfail_macros 2.0.0...
[INFO] testing bevy_mod_sysfail_macros-2.0.0 against beta-2023-04-20 for beta-1.70-1
[INFO] extracting crate bevy_mod_sysfail_macros 2.0.0 into /workspace/builds/worker-0-tc2/source
[INFO] validating manifest of crates.io crate bevy_mod_sysfail_macros 2.0.0 on toolchain beta-2023-04-20
[INFO] running `Command { std: CARGO_HOME="/workspace/cargo-home" RUSTUP_HOME="/workspace/rustup-home" "/workspace/cargo-home/bin/cargo" "+beta-2023-04-20" "metadata" "--manifest-path" "Cargo.toml" "--no-deps", kill_on_drop: false }`
[INFO] started tweaking crates.io crate bevy_mod_sysfail_macros 2.0.0
[INFO] finished tweaking crates.io crate bevy_mod_sysfail_macros 2.0.0
[INFO] tweaked toml for crates.io crate bevy_mod_sysfail_macros 2.0.0 written to /workspace/builds/worker-0-tc2/source/Cargo.toml
[INFO] running `Command { std: CARGO_HOME="/workspace/cargo-home" RUSTUP_HOME="/workspace/rustup-home" __CARGO_TEST_CHANNEL_OVERRIDE_DO_NOT_USE_THIS="nightly" "/workspace/cargo-home/bin/cargo" "+beta-2023-04-20" "generate-lockfile" "--manifest-path" "Cargo.toml" "-Zno-index-update", kill_on_drop: false }`
[INFO] running `Command { std: CARGO_HOME="/workspace/cargo-home" RUSTUP_HOME="/workspace/rustup-home" "/workspace/cargo-home/bin/cargo" "+beta-2023-04-20" "fetch" "--manifest-path" "Cargo.toml", kill_on_drop: false }`
[INFO] [stderr]  Downloading crates ...
[INFO] [stderr]   Downloaded darling_macro v0.14.4
[INFO] [stderr]   Downloaded darling_core v0.14.4
[INFO] [stderr]   Downloaded darling v0.14.4
[INFO] running `Command { std: "docker" "create" "-v" "/var/lib/crater-agent-workspace/builds/worker-0-tc2/target:/opt/rustwide/target:rw,Z" "-v" "/var/lib/crater-agent-workspace/builds/worker-0-tc2/source:/opt/rustwide/workdir:ro,Z" "-v" "/var/lib/crater-agent-workspace/cargo-home:/opt/rustwide/cargo-home:ro,Z" "-v" "/var/lib/crater-agent-workspace/rustup-home:/opt/rustwide/rustup-home:ro,Z" "-e" "SOURCE_DIR=/opt/rustwide/workdir" "-e" "CARGO_TARGET_DIR=/opt/rustwide/target" "-e" "CARGO_HOME=/opt/rustwide/cargo-home" "-e" "RUSTUP_HOME=/opt/rustwide/rustup-home" "-w" "/opt/rustwide/workdir" "-m" "1610612736" "--user" "0:0" "--network" "none" "ghcr.io/rust-lang/crates-build-env/linux@sha256:5ff2268d62e97bff2cde7d5815dd6ed5b47097566f13b8d0ca110b04b60e07ed" "/opt/rustwide/cargo-home/bin/cargo" "+beta-2023-04-20" "metadata" "--no-deps" "--format-version=1", kill_on_drop: false }`
[INFO] [stdout] b8f9d2536fc553bec226887a8d570f57aaa8b05e9ce88bd7a40984ab7c844c0d
[INFO] running `Command { std: "docker" "start" "-a" "b8f9d2536fc553bec226887a8d570f57aaa8b05e9ce88bd7a40984ab7c844c0d", kill_on_drop: false }`
[INFO] running `Command { std: "docker" "inspect" "b8f9d2536fc553bec226887a8d570f57aaa8b05e9ce88bd7a40984ab7c844c0d", kill_on_drop: false }`
[INFO] running `Command { std: "docker" "rm" "-f" "b8f9d2536fc553bec226887a8d570f57aaa8b05e9ce88bd7a40984ab7c844c0d", kill_on_drop: false }`
[INFO] [stdout] b8f9d2536fc553bec226887a8d570f57aaa8b05e9ce88bd7a40984ab7c844c0d
[INFO] running `Command { std: "docker" "create" "-v" "/var/lib/crater-agent-workspace/builds/worker-0-tc2/target:/opt/rustwide/target:rw,Z" "-v" "/var/lib/crater-agent-workspace/builds/worker-0-tc2/source:/opt/rustwide/workdir:ro,Z" "-v" "/var/lib/crater-agent-workspace/cargo-home:/opt/rustwide/cargo-home:ro,Z" "-v" "/var/lib/crater-agent-workspace/rustup-home:/opt/rustwide/rustup-home:ro,Z" "-e" "SOURCE_DIR=/opt/rustwide/workdir" "-e" "CARGO_TARGET_DIR=/opt/rustwide/target" "-e" "CARGO_INCREMENTAL=0" "-e" "RUST_BACKTRACE=full" "-e" "RUSTFLAGS=--cap-lints=warn" "-e" "RUSTDOCFLAGS=--cap-lints=warn" "-e" "CARGO_HOME=/opt/rustwide/cargo-home" "-e" "RUSTUP_HOME=/opt/rustwide/rustup-home" "-w" "/opt/rustwide/workdir" "-m" "1610612736" "--user" "0:0" "--network" "none" "ghcr.io/rust-lang/crates-build-env/linux@sha256:5ff2268d62e97bff2cde7d5815dd6ed5b47097566f13b8d0ca110b04b60e07ed" "/opt/rustwide/cargo-home/bin/cargo" "+beta-2023-04-20" "build" "--frozen" "--message-format=json", kill_on_drop: false }`
[INFO] [stdout] ff166b3900336dde37953119b97dddfe9950e31a1993241b960f22a693594951
[INFO] running `Command { std: "docker" "start" "-a" "ff166b3900336dde37953119b97dddfe9950e31a1993241b960f22a693594951", kill_on_drop: false }`
[INFO] [stderr]    Compiling syn v1.0.109
[INFO] [stderr]    Compiling ident_case v1.0.1
[INFO] [stderr]    Compiling strsim v0.10.0
[INFO] [stderr]    Compiling fnv v1.0.7
[INFO] [stderr]    Compiling darling_core v0.14.4
[INFO] [stderr]    Compiling darling_macro v0.14.4
[INFO] [stderr]    Compiling darling v0.14.4
[INFO] [stderr]    Compiling bevy_mod_sysfail_macros v2.0.0 (/opt/rustwide/workdir)
[INFO] [stderr]     Finished dev [unoptimized + debuginfo] target(s) in 11.65s
[INFO] running `Command { std: "docker" "inspect" "ff166b3900336dde37953119b97dddfe9950e31a1993241b960f22a693594951", kill_on_drop: false }`
[INFO] running `Command { std: "docker" "rm" "-f" "ff166b3900336dde37953119b97dddfe9950e31a1993241b960f22a693594951", kill_on_drop: false }`
[INFO] [stdout] ff166b3900336dde37953119b97dddfe9950e31a1993241b960f22a693594951
[INFO] running `Command { std: "docker" "create" "-v" "/var/lib/crater-agent-workspace/builds/worker-0-tc2/target:/opt/rustwide/target:rw,Z" "-v" "/var/lib/crater-agent-workspace/builds/worker-0-tc2/source:/opt/rustwide/workdir:ro,Z" "-v" "/var/lib/crater-agent-workspace/cargo-home:/opt/rustwide/cargo-home:ro,Z" "-v" "/var/lib/crater-agent-workspace/rustup-home:/opt/rustwide/rustup-home:ro,Z" "-e" "SOURCE_DIR=/opt/rustwide/workdir" "-e" "CARGO_TARGET_DIR=/opt/rustwide/target" "-e" "CARGO_INCREMENTAL=0" "-e" "RUST_BACKTRACE=full" "-e" "RUSTFLAGS=--cap-lints=warn" "-e" "RUSTDOCFLAGS=--cap-lints=warn" "-e" "CARGO_HOME=/opt/rustwide/cargo-home" "-e" "RUSTUP_HOME=/opt/rustwide/rustup-home" "-w" "/opt/rustwide/workdir" "-m" "1610612736" "--user" "0:0" "--network" "none" "ghcr.io/rust-lang/crates-build-env/linux@sha256:5ff2268d62e97bff2cde7d5815dd6ed5b47097566f13b8d0ca110b04b60e07ed" "/opt/rustwide/cargo-home/bin/cargo" "+beta-2023-04-20" "test" "--frozen" "--no-run" "--message-format=json", kill_on_drop: false }`
[INFO] [stdout] 02ec758b72dc2531a172192259011c4caa125cdfad71de53e84a6642b7492fad
[INFO] running `Command { std: "docker" "start" "-a" "02ec758b72dc2531a172192259011c4caa125cdfad71de53e84a6642b7492fad", kill_on_drop: false }`
[INFO] [stderr]    Compiling bevy_mod_sysfail_macros v2.0.0 (/opt/rustwide/workdir)
[INFO] [stderr]     Finished test [unoptimized + debuginfo] target(s) in 1.32s
[INFO] running `Command { std: "docker" "inspect" "02ec758b72dc2531a172192259011c4caa125cdfad71de53e84a6642b7492fad", kill_on_drop: false }`
[INFO] running `Command { std: "docker" "rm" "-f" "02ec758b72dc2531a172192259011c4caa125cdfad71de53e84a6642b7492fad", kill_on_drop: false }`
[INFO] [stdout] 02ec758b72dc2531a172192259011c4caa125cdfad71de53e84a6642b7492fad
[INFO] running `Command { std: "docker" "create" "-v" "/var/lib/crater-agent-workspace/builds/worker-0-tc2/target:/opt/rustwide/target:rw,Z" "-v" "/var/lib/crater-agent-workspace/builds/worker-0-tc2/source:/opt/rustwide/workdir:ro,Z" "-v" "/var/lib/crater-agent-workspace/cargo-home:/opt/rustwide/cargo-home:ro,Z" "-v" "/var/lib/crater-agent-workspace/rustup-home:/opt/rustwide/rustup-home:ro,Z" "-e" "SOURCE_DIR=/opt/rustwide/workdir" "-e" "CARGO_TARGET_DIR=/opt/rustwide/target" "-e" "CARGO_INCREMENTAL=0" "-e" "RUST_BACKTRACE=full" "-e" "RUSTFLAGS=--cap-lints=warn" "-e" "RUSTDOCFLAGS=--cap-lints=warn" "-e" "CARGO_HOME=/opt/rustwide/cargo-home" "-e" "RUSTUP_HOME=/opt/rustwide/rustup-home" "-w" "/opt/rustwide/workdir" "-m" "1610612736" "--user" "0:0" "--network" "none" "ghcr.io/rust-lang/crates-build-env/linux@sha256:5ff2268d62e97bff2cde7d5815dd6ed5b47097566f13b8d0ca110b04b60e07ed" "/opt/rustwide/cargo-home/bin/cargo" "+beta-2023-04-20" "test" "--frozen", kill_on_drop: false }`
[INFO] [stdout] 38c694db90ca6424b7d6b4fdd3e48f0c118f062c650c3c8697cf9aa53095a35f
[INFO] running `Command { std: "docker" "start" "-a" "38c694db90ca6424b7d6b4fdd3e48f0c118f062c650c3c8697cf9aa53095a35f", kill_on_drop: false }`
[INFO] [stdout] 
[INFO] [stderr]     Finished test [unoptimized + debuginfo] target(s) in 0.02s
[INFO] [stdout] running 0 tests
[INFO] [stderr]      Running unittests src/lib.rs (/opt/rustwide/target/debug/deps/bevy_mod_sysfail_macros-805259de79ddc4c6)
[INFO] [stdout] 
[INFO] [stderr]    Doc-tests bevy_mod_sysfail_macros
[INFO] [stdout] test result: ok. 0 passed; 0 failed; 0 ignored; 0 measured; 0 filtered out; finished in 0.00s
[INFO] [stdout] 
[INFO] [stdout] 
[INFO] [stdout] running 1 test
[INFO] [stderr] error: doctest failed, to rerun pass `--doc`
[INFO] [stdout] test src/lib.rs - quick_sysfail (line 97) ... FAILED
[INFO] [stdout] 
[INFO] [stdout] failures:
[INFO] [stdout] 
[INFO] [stdout] ---- src/lib.rs - quick_sysfail (line 97) stdout ----
[INFO] [stdout] error[E0433]: failed to resolve: use of undeclared crate or module `bevy_mod_sysfail`
[INFO] [stdout]  --> src/lib.rs:98:5
[INFO] [stdout]   |
[INFO] [stdout] 3 | use bevy_mod_sysfail::macros::*;
[INFO] [stdout]   |     ^^^^^^^^^^^^^^^^ use of undeclared crate or module `bevy_mod_sysfail`
[INFO] [stdout] 
[INFO] [stdout] error: cannot find attribute `quick_sysfail` in this scope
[INFO] [stdout]   --> src/lib.rs:106:3
[INFO] [stdout]    |
[INFO] [stdout] 11 | #[quick_sysfail]
[INFO] [stdout]    |   ^^^^^^^^^^^^^
[INFO] [stdout]    |
[INFO] [stdout]    = help: consider importing this attribute macro:
[INFO] [stdout]            bevy_mod_sysfail_macros::quick_sysfail
[INFO] [stdout] 
[INFO] [stdout] error: cannot find attribute `sysfail` in this scope
[INFO] [stdout]  --> src/lib.rs:100:3
[INFO] [stdout]   |
[INFO] [stdout] 5 | #[sysfail(ignore)]
[INFO] [stdout]   |   ^^^^^^^
[INFO] [stdout]   |
[INFO] [stdout]   = help: consider importing this attribute macro:
[INFO] [stdout]           bevy_mod_sysfail_macros::sysfail
[INFO] [stdout] 
[INFO] [stdout] error: aborting due to 3 previous errors
[INFO] [stdout] 
[INFO] [stdout] For more information about this error, try `rustc --explain E0433`.
[INFO] [stdout] Couldn't compile the test.
[INFO] [stdout] 
[INFO] [stdout] failures:
[INFO] [stdout]     src/lib.rs - quick_sysfail (line 97)
[INFO] [stdout] 
[INFO] [stdout] test result: FAILED. 0 passed; 1 failed; 0 ignored; 0 measured; 0 filtered out; finished in 0.07s
[INFO] [stdout] 
[INFO] running `Command { std: "docker" "inspect" "38c694db90ca6424b7d6b4fdd3e48f0c118f062c650c3c8697cf9aa53095a35f", kill_on_drop: false }`
[INFO] running `Command { std: "docker" "rm" "-f" "38c694db90ca6424b7d6b4fdd3e48f0c118f062c650c3c8697cf9aa53095a35f", kill_on_drop: false }`
[INFO] [stdout] 38c694db90ca6424b7d6b4fdd3e48f0c118f062c650c3c8697cf9aa53095a35f
