[INFO] fetching crate bevy_mod_check_filter 0.3.0...
[INFO] testing bevy_mod_check_filter-0.3.0 against beta-2023-04-20 for beta-1.70-1
[INFO] extracting crate bevy_mod_check_filter 0.3.0 into /workspace/builds/worker-3-tc2/source
[INFO] validating manifest of crates.io crate bevy_mod_check_filter 0.3.0 on toolchain beta-2023-04-20
[INFO] running `Command { std: CARGO_HOME="/workspace/cargo-home" RUSTUP_HOME="/workspace/rustup-home" "/workspace/cargo-home/bin/cargo" "+beta-2023-04-20" "metadata" "--manifest-path" "Cargo.toml" "--no-deps", kill_on_drop: false }`
[INFO] started tweaking crates.io crate bevy_mod_check_filter 0.3.0
[INFO] finished tweaking crates.io crate bevy_mod_check_filter 0.3.0
[INFO] tweaked toml for crates.io crate bevy_mod_check_filter 0.3.0 written to /workspace/builds/worker-3-tc2/source/Cargo.toml
[INFO] crate crates.io crate bevy_mod_check_filter 0.3.0 already has a lockfile, it will not be regenerated
[INFO] running `Command { std: CARGO_HOME="/workspace/cargo-home" RUSTUP_HOME="/workspace/rustup-home" "/workspace/cargo-home/bin/cargo" "+beta-2023-04-20" "fetch" "--manifest-path" "Cargo.toml", kill_on_drop: false }`
[INFO] [stderr]     Updating crates.io index
[INFO] [stderr]  Downloading crates ...
[INFO] [stderr]   Downloaded unicode-ident v1.0.3
[INFO] [stderr]   Downloaded proc-macro2 v1.0.43
[INFO] [stderr]   Downloaded wasm-bindgen v0.2.82
[INFO] [stderr]   Downloaded tracing-core v0.1.29
[INFO] [stderr]   Downloaded libc v0.2.129
[INFO] [stderr]   Downloaded bevy_ecs_macros v0.8.0
[INFO] [stderr]   Downloaded smallvec v1.9.0
[INFO] [stderr]   Downloaded wasm-bindgen-backend v0.2.82
[INFO] [stderr]   Downloaded web-sys v0.3.59
[INFO] [stderr]   Downloaded once_cell v1.13.0
[INFO] [stderr]   Downloaded thiserror v1.0.32
[INFO] [stderr]   Downloaded bevy_reflect v0.8.0
[INFO] [stderr]   Downloaded bevy_tasks v0.8.0
[INFO] [stderr]   Downloaded tracing v0.1.36
[INFO] [stderr]   Downloaded js-sys v0.3.59
[INFO] [stderr]   Downloaded wasm-bindgen-shared v0.2.82
[INFO] [stderr]   Downloaded wasm-bindgen-macro-support v0.2.82
[INFO] [stderr]   Downloaded bevy_utils v0.8.0
[INFO] [stderr]   Downloaded serde v1.0.143
[INFO] [stderr]   Downloaded bevy_ecs v0.8.0
[INFO] [stderr]   Downloaded syn v1.0.99
[INFO] [stderr]   Downloaded bevy_mod_check_filter_macros v0.3.0
[INFO] [stderr]   Downloaded bevy_ptr v0.8.0
[INFO] [stderr]   Downloaded bevy_macro_utils v0.8.0
[INFO] [stderr]   Downloaded bevy_reflect_derive v0.8.0
[INFO] [stderr]   Downloaded erased-serde v0.3.22
[INFO] [stderr]   Downloaded thiserror-impl v1.0.32
[INFO] [stderr]   Downloaded wasm-bindgen-futures v0.4.32
[INFO] [stderr]   Downloaded fixedbitset v0.4.2
[INFO] [stderr]   Downloaded bumpalo v3.10.0
[INFO] [stderr]   Downloaded wasm-bindgen-macro v0.2.82
[INFO] running `Command { std: "docker" "create" "-v" "/var/lib/crater-agent-workspace/builds/worker-3-tc2/target:/opt/rustwide/target:rw,Z" "-v" "/var/lib/crater-agent-workspace/builds/worker-3-tc2/source:/opt/rustwide/workdir:ro,Z" "-v" "/var/lib/crater-agent-workspace/cargo-home:/opt/rustwide/cargo-home:ro,Z" "-v" "/var/lib/crater-agent-workspace/rustup-home:/opt/rustwide/rustup-home:ro,Z" "-e" "SOURCE_DIR=/opt/rustwide/workdir" "-e" "CARGO_TARGET_DIR=/opt/rustwide/target" "-e" "CARGO_HOME=/opt/rustwide/cargo-home" "-e" "RUSTUP_HOME=/opt/rustwide/rustup-home" "-w" "/opt/rustwide/workdir" "-m" "1610612736" "--user" "0:0" "--network" "none" "ghcr.io/rust-lang/crates-build-env/linux@sha256:5ff2268d62e97bff2cde7d5815dd6ed5b47097566f13b8d0ca110b04b60e07ed" "/opt/rustwide/cargo-home/bin/cargo" "+beta-2023-04-20" "metadata" "--no-deps" "--format-version=1", kill_on_drop: false }`
[INFO] [stdout] ab67f2ff4b9983c15a15120716228d20907ce5b340ded0614e5df993a82123e9
[INFO] running `Command { std: "docker" "start" "-a" "ab67f2ff4b9983c15a15120716228d20907ce5b340ded0614e5df993a82123e9", kill_on_drop: false }`
[INFO] running `Command { std: "docker" "inspect" "ab67f2ff4b9983c15a15120716228d20907ce5b340ded0614e5df993a82123e9", kill_on_drop: false }`
[INFO] running `Command { std: "docker" "rm" "-f" "ab67f2ff4b9983c15a15120716228d20907ce5b340ded0614e5df993a82123e9", kill_on_drop: false }`
[INFO] [stdout] ab67f2ff4b9983c15a15120716228d20907ce5b340ded0614e5df993a82123e9
[INFO] running `Command { std: "docker" "create" "-v" "/var/lib/crater-agent-workspace/builds/worker-3-tc2/target:/opt/rustwide/target:rw,Z" "-v" "/var/lib/crater-agent-workspace/builds/worker-3-tc2/source:/opt/rustwide/workdir:ro,Z" "-v" "/var/lib/crater-agent-workspace/cargo-home:/opt/rustwide/cargo-home:ro,Z" "-v" "/var/lib/crater-agent-workspace/rustup-home:/opt/rustwide/rustup-home:ro,Z" "-e" "SOURCE_DIR=/opt/rustwide/workdir" "-e" "CARGO_TARGET_DIR=/opt/rustwide/target" "-e" "CARGO_INCREMENTAL=0" "-e" "RUST_BACKTRACE=full" "-e" "RUSTFLAGS=--cap-lints=warn" "-e" "RUSTDOCFLAGS=--cap-lints=warn" "-e" "CARGO_HOME=/opt/rustwide/cargo-home" "-e" "RUSTUP_HOME=/opt/rustwide/rustup-home" "-w" "/opt/rustwide/workdir" "-m" "1610612736" "--user" "0:0" "--network" "none" "ghcr.io/rust-lang/crates-build-env/linux@sha256:5ff2268d62e97bff2cde7d5815dd6ed5b47097566f13b8d0ca110b04b60e07ed" "/opt/rustwide/cargo-home/bin/cargo" "+beta-2023-04-20" "build" "--frozen" "--message-format=json", kill_on_drop: false }`
[INFO] [stdout] d24d4ac8541b674b0f94a069dbdc9bde3d121cc05a0e7e2c882ed5b289fcc4f4
[INFO] running `Command { std: "docker" "start" "-a" "d24d4ac8541b674b0f94a069dbdc9bde3d121cc05a0e7e2c882ed5b289fcc4f4", kill_on_drop: false }`
[INFO] [stderr]    Compiling libc v0.2.129
[INFO] [stderr]    Compiling serde v1.0.143
[INFO] [stderr]    Compiling proc-macro2 v1.0.43
[INFO] [stderr]    Compiling quote v1.0.21
[INFO] [stderr]    Compiling unicode-ident v1.0.3
[INFO] [stderr]    Compiling syn v1.0.99
[INFO] [stderr]    Compiling once_cell v1.13.0
[INFO] [stderr]    Compiling lock_api v0.4.7
[INFO] [stderr]    Compiling parking_lot_core v0.9.3
[INFO] [stderr]    Compiling tracing-core v0.1.29
[INFO] [stderr]    Compiling smallvec v1.9.0
[INFO] [stderr]    Compiling fastrand v1.8.0
[INFO] [stderr]    Compiling erased-serde v0.3.22
[INFO] [stderr]    Compiling futures-lite v1.12.0
[INFO] [stderr]    Compiling tracing v0.1.36
[INFO] [stderr]    Compiling getrandom v0.2.7
[INFO] [stderr]    Compiling uuid v1.1.2
[INFO] [stderr]    Compiling instant v0.1.12
[INFO] [stderr]    Compiling ahash v0.7.6
[INFO] [stderr]    Compiling event-listener v2.5.3
[INFO] [stderr]    Compiling async-task v4.3.0
[INFO] [stderr]    Compiling parking_lot v0.12.1
[INFO] [stderr]    Compiling async-executor v1.4.1
[INFO] [stderr]    Compiling async-channel v1.7.1
[INFO] [stderr]    Compiling num_cpus v1.13.1
[INFO] [stderr]    Compiling downcast-rs v1.2.0
[INFO] [stderr]    Compiling bevy_ptr v0.8.0
[INFO] [stderr]    Compiling thread_local v1.1.4
[INFO] [stderr]    Compiling fixedbitset v0.4.2
[INFO] [stderr]    Compiling bevy_tasks v0.8.0
[INFO] [stderr]    Compiling toml v0.5.9
[INFO] [stderr]    Compiling hashbrown v0.12.3
[INFO] [stderr]    Compiling bevy_utils v0.8.0
[INFO] [stderr]    Compiling bevy_macro_utils v0.8.0
[INFO] [stderr]    Compiling thiserror-impl v1.0.32
[INFO] [stderr]    Compiling bevy_mod_check_filter_macros v0.3.0
[INFO] [stderr]    Compiling bevy_reflect_derive v0.8.0
[INFO] [stderr]    Compiling bevy_ecs_macros v0.8.0
[INFO] [stderr]    Compiling thiserror v1.0.32
[INFO] [stderr]    Compiling bevy_reflect v0.8.0
[INFO] [stderr]    Compiling bevy_ecs v0.8.0
[INFO] [stderr]    Compiling bevy_mod_check_filter v0.3.0 (/opt/rustwide/workdir)
[INFO] [stderr]     Finished dev [unoptimized + debuginfo] target(s) in 55.14s
[INFO] running `Command { std: "docker" "inspect" "d24d4ac8541b674b0f94a069dbdc9bde3d121cc05a0e7e2c882ed5b289fcc4f4", kill_on_drop: false }`
[INFO] running `Command { std: "docker" "rm" "-f" "d24d4ac8541b674b0f94a069dbdc9bde3d121cc05a0e7e2c882ed5b289fcc4f4", kill_on_drop: false }`
[INFO] [stdout] d24d4ac8541b674b0f94a069dbdc9bde3d121cc05a0e7e2c882ed5b289fcc4f4
[INFO] running `Command { std: "docker" "create" "-v" "/var/lib/crater-agent-workspace/builds/worker-3-tc2/target:/opt/rustwide/target:rw,Z" "-v" "/var/lib/crater-agent-workspace/builds/worker-3-tc2/source:/opt/rustwide/workdir:ro,Z" "-v" "/var/lib/crater-agent-workspace/cargo-home:/opt/rustwide/cargo-home:ro,Z" "-v" "/var/lib/crater-agent-workspace/rustup-home:/opt/rustwide/rustup-home:ro,Z" "-e" "SOURCE_DIR=/opt/rustwide/workdir" "-e" "CARGO_TARGET_DIR=/opt/rustwide/target" "-e" "CARGO_INCREMENTAL=0" "-e" "RUST_BACKTRACE=full" "-e" "RUSTFLAGS=--cap-lints=warn" "-e" "RUSTDOCFLAGS=--cap-lints=warn" "-e" "CARGO_HOME=/opt/rustwide/cargo-home" "-e" "RUSTUP_HOME=/opt/rustwide/rustup-home" "-w" "/opt/rustwide/workdir" "-m" "1610612736" "--user" "0:0" "--network" "none" "ghcr.io/rust-lang/crates-build-env/linux@sha256:5ff2268d62e97bff2cde7d5815dd6ed5b47097566f13b8d0ca110b04b60e07ed" "/opt/rustwide/cargo-home/bin/cargo" "+beta-2023-04-20" "test" "--frozen" "--no-run" "--message-format=json", kill_on_drop: false }`
[INFO] [stdout] ce13cb193230caa2905206181ab5328704c88c365e4191d68032e8e88861c506
[INFO] running `Command { std: "docker" "start" "-a" "ce13cb193230caa2905206181ab5328704c88c365e4191d68032e8e88861c506", kill_on_drop: false }`
[INFO] [stderr]    Compiling bevy_mod_check_filter v0.3.0 (/opt/rustwide/workdir)
[INFO] [stderr]     Finished test [unoptimized + debuginfo] target(s) in 1.06s
[INFO] running `Command { std: "docker" "inspect" "ce13cb193230caa2905206181ab5328704c88c365e4191d68032e8e88861c506", kill_on_drop: false }`
[INFO] running `Command { std: "docker" "rm" "-f" "ce13cb193230caa2905206181ab5328704c88c365e4191d68032e8e88861c506", kill_on_drop: false }`
[INFO] [stdout] ce13cb193230caa2905206181ab5328704c88c365e4191d68032e8e88861c506
[INFO] running `Command { std: "docker" "create" "-v" "/var/lib/crater-agent-workspace/builds/worker-3-tc2/target:/opt/rustwide/target:rw,Z" "-v" "/var/lib/crater-agent-workspace/builds/worker-3-tc2/source:/opt/rustwide/workdir:ro,Z" "-v" "/var/lib/crater-agent-workspace/cargo-home:/opt/rustwide/cargo-home:ro,Z" "-v" "/var/lib/crater-agent-workspace/rustup-home:/opt/rustwide/rustup-home:ro,Z" "-e" "SOURCE_DIR=/opt/rustwide/workdir" "-e" "CARGO_TARGET_DIR=/opt/rustwide/target" "-e" "CARGO_INCREMENTAL=0" "-e" "RUST_BACKTRACE=full" "-e" "RUSTFLAGS=--cap-lints=warn" "-e" "RUSTDOCFLAGS=--cap-lints=warn" "-e" "CARGO_HOME=/opt/rustwide/cargo-home" "-e" "RUSTUP_HOME=/opt/rustwide/rustup-home" "-w" "/opt/rustwide/workdir" "-m" "1610612736" "--user" "0:0" "--network" "none" "ghcr.io/rust-lang/crates-build-env/linux@sha256:5ff2268d62e97bff2cde7d5815dd6ed5b47097566f13b8d0ca110b04b60e07ed" "/opt/rustwide/cargo-home/bin/cargo" "+beta-2023-04-20" "test" "--frozen", kill_on_drop: false }`
[INFO] [stdout] 7d5ffb3c893d548fd3df8c48d0b8f0f40f79ad0f66e92b91c185209238c7eeb8
[INFO] running `Command { std: "docker" "start" "-a" "7d5ffb3c893d548fd3df8c48d0b8f0f40f79ad0f66e92b91c185209238c7eeb8", kill_on_drop: false }`
[INFO] [stderr]     Finished test [unoptimized + debuginfo] target(s) in 0.08s
[INFO] [stderr]      Running unittests src/lib.rs (/opt/rustwide/target/debug/deps/bevy_mod_check_filter-2dd046000c2a016b)
[INFO] [stderr]    Doc-tests bevy_mod_check_filter
[INFO] [stdout] 
[INFO] [stdout] running 0 tests
[INFO] [stdout] 
[INFO] [stdout] test result: ok. 0 passed; 0 failed; 0 ignored; 0 measured; 0 filtered out; finished in 0.00s
[INFO] [stdout] 
[INFO] [stdout] 
[INFO] [stdout] running 3 tests
[INFO] [stdout] test src/lib.rs - (line 15) ... FAILED
[INFO] [stdout] test src/lib.rs - (line 29) ... FAILED
[INFO] [stdout] test src/lib.rs - Check (line 23) ... ok
[INFO] [stdout] 
[INFO] [stdout] failures:
[INFO] [stdout] 
[INFO] [stdout] ---- src/lib.rs - (line 15) stdout ----
[INFO] [stdout] error: cannot find derive macro `Component` in this scope
[INFO] [stdout]  --> src/lib.rs:19:10
[INFO] [stdout]   |
[INFO] [stdout] 6 | #[derive(Component)]
[INFO] [stdout]   |          ^^^^^^^^^
[INFO] [stdout]   |
[INFO] [stdout]   = help: consider importing this derive macro:
[INFO] [stdout]           bevy_ecs::prelude::Component
[INFO] [stdout] 
[INFO] [stdout] error: cannot find derive macro `Component` in this scope
[INFO] [stdout]  --> src/lib.rs:16:10
[INFO] [stdout]   |
[INFO] [stdout] 3 | #[derive(Component)]
[INFO] [stdout]   |          ^^^^^^^^^
[INFO] [stdout]   |
[INFO] [stdout]   = help: consider importing this derive macro:
[INFO] [stdout]           bevy_ecs::prelude::Component
[INFO] [stdout] 
[INFO] [stdout] error[E0412]: cannot find type `Query` in this scope
[INFO] [stdout]  --> src/lib.rs:22:27
[INFO] [stdout]   |
[INFO] [stdout] 9 | fn all_poisoned(entities: Query<&Name, With<Poisoned>>) {
[INFO] [stdout]   |                           ^^^^^ not found in this scope
[INFO] [stdout]   |
[INFO] [stdout] help: consider importing this struct
[INFO] [stdout]   |
[INFO] [stdout] 2 + use bevy_ecs::prelude::Query;
[INFO] [stdout]   |
[INFO] [stdout] 
[INFO] [stdout] error[E0412]: cannot find type `With` in this scope
[INFO] [stdout]  --> src/lib.rs:22:40
[INFO] [stdout]   |
[INFO] [stdout] 9 | fn all_poisoned(entities: Query<&Name, With<Poisoned>>) {
[INFO] [stdout]   |                                        ^^^^ not found in this scope
[INFO] [stdout]   |
[INFO] [stdout] help: consider importing this struct
[INFO] [stdout]   |
[INFO] [stdout] 2 + use bevy_ecs::prelude::With;
[INFO] [stdout]   |
[INFO] [stdout] 
[INFO] [stdout] error: aborting due to 4 previous errors
[INFO] [stdout] 
[INFO] [stdout] For more information about this error, try `rustc --explain E0412`.
[INFO] [stdout] Couldn't compile the test.
[INFO] [stdout] ---- src/lib.rs - (line 29) stdout ----
[INFO] [stdout] error: cannot find derive macro `Component` in this scope
[INFO] [stdout]   --> src/lib.rs:41:10
[INFO] [stdout]    |
[INFO] [stdout] 14 | #[derive(Component)]
[INFO] [stdout]    |          ^^^^^^^^^
[INFO] [stdout]    |
[INFO] [stdout]    = help: consider importing this derive macro:
[INFO] [stdout]            bevy_ecs::prelude::Component
[INFO] [stdout] 
[INFO] [stdout] error: cannot find derive macro `Component` in this scope
[INFO] [stdout]  --> src/lib.rs:30:10
[INFO] [stdout]   |
[INFO] [stdout] 3 | #[derive(Component)]
[INFO] [stdout]   |          ^^^^^^^^^
[INFO] [stdout]   |
[INFO] [stdout]   = help: consider importing this derive macro:
[INFO] [stdout]           bevy_ecs::prelude::Component
[INFO] [stdout] 
[INFO] [stdout] error[E0412]: cannot find type `Query` in this scope
[INFO] [stdout]   --> src/lib.rs:44:27
[INFO] [stdout]    |
[INFO] [stdout] 17 | fn all_poisoned(entities: Query<&Name, Check<Poisoned, Is<true>>>) {
[INFO] [stdout]    |                           ^^^^^ not found in this scope
[INFO] [stdout]    |
[INFO] [stdout] help: consider importing this struct
[INFO] [stdout]    |
[INFO] [stdout] 2  + use bevy_ecs::prelude::Query;
[INFO] [stdout]    |
[INFO] [stdout] 
[INFO] [stdout] error[E0412]: cannot find type `Check` in this scope
[INFO] [stdout]   --> src/lib.rs:44:40
[INFO] [stdout]    |
[INFO] [stdout] 17 | fn all_poisoned(entities: Query<&Name, Check<Poisoned, Is<true>>>) {
[INFO] [stdout]    |                                        ^^^^^ not found in this scope
[INFO] [stdout]    |
[INFO] [stdout] help: consider importing this struct
[INFO] [stdout]    |
[INFO] [stdout] 2  + use bevy_mod_check_filter::Check;
[INFO] [stdout]    |
[INFO] [stdout] 
[INFO] [stdout] error[E0412]: cannot find type `Is` in this scope
[INFO] [stdout]   --> src/lib.rs:44:56
[INFO] [stdout]    |
[INFO] [stdout] 17 | fn all_poisoned(entities: Query<&Name, Check<Poisoned, Is<true>>>) {
[INFO] [stdout]    |                                                        ^^ not found in this scope
[INFO] [stdout]    |
[INFO] [stdout] help: consider importing this struct
[INFO] [stdout]    |
[INFO] [stdout] 2  + use bevy_mod_check_filter::Is;
[INFO] [stdout]    |
[INFO] [stdout] 
[INFO] [stdout] error[E0412]: cannot find type `Query` in this scope
[INFO] [stdout]   --> src/lib.rs:49:28
[INFO] [stdout]    |
[INFO] [stdout] 22 | fn find_poisoned(entities: Query<&Name, IsTrue<Poisoned>>) {
[INFO] [stdout]    |                            ^^^^^ not found in this scope
[INFO] [stdout]    |
[INFO] [stdout] help: consider importing this struct
[INFO] [stdout]    |
[INFO] [stdout] 2  + use bevy_ecs::prelude::Query;
[INFO] [stdout]    |
[INFO] [stdout] 
[INFO] [stdout] error[E0412]: cannot find type `IsTrue` in this scope
[INFO] [stdout]   --> src/lib.rs:49:41
[INFO] [stdout]    |
[INFO] [stdout] 22 | fn find_poisoned(entities: Query<&Name, IsTrue<Poisoned>>) {
[INFO] [stdout]    |                                         ^^^^^^ not found in this scope
[INFO] [stdout]    |
[INFO] [stdout] help: consider importing this type alias
[INFO] [stdout]    |
[INFO] [stdout] 2  + use bevy_mod_check_filter::IsTrue;
[INFO] [stdout]    |
[INFO] [stdout] 
[INFO] [stdout] error: aborting due to 7 previous errors
[INFO] [stdout] 
[INFO] [stdout] For more information about this error, try `rustc --explain E0412`.
[INFO] [stdout] Couldn't compile the test.
[INFO] [stdout] 
[INFO] [stdout] failures:
[INFO] [stdout]     src/lib.rs - (line 15)
[INFO] [stdout]     src/lib.rs - (line 29)
[INFO] [stdout] 
[INFO] [stdout] test result: FAILED. 1 passed; 2 failed; 0 ignored; 0 measured; 0 filtered out; finished in 1.25s
[INFO] [stdout] 
[INFO] [stderr] error: doctest failed, to rerun pass `--doc`
[INFO] running `Command { std: "docker" "inspect" "7d5ffb3c893d548fd3df8c48d0b8f0f40f79ad0f66e92b91c185209238c7eeb8", kill_on_drop: false }`
[INFO] running `Command { std: "docker" "rm" "-f" "7d5ffb3c893d548fd3df8c48d0b8f0f40f79ad0f66e92b91c185209238c7eeb8", kill_on_drop: false }`
[INFO] [stdout] 7d5ffb3c893d548fd3df8c48d0b8f0f40f79ad0f66e92b91c185209238c7eeb8
