[INFO] fetching crate bevy_easings 0.10.0...
[INFO] testing bevy_easings-0.10.0 against 1.69.0 for beta-1.70-1
[INFO] extracting crate bevy_easings 0.10.0 into /workspace/builds/worker-2-tc1/source
[INFO] validating manifest of crates.io crate bevy_easings 0.10.0 on toolchain 1.69.0
[INFO] running `Command { std: CARGO_HOME="/workspace/cargo-home" RUSTUP_HOME="/workspace/rustup-home" "/workspace/cargo-home/bin/cargo" "+1.69.0" "metadata" "--manifest-path" "Cargo.toml" "--no-deps", kill_on_drop: false }`
[INFO] started tweaking crates.io crate bevy_easings 0.10.0
[INFO] removed 0 missing examples
[INFO] finished tweaking crates.io crate bevy_easings 0.10.0
[INFO] tweaked toml for crates.io crate bevy_easings 0.10.0 written to /workspace/builds/worker-2-tc1/source/Cargo.toml
[INFO] crate crates.io crate bevy_easings 0.10.0 already has a lockfile, it will not be regenerated
[INFO] running `Command { std: CARGO_HOME="/workspace/cargo-home" RUSTUP_HOME="/workspace/rustup-home" "/workspace/cargo-home/bin/cargo" "+1.69.0" "fetch" "--manifest-path" "Cargo.toml", kill_on_drop: false }`
[INFO] [stderr]  Downloading crates ...
[INFO] [stderr]   Downloaded interpolation v0.2.0
[INFO] [stderr]   Downloaded thiserror v1.0.39
[INFO] [stderr]   Downloaded thiserror-impl v1.0.39
[INFO] [stderr]   Downloaded winnow v0.3.5
[INFO] running `Command { std: "docker" "create" "-v" "/var/lib/crater-agent-workspace/builds/worker-2-tc1/target:/opt/rustwide/target:rw,Z" "-v" "/var/lib/crater-agent-workspace/builds/worker-2-tc1/source:/opt/rustwide/workdir:ro,Z" "-v" "/var/lib/crater-agent-workspace/cargo-home:/opt/rustwide/cargo-home:ro,Z" "-v" "/var/lib/crater-agent-workspace/rustup-home:/opt/rustwide/rustup-home:ro,Z" "-e" "SOURCE_DIR=/opt/rustwide/workdir" "-e" "CARGO_TARGET_DIR=/opt/rustwide/target" "-e" "CARGO_HOME=/opt/rustwide/cargo-home" "-e" "RUSTUP_HOME=/opt/rustwide/rustup-home" "-w" "/opt/rustwide/workdir" "-m" "1610612736" "--user" "0:0" "--network" "none" "ghcr.io/rust-lang/crates-build-env/linux@sha256:5ff2268d62e97bff2cde7d5815dd6ed5b47097566f13b8d0ca110b04b60e07ed" "/opt/rustwide/cargo-home/bin/cargo" "+1.69.0" "metadata" "--no-deps" "--format-version=1", kill_on_drop: false }`
[INFO] [stdout] ac80da87a529a3e10b09fe0e77feb4d79c5b094a8c426bd5230559a5b7852e08
[INFO] running `Command { std: "docker" "start" "-a" "ac80da87a529a3e10b09fe0e77feb4d79c5b094a8c426bd5230559a5b7852e08", kill_on_drop: false }`
[INFO] running `Command { std: "docker" "inspect" "ac80da87a529a3e10b09fe0e77feb4d79c5b094a8c426bd5230559a5b7852e08", kill_on_drop: false }`
[INFO] running `Command { std: "docker" "rm" "-f" "ac80da87a529a3e10b09fe0e77feb4d79c5b094a8c426bd5230559a5b7852e08", kill_on_drop: false }`
[INFO] [stdout] ac80da87a529a3e10b09fe0e77feb4d79c5b094a8c426bd5230559a5b7852e08
[INFO] running `Command { std: "docker" "create" "-v" "/var/lib/crater-agent-workspace/builds/worker-2-tc1/target:/opt/rustwide/target:rw,Z" "-v" "/var/lib/crater-agent-workspace/builds/worker-2-tc1/source:/opt/rustwide/workdir:ro,Z" "-v" "/var/lib/crater-agent-workspace/cargo-home:/opt/rustwide/cargo-home:ro,Z" "-v" "/var/lib/crater-agent-workspace/rustup-home:/opt/rustwide/rustup-home:ro,Z" "-e" "SOURCE_DIR=/opt/rustwide/workdir" "-e" "CARGO_TARGET_DIR=/opt/rustwide/target" "-e" "CARGO_INCREMENTAL=0" "-e" "RUST_BACKTRACE=full" "-e" "RUSTFLAGS=--cap-lints=warn" "-e" "RUSTDOCFLAGS=--cap-lints=warn" "-e" "CARGO_HOME=/opt/rustwide/cargo-home" "-e" "RUSTUP_HOME=/opt/rustwide/rustup-home" "-w" "/opt/rustwide/workdir" "-m" "1610612736" "--user" "0:0" "--network" "none" "ghcr.io/rust-lang/crates-build-env/linux@sha256:5ff2268d62e97bff2cde7d5815dd6ed5b47097566f13b8d0ca110b04b60e07ed" "/opt/rustwide/cargo-home/bin/cargo" "+1.69.0" "build" "--frozen" "--message-format=json", kill_on_drop: false }`
[INFO] [stdout] 96359d9d243a62c205c0bcdd43d25771578a016c066925cd68de2faa6e0e63e9
[INFO] running `Command { std: "docker" "start" "-a" "96359d9d243a62c205c0bcdd43d25771578a016c066925cd68de2faa6e0e63e9", kill_on_drop: false }`
[INFO] [stderr]    Compiling proc-macro2 v1.0.51
[INFO] [stderr]    Compiling quote v1.0.23
[INFO] [stderr]    Compiling syn v1.0.109
[INFO] [stderr]    Compiling serde_derive v1.0.152
[INFO] [stderr]    Compiling serde v1.0.152
[INFO] [stderr]    Compiling libc v0.2.139
[INFO] [stderr]    Compiling indexmap v1.9.2
[INFO] [stderr]    Compiling hashbrown v0.12.3
[INFO] [stderr]    Compiling thiserror v1.0.39
[INFO] [stderr]    Compiling toml_datetime v0.6.1
[INFO] [stderr]    Compiling memchr v2.5.0
[INFO] [stderr]    Compiling winnow v0.3.5
[INFO] [stderr]    Compiling lock_api v0.4.9
[INFO] [stderr]    Compiling crossbeam-utils v0.8.15
[INFO] [stderr]    Compiling parking_lot_core v0.9.7
[INFO] [stderr]    Compiling fixedbitset v0.4.2
[INFO] [stderr]    Compiling futures-core v0.3.26
[INFO] [stderr]    Compiling tracing-core v0.1.30
[INFO] [stderr]    Compiling slab v0.4.8
[INFO] [stderr]    Compiling event-listener v2.5.3
[INFO] [stderr]    Compiling rustc-hash v1.1.0
[INFO] [stderr]    Compiling erased-serde v0.3.25
[INFO] [stderr]    Compiling fastrand v1.9.0
[INFO] [stderr]    Compiling futures-io v0.3.26
[INFO] [stderr]    Compiling parking v2.0.0
[INFO] [stderr]    Compiling waker-fn v1.1.0
[INFO] [stderr]    Compiling bit-vec v0.6.3
[INFO] [stderr]    Compiling concurrent-queue v2.1.0
[INFO] [stderr]    Compiling async-lock v2.7.0
[INFO] [stderr]    Compiling instant v0.1.12
[INFO] [stderr]    Compiling bit-set v0.5.3
[INFO] [stderr]    Compiling getrandom v0.2.8
[INFO] [stderr]    Compiling async-task v4.3.0
[INFO] [stderr]    Compiling async-channel v1.8.0
[INFO] [stderr]    Compiling thread_local v1.1.7
[INFO] [stderr]    Compiling num-traits v0.2.15
[INFO] [stderr]    Compiling bevy_ptr v0.10.0
[INFO] [stderr]    Compiling log v0.4.17
[INFO] [stderr]    Compiling tracing v0.1.37
[INFO] [stderr]    Compiling downcast-rs v1.2.0
[INFO] [stderr]    Compiling ahash v0.7.6
[INFO] [stderr]    Compiling futures-lite v1.12.0
[INFO] [stderr]    Compiling regex-syntax v0.6.28
[INFO] [stderr]    Compiling uuid v1.3.0
[INFO] [stderr]    Compiling aho-corasick v0.7.20
[INFO] [stderr]    Compiling overload v0.1.1
[INFO] [stderr]    Compiling tracing-log v0.1.3
[INFO] [stderr]    Compiling sharded-slab v0.1.4
[INFO] [stderr]    Compiling libloading v0.7.4
[INFO] [stderr]    Compiling unicode-xid v0.2.4
[INFO] [stderr]    Compiling unicode-width v0.1.10
[INFO] [stderr]    Compiling nu-ansi-term v0.46.0
[INFO] [stderr]    Compiling termcolor v1.2.0
[INFO] [stderr]    Compiling cty v0.2.2
[INFO] [stderr]    Compiling ash v0.37.2+1.3.238
[INFO] [stderr]    Compiling khronos-egl v4.1.0
[INFO] [stderr]    Compiling raw-window-handle v0.5.0
[INFO] [stderr]    Compiling pp-rs v0.2.1
[INFO] [stderr]    Compiling gpu-alloc-types v0.2.0
[INFO] [stderr]    Compiling gpu-descriptor-types v0.1.1
[INFO] [stderr]    Compiling codespan-reporting v0.11.1
[INFO] [stderr]    Compiling num-integer v0.1.45
[INFO] [stderr]    Compiling hexf-parse v0.2.1
[INFO] [stderr]    Compiling arrayvec v0.7.2
[INFO] [stderr]    Compiling gpu-alloc v0.5.3
[INFO] [stderr]    Compiling fxhash v0.2.1
[INFO] [stderr]    Compiling wgpu-types v0.15.1
[INFO] [stderr]    Compiling crossbeam-channel v0.5.7
[INFO] [stderr]    Compiling async-executor v1.5.0
[INFO] [stderr]    Compiling num-rational v0.4.1
[INFO] [stderr]    Compiling anyhow v1.0.69
[INFO] [stderr]    Compiling glow v0.12.1
[INFO] [stderr]    Compiling toml_edit v0.19.4
[INFO] [stderr]    Compiling bevy_tasks v0.10.0
[INFO] [stderr]    Compiling renderdoc-sys v0.7.1
[INFO] [stderr]    Compiling profiling v1.0.7
[INFO] [stderr]    Compiling spirv v0.2.0+1.5.4
[INFO] [stderr]    Compiling sysinfo v0.28.2
[INFO] [stderr]    Compiling const_panic v0.2.7
[INFO] [stderr]    Compiling static_assertions v1.1.0
[INFO] [stderr]    Compiling slotmap v1.0.6
[INFO] [stderr]    Compiling euclid v0.22.7
[INFO] [stderr]    Compiling svg_fmt v0.4.1
[INFO] [stderr]    Compiling regex-automata v0.1.10
[INFO] [stderr]    Compiling regex v1.7.1
[INFO] [stderr]    Compiling radsort v0.1.0
[INFO] [stderr]    Compiling encase_derive_impl v0.5.0
[INFO] [stderr]    Compiling rectangle-pack v0.4.2
[INFO] [stderr]    Compiling accesskit v0.10.1
[INFO] [stderr]    Compiling interpolation v0.2.0
[INFO] [stderr]    Compiling matchers v0.1.0
[INFO] [stderr]    Compiling guillotiere v0.6.2
[INFO] [stderr]    Compiling bevy_macro_utils v0.10.0
[INFO] [stderr]    Compiling taffy v0.3.3
[INFO] [stderr]    Compiling bytemuck_derive v1.4.0
[INFO] [stderr]    Compiling thiserror-impl v1.0.39
[INFO] [stderr]    Compiling bevy_utils_proc_macros v0.10.0
[INFO] [stderr]    Compiling encase_derive v0.5.0
[INFO] [stderr]    Compiling bevy_reflect_derive v0.10.0
[INFO] [stderr]    Compiling bevy_ecs_macros v0.10.0
[INFO] [stderr]    Compiling bevy_derive v0.10.0
[INFO] [stderr]    Compiling bevy_encase_derive v0.10.0
[INFO] [stderr]    Compiling bevy_render_macros v0.10.0
[INFO] [stderr]    Compiling bytemuck v1.13.1
[INFO] [stderr]    Compiling image v0.24.5
[INFO] [stderr]    Compiling smallvec v1.10.0
[INFO] [stderr]    Compiling glam v0.23.0
[INFO] [stderr]    Compiling tracing-subscriber v0.3.16
[INFO] [stderr]    Compiling parking_lot v0.12.1
[INFO] [stderr]    Compiling gpu-descriptor v0.2.3
[INFO] [stderr]    Compiling petgraph v0.6.3
[INFO] [stderr]    Compiling bevy_math v0.10.0
[INFO] [stderr]    Compiling encase v0.5.0
[INFO] [stderr]    Compiling hexasphere v8.1.0
[INFO] [stderr]    Compiling bevy_mikktspace v0.10.0
[INFO] [stderr]    Compiling bevy_utils v0.10.0
[INFO] [stderr]    Compiling naga v0.11.0
[INFO] [stderr]    Compiling bevy_reflect v0.10.0
[INFO] [stderr]    Compiling bevy_ecs v0.10.0
[INFO] [stderr]    Compiling wgpu-hal v0.15.2
[INFO] [stderr]    Compiling wgpu-core v0.15.1
[INFO] [stderr]    Compiling bevy_app v0.10.0
[INFO] [stderr]    Compiling bevy_log v0.10.0
[INFO] [stderr]    Compiling bevy_core v0.10.0
[INFO] [stderr]    Compiling bevy_time v0.10.0
[INFO] [stderr]    Compiling bevy_input v0.10.0
[INFO] [stderr]    Compiling bevy_a11y v0.10.0
[INFO] [stderr]    Compiling bevy_hierarchy v0.10.0
[INFO] [stderr]    Compiling bevy_diagnostic v0.10.0
[INFO] [stderr]    Compiling bevy_transform v0.10.0
[INFO] [stderr]    Compiling bevy_asset v0.10.0
[INFO] [stderr]    Compiling bevy_window v0.10.0
[INFO] [stderr]    Compiling wgpu v0.15.1
[INFO] [stderr]    Compiling bevy_render v0.10.0
[INFO] [stderr]    Compiling bevy_core_pipeline v0.10.0
[INFO] [stderr]    Compiling bevy_sprite v0.10.0
[INFO] [stderr]    Compiling bevy_ui v0.10.0
[INFO] [stderr]    Compiling bevy_internal v0.10.0
[INFO] [stderr]    Compiling bevy v0.10.0
[INFO] [stderr]    Compiling bevy_easings v0.10.0 (/opt/rustwide/workdir)
[INFO] [stderr]     Finished dev [unoptimized + debuginfo] target(s) in 1m 24s
[INFO] running `Command { std: "docker" "inspect" "96359d9d243a62c205c0bcdd43d25771578a016c066925cd68de2faa6e0e63e9", kill_on_drop: false }`
[INFO] running `Command { std: "docker" "rm" "-f" "96359d9d243a62c205c0bcdd43d25771578a016c066925cd68de2faa6e0e63e9", kill_on_drop: false }`
[INFO] [stdout] 96359d9d243a62c205c0bcdd43d25771578a016c066925cd68de2faa6e0e63e9
[INFO] running `Command { std: "docker" "create" "-v" "/var/lib/crater-agent-workspace/builds/worker-2-tc1/target:/opt/rustwide/target:rw,Z" "-v" "/var/lib/crater-agent-workspace/builds/worker-2-tc1/source:/opt/rustwide/workdir:ro,Z" "-v" "/var/lib/crater-agent-workspace/cargo-home:/opt/rustwide/cargo-home:ro,Z" "-v" "/var/lib/crater-agent-workspace/rustup-home:/opt/rustwide/rustup-home:ro,Z" "-e" "SOURCE_DIR=/opt/rustwide/workdir" "-e" "CARGO_TARGET_DIR=/opt/rustwide/target" "-e" "CARGO_INCREMENTAL=0" "-e" "RUST_BACKTRACE=full" "-e" "RUSTFLAGS=--cap-lints=warn" "-e" "RUSTDOCFLAGS=--cap-lints=warn" "-e" "CARGO_HOME=/opt/rustwide/cargo-home" "-e" "RUSTUP_HOME=/opt/rustwide/rustup-home" "-w" "/opt/rustwide/workdir" "-m" "1610612736" "--user" "0:0" "--network" "none" "ghcr.io/rust-lang/crates-build-env/linux@sha256:5ff2268d62e97bff2cde7d5815dd6ed5b47097566f13b8d0ca110b04b60e07ed" "/opt/rustwide/cargo-home/bin/cargo" "+1.69.0" "test" "--frozen" "--no-run" "--message-format=json", kill_on_drop: false }`
[INFO] [stdout] 330187bed7530da853a9953713de3d699c7ba21164d20ac2c7488cc2012df39b
[INFO] running `Command { std: "docker" "start" "-a" "330187bed7530da853a9953713de3d699c7ba21164d20ac2c7488cc2012df39b", kill_on_drop: false }`
[INFO] [stderr]     Blocking waiting for file lock on package cache
[INFO] [stderr]    Compiling getrandom v0.2.8
[INFO] [stderr]    Compiling ppv-lite86 v0.2.17
[INFO] [stderr]    Compiling ahash v0.7.6
[INFO] [stderr]    Compiling uuid v1.3.0
[INFO] [stderr]    Compiling rand_core v0.6.4
[INFO] [stderr]    Compiling hashbrown v0.12.3
[INFO] [stderr]    Compiling rand_chacha v0.3.1
[INFO] [stderr]    Compiling bevy_reflect_derive v0.10.0
[INFO] [stderr]    Compiling rand v0.8.5
[INFO] [stderr]    Compiling indexmap v1.9.2
[INFO] [stderr]    Compiling gpu-descriptor v0.2.3
[INFO] [stderr]    Compiling petgraph v0.6.3
[INFO] [stderr]    Compiling bevy_utils v0.10.0
[INFO] [stderr]    Compiling naga v0.11.0
[INFO] [stderr]    Compiling bevy_reflect v0.10.0
[INFO] [stderr]    Compiling bevy_ecs v0.10.0
[INFO] [stderr]    Compiling wgpu-hal v0.15.2
[INFO] [stderr]    Compiling wgpu-core v0.15.1
[INFO] [stderr]    Compiling bevy_app v0.10.0
[INFO] [stderr]    Compiling bevy_log v0.10.0
[INFO] [stderr]    Compiling bevy_core v0.10.0
[INFO] [stderr]    Compiling bevy_time v0.10.0
[INFO] [stderr]    Compiling bevy_input v0.10.0
[INFO] [stderr]    Compiling bevy_a11y v0.10.0
[INFO] [stderr]    Compiling bevy_hierarchy v0.10.0
[INFO] [stderr]    Compiling bevy_diagnostic v0.10.0
[INFO] [stderr]    Compiling bevy_transform v0.10.0
[INFO] [stderr]    Compiling bevy_asset v0.10.0
[INFO] [stderr]    Compiling bevy_window v0.10.0
[INFO] [stderr]    Compiling wgpu v0.15.1
[INFO] [stderr]    Compiling bevy_render v0.10.0
[INFO] [stderr]    Compiling bevy_core_pipeline v0.10.0
[INFO] [stderr]    Compiling bevy_sprite v0.10.0
[INFO] [stderr]    Compiling bevy_ui v0.10.0
[INFO] [stderr]    Compiling bevy_internal v0.10.0
[INFO] [stderr]    Compiling bevy v0.10.0
[INFO] [stderr]    Compiling bevy_easings v0.10.0 (/opt/rustwide/workdir)
[INFO] [stderr]     Finished test [unoptimized + debuginfo] target(s) in 1m 27s
[INFO] running `Command { std: "docker" "inspect" "330187bed7530da853a9953713de3d699c7ba21164d20ac2c7488cc2012df39b", kill_on_drop: false }`
[INFO] running `Command { std: "docker" "rm" "-f" "330187bed7530da853a9953713de3d699c7ba21164d20ac2c7488cc2012df39b", kill_on_drop: false }`
[INFO] [stdout] 330187bed7530da853a9953713de3d699c7ba21164d20ac2c7488cc2012df39b
[INFO] running `Command { std: "docker" "create" "-v" "/var/lib/crater-agent-workspace/builds/worker-2-tc1/target:/opt/rustwide/target:rw,Z" "-v" "/var/lib/crater-agent-workspace/builds/worker-2-tc1/source:/opt/rustwide/workdir:ro,Z" "-v" "/var/lib/crater-agent-workspace/cargo-home:/opt/rustwide/cargo-home:ro,Z" "-v" "/var/lib/crater-agent-workspace/rustup-home:/opt/rustwide/rustup-home:ro,Z" "-e" "SOURCE_DIR=/opt/rustwide/workdir" "-e" "CARGO_TARGET_DIR=/opt/rustwide/target" "-e" "CARGO_INCREMENTAL=0" "-e" "RUST_BACKTRACE=full" "-e" "RUSTFLAGS=--cap-lints=warn" "-e" "RUSTDOCFLAGS=--cap-lints=warn" "-e" "CARGO_HOME=/opt/rustwide/cargo-home" "-e" "RUSTUP_HOME=/opt/rustwide/rustup-home" "-w" "/opt/rustwide/workdir" "-m" "1610612736" "--user" "0:0" "--network" "none" "ghcr.io/rust-lang/crates-build-env/linux@sha256:5ff2268d62e97bff2cde7d5815dd6ed5b47097566f13b8d0ca110b04b60e07ed" "/opt/rustwide/cargo-home/bin/cargo" "+1.69.0" "test" "--frozen", kill_on_drop: false }`
[INFO] [stdout] 14676c9391a4b9c1ac1353bc3a33b0b6a2ed104117e3ac7d0bed1396d4f78c0a
[INFO] running `Command { std: "docker" "start" "-a" "14676c9391a4b9c1ac1353bc3a33b0b6a2ed104117e3ac7d0bed1396d4f78c0a", kill_on_drop: false }`
[INFO] [stderr]     Finished test [unoptimized + debuginfo] target(s) in 0.52s
[INFO] [stderr]      Running unittests src/lib.rs (/opt/rustwide/target/debug/deps/bevy_easings-6e654a9261044cba)
[INFO] [stderr]    Doc-tests bevy_easings
[INFO] [stdout] 
[INFO] [stdout] running 0 tests
[INFO] [stdout] 
[INFO] [stdout] test result: ok. 0 passed; 0 failed; 0 ignored; 0 measured; 0 filtered out; finished in 0.00s
[INFO] [stdout] 
[INFO] [stdout] 
[INFO] [stdout] running 4 tests
[INFO] [stdout] test src/lib.rs - (line 27) ... FAILED
[INFO] [stdout] test src/lib.rs - (line 41) ... ok
[INFO] [stdout] test src/lib.rs - (line 76) ... ok
[INFO] [stdout] test src/lib.rs - (line 125) ... ok
[INFO] [stdout] 
[INFO] [stdout] failures:
[INFO] [stdout] 
[INFO] [stdout] ---- src/lib.rs - (line 27) stdout ----
[INFO] [stdout] error: linking with `cc` failed: exit status: 1
[INFO] [stdout]   |
[INFO] [stdout]   = note: LC_ALL="C" PATH="/opt/rustwide/rustup-home/toolchains/1.69.0-x86_64-unknown-linux-gnu/lib/rustlib/x86_64-unknown-linux-gnu/bin:/opt/rustwide/cargo-home/bin:/usr/local/sbin:/usr/local/bin:/usr/sbin:/usr/bin:/sbin:/bin" VSLANG="1033" "cc" "-m64" "/tmp/rustcNotvMf/symbols.o" "/tmp/rustdoctestbDH8cU/rust_out.rust_out.5bfee551-cgu.0.rcgu.o" "/tmp/rustdoctestbDH8cU/rust_out.j00p4ncf7xg64kg.rcgu.o" "-Wl,--as-needed" "-L" "/opt/rustwide/target/debug/deps" "-L" "/opt/rustwide/target/debug/deps" "-L" "/opt/rustwide/rustup-home/toolchains/1.69.0-x86_64-unknown-linux-gnu/lib/rustlib/x86_64-unknown-linux-gnu/lib" "-Wl,-Bstatic" "/opt/rustwide/target/debug/deps/libbevy_easings-a1e49312f83bb743.rlib" "/opt/rustwide/target/debug/deps/libinterpolation-60f154cc52b87180.rlib" "/opt/rustwide/target/debug/deps/libbevy-26a13f3636ecf576.rlib" "/opt/rustwide/target/debug/deps/libbevy_internal-f94ce761c1dfa359.rlib" "/opt/rustwide/target/debug/deps/libbevy_ui-9954a1be3d394257.rlib" "/opt/rustwide/target/debug/deps/libtaffy-c3e8c42b6a221e51.rlib" "/opt/rustwide/target/debug/deps/libslotmap-854bdddf42ad8a14.rlib" "/opt/rustwide/target/debug/deps/libbevy_sprite-7975e38a74e0cc49.rlib" "/opt/rustwide/target/debug/deps/librectangle_pack-5d9d6694866fc7af.rlib" "/opt/rustwide/target/debug/deps/libbevy_core_pipeline-5166ce36e23333a2.rlib" "/opt/rustwide/target/debug/deps/libradsort-8a27d56b537bd8b2.rlib" "/opt/rustwide/target/debug/deps/libguillotiere-95f3818d8ac9ca25.rlib" "/opt/rustwide/target/debug/deps/libsvg_fmt-1bfeb5d63caf9aae.rlib" "/opt/rustwide/target/debug/deps/libeuclid-6303c7aaa74a2dc2.rlib" "/opt/rustwide/target/debug/deps/libbevy_render-1bf48072113a829f.rlib" "/opt/rustwide/target/debug/deps/libbevy_mikktspace-86c7c979f96a3189.rlib" "/opt/rustwide/target/debug/deps/libimage-d0848cc83316b037.rlib" "/opt/rustwide/target/debug/deps/libcolor_quant-c4e6a74fd65e1c69.rlib" "/opt/rustwide/target/debug/deps/libnum_rational-43cf7dc1504f1785.rlib" "/opt/rustwide/target/debug/deps/libnum_integer-8c06f5afb834bef5.rlib" "/opt/rustwide/target/debug/deps/libencase-0291b4f56e988112.rlib" "/opt/rustwide/target/debug/deps/libconst_panic-1110342e505d1ae4.rlib" "/opt/rustwide/target/debug/deps/libhexasphere-65c39dafc75ab387.rlib" "/opt/rustwide/target/debug/deps/libwgpu-31b8a00809980184.rlib" "/opt/rustwide/target/debug/deps/libstatic_assertions-9a9c2cb46fa7a0a6.rlib" "/opt/rustwide/target/debug/deps/libwgpu_core-af7e6ca6d30205b5.rlib" "/opt/rustwide/target/debug/deps/libwgpu_hal-641cdeceb1929510.rlib" "/opt/rustwide/target/debug/deps/librenderdoc_sys-8bb459755ab4bdd1.rlib" "/opt/rustwide/target/debug/deps/libgpu_descriptor-618a44289f5db223.rlib" "/opt/rustwide/target/debug/deps/libgpu_descriptor_types-f1217815580d86b3.rlib" "/opt/rustwide/target/debug/deps/libfxhash-db44dc4a3afc5550.rlib" "/opt/rustwide/target/debug/deps/libbyteorder-50c19e9bd62c942c.rlib" "/opt/rustwide/target/debug/deps/libkhronos_egl-c2d8095cc69fb942.rlib" "/opt/rustwide/target/debug/deps/libprofiling-b5f6391bc2e629db.rlib" "/opt/rustwide/target/debug/deps/libgpu_alloc-73277ac3c924dec4.rlib" "/opt/rustwide/target/debug/deps/libgpu_alloc_types-c2851b36cdae67ba.rlib" "/opt/rustwide/target/debug/deps/libash-e5b426571cc32988.rlib" "/opt/rustwide/target/debug/deps/liblibloading-13da5fc3cd712ff9.rlib" "/opt/rustwide/target/debug/deps/libnaga-857ee6fe2b128adf.rlib" "/opt/rustwide/target/debug/deps/libhexf_parse-d7d18f36424a03b3.rlib" "/opt/rustwide/target/debug/deps/libbit_set-35ccb34f96d20a41.rlib" "/opt/rustwide/target/debug/deps/libbit_vec-dba5a0279473a6d4.rlib" "/opt/rustwide/target/debug/deps/libcodespan_reporting-dc4f3445555cebf8.rlib" "/opt/rustwide/target/debug/deps/libunicode_width-f75bb0008a5efcfa.rlib" "/opt/rustwide/target/debug/deps/libtermcolor-b72ffe4cbd1728e7.rlib" "/opt/rustwide/target/debug/deps/libpp_rs-d9e9be4804388016.rlib" "/opt/rustwide/target/debug/deps/libunicode_xid-13b38a437372653c.rlib" "/opt/rustwide/target/debug/deps/libspirv-2ab1be9606f21f2c.rlib" "/opt/rustwide/target/debug/deps/libnum_traits-b237925f6bfbb7f7.rlib" "/opt/rustwide/target/debug/deps/libwgpu_types-f7b362b244a89a4a.rlib" "/opt/rustwide/target/debug/deps/libbitflags-82cc2d155c6eb112.rlib" "/opt/rustwide/target/debug/deps/libglow-d4998979e3ae9631.rlib" "/opt/rustwide/target/debug/deps/libarrayvec-bde221c23a3ba069.rlib" "/opt/rustwide/target/debug/deps/libbevy_asset-b617fea9f5298899.rlib" "/opt/rustwide/target/debug/deps/libanyhow-4080aa660b36bd4e.rlib" "/opt/rustwide/target/debug/deps/libbevy_window-fff3b61ff69d57ed.rlib" "/opt/rustwide/target/debug/deps/libraw_window_handle-ab96c92e05a2e16a.rlib" "/opt/rustwide/target/debug/deps/libcty-098e3d68ce2248fa.rlib" "/opt/rustwide/target/debug/deps/libbevy_transform-5b109510123fb06a.rlib" "/opt/rustwide/target/debug/deps/libbevy_hierarchy-3d682141929a9a01.rlib" "/opt/rustwide/target/debug/deps/libbevy_input-8c2ec76089820ce0.rlib" "/opt/rustwide/target/debug/deps/libbevy_diagnostic-58afe80fc66ff477.rlib" "/opt/rustwide/target/debug/deps/libsysinfo-f8db95f59ab7d951.rlib" "/opt/rustwide/target/debug/deps/libbevy_time-4337e1949e0a3497.rlib" "/opt/rustwide/target/debug/deps/libcrossbeam_channel-3d1dad6b2774d1d7.rlib" "/opt/rustwide/target/debug/deps/libbevy_log-23a6424902392ffc.rlib" "/opt/rustwide/target/debug/deps/libtracing_subscriber-d6b35159d69565fa.rlib" "/opt/rustwide/target/debug/deps/libnu_ansi_term-849ae375beaa7393.rlib" "/opt/rustwide/target/debug/deps/liboverload-ed65bb7ce1767b00.rlib" "/opt/rustwide/target/debug/deps/libsharded_slab-24ee8a9fa7a57bac.rlib" "/opt/rustwide/target/debug/deps/libmatchers-23def17d4560e7b5.rlib" "/opt/rustwide/target/debug/deps/libregex_automata-68ec3c576f70df6f.rlib" "/opt/rustwide/target/debug/deps/libregex-f6c7ff49d39ccc61.rlib" "/opt/rustwide/target/debug/deps/libaho_corasick-9bb9d75852409017.rlib" "/opt/rustwide/target/debug/deps/libregex_syntax-818c2f7eeae25f7c.rlib" "/opt/rustwide/target/debug/deps/libtracing_log-3627108db4e5dd19.rlib" "/opt/rustwide/target/debug/deps/liblog-e4acea3c8ca43b70.rlib" "/opt/rustwide/target/debug/deps/liblazy_static-a15e1ed0a3c31761.rlib" "/opt/rustwide/target/debug/deps/libbevy_core-1b3efa2179595a61.rlib" "/opt/rustwide/target/debug/deps/libbevy_a11y-15642157911d3e30.rlib" "/opt/rustwide/target/debug/deps/libaccesskit-8d240da76e7fe1e3.rlib" "/opt/rustwide/target/debug/deps/libbevy_app-a21a8ac8b7471af4.rlib" "/opt/rustwide/target/debug/deps/libbevy_ecs-f25a7cdbb08e253c.rlib" "/opt/rustwide/target/debug/deps/librustc_hash-0063061f61875cb5.rlib" "/opt/rustwide/target/debug/deps/libthread_local-541e5963f9bf00ff.rlib" "/opt/rustwide/target/debug/deps/libbevy_reflect-076b7b96cf76ed5a.rlib" "/opt/rustwide/target/debug/deps/liberased_serde-15cb2bb860c9ef13.rlib" "/opt/rustwide/target/debug/deps/libbevy_math-04262fe8b77d4bee.rlib" "/opt/rustwide/target/debug/deps/libglam-03b1f78c04dd3955.rlib" "/opt/rustwide/target/debug/deps/libbytemuck-a7c427d37f4e8a69.rlib" "/opt/rustwide/target/debug/deps/libparking_lot-cdeabc7c677061bc.rlib" "/opt/rustwide/target/debug/deps/libparking_lot_core-588966e2f3aafe1e.rlib" "/opt/rustwide/target/debug/deps/libsmallvec-95e0e7a0d5dda8d5.rlib" "/opt/rustwide/target/debug/deps/liblock_api-68f9f4627da435ce.rlib" "/opt/rustwide/target/debug/deps/libscopeguard-f471875f675163b5.rlib" "/opt/rustwide/target/debug/deps/libdowncast_rs-33b247181bdb1a12.rlib" "/opt/rustwide/target/debug/deps/libbevy_tasks-5ef7c1caf56ee36a.rlib" "/opt/rustwide/target/debug/deps/libasync_channel-34d40bb46a9b86a4.rlib" "/opt/rustwide/target/debug/deps/libasync_executor-3f0e6a3ad3bf6bb9.rlib" "/opt/rustwide/target/debug/deps/libslab-8bb798f134a0a9e7.rlib" "/opt/rustwide/target/debug/deps/libasync_lock-ac2a7c5b785a43a5.rlib" "/opt/rustwide/target/debug/deps/libevent_listener-b20ec52d1adf3fc8.rlib" "/opt/rustwide/target/debug/deps/libfutures_lite-0dd5193b656d192a.rlib" "/opt/rustwide/target/debug/deps/libmemchr-b18e4aa3c7a38625.rlib" "/opt/rustwide/target/debug/deps/libfastrand-36b5f93a51c81f9b.rlib" "/opt/rustwide/target/debug/deps/libfutures_io-0da3848af21ea6c9.rlib" "/opt/rustwide/target/debug/deps/libfutures_core-eccf407ab56c33f3.rlib" "/opt/rustwide/target/debug/deps/libwaker_fn-2f3d6f488af88305.rlib" "/opt/rustwide/target/debug/deps/libparking-a6feda7fe2e93bcc.rlib" "/opt/rustwide/target/debug/deps/libconcurrent_queue-466b5d50fac55c9d.rlib" "/opt/rustwide/target/debug/deps/libcrossbeam_utils-f14c2b72311f46b8.rlib" "/opt/rustwide/target/debug/deps/libasync_task-6af5ab0d75da3a4e.rlib" "/opt/rustwide/target/debug/deps/libbevy_ptr-a3db55a4807eb181.rlib" "/opt/rustwide/target/debug/deps/libbevy_utils-1fb9f3b5d5d9a616.rlib" "/opt/rustwide/target/debug/deps/libuuid-6f647295ac53589f.rlib" "/opt/rustwide/target/debug/deps/libtracing-5af4c1aae55b5d6d.rlib" "/opt/rustwide/target/debug/deps/libpin_project_lite-e66e1bab7310d569.rlib" "/opt/rustwide/target/debug/deps/libtracing_core-0513f18324fc8959.rlib" "/opt/rustwide/target/debug/deps/libthiserror-8e377d1d73390e6d.rlib" "/opt/rustwide/target/debug/deps/libpetgraph-e547bf9a34c6261e.rlib" "/opt/rustwide/target/debug/deps/libindexmap-9f7584138bf395de.rlib" "/opt/rustwide/target/debug/deps/libfixedbitset-8b15b90378469e78.rlib" "/opt/rustwide/target/debug/deps/libinstant-bc42ff45cf547fe6.rlib" "/opt/rustwide/target/debug/deps/libhashbrown-48933e14a3fe65c8.rlib" "/opt/rustwide/target/debug/deps/libserde-70b08482b6957d4d.rlib" "/opt/rustwide/target/debug/deps/libahash-2647d6db4432d75f.rlib" "/opt/rustwide/target/debug/deps/libgetrandom-28e075ca7067caae.rlib" "/opt/rustwide/target/debug/deps/liblibc-d81809097c4281db.rlib" "/opt/rustwide/target/debug/deps/libcfg_if-e5e118dd7d121aaa.rlib" "/opt/rustwide/target/debug/deps/libonce_cell-7d2ec3fb6b6c5a4d.rlib" "/opt/rustwide/rustup-home/toolchains/1.69.0-x86_64-unknown-linux-gnu/lib/rustlib/x86_64-unknown-linux-gnu/lib/libstd-89bc084783fdc439.rlib" "/opt/rustwide/rustup-home/toolchains/1.69.0-x86_64-unknown-linux-gnu/lib/rustlib/x86_64-unknown-linux-gnu/lib/libpanic_unwind-8bee4b287d4367c1.rlib" "/opt/rustwide/rustup-home/toolchains/1.69.0-x86_64-unknown-linux-gnu/lib/rustlib/x86_64-unknown-linux-gnu/lib/libobject-d61707aed80694c0.rlib" "/opt/rustwide/rustup-home/toolchains/1.69.0-x86_64-unknown-linux-gnu/lib/rustlib/x86_64-unknown-linux-gnu/lib/libmemchr-d85366256f22345b.rlib" "/opt/rustwide/rustup-home/toolchains/1.69.0-x86_64-unknown-linux-gnu/lib/rustlib/x86_64-unknown-linux-gnu/lib/libaddr2line-96069b86b8a8cae9.rlib" "/opt/rustwide/rustup-home/toolchains/1.69.0-x86_64-unknown-linux-gnu/lib/rustlib/x86_64-unknown-linux-gnu/lib/libgimli-d19d53abf68dfa6c.rlib" "/opt/rustwide/rustup-home/toolchains/1.69.0-x86_64-unknown-linux-gnu/lib/rustlib/x86_64-unknown-linux-gnu/lib/librustc_demangle-787cbccd19d64ac6.rlib" "/opt/rustwide/rustup-home/toolchains/1.69.0-x86_64-unknown-linux-gnu/lib/rustlib/x86_64-unknown-linux-gnu/lib/libstd_detect-b3837a36b830e0d0.rlib" "/opt/rustwide/rustup-home/toolchains/1.69.0-x86_64-unknown-linux-gnu/lib/rustlib/x86_64-unknown-linux-gnu/lib/libhashbrown-e3deb0e7e3f04966.rlib" "/opt/rustwide/rustup-home/toolchains/1.69.0-x86_64-unknown-linux-gnu/lib/rustlib/x86_64-unknown-linux-gnu/lib/libminiz_oxide-dabbb79c9815def4.rlib" "/opt/rustwide/rustup-home/toolchains/1.69.0-x86_64-unknown-linux-gnu/lib/rustlib/x86_64-unknown-linux-gnu/lib/libadler-305b01f34c9409f2.rlib" "/opt/rustwide/rustup-home/toolchains/1.69.0-x86_64-unknown-linux-gnu/lib/rustlib/x86_64-unknown-linux-gnu/lib/librustc_std_workspace_alloc-f833521df6074e73.rlib" "/opt/rustwide/rustup-home/toolchains/1.69.0-x86_64-unknown-linux-gnu/lib/rustlib/x86_64-unknown-linux-gnu/lib/libunwind-9ac333113350d171.rlib" "/opt/rustwide/rustup-home/toolchains/1.69.0-x86_64-unknown-linux-gnu/lib/rustlib/x86_64-unknown-linux-gnu/lib/libcfg_if-1c126114322d0eee.rlib" "/opt/rustwide/rustup-home/toolchains/1.69.0-x86_64-unknown-linux-gnu/lib/rustlib/x86_64-unknown-linux-gnu/lib/liblibc-bad9164fdeeecf92.rlib" "/opt/rustwide/rustup-home/toolchains/1.69.0-x86_64-unknown-linux-gnu/lib/rustlib/x86_64-unknown-linux-gnu/lib/liballoc-f9374b1e480fa681.rlib" "/opt/rustwide/rustup-home/toolchains/1.69.0-x86_64-unknown-linux-gnu/lib/rustlib/x86_64-unknown-linux-gnu/lib/librustc_std_workspace_core-207f06e41d9603af.rlib" "/opt/rustwide/rustup-home/toolchains/1.69.0-x86_64-unknown-linux-gnu/lib/rustlib/x86_64-unknown-linux-gnu/lib/libcore-7e2768e66e984e85.rlib" "/opt/rustwide/rustup-home/toolchains/1.69.0-x86_64-unknown-linux-gnu/lib/rustlib/x86_64-unknown-linux-gnu/lib/libcompiler_builtins-957b4aff41f8cd46.rlib" "-Wl,-Bdynamic" "-ldl" "-lgcc_s" "-lutil" "-lrt" "-lpthread" "-lm" "-ldl" "-lc" "-Wl,--eh-frame-hdr" "-Wl,-z,noexecstack" "-L" "/opt/rustwide/rustup-home/toolchains/1.69.0-x86_64-unknown-linux-gnu/lib/rustlib/x86_64-unknown-linux-gnu/lib" "-o" "/tmp/rustdoctestbDH8cU/rust_out" "-Wl,--gc-sections" "-pie" "-Wl,-z,relro,-z,now" "-nodefaultlibs"
[INFO] [stdout]   = note: collect2: fatal error: ld terminated with signal 9 [Killed]
[INFO] [stdout]           compilation terminated.
[INFO] [stdout]           
[INFO] [stdout] 
[INFO] [stdout] error: aborting due to previous error
[INFO] [stdout] 
[INFO] [stdout] Couldn't compile the test.
[INFO] [stdout] 
[INFO] [stdout] failures:
[INFO] [stdout]     src/lib.rs - (line 27)
[INFO] [stdout] 
[INFO] [stdout] test result: FAILED. 3 passed; 1 failed; 0 ignored; 0 measured; 0 filtered out; finished in 6.65s
[INFO] [stdout] 
[INFO] [stderr] error: doctest failed, to rerun pass `--doc`
[INFO] running `Command { std: "docker" "inspect" "14676c9391a4b9c1ac1353bc3a33b0b6a2ed104117e3ac7d0bed1396d4f78c0a", kill_on_drop: false }`
[INFO] running `Command { std: "docker" "rm" "-f" "14676c9391a4b9c1ac1353bc3a33b0b6a2ed104117e3ac7d0bed1396d4f78c0a", kill_on_drop: false }`
[INFO] [stdout] 14676c9391a4b9c1ac1353bc3a33b0b6a2ed104117e3ac7d0bed1396d4f78c0a
