[INFO] fetching crate bevy_asset 0.10.1...
[INFO] testing bevy_asset-0.10.1 against 1.69.0 for beta-1.70-1
[INFO] extracting crate bevy_asset 0.10.1 into /workspace/builds/worker-1-tc1/source
[INFO] validating manifest of crates.io crate bevy_asset 0.10.1 on toolchain 1.69.0
[INFO] running `Command { std: CARGO_HOME="/workspace/cargo-home" RUSTUP_HOME="/workspace/rustup-home" "/workspace/cargo-home/bin/cargo" "+1.69.0" "metadata" "--manifest-path" "Cargo.toml" "--no-deps", kill_on_drop: false }`
[INFO] started tweaking crates.io crate bevy_asset 0.10.1
[INFO] finished tweaking crates.io crate bevy_asset 0.10.1
[INFO] tweaked toml for crates.io crate bevy_asset 0.10.1 written to /workspace/builds/worker-1-tc1/source/Cargo.toml
[INFO] running `Command { std: CARGO_HOME="/workspace/cargo-home" RUSTUP_HOME="/workspace/rustup-home" __CARGO_TEST_CHANNEL_OVERRIDE_DO_NOT_USE_THIS="nightly" "/workspace/cargo-home/bin/cargo" "+1.69.0" "generate-lockfile" "--manifest-path" "Cargo.toml" "-Zno-index-update", kill_on_drop: false }`
[INFO] [stderr]     Blocking waiting for file lock on package cache
[INFO] running `Command { std: CARGO_HOME="/workspace/cargo-home" RUSTUP_HOME="/workspace/rustup-home" "/workspace/cargo-home/bin/cargo" "+1.69.0" "fetch" "--manifest-path" "Cargo.toml", kill_on_drop: false }`
[INFO] [stderr]  Downloading crates ...
[INFO] [stderr]   Downloaded ntapi v0.4.1
[INFO] [stderr]   Downloaded orbclient v0.3.45
[INFO] running `Command { std: "docker" "create" "-v" "/var/lib/crater-agent-workspace/builds/worker-1-tc1/target:/opt/rustwide/target:rw,Z" "-v" "/var/lib/crater-agent-workspace/builds/worker-1-tc1/source:/opt/rustwide/workdir:ro,Z" "-v" "/var/lib/crater-agent-workspace/cargo-home:/opt/rustwide/cargo-home:ro,Z" "-v" "/var/lib/crater-agent-workspace/rustup-home:/opt/rustwide/rustup-home:ro,Z" "-e" "SOURCE_DIR=/opt/rustwide/workdir" "-e" "CARGO_TARGET_DIR=/opt/rustwide/target" "-e" "CARGO_HOME=/opt/rustwide/cargo-home" "-e" "RUSTUP_HOME=/opt/rustwide/rustup-home" "-w" "/opt/rustwide/workdir" "-m" "1610612736" "--user" "0:0" "--network" "none" "ghcr.io/rust-lang/crates-build-env/linux@sha256:5ff2268d62e97bff2cde7d5815dd6ed5b47097566f13b8d0ca110b04b60e07ed" "/opt/rustwide/cargo-home/bin/cargo" "+1.69.0" "metadata" "--no-deps" "--format-version=1", kill_on_drop: false }`
[INFO] [stdout] ff5b6a6fdc7956fa518b99b6eca17b25d4feb5271efe0ca3e9258f13de75fcac
[INFO] running `Command { std: "docker" "start" "-a" "ff5b6a6fdc7956fa518b99b6eca17b25d4feb5271efe0ca3e9258f13de75fcac", kill_on_drop: false }`
[INFO] running `Command { std: "docker" "inspect" "ff5b6a6fdc7956fa518b99b6eca17b25d4feb5271efe0ca3e9258f13de75fcac", kill_on_drop: false }`
[INFO] running `Command { std: "docker" "rm" "-f" "ff5b6a6fdc7956fa518b99b6eca17b25d4feb5271efe0ca3e9258f13de75fcac", kill_on_drop: false }`
[INFO] [stdout] ff5b6a6fdc7956fa518b99b6eca17b25d4feb5271efe0ca3e9258f13de75fcac
[INFO] running `Command { std: "docker" "create" "-v" "/var/lib/crater-agent-workspace/builds/worker-1-tc1/target:/opt/rustwide/target:rw,Z" "-v" "/var/lib/crater-agent-workspace/builds/worker-1-tc1/source:/opt/rustwide/workdir:ro,Z" "-v" "/var/lib/crater-agent-workspace/cargo-home:/opt/rustwide/cargo-home:ro,Z" "-v" "/var/lib/crater-agent-workspace/rustup-home:/opt/rustwide/rustup-home:ro,Z" "-e" "SOURCE_DIR=/opt/rustwide/workdir" "-e" "CARGO_TARGET_DIR=/opt/rustwide/target" "-e" "CARGO_INCREMENTAL=0" "-e" "RUST_BACKTRACE=full" "-e" "RUSTFLAGS=--cap-lints=warn" "-e" "RUSTDOCFLAGS=--cap-lints=warn" "-e" "CARGO_HOME=/opt/rustwide/cargo-home" "-e" "RUSTUP_HOME=/opt/rustwide/rustup-home" "-w" "/opt/rustwide/workdir" "-m" "1610612736" "--user" "0:0" "--network" "none" "ghcr.io/rust-lang/crates-build-env/linux@sha256:5ff2268d62e97bff2cde7d5815dd6ed5b47097566f13b8d0ca110b04b60e07ed" "/opt/rustwide/cargo-home/bin/cargo" "+1.69.0" "build" "--frozen" "--message-format=json", kill_on_drop: false }`
[INFO] [stdout] b2a0280c4fc9f00191a7ff17db660b12cae9e95df6728013b674c84d250662cb
[INFO] running `Command { std: "docker" "start" "-a" "b2a0280c4fc9f00191a7ff17db660b12cae9e95df6728013b674c84d250662cb", kill_on_drop: false }`
[INFO] [stderr]    Compiling serde_derive v1.0.160
[INFO] [stderr]    Compiling syn v1.0.109
[INFO] [stderr]    Compiling hashbrown v0.12.3
[INFO] [stderr]    Compiling crossbeam-utils v0.8.15
[INFO] [stderr]    Compiling winnow v0.4.4
[INFO] [stderr]    Compiling libc v0.2.142
[INFO] [stderr]    Compiling toml_datetime v0.6.1
[INFO] [stderr]    Compiling tracing-core v0.1.30
[INFO] [stderr]    Compiling ahash v0.7.6
[INFO] [stderr]    Compiling getrandom v0.2.9
[INFO] [stderr]    Compiling bytemuck v1.13.1
[INFO] [stderr]    Compiling bit-vec v0.6.3
[INFO] [stderr]    Compiling erased-serde v0.3.25
[INFO] [stderr]    Compiling fixedbitset v0.4.2
[INFO] [stderr]    Compiling async-lock v2.7.0
[INFO] [stderr]    Compiling instant v0.1.12
[INFO] [stderr]    Compiling async-task v4.4.0
[INFO] [stderr]    Compiling bit-set v0.5.3
[INFO] [stderr]    Compiling thread_local v1.1.7
[INFO] [stderr]    Compiling bevy_ptr v0.10.1
[INFO] [stderr]    Compiling downcast-rs v1.2.0
[INFO] [stderr]    Compiling tracing v0.1.37
[INFO] [stderr]    Compiling rustc-hash v1.1.0
[INFO] [stderr]    Compiling regex-syntax v0.6.29
[INFO] [stderr]    Compiling overload v0.1.1
[INFO] [stderr]    Compiling indexmap v1.9.3
[INFO] [stderr]    Compiling regex-syntax v0.7.1
[INFO] [stderr]    Compiling tracing-log v0.1.3
[INFO] [stderr]    Compiling sysinfo v0.28.4
[INFO] [stderr]    Compiling nu-ansi-term v0.46.0
[INFO] [stderr]    Compiling concurrent-queue v2.2.0
[INFO] [stderr]    Compiling crossbeam-channel v0.5.8
[INFO] [stderr]    Compiling async-executor v1.5.1
[INFO] [stderr]    Compiling async-channel v1.8.0
[INFO] [stderr]    Compiling uuid v1.3.2
[INFO] [stderr]    Compiling bevy_tasks v0.10.1
[INFO] [stderr]    Compiling toml_edit v0.19.8
[INFO] [stderr]    Compiling regex v1.8.1
[INFO] [stderr]    Compiling regex-automata v0.1.10
[INFO] [stderr]    Compiling matchers v0.1.0
[INFO] [stderr]    Compiling serde v1.0.160
[INFO] [stderr]    Compiling bevy_macro_utils v0.10.1
[INFO] [stderr]    Compiling bevy_utils_proc_macros v0.10.1
[INFO] [stderr]    Compiling bevy_reflect_derive v0.10.1
[INFO] [stderr]    Compiling bevy_ecs_macros v0.10.1
[INFO] [stderr]    Compiling bevy_derive v0.10.1
[INFO] [stderr]    Compiling smallvec v1.10.0
[INFO] [stderr]    Compiling glam v0.23.0
[INFO] [stderr]    Compiling parking_lot_core v0.9.7
[INFO] [stderr]    Compiling tracing-subscriber v0.3.17
[INFO] [stderr]    Compiling parking_lot v0.12.1
[INFO] [stderr]    Compiling petgraph v0.6.3
[INFO] [stderr]    Compiling bevy_math v0.10.1
[INFO] [stderr]    Compiling bevy_utils v0.10.1
[INFO] [stderr]    Compiling bevy_reflect v0.10.1
[INFO] [stderr]    Compiling bevy_ecs v0.10.1
[INFO] [stderr]    Compiling bevy_app v0.10.1
[INFO] [stderr]    Compiling bevy_log v0.10.1
[INFO] [stderr]    Compiling bevy_time v0.10.1
[INFO] [stderr]    Compiling bevy_core v0.10.1
[INFO] [stderr]    Compiling bevy_diagnostic v0.10.1
[INFO] [stderr]    Compiling bevy_asset v0.10.1 (/opt/rustwide/workdir)
[INFO] [stdout] warning: unused variable: `to_watch`
[INFO] [stdout]    --> src/io/file_asset_io.rs:127:9
[INFO] [stdout]     |
[INFO] [stdout] 127 |         to_watch: &Path,
[INFO] [stdout]     |         ^^^^^^^^ help: if this is intentional, prefix it with an underscore: `_to_watch`
[INFO] [stdout]     |
[INFO] [stdout]     = note: `#[warn(unused_variables)]` on by default
[INFO] [stdout] 
[INFO] [stdout] 
[INFO] [stdout] warning: unused variable: `to_reload`
[INFO] [stdout]    --> src/io/file_asset_io.rs:128:9
[INFO] [stdout]     |
[INFO] [stdout] 128 |         to_reload: Option<PathBuf>,
[INFO] [stdout]     |         ^^^^^^^^^ help: if this is intentional, prefix it with an underscore: `_to_reload`
[INFO] [stdout] 
[INFO] [stdout] 
[INFO] [stdout] warning: 2 warnings emitted
[INFO] [stdout] 
[INFO] [stdout] 
[INFO] [stderr]     Finished dev [unoptimized + debuginfo] target(s) in 40.05s
[INFO] running `Command { std: "docker" "inspect" "b2a0280c4fc9f00191a7ff17db660b12cae9e95df6728013b674c84d250662cb", kill_on_drop: false }`
[INFO] running `Command { std: "docker" "rm" "-f" "b2a0280c4fc9f00191a7ff17db660b12cae9e95df6728013b674c84d250662cb", kill_on_drop: false }`
[INFO] [stdout] b2a0280c4fc9f00191a7ff17db660b12cae9e95df6728013b674c84d250662cb
[INFO] running `Command { std: "docker" "create" "-v" "/var/lib/crater-agent-workspace/builds/worker-1-tc1/target:/opt/rustwide/target:rw,Z" "-v" "/var/lib/crater-agent-workspace/builds/worker-1-tc1/source:/opt/rustwide/workdir:ro,Z" "-v" "/var/lib/crater-agent-workspace/cargo-home:/opt/rustwide/cargo-home:ro,Z" "-v" "/var/lib/crater-agent-workspace/rustup-home:/opt/rustwide/rustup-home:ro,Z" "-e" "SOURCE_DIR=/opt/rustwide/workdir" "-e" "CARGO_TARGET_DIR=/opt/rustwide/target" "-e" "CARGO_INCREMENTAL=0" "-e" "RUST_BACKTRACE=full" "-e" "RUSTFLAGS=--cap-lints=warn" "-e" "RUSTDOCFLAGS=--cap-lints=warn" "-e" "CARGO_HOME=/opt/rustwide/cargo-home" "-e" "RUSTUP_HOME=/opt/rustwide/rustup-home" "-w" "/opt/rustwide/workdir" "-m" "1610612736" "--user" "0:0" "--network" "none" "ghcr.io/rust-lang/crates-build-env/linux@sha256:5ff2268d62e97bff2cde7d5815dd6ed5b47097566f13b8d0ca110b04b60e07ed" "/opt/rustwide/cargo-home/bin/cargo" "+1.69.0" "test" "--frozen" "--no-run" "--message-format=json", kill_on_drop: false }`
[INFO] [stdout] 78db5706591650466fdba9cad29fc6fbeac1d3046b313d17270edb745d7f21e3
[INFO] running `Command { std: "docker" "start" "-a" "78db5706591650466fdba9cad29fc6fbeac1d3046b313d17270edb745d7f21e3", kill_on_drop: false }`
[INFO] [stderr]     Blocking waiting for file lock on package cache
[INFO] [stderr]    Compiling getrandom v0.2.9
[INFO] [stderr]    Compiling io-lifetimes v1.0.10
[INFO] [stderr]    Compiling rustix v0.37.18
[INFO] [stderr]    Compiling sysinfo v0.28.4
[INFO] [stderr]    Compiling linux-raw-sys v0.3.6
[INFO] [stderr]    Compiling parking_lot_core v0.9.7
[INFO] [stderr]    Compiling ahash v0.7.6
[INFO] [stderr]    Compiling uuid v1.3.2
[INFO] [stderr]    Compiling parking_lot v0.12.1
[INFO] [stderr]    Compiling hashbrown v0.12.3
[INFO] [stderr]    Compiling indexmap v1.9.3
[INFO] [stderr]    Compiling petgraph v0.6.3
[INFO] [stderr]    Compiling tempfile v3.5.0
[INFO] [stderr]    Compiling bevy_utils v0.10.1
[INFO] [stderr]    Compiling bevy_reflect v0.10.1
[INFO] [stderr]    Compiling bevy_ecs v0.10.1
[INFO] [stderr]    Compiling bevy_app v0.10.1
[INFO] [stderr]    Compiling bevy_log v0.10.1
[INFO] [stderr]    Compiling bevy_core v0.10.1
[INFO] [stderr]    Compiling bevy_time v0.10.1
[INFO] [stderr]    Compiling bevy_diagnostic v0.10.1
[INFO] [stderr]    Compiling bevy_asset v0.10.1 (/opt/rustwide/workdir)
[INFO] [stdout] warning: unused variable: `to_watch`
[INFO] [stdout]    --> src/io/file_asset_io.rs:127:9
[INFO] [stdout]     |
[INFO] [stdout] 127 |         to_watch: &Path,
[INFO] [stdout]     |         ^^^^^^^^ help: if this is intentional, prefix it with an underscore: `_to_watch`
[INFO] [stdout]     |
[INFO] [stdout]     = note: `#[warn(unused_variables)]` on by default
[INFO] [stdout] 
[INFO] [stdout] 
[INFO] [stdout] warning: unused variable: `to_reload`
[INFO] [stdout]    --> src/io/file_asset_io.rs:128:9
[INFO] [stdout]     |
[INFO] [stdout] 128 |         to_reload: Option<PathBuf>,
[INFO] [stdout]     |         ^^^^^^^^^ help: if this is intentional, prefix it with an underscore: `_to_reload`
[INFO] [stdout] 
[INFO] [stdout] 
[INFO] [stdout] warning: unused variable: `to_watch`
[INFO] [stdout]    --> src/io/file_asset_io.rs:127:9
[INFO] [stdout]     |
[INFO] [stdout] 127 |         to_watch: &Path,
[INFO] [stdout]     |         ^^^^^^^^ help: if this is intentional, prefix it with an underscore: `_to_watch`
[INFO] [stdout]     |
[INFO] [stdout]     = note: `#[warn(unused_variables)]` on by default
[INFO] [stdout] 
[INFO] [stdout] 
[INFO] [stdout] warning: unused variable: `to_reload`
[INFO] [stdout]    --> src/io/file_asset_io.rs:128:9
[INFO] [stdout]     |
[INFO] [stdout] 128 |         to_reload: Option<PathBuf>,
[INFO] [stdout]     |         ^^^^^^^^^ help: if this is intentional, prefix it with an underscore: `_to_reload`
[INFO] [stdout] 
[INFO] [stdout] 
[INFO] [stdout] warning: 2 warnings emitted
[INFO] [stdout] 
[INFO] [stdout] 
[INFO] [stdout] warning: 2 warnings emitted
[INFO] [stdout] 
[INFO] [stdout] 
[INFO] [stderr]     Finished test [unoptimized + debuginfo] target(s) in 34.35s
[INFO] running `Command { std: "docker" "inspect" "78db5706591650466fdba9cad29fc6fbeac1d3046b313d17270edb745d7f21e3", kill_on_drop: false }`
[INFO] running `Command { std: "docker" "rm" "-f" "78db5706591650466fdba9cad29fc6fbeac1d3046b313d17270edb745d7f21e3", kill_on_drop: false }`
[INFO] [stdout] 78db5706591650466fdba9cad29fc6fbeac1d3046b313d17270edb745d7f21e3
[INFO] running `Command { std: "docker" "create" "-v" "/var/lib/crater-agent-workspace/builds/worker-1-tc1/target:/opt/rustwide/target:rw,Z" "-v" "/var/lib/crater-agent-workspace/builds/worker-1-tc1/source:/opt/rustwide/workdir:ro,Z" "-v" "/var/lib/crater-agent-workspace/cargo-home:/opt/rustwide/cargo-home:ro,Z" "-v" "/var/lib/crater-agent-workspace/rustup-home:/opt/rustwide/rustup-home:ro,Z" "-e" "SOURCE_DIR=/opt/rustwide/workdir" "-e" "CARGO_TARGET_DIR=/opt/rustwide/target" "-e" "CARGO_INCREMENTAL=0" "-e" "RUST_BACKTRACE=full" "-e" "RUSTFLAGS=--cap-lints=warn" "-e" "RUSTDOCFLAGS=--cap-lints=warn" "-e" "CARGO_HOME=/opt/rustwide/cargo-home" "-e" "RUSTUP_HOME=/opt/rustwide/rustup-home" "-w" "/opt/rustwide/workdir" "-m" "1610612736" "--user" "0:0" "--network" "none" "ghcr.io/rust-lang/crates-build-env/linux@sha256:5ff2268d62e97bff2cde7d5815dd6ed5b47097566f13b8d0ca110b04b60e07ed" "/opt/rustwide/cargo-home/bin/cargo" "+1.69.0" "test" "--frozen", kill_on_drop: false }`
[INFO] [stdout] 3b02c559ff56e0b4e2fc3b5139a1b7cf8b6898c96240f3933e8c2f5757189022
[INFO] running `Command { std: "docker" "start" "-a" "3b02c559ff56e0b4e2fc3b5139a1b7cf8b6898c96240f3933e8c2f5757189022", kill_on_drop: false }`
[INFO] [stderr] warning: unused variable: `to_watch`
[INFO] [stderr]    --> src/io/file_asset_io.rs:127:9
[INFO] [stderr]     |
[INFO] [stderr] 127 |         to_watch: &Path,
[INFO] [stderr]     |         ^^^^^^^^ help: if this is intentional, prefix it with an underscore: `_to_watch`
[INFO] [stderr]     |
[INFO] [stderr]     = note: `#[warn(unused_variables)]` on by default
[INFO] [stderr] 
[INFO] [stderr] warning: unused variable: `to_reload`
[INFO] [stderr]    --> src/io/file_asset_io.rs:128:9
[INFO] [stderr]     |
[INFO] [stderr] 128 |         to_reload: Option<PathBuf>,
[INFO] [stderr]     |         ^^^^^^^^^ help: if this is intentional, prefix it with an underscore: `_to_reload`
[INFO] [stderr] 
[INFO] [stderr] warning: `bevy_asset` (lib) generated 2 warnings (run `cargo fix --lib -p bevy_asset` to apply 2 suggestions)
[INFO] [stderr] warning: `bevy_asset` (lib test) generated 2 warnings (2 duplicates)
[INFO] [stderr]     Finished test [unoptimized + debuginfo] target(s) in 0.23s
[INFO] [stderr]      Running unittests src/lib.rs (/opt/rustwide/target/debug/deps/bevy_asset-461d415fc1cc7996)
[INFO] [stdout] 
[INFO] [stdout] running 14 tests
[INFO] [stdout] test asset_server::test::missing_asset_loader_error_messages ... ok
[INFO] [stdout] test asset_server::test::multiple_extensions ... ok
[INFO] [stdout] test asset_server::test::filename_with_dots ... ok
[INFO] [stdout] test asset_server::test::multiple_extensions_no_loader ... ok
[INFO] [stdout] test asset_server::test::extensions ... ok
[INFO] [stdout] test asset_server::test::no_loader ... ok
[INFO] [stdout] test asset_server::test::case_insensitive_extensions ... ok
[INFO] [stdout] test asset_server::test::test_get_handle_path ... ok
[INFO] [stdout] test asset_server::test::test_failing_loader ... ok
[INFO] [stdout] test asset_server::test::test_invalid_asset_path ... ok
[INFO] [stdout] test asset_server::test::test_asset_lifecycle ... ok
[INFO] [stdout] test asset_server::test::test_missing_loader ... ok
[INFO] [stdout] test assets::tests::asset_overwriting ... ok
[INFO] [stdout] test reflect::tests::test_reflect_asset_operations ... ok
[INFO] [stdout] 
[INFO] [stdout] test result: ok. 14 passed; 0 failed; 0 ignored; 0 measured; 0 filtered out; finished in 0.10s
[INFO] [stdout] 
[INFO] [stderr]    Doc-tests bevy_asset
[INFO] [stdout] 
[INFO] [stdout] running 5 tests
[INFO] [stdout] test src/reflect.rs - reflect::ReflectHandle (line 190) - compile ... ok
[INFO] [stdout] test src/reflect.rs - reflect::ReflectAsset::get_unchecked_mut (line 69) - compile ... ok
[INFO] [stdout] test src/asset_server.rs - asset_server::AssetServer (line 96) - compile ... ok
[INFO] [stdout] test src/loader.rs - loader::Asset (line 35) ... ok
[INFO] [stdout] test src/asset_server.rs - asset_server::AssetServer (line 82) ... FAILED
[INFO] [stdout] 
[INFO] [stdout] failures:
[INFO] [stdout] 
[INFO] [stdout] ---- src/asset_server.rs - asset_server::AssetServer (line 82) stdout ----
[INFO] [stdout] Test executable failed (exit status: 101).
[INFO] [stdout] 
[INFO] [stdout] stderr:
[INFO] [stdout] thread 'main' panicked at 'Watch for changes requires the filesystem_watcher feature and cannot be used on wasm32 / android targets', src/io/file_asset_io.rs:50:13
[INFO] [stdout] stack backtrace:
[INFO] [stdout]    0:     0x555e4faa36da - std::backtrace_rs::backtrace::libunwind::trace::ha9053a9a07ca49cb
[INFO] [stdout]                                at /rustc/84c898d65adf2f39a5a98507f1fe0ce10a2b8dbc/library/std/src/../../backtrace/src/backtrace/libunwind.rs:93:5
[INFO] [stdout]    1:     0x555e4faa36da - std::backtrace_rs::backtrace::trace_unsynchronized::h9c2852a457ad564e
[INFO] [stdout]                                at /rustc/84c898d65adf2f39a5a98507f1fe0ce10a2b8dbc/library/std/src/../../backtrace/src/backtrace/mod.rs:66:5
[INFO] [stdout]    2:     0x555e4faa36da - std::sys_common::backtrace::_print_fmt::h457936fbfaa0070f
[INFO] [stdout]                                at /rustc/84c898d65adf2f39a5a98507f1fe0ce10a2b8dbc/library/std/src/sys_common/backtrace.rs:65:5
[INFO] [stdout]    3:     0x555e4faa36da - <std::sys_common::backtrace::_print::DisplayBacktrace as core::fmt::Display>::fmt::h5779d7bf7f70cb0c
[INFO] [stdout]                                at /rustc/84c898d65adf2f39a5a98507f1fe0ce10a2b8dbc/library/std/src/sys_common/backtrace.rs:44:22
[INFO] [stdout]    4:     0x555e4fac50be - core::fmt::write::h5a4baaff1bcd3eb5
[INFO] [stdout]                                at /rustc/84c898d65adf2f39a5a98507f1fe0ce10a2b8dbc/library/core/src/fmt/mod.rs:1232:17
[INFO] [stdout]    5:     0x555e4faa1335 - std::io::Write::write_fmt::h4bc1f301cb9e9cce
[INFO] [stdout]                                at /rustc/84c898d65adf2f39a5a98507f1fe0ce10a2b8dbc/library/std/src/io/mod.rs:1684:15
[INFO] [stdout]    6:     0x555e4faa34a5 - std::sys_common::backtrace::_print::h5fcdc36060f177e8
[INFO] [stdout]                                at /rustc/84c898d65adf2f39a5a98507f1fe0ce10a2b8dbc/library/std/src/sys_common/backtrace.rs:47:5
[INFO] [stdout]    7:     0x555e4faa34a5 - std::sys_common::backtrace::print::h54ca9458b876c8bf
[INFO] [stdout]                                at /rustc/84c898d65adf2f39a5a98507f1fe0ce10a2b8dbc/library/std/src/sys_common/backtrace.rs:34:9
[INFO] [stdout]    8:     0x555e4faa4d7f - std::panicking::default_hook::{{closure}}::hbe471161c7664ed6
[INFO] [stdout]                                at /rustc/84c898d65adf2f39a5a98507f1fe0ce10a2b8dbc/library/std/src/panicking.rs:271:22
[INFO] [stdout]    9:     0x555e4faa4abb - std::panicking::default_hook::ha3500da57aa4ac4f
[INFO] [stdout]                                at /rustc/84c898d65adf2f39a5a98507f1fe0ce10a2b8dbc/library/std/src/panicking.rs:290:9
[INFO] [stdout]   10:     0x555e4faa5328 - std::panicking::rust_panic_with_hook::h50c09d000dc561d2
[INFO] [stdout]                                at /rustc/84c898d65adf2f39a5a98507f1fe0ce10a2b8dbc/library/std/src/panicking.rs:692:13
[INFO] [stdout]   11:     0x555e4faa51e2 - std::panicking::begin_panic_handler::{{closure}}::h9e2b2176e00e0d9c
[INFO] [stdout]                                at /rustc/84c898d65adf2f39a5a98507f1fe0ce10a2b8dbc/library/std/src/panicking.rs:581:13
[INFO] [stdout]   12:     0x555e4faa3b46 - std::sys_common::backtrace::__rust_end_short_backtrace::h5739b8e512c09d02
[INFO] [stdout]                                at /rustc/84c898d65adf2f39a5a98507f1fe0ce10a2b8dbc/library/std/src/sys_common/backtrace.rs:150:18
[INFO] [stdout]   13:     0x555e4faa4f32 - rust_begin_unwind
[INFO] [stdout]                                at /rustc/84c898d65adf2f39a5a98507f1fe0ce10a2b8dbc/library/std/src/panicking.rs:579:5
[INFO] [stdout]   14:     0x555e4f870293 - core::panicking::panic_fmt::hf33a1475b4dc5c3e
[INFO] [stdout]                                at /rustc/84c898d65adf2f39a5a98507f1fe0ce10a2b8dbc/library/core/src/panicking.rs:64:14
[INFO] [stdout]   15:     0x555e4f878336 - bevy_asset::io::file_asset_io::FileAssetIo::new::ha4bf2d0dca2364bd
[INFO] [stdout]                                at /opt/rustwide/workdir/src/io/file_asset_io.rs:50:13
[INFO] [stdout]   16:     0x555e4f87358e - bevy_asset::AssetPlugin::create_platform_default_asset_io::h16161eeebd145670
[INFO] [stdout]                                at /opt/rustwide/workdir/src/lib.rs:91:22
[INFO] [stdout]   17:     0x555e4f87372a - <bevy_asset::AssetPlugin as bevy_app::plugin::Plugin>::build::h05271ba46b5637a0
[INFO] [stdout]                                at /opt/rustwide/workdir/src/lib.rs:104:26
[INFO] [stdout]   18:     0x555e4f8bcb56 - bevy_app::app::App::add_boxed_plugin::{{closure}}::h49b0abfb26e6a97a
[INFO] [stdout]                                at /opt/rustwide/cargo-home/registry/src/github.com-1ecc6299db9ec823/bevy_app-0.10.1/src/app.rs:767:55
[INFO] [stdout]   19:     0x555e4f8c0259 - core::ops::function::FnOnce::call_once::hb71ac1c16a5fb5d9
[INFO] [stdout]                                at /rustc/84c898d65adf2f39a5a98507f1fe0ce10a2b8dbc/library/core/src/ops/function.rs:250:5
[INFO] [stdout]   20:     0x555e4f8c9b19 - <core::panic::unwind_safe::AssertUnwindSafe<F> as core::ops::function::FnOnce<()>>::call_once::hf82da01cdc52d67f
[INFO] [stdout]                                at /rustc/84c898d65adf2f39a5a98507f1fe0ce10a2b8dbc/library/core/src/panic/unwind_safe.rs:271:9
[INFO] [stdout]   21:     0x555e4f8cba1f - std::panicking::try::do_call::h77c538284dcac53e
[INFO] [stdout]                                at /rustc/84c898d65adf2f39a5a98507f1fe0ce10a2b8dbc/library/std/src/panicking.rs:487:40
[INFO] [stdout]   22:     0x555e4f8cc4db - __rust_try
[INFO] [stdout]   23:     0x555e4f8cb92e - std::panicking::try::h471af3f7709f431c
[INFO] [stdout]                                at /rustc/84c898d65adf2f39a5a98507f1fe0ce10a2b8dbc/library/std/src/panicking.rs:451:19
[INFO] [stdout]   24:     0x555e4f8c9b2a - std::panic::catch_unwind::he4a4b20ff491889d
[INFO] [stdout]                                at /rustc/84c898d65adf2f39a5a98507f1fe0ce10a2b8dbc/library/std/src/panic.rs:140:14
[INFO] [stdout]   25:     0x555e4f8bc93c - bevy_app::app::App::add_boxed_plugin::h3eb1a6b109bd7997
[INFO] [stdout]                                at /opt/rustwide/cargo-home/registry/src/github.com-1ecc6299db9ec823/bevy_app-0.10.1/src/app.rs:767:22
[INFO] [stdout]   26:     0x555e4f871013 - bevy_app::app::App::add_plugin::hdb8062d85321fc50
[INFO] [stdout]   27:     0x555e4f8711d8 - rust_out::main::_doctest_main_src_asset_server_rs_82_0::hcf7ff82633d3b1f4
[INFO] [stdout]   28:     0x555e4f871146 - rust_out::main::h045d0fd74ed7290e
[INFO] [stdout]   29:     0x555e4f870bb3 - core::ops::function::FnOnce::call_once::h5b89dea722ea21ad
[INFO] [stdout]   30:     0x555e4f8709a9 - std::sys_common::backtrace::__rust_begin_short_backtrace::hc178e4cfacf1803d
[INFO] [stdout]   31:     0x555e4f8709f9 - std::rt::lang_start::{{closure}}::he8c5d60628d06093
[INFO] [stdout]   32:     0x555e4fa9cc9c - core::ops::function::impls::<impl core::ops::function::FnOnce<A> for &F>::call_once::hd6efcd3bec896f2c
[INFO] [stdout]                                at /rustc/84c898d65adf2f39a5a98507f1fe0ce10a2b8dbc/library/core/src/ops/function.rs:287:13
[INFO] [stdout]   33:     0x555e4fa9cc9c - std::panicking::try::do_call::hce04e543bb1f4cbb
[INFO] [stdout]                                at /rustc/84c898d65adf2f39a5a98507f1fe0ce10a2b8dbc/library/std/src/panicking.rs:487:40
[INFO] [stdout]   34:     0x555e4fa9cc9c - std::panicking::try::h3342dd4e1f680968
[INFO] [stdout]                                at /rustc/84c898d65adf2f39a5a98507f1fe0ce10a2b8dbc/library/std/src/panicking.rs:451:19
[INFO] [stdout]   35:     0x555e4fa9cc9c - std::panic::catch_unwind::h148ce1e59ac0cee7
[INFO] [stdout]                                at /rustc/84c898d65adf2f39a5a98507f1fe0ce10a2b8dbc/library/std/src/panic.rs:140:14
[INFO] [stdout]   36:     0x555e4fa9cc9c - std::rt::lang_start_internal::{{closure}}::h25f9dda2057a67fe
[INFO] [stdout]                                at /rustc/84c898d65adf2f39a5a98507f1fe0ce10a2b8dbc/library/std/src/rt.rs:148:48
[INFO] [stdout]   37:     0x555e4fa9cc9c - std::panicking::try::do_call::h7caaaeaf9401650b
[INFO] [stdout]                                at /rustc/84c898d65adf2f39a5a98507f1fe0ce10a2b8dbc/library/std/src/panicking.rs:487:40
[INFO] [stdout]   38:     0x555e4fa9cc9c - std::panicking::try::he7d15285746cbbc2
[INFO] [stdout]                                at /rustc/84c898d65adf2f39a5a98507f1fe0ce10a2b8dbc/library/std/src/panicking.rs:451:19
[INFO] [stdout]   39:     0x555e4fa9cc9c - std::panic::catch_unwind::h89fb4f50c0301fe0
[INFO] [stdout]                                at /rustc/84c898d65adf2f39a5a98507f1fe0ce10a2b8dbc/library/std/src/panic.rs:140:14
[INFO] [stdout]   40:     0x555e4fa9cc9c - std::rt::lang_start_internal::h078acd489417d3c1
[INFO] [stdout]                                at /rustc/84c898d65adf2f39a5a98507f1fe0ce10a2b8dbc/library/std/src/rt.rs:148:20
[INFO] [stdout]   41:     0x555e4f8709d7 - std::rt::lang_start::h335d6166ecad8ac7
[INFO] [stdout]   42:     0x555e4f871225 - main
[INFO] [stdout]   43:     0x7f29026c3d90 - <unknown>
[INFO] [stdout]   44:     0x7f29026c3e40 - __libc_start_main
[INFO] [stdout]   45:     0x555e4f8708c5 - _start
[INFO] [stdout]   46:                0x0 - <unknown>
[INFO] [stdout] 
[INFO] [stdout] 
[INFO] [stdout] 
[INFO] [stdout] failures:
[INFO] [stdout]     src/asset_server.rs - asset_server::AssetServer (line 82)
[INFO] [stdout] 
[INFO] [stdout] test result: FAILED. 4 passed; 1 failed; 0 ignored; 0 measured; 0 filtered out; finished in 3.75s
[INFO] [stdout] 
[INFO] [stderr] error: doctest failed, to rerun pass `--doc`
[INFO] running `Command { std: "docker" "inspect" "3b02c559ff56e0b4e2fc3b5139a1b7cf8b6898c96240f3933e8c2f5757189022", kill_on_drop: false }`
[INFO] running `Command { std: "docker" "rm" "-f" "3b02c559ff56e0b4e2fc3b5139a1b7cf8b6898c96240f3933e8c2f5757189022", kill_on_drop: false }`
[INFO] [stdout] 3b02c559ff56e0b4e2fc3b5139a1b7cf8b6898c96240f3933e8c2f5757189022
