[INFO] fetching crate bevy_aseprite_reader 0.1.1...
[INFO] testing bevy_aseprite_reader-0.1.1 against 1.69.0 for beta-1.70-1
[INFO] extracting crate bevy_aseprite_reader 0.1.1 into /workspace/builds/worker-4-tc1/source
[INFO] validating manifest of crates.io crate bevy_aseprite_reader 0.1.1 on toolchain 1.69.0
[INFO] running `Command { std: CARGO_HOME="/workspace/cargo-home" RUSTUP_HOME="/workspace/rustup-home" "/workspace/cargo-home/bin/cargo" "+1.69.0" "metadata" "--manifest-path" "Cargo.toml" "--no-deps", kill_on_drop: false }`
[INFO] started tweaking crates.io crate bevy_aseprite_reader 0.1.1
[INFO] finished tweaking crates.io crate bevy_aseprite_reader 0.1.1
[INFO] tweaked toml for crates.io crate bevy_aseprite_reader 0.1.1 written to /workspace/builds/worker-4-tc1/source/Cargo.toml
[INFO] running `Command { std: CARGO_HOME="/workspace/cargo-home" RUSTUP_HOME="/workspace/rustup-home" __CARGO_TEST_CHANNEL_OVERRIDE_DO_NOT_USE_THIS="nightly" "/workspace/cargo-home/bin/cargo" "+1.69.0" "generate-lockfile" "--manifest-path" "Cargo.toml" "-Zno-index-update", kill_on_drop: false }`
[INFO] [stderr]     Blocking waiting for file lock on package cache
[INFO] running `Command { std: CARGO_HOME="/workspace/cargo-home" RUSTUP_HOME="/workspace/rustup-home" "/workspace/cargo-home/bin/cargo" "+1.69.0" "fetch" "--manifest-path" "Cargo.toml", kill_on_drop: false }`
[INFO] [stderr]  Downloading crates ...
[INFO] [stderr]   Downloaded image v0.24.6
[INFO] running `Command { std: "docker" "create" "-v" "/var/lib/crater-agent-workspace/builds/worker-4-tc1/target:/opt/rustwide/target:rw,Z" "-v" "/var/lib/crater-agent-workspace/builds/worker-4-tc1/source:/opt/rustwide/workdir:ro,Z" "-v" "/var/lib/crater-agent-workspace/cargo-home:/opt/rustwide/cargo-home:ro,Z" "-v" "/var/lib/crater-agent-workspace/rustup-home:/opt/rustwide/rustup-home:ro,Z" "-e" "SOURCE_DIR=/opt/rustwide/workdir" "-e" "CARGO_TARGET_DIR=/opt/rustwide/target" "-e" "CARGO_HOME=/opt/rustwide/cargo-home" "-e" "RUSTUP_HOME=/opt/rustwide/rustup-home" "-w" "/opt/rustwide/workdir" "-m" "1610612736" "--user" "0:0" "--network" "none" "ghcr.io/rust-lang/crates-build-env/linux@sha256:5ff2268d62e97bff2cde7d5815dd6ed5b47097566f13b8d0ca110b04b60e07ed" "/opt/rustwide/cargo-home/bin/cargo" "+1.69.0" "metadata" "--no-deps" "--format-version=1", kill_on_drop: false }`
[INFO] [stdout] 289def0e3a5aa904f64b47505aeff322a80462459f0cfd2710aa4820ca8ff8c3
[INFO] running `Command { std: "docker" "start" "-a" "289def0e3a5aa904f64b47505aeff322a80462459f0cfd2710aa4820ca8ff8c3", kill_on_drop: false }`
[INFO] running `Command { std: "docker" "inspect" "289def0e3a5aa904f64b47505aeff322a80462459f0cfd2710aa4820ca8ff8c3", kill_on_drop: false }`
[INFO] running `Command { std: "docker" "rm" "-f" "289def0e3a5aa904f64b47505aeff322a80462459f0cfd2710aa4820ca8ff8c3", kill_on_drop: false }`
[INFO] [stdout] 289def0e3a5aa904f64b47505aeff322a80462459f0cfd2710aa4820ca8ff8c3
[INFO] running `Command { std: "docker" "create" "-v" "/var/lib/crater-agent-workspace/builds/worker-4-tc1/target:/opt/rustwide/target:rw,Z" "-v" "/var/lib/crater-agent-workspace/builds/worker-4-tc1/source:/opt/rustwide/workdir:ro,Z" "-v" "/var/lib/crater-agent-workspace/cargo-home:/opt/rustwide/cargo-home:ro,Z" "-v" "/var/lib/crater-agent-workspace/rustup-home:/opt/rustwide/rustup-home:ro,Z" "-e" "SOURCE_DIR=/opt/rustwide/workdir" "-e" "CARGO_TARGET_DIR=/opt/rustwide/target" "-e" "CARGO_INCREMENTAL=0" "-e" "RUST_BACKTRACE=full" "-e" "RUSTFLAGS=--cap-lints=warn" "-e" "RUSTDOCFLAGS=--cap-lints=warn" "-e" "CARGO_HOME=/opt/rustwide/cargo-home" "-e" "RUSTUP_HOME=/opt/rustwide/rustup-home" "-w" "/opt/rustwide/workdir" "-m" "1610612736" "--user" "0:0" "--network" "none" "ghcr.io/rust-lang/crates-build-env/linux@sha256:5ff2268d62e97bff2cde7d5815dd6ed5b47097566f13b8d0ca110b04b60e07ed" "/opt/rustwide/cargo-home/bin/cargo" "+1.69.0" "build" "--frozen" "--message-format=json", kill_on_drop: false }`
[INFO] [stdout] 60a9daa5898493c43b70feecdedb8ee9a108fcfd98990b49bfcf351f8fbfe8ec
[INFO] running `Command { std: "docker" "start" "-a" "60a9daa5898493c43b70feecdedb8ee9a108fcfd98990b49bfcf351f8fbfe8ec", kill_on_drop: false }`
[INFO] [stderr]    Compiling autocfg v1.1.0
[INFO] [stderr]    Compiling proc-macro2 v1.0.56
[INFO] [stderr]    Compiling unicode-ident v1.0.8
[INFO] [stderr]    Compiling quote v1.0.26
[INFO] [stderr]    Compiling memchr v2.5.0
[INFO] [stderr]    Compiling cfg-if v1.0.0
[INFO] [stderr]    Compiling crc32fast v1.3.2
[INFO] [stderr]    Compiling thiserror v1.0.40
[INFO] [stderr]    Compiling once_cell v1.17.1
[INFO] [stderr]    Compiling adler v1.0.2
[INFO] [stderr]    Compiling color_quant v1.1.0
[INFO] [stderr]    Compiling pin-project-lite v0.2.9
[INFO] [stderr]    Compiling bytemuck v1.13.1
[INFO] [stderr]    Compiling minimal-lexical v0.2.1
[INFO] [stderr]    Compiling byteorder v1.4.3
[INFO] [stderr]    Compiling miniz_oxide v0.7.1
[INFO] [stderr]    Compiling tracing-core v0.1.30
[INFO] [stderr]    Compiling num-traits v0.2.15
[INFO] [stderr]    Compiling num-integer v0.1.45
[INFO] [stderr]    Compiling num-rational v0.4.1
[INFO] [stderr]    Compiling flate2 v1.0.26
[INFO] [stderr]    Compiling nom v7.1.3
[INFO] [stderr]    Compiling syn v2.0.15
[INFO] [stderr]    Compiling image v0.24.6
[INFO] [stderr]    Compiling thiserror-impl v1.0.40
[INFO] [stderr]    Compiling tracing-attributes v0.1.24
[INFO] [stderr]    Compiling tracing v0.1.37
[INFO] [stderr]    Compiling bevy_aseprite_reader v0.1.1 (/opt/rustwide/workdir)
[INFO] [stdout] warning: unused import: `crate::raw::RawAsepriteCel::Raw`
[INFO] [stdout]   --> src/computed.rs:10:5
[INFO] [stdout]    |
[INFO] [stdout] 10 | use crate::raw::RawAsepriteCel::Raw;
[INFO] [stdout]    |     ^^^^^^^^^^^^^^^^^^^^^^^^^^^^^^^
[INFO] [stdout]    |
[INFO] [stdout]    = note: `#[warn(unused_imports)]` on by default
[INFO] [stdout] 
[INFO] [stdout] 
[INFO] [stdout] warning: variable does not need to be mutable
[INFO] [stdout]    --> src/computed.rs:718:13
[INFO] [stdout]     |
[INFO] [stdout] 718 |         let mut blank_cel: AsepriteCel;
[INFO] [stdout]     |             ----^^^^^^^^^
[INFO] [stdout]     |             |
[INFO] [stdout]     |             help: remove this `mut`
[INFO] [stdout]     |
[INFO] [stdout]     = note: `#[warn(unused_mut)]` on by default
[INFO] [stdout] 
[INFO] [stdout] 
[INFO] [stdout] warning: field `opacity` is never read
[INFO] [stdout]    --> src/computed.rs:486:5
[INFO] [stdout]     |
[INFO] [stdout] 483 | pub struct AsepriteCel {
[INFO] [stdout]     |            ----------- field in this struct
[INFO] [stdout] ...
[INFO] [stdout] 486 |     opacity: u8,
[INFO] [stdout]     |     ^^^^^^^
[INFO] [stdout]     |
[INFO] [stdout]     = note: `AsepriteCel` has derived impls for the traits `Clone` and `Debug`, but these are intentionally ignored during dead code analysis
[INFO] [stdout]     = note: `#[warn(dead_code)]` on by default
[INFO] [stdout] 
[INFO] [stdout] 
[INFO] [stdout] warning: method `cel_count` is never used
[INFO] [stdout]    --> src/computed.rs:449:8
[INFO] [stdout]     |
[INFO] [stdout] 449 |     fn cel_count(&self) -> usize {
[INFO] [stdout]     |        ^^^^^^^^^
[INFO] [stdout] 
[INFO] [stdout] 
[INFO] [stdout] warning: 4 warnings emitted
[INFO] [stdout] 
[INFO] [stdout] 
[INFO] [stderr]     Finished dev [unoptimized + debuginfo] target(s) in 6.99s
[INFO] running `Command { std: "docker" "inspect" "60a9daa5898493c43b70feecdedb8ee9a108fcfd98990b49bfcf351f8fbfe8ec", kill_on_drop: false }`
[INFO] running `Command { std: "docker" "rm" "-f" "60a9daa5898493c43b70feecdedb8ee9a108fcfd98990b49bfcf351f8fbfe8ec", kill_on_drop: false }`
[INFO] [stdout] 60a9daa5898493c43b70feecdedb8ee9a108fcfd98990b49bfcf351f8fbfe8ec
[INFO] running `Command { std: "docker" "create" "-v" "/var/lib/crater-agent-workspace/builds/worker-4-tc1/target:/opt/rustwide/target:rw,Z" "-v" "/var/lib/crater-agent-workspace/builds/worker-4-tc1/source:/opt/rustwide/workdir:ro,Z" "-v" "/var/lib/crater-agent-workspace/cargo-home:/opt/rustwide/cargo-home:ro,Z" "-v" "/var/lib/crater-agent-workspace/rustup-home:/opt/rustwide/rustup-home:ro,Z" "-e" "SOURCE_DIR=/opt/rustwide/workdir" "-e" "CARGO_TARGET_DIR=/opt/rustwide/target" "-e" "CARGO_INCREMENTAL=0" "-e" "RUST_BACKTRACE=full" "-e" "RUSTFLAGS=--cap-lints=warn" "-e" "RUSTDOCFLAGS=--cap-lints=warn" "-e" "CARGO_HOME=/opt/rustwide/cargo-home" "-e" "RUSTUP_HOME=/opt/rustwide/rustup-home" "-w" "/opt/rustwide/workdir" "-m" "1610612736" "--user" "0:0" "--network" "none" "ghcr.io/rust-lang/crates-build-env/linux@sha256:5ff2268d62e97bff2cde7d5815dd6ed5b47097566f13b8d0ca110b04b60e07ed" "/opt/rustwide/cargo-home/bin/cargo" "+1.69.0" "test" "--frozen" "--no-run" "--message-format=json", kill_on_drop: false }`
[INFO] [stdout] 8c42a3dd52faedc586375026e1da4e47bf4a969608e195c35455f82ff781a5e4
[INFO] running `Command { std: "docker" "start" "-a" "8c42a3dd52faedc586375026e1da4e47bf4a969608e195c35455f82ff781a5e4", kill_on_drop: false }`
[INFO] [stderr]     Blocking waiting for file lock on package cache
[INFO] [stdout] warning: unused import: `crate::raw::RawAsepriteCel::Raw`
[INFO] [stdout]   --> src/computed.rs:10:5
[INFO] [stdout]    |
[INFO] [stdout] 10 | use crate::raw::RawAsepriteCel::Raw;
[INFO] [stdout]    |     ^^^^^^^^^^^^^^^^^^^^^^^^^^^^^^^
[INFO] [stdout]    |
[INFO] [stdout]    = note: `#[warn(unused_imports)]` on by default
[INFO] [stdout] 
[INFO] [stdout] 
[INFO] [stdout] warning: variable does not need to be mutable
[INFO] [stdout]    --> src/computed.rs:718:13
[INFO] [stdout]     |
[INFO] [stdout] 718 |         let mut blank_cel: AsepriteCel;
[INFO] [stdout]     |             ----^^^^^^^^^
[INFO] [stdout]     |             |
[INFO] [stdout]     |             help: remove this `mut`
[INFO] [stdout]     |
[INFO] [stdout]     = note: `#[warn(unused_mut)]` on by default
[INFO] [stdout] 
[INFO] [stdout] 
[INFO] [stdout] warning: field `opacity` is never read
[INFO] [stdout]    --> src/computed.rs:486:5
[INFO] [stdout]     |
[INFO] [stdout] 483 | pub struct AsepriteCel {
[INFO] [stdout]     |            ----------- field in this struct
[INFO] [stdout] ...
[INFO] [stdout] 486 |     opacity: u8,
[INFO] [stdout]     |     ^^^^^^^
[INFO] [stdout]     |
[INFO] [stdout]     = note: `AsepriteCel` has derived impls for the traits `Clone` and `Debug`, but these are intentionally ignored during dead code analysis
[INFO] [stdout]     = note: `#[warn(dead_code)]` on by default
[INFO] [stdout] 
[INFO] [stdout] 
[INFO] [stdout] warning: method `cel_count` is never used
[INFO] [stdout]    --> src/computed.rs:449:8
[INFO] [stdout]     |
[INFO] [stdout] 449 |     fn cel_count(&self) -> usize {
[INFO] [stdout]     |        ^^^^^^^^^
[INFO] [stdout] 
[INFO] [stdout] 
[INFO] [stderr]    Compiling bevy_aseprite_reader v0.1.1 (/opt/rustwide/workdir)
[INFO] [stdout] warning: 4 warnings emitted
[INFO] [stdout] 
[INFO] [stdout] 
[INFO] [stdout] warning: unused import: `crate::raw::RawAsepriteCel::Raw`
[INFO] [stdout]   --> src/computed.rs:10:5
[INFO] [stdout]    |
[INFO] [stdout] 10 | use crate::raw::RawAsepriteCel::Raw;
[INFO] [stdout]    |     ^^^^^^^^^^^^^^^^^^^^^^^^^^^^^^^
[INFO] [stdout]    |
[INFO] [stdout]    = note: `#[warn(unused_imports)]` on by default
[INFO] [stdout] 
[INFO] [stdout] 
[INFO] [stdout] warning: variable does not need to be mutable
[INFO] [stdout]    --> src/computed.rs:718:13
[INFO] [stdout]     |
[INFO] [stdout] 718 |         let mut blank_cel: AsepriteCel;
[INFO] [stdout]     |             ----^^^^^^^^^
[INFO] [stdout]     |             |
[INFO] [stdout]     |             help: remove this `mut`
[INFO] [stdout]     |
[INFO] [stdout]     = note: `#[warn(unused_mut)]` on by default
[INFO] [stdout] 
[INFO] [stdout] 
[INFO] [stdout] warning: field `opacity` is never read
[INFO] [stdout]    --> src/computed.rs:486:5
[INFO] [stdout]     |
[INFO] [stdout] 483 | pub struct AsepriteCel {
[INFO] [stdout]     |            ----------- field in this struct
[INFO] [stdout] ...
[INFO] [stdout] 486 |     opacity: u8,
[INFO] [stdout]     |     ^^^^^^^
[INFO] [stdout]     |
[INFO] [stdout]     = note: `AsepriteCel` has derived impls for the traits `Clone` and `Debug`, but these are intentionally ignored during dead code analysis
[INFO] [stdout]     = note: `#[warn(dead_code)]` on by default
[INFO] [stdout] 
[INFO] [stdout] 
[INFO] [stdout] warning: method `cel_count` is never used
[INFO] [stdout]    --> src/computed.rs:449:8
[INFO] [stdout]     |
[INFO] [stdout] 449 |     fn cel_count(&self) -> usize {
[INFO] [stdout]     |        ^^^^^^^^^
[INFO] [stdout] 
[INFO] [stdout] 
[INFO] [stdout] warning: 4 warnings emitted
[INFO] [stdout] 
[INFO] [stdout] 
[INFO] [stderr]     Finished test [unoptimized + debuginfo] target(s) in 1.11s
[INFO] running `Command { std: "docker" "inspect" "8c42a3dd52faedc586375026e1da4e47bf4a969608e195c35455f82ff781a5e4", kill_on_drop: false }`
[INFO] running `Command { std: "docker" "rm" "-f" "8c42a3dd52faedc586375026e1da4e47bf4a969608e195c35455f82ff781a5e4", kill_on_drop: false }`
[INFO] [stdout] 8c42a3dd52faedc586375026e1da4e47bf4a969608e195c35455f82ff781a5e4
[INFO] running `Command { std: "docker" "create" "-v" "/var/lib/crater-agent-workspace/builds/worker-4-tc1/target:/opt/rustwide/target:rw,Z" "-v" "/var/lib/crater-agent-workspace/builds/worker-4-tc1/source:/opt/rustwide/workdir:ro,Z" "-v" "/var/lib/crater-agent-workspace/cargo-home:/opt/rustwide/cargo-home:ro,Z" "-v" "/var/lib/crater-agent-workspace/rustup-home:/opt/rustwide/rustup-home:ro,Z" "-e" "SOURCE_DIR=/opt/rustwide/workdir" "-e" "CARGO_TARGET_DIR=/opt/rustwide/target" "-e" "CARGO_INCREMENTAL=0" "-e" "RUST_BACKTRACE=full" "-e" "RUSTFLAGS=--cap-lints=warn" "-e" "RUSTDOCFLAGS=--cap-lints=warn" "-e" "CARGO_HOME=/opt/rustwide/cargo-home" "-e" "RUSTUP_HOME=/opt/rustwide/rustup-home" "-w" "/opt/rustwide/workdir" "-m" "1610612736" "--user" "0:0" "--network" "none" "ghcr.io/rust-lang/crates-build-env/linux@sha256:5ff2268d62e97bff2cde7d5815dd6ed5b47097566f13b8d0ca110b04b60e07ed" "/opt/rustwide/cargo-home/bin/cargo" "+1.69.0" "test" "--frozen", kill_on_drop: false }`
[INFO] [stdout] 32af18eb822d1b431e1f40b5a96b7bf32837be43c423f3bea9eda6b3cc7ff3c6
[INFO] running `Command { std: "docker" "start" "-a" "32af18eb822d1b431e1f40b5a96b7bf32837be43c423f3bea9eda6b3cc7ff3c6", kill_on_drop: false }`
[INFO] [stderr] warning: unused import: `crate::raw::RawAsepriteCel::Raw`
[INFO] [stderr]   --> src/computed.rs:10:5
[INFO] [stderr]    |
[INFO] [stderr] 10 | use crate::raw::RawAsepriteCel::Raw;
[INFO] [stderr]    |     ^^^^^^^^^^^^^^^^^^^^^^^^^^^^^^^
[INFO] [stderr]    |
[INFO] [stderr]    = note: `#[warn(unused_imports)]` on by default
[INFO] [stderr] 
[INFO] [stderr] warning: variable does not need to be mutable
[INFO] [stderr]    --> src/computed.rs:718:13
[INFO] [stderr]     |
[INFO] [stderr] 718 |         let mut blank_cel: AsepriteCel;
[INFO] [stderr]     |             ----^^^^^^^^^
[INFO] [stderr]     |             |
[INFO] [stderr]     |             help: remove this `mut`
[INFO] [stderr]     |
[INFO] [stderr]     = note: `#[warn(unused_mut)]` on by default
[INFO] [stderr] 
[INFO] [stderr] warning: field `opacity` is never read
[INFO] [stderr]    --> src/computed.rs:486:5
[INFO] [stderr]     |
[INFO] [stderr] 483 | pub struct AsepriteCel {
[INFO] [stderr]     |            ----------- field in this struct
[INFO] [stderr] ...
[INFO] [stderr] 486 |     opacity: u8,
[INFO] [stderr]     |     ^^^^^^^
[INFO] [stderr]     |
[INFO] [stderr]     = note: `AsepriteCel` has derived impls for the traits `Clone` and `Debug`, but these are intentionally ignored during dead code analysis
[INFO] [stderr]     = note: `#[warn(dead_code)]` on by default
[INFO] [stderr] 
[INFO] [stderr] warning: method `cel_count` is never used
[INFO] [stderr]    --> src/computed.rs:449:8
[INFO] [stderr]     |
[INFO] [stderr] 449 |     fn cel_count(&self) -> usize {
[INFO] [stderr]     |        ^^^^^^^^^
[INFO] [stderr] 
[INFO] [stderr] warning: `bevy_aseprite_reader` (lib) generated 4 warnings (run `cargo fix --lib -p bevy_aseprite_reader` to apply 2 suggestions)
[INFO] [stderr] warning: `bevy_aseprite_reader` (lib test) generated 4 warnings (4 duplicates)
[INFO] [stderr]     Finished test [unoptimized + debuginfo] target(s) in 0.03s
[INFO] [stdout] 
[INFO] [stderr]      Running unittests src/lib.rs (/opt/rustwide/target/debug/deps/bevy_aseprite_reader-89f9f85033b044d5)
[INFO] [stdout] running 2 tests
[INFO] [stdout] test raw::test::check_valid_file_header ... ok
[INFO] [stdout] test raw::test::check_valid_file ... ok
[INFO] [stderr]    Doc-tests bevy_aseprite_reader
[INFO] [stdout] 
[INFO] [stdout] test result: ok. 2 passed; 0 failed; 0 ignored; 0 measured; 0 filtered out; finished in 0.05s
[INFO] [stdout] 
[INFO] [stdout] 
[INFO] [stdout] running 1 test
[INFO] [stdout] test src/lib.rs - (line 19) ... FAILED
[INFO] [stdout] 
[INFO] [stdout] failures:
[INFO] [stdout] 
[INFO] [stdout] ---- src/lib.rs - (line 19) stdout ----
[INFO] [stdout] error[E0432]: unresolved import `aseprite_reader`
[INFO] [stdout]  --> src/lib.rs:20:5
[INFO] [stdout]   |
[INFO] [stdout] 3 | use aseprite_reader::Aseprite;
[INFO] [stdout]   |     ^^^^^^^^^^^^^^^ use of undeclared crate or module `aseprite_reader`
[INFO] [stdout]   |
[INFO] [stdout] help: there is a crate or module with a similar name
[INFO] [stdout]   |
[INFO] [stdout] 3 | use bevy_aseprite_reader::Aseprite;
[INFO] [stdout]   |     ~~~~~~~~~~~~~~~~~~~~
[INFO] [stdout] 
[INFO] [stdout] error: aborting due to previous error
[INFO] [stdout] 
[INFO] [stdout] For more information about this error, try `rustc --explain E0432`.
[INFO] [stdout] Couldn't compile the test.
[INFO] [stdout] 
[INFO] [stdout] failures:
[INFO] [stdout]     src/lib.rs - (line 19)
[INFO] [stdout] 
[INFO] [stdout] test result: FAILED. 0 passed; 1 failed; 0 ignored; 0 measured; 0 filtered out; finished in 0.04s
[INFO] [stdout] 
[INFO] [stderr] error: doctest failed, to rerun pass `--doc`
[INFO] running `Command { std: "docker" "inspect" "32af18eb822d1b431e1f40b5a96b7bf32837be43c423f3bea9eda6b3cc7ff3c6", kill_on_drop: false }`
[INFO] running `Command { std: "docker" "rm" "-f" "32af18eb822d1b431e1f40b5a96b7bf32837be43c423f3bea9eda6b3cc7ff3c6", kill_on_drop: false }`
[INFO] [stdout] 32af18eb822d1b431e1f40b5a96b7bf32837be43c423f3bea9eda6b3cc7ff3c6
