[INFO] fetching crate bevy-yoleck 0.11.0...
[INFO] testing bevy-yoleck-0.11.0 against 1.69.0 for beta-1.70-1
[INFO] extracting crate bevy-yoleck 0.11.0 into /workspace/builds/worker-2-tc1/source
[INFO] validating manifest of crates.io crate bevy-yoleck 0.11.0 on toolchain 1.69.0
[INFO] running `Command { std: CARGO_HOME="/workspace/cargo-home" RUSTUP_HOME="/workspace/rustup-home" "/workspace/cargo-home/bin/cargo" "+1.69.0" "metadata" "--manifest-path" "Cargo.toml" "--no-deps", kill_on_drop: false }`
[INFO] started tweaking crates.io crate bevy-yoleck 0.11.0
[INFO] removed 0 missing examples
[INFO] finished tweaking crates.io crate bevy-yoleck 0.11.0
[INFO] tweaked toml for crates.io crate bevy-yoleck 0.11.0 written to /workspace/builds/worker-2-tc1/source/Cargo.toml
[INFO] crate crates.io crate bevy-yoleck 0.11.0 already has a lockfile, it will not be regenerated
[INFO] running `Command { std: CARGO_HOME="/workspace/cargo-home" RUSTUP_HOME="/workspace/rustup-home" "/workspace/cargo-home/bin/cargo" "+1.69.0" "fetch" "--manifest-path" "Cargo.toml", kill_on_drop: false }`
[INFO] [stderr]     Blocking waiting for file lock on package cache
[INFO] [stderr]  Downloading crates ...
[INFO] [stderr]   Downloaded bevy_internal v0.10.0
[INFO] [stderr]   Downloaded owned_ttf_parser v0.18.1
[INFO] [stderr]   Downloaded redox_syscall v0.3.4
[INFO] [stderr]   Downloaded bevy_winit v0.10.0
[INFO] [stderr]   Downloaded winit v0.28.2
[INFO] [stderr]   Downloaded egui v0.21.0
[INFO] [stderr]   Downloaded nom8 v0.2.0
[INFO] [stderr]   Downloaded num_enum_derive v0.5.10
[INFO] [stderr]   Downloaded bevy_macro_utils v0.10.0
[INFO] [stderr]   Downloaded bevy_ptr v0.10.0
[INFO] [stderr]   Downloaded bevy_utils_proc_macros v0.10.0
[INFO] [stderr]   Downloaded num_enum v0.5.10
[INFO] [stderr]   Downloaded objc2 v0.3.0-beta.3
[INFO] [stderr]   Downloaded bevy_math v0.10.0
[INFO] [stderr]   Downloaded bevy_tasks v0.10.0
[INFO] [stderr]   Downloaded bevy_input v0.10.0
[INFO] [stderr]   Downloaded bevy_reflect_derive v0.10.0
[INFO] [stderr]   Downloaded bevy_derive v0.10.0
[INFO] [stderr]   Downloaded bevy_app v0.10.0
[INFO] [stderr]   Downloaded accesskit_windows v0.13.2
[INFO] [stderr]   Downloaded accesskit_winit v0.12.3
[INFO] [stderr]   Downloaded accesskit_macos v0.6.1
[INFO] [stderr]   Downloaded taffy v0.3.9
[INFO] [stderr]   Downloaded bevy_ui v0.10.0
[INFO] [stderr]   Downloaded wgpu-types v0.15.1
[INFO] [stderr]   Downloaded bevy_utils v0.10.0
[INFO] [stderr]   Downloaded bevy_core v0.10.0
[INFO] [stderr]   Downloaded bevy_a11y v0.10.0
[INFO] [stderr]   Downloaded bevy_hierarchy v0.10.0
[INFO] [stderr]   Downloaded encase_derive_impl v0.5.0
[INFO] [stderr]   Downloaded bevy_render_macros v0.10.0
[INFO] [stderr]   Downloaded bevy_diagnostic v0.10.0
[INFO] [stderr]   Downloaded bevy_encase_derive v0.10.0
[INFO] [stderr]   Downloaded bevy_mikktspace v0.10.0
[INFO] [stderr]   Downloaded bevy_time v0.10.0
[INFO] [stderr]   Downloaded hexasphere v8.1.0
[INFO] [stderr]   Downloaded windows-implement v0.44.0
[INFO] [stderr]   Downloaded gpu-descriptor v0.2.3
[INFO] [stderr]   Downloaded windows-interface v0.44.0
[INFO] [stderr]   Downloaded toml_edit v0.18.1
[INFO] [stderr]   Downloaded wgpu v0.15.1
[INFO] [stderr]   Downloaded bevy_ecs_macros v0.10.0
[INFO] [stderr]   Downloaded bevy_pbr v0.10.0
[INFO] [stderr]   Downloaded bevy_text v0.10.0
[INFO] [stderr]   Downloaded d3d12 v0.6.0
[INFO] [stderr]   Downloaded radsort v0.1.0
[INFO] [stderr]   Downloaded emath v0.21.0
[INFO] [stderr]   Downloaded encase v0.5.0
[INFO] [stderr]   Downloaded bevy_render v0.10.0
[INFO] [stderr]   Downloaded syn v2.0.8
[INFO] [stderr]   Downloaded gpu-alloc v0.5.3
[INFO] [stderr]   Downloaded widestring v0.5.1
[INFO] [stderr]   Downloaded encase_derive v0.5.0
[INFO] [stderr]   Downloaded com-rs v0.2.1
[INFO] [stderr]   Downloaded gpu-allocator v0.22.0
[INFO] [stderr]   Downloaded const_panic v0.2.7
[INFO] [stderr]   Downloaded toml_datetime v0.5.1
[INFO] [stderr]   Downloaded wgpu-core v0.15.1
[INFO] [stderr]   Downloaded image v0.24.5
[INFO] [stderr]   Downloaded bevy_sprite v0.10.0
[INFO] [stderr]   Downloaded sysinfo v0.28.2
[INFO] [stderr]   Downloaded glow v0.12.1
[INFO] [stderr]   Downloaded ttf-parser v0.18.1
[INFO] [stderr]   Downloaded ecolor v0.21.0
[INFO] [stderr]   Downloaded bevy_egui v0.20.0
[INFO] [stderr]   Downloaded bytemuck_derive v1.4.0
[INFO] [stderr]   Downloaded euclid v0.22.7
[INFO] [stderr]   Downloaded naga v0.11.0
[INFO] [stderr]   Downloaded ab_glyph v0.2.20
[INFO] [stderr]   Downloaded bevy-yoleck-macros v0.9.0
[INFO] [stderr]   Downloaded metal v0.24.0
[INFO] [stderr]   Downloaded bevy_core_pipeline v0.10.0
[INFO] [stderr]   Downloaded epaint v0.21.0
[INFO] [stderr]   Downloaded orbclient v0.3.43
[INFO] [stderr]   Downloaded bevy v0.10.0
[INFO] [stderr]   Downloaded proc-macro-crate v1.3.0
[INFO] [stderr]   Downloaded atomic_refcell v0.1.9
[INFO] [stderr]   Downloaded proc-macro2 v1.0.53
[INFO] [stderr]   Downloaded toml_edit v0.19.4
[INFO] [stderr]   Downloaded hassle-rs v0.9.0
[INFO] [stderr]   Downloaded accesskit v0.10.1
[INFO] [stderr]   Downloaded profiling v1.0.7
[INFO] [stderr]   Downloaded async-lock v2.6.0
[INFO] [stderr]   Downloaded erased-serde v0.3.24
[INFO] [stderr]   Downloaded bytemuck v1.13.0
[INFO] [stderr]   Downloaded wgpu-hal v0.15.2
[INFO] [stderr]   Downloaded bevy_transform v0.10.0
[INFO] [stderr]   Downloaded accesskit_consumer v0.14.1
[INFO] [stderr]   Downloaded bevy_log v0.10.0
[INFO] [stderr]   Downloaded bevy_reflect v0.10.0
[INFO] [stderr]   Downloaded bevy_window v0.10.0
[INFO] [stderr]   Downloaded bevy_asset v0.10.0
[INFO] [stderr]   Downloaded glam v0.23.0
[INFO] [stderr]   Downloaded bevy_ecs v0.10.0
[INFO] [stderr]   Downloaded winnow v0.3.5
[INFO] running `Command { std: "docker" "create" "-v" "/var/lib/crater-agent-workspace/builds/worker-2-tc1/target:/opt/rustwide/target:rw,Z" "-v" "/var/lib/crater-agent-workspace/builds/worker-2-tc1/source:/opt/rustwide/workdir:ro,Z" "-v" "/var/lib/crater-agent-workspace/cargo-home:/opt/rustwide/cargo-home:ro,Z" "-v" "/var/lib/crater-agent-workspace/rustup-home:/opt/rustwide/rustup-home:ro,Z" "-e" "SOURCE_DIR=/opt/rustwide/workdir" "-e" "CARGO_TARGET_DIR=/opt/rustwide/target" "-e" "CARGO_HOME=/opt/rustwide/cargo-home" "-e" "RUSTUP_HOME=/opt/rustwide/rustup-home" "-w" "/opt/rustwide/workdir" "-m" "1610612736" "--user" "0:0" "--network" "none" "ghcr.io/rust-lang/crates-build-env/linux@sha256:5ff2268d62e97bff2cde7d5815dd6ed5b47097566f13b8d0ca110b04b60e07ed" "/opt/rustwide/cargo-home/bin/cargo" "+1.69.0" "metadata" "--no-deps" "--format-version=1", kill_on_drop: false }`
[INFO] [stdout] 6b3c408b8a473f9fe1d9b69038c7c039a002cada4093b21dd4598d240962074c
[INFO] running `Command { std: "docker" "start" "-a" "6b3c408b8a473f9fe1d9b69038c7c039a002cada4093b21dd4598d240962074c", kill_on_drop: false }`
[INFO] running `Command { std: "docker" "inspect" "6b3c408b8a473f9fe1d9b69038c7c039a002cada4093b21dd4598d240962074c", kill_on_drop: false }`
[INFO] running `Command { std: "docker" "rm" "-f" "6b3c408b8a473f9fe1d9b69038c7c039a002cada4093b21dd4598d240962074c", kill_on_drop: false }`
[INFO] [stdout] 6b3c408b8a473f9fe1d9b69038c7c039a002cada4093b21dd4598d240962074c
[INFO] running `Command { std: "docker" "create" "-v" "/var/lib/crater-agent-workspace/builds/worker-2-tc1/target:/opt/rustwide/target:rw,Z" "-v" "/var/lib/crater-agent-workspace/builds/worker-2-tc1/source:/opt/rustwide/workdir:ro,Z" "-v" "/var/lib/crater-agent-workspace/cargo-home:/opt/rustwide/cargo-home:ro,Z" "-v" "/var/lib/crater-agent-workspace/rustup-home:/opt/rustwide/rustup-home:ro,Z" "-e" "SOURCE_DIR=/opt/rustwide/workdir" "-e" "CARGO_TARGET_DIR=/opt/rustwide/target" "-e" "CARGO_INCREMENTAL=0" "-e" "RUST_BACKTRACE=full" "-e" "RUSTFLAGS=--cap-lints=warn" "-e" "RUSTDOCFLAGS=--cap-lints=warn" "-e" "CARGO_HOME=/opt/rustwide/cargo-home" "-e" "RUSTUP_HOME=/opt/rustwide/rustup-home" "-w" "/opt/rustwide/workdir" "-m" "1610612736" "--user" "0:0" "--network" "none" "ghcr.io/rust-lang/crates-build-env/linux@sha256:5ff2268d62e97bff2cde7d5815dd6ed5b47097566f13b8d0ca110b04b60e07ed" "/opt/rustwide/cargo-home/bin/cargo" "+1.69.0" "build" "--frozen" "--message-format=json", kill_on_drop: false }`
[INFO] [stdout] 44164200c17cc19a21ba726d44012ab3e4d1823a792db4f5e4b217559efe2e86
[INFO] running `Command { std: "docker" "start" "-a" "44164200c17cc19a21ba726d44012ab3e4d1823a792db4f5e4b217559efe2e86", kill_on_drop: false }`
[INFO] [stderr]    Compiling proc-macro2 v1.0.53
[INFO] [stderr]    Compiling unicode-ident v1.0.6
[INFO] [stderr]    Compiling syn v1.0.107
[INFO] [stderr]    Compiling serde_derive v1.0.152
[INFO] [stderr]    Compiling serde v1.0.152
[INFO] [stderr]    Compiling libc v0.2.139
[INFO] [stderr]    Compiling thiserror v1.0.38
[INFO] [stderr]    Compiling hashbrown v0.12.3
[INFO] [stderr]    Compiling toml_datetime v0.6.1
[INFO] [stderr]    Compiling indexmap v1.9.2
[INFO] [stderr]    Compiling winnow v0.3.5
[INFO] [stderr]    Compiling crossbeam-utils v0.8.14
[INFO] [stderr]    Compiling futures-core v0.3.26
[INFO] [stderr]    Compiling fixedbitset v0.4.2
[INFO] [stderr]    Compiling tracing-core v0.1.30
[INFO] [stderr]    Compiling futures-io v0.3.26
[INFO] [stderr]    Compiling parking v2.0.0
[INFO] [stderr]    Compiling rustc-hash v1.1.0
[INFO] [stderr]    Compiling bit-vec v0.6.3
[INFO] [stderr]    Compiling erased-serde v0.3.24
[INFO] [stderr]    Compiling instant v0.1.12
[INFO] [stderr]    Compiling async-task v4.3.0
[INFO] [stderr]    Compiling futures-lite v1.12.0
[INFO] [stderr]    Compiling bevy_ptr v0.10.0
[INFO] [stderr]    Compiling downcast-rs v1.2.0
[INFO] [stderr]    Compiling num-traits v0.2.15
[INFO] [stderr]    Compiling tracing v0.1.37
[INFO] [stderr]    Compiling regex-syntax v0.6.28
[INFO] [stderr]    Compiling aho-corasick v0.7.20
[INFO] [stderr]    Compiling overload v0.1.1
[INFO] [stderr]    Compiling concurrent-queue v2.1.0
[INFO] [stderr]    Compiling bit-set v0.5.3
[INFO] [stderr]    Compiling quote v1.0.26
[INFO] [stderr]    Compiling nu-ansi-term v0.46.0
[INFO] [stderr]    Compiling sharded-slab v0.1.4
[INFO] [stderr]    Compiling tracing-log v0.1.3
[INFO] [stderr]    Compiling async-channel v1.8.0
[INFO] [stderr]    Compiling libloading v0.7.4
[INFO] [stderr]    Compiling getrandom v0.2.8
[INFO] [stderr]    Compiling khronos-egl v4.1.0
[INFO] [stderr]    Compiling unicode-xid v0.2.4
[INFO] [stderr]    Compiling cty v0.2.2
[INFO] [stderr]    Compiling uuid v1.3.0
[INFO] [stderr]    Compiling async-lock v2.6.0
[INFO] [stderr]    Compiling ash v0.37.2+1.3.238
[INFO] [stderr]    Compiling ahash v0.7.6
[INFO] [stderr]    Compiling byteorder v1.4.3
[INFO] [stderr]    Compiling codespan-reporting v0.11.1
[INFO] [stderr]    Compiling pp-rs v0.2.1
[INFO] [stderr]    Compiling raw-window-handle v0.5.0
[INFO] [stderr]    Compiling gpu-descriptor-types v0.1.1
[INFO] [stderr]    Compiling async-executor v1.5.0
[INFO] [stderr]    Compiling gpu-alloc-types v0.2.0
[INFO] [stderr]    Compiling hexf-parse v0.2.1
[INFO] [stderr]    Compiling fxhash v0.2.1
[INFO] [stderr]    Compiling crossbeam-channel v0.5.6
[INFO] [stderr]    Compiling gpu-alloc v0.5.3
[INFO] [stderr]    Compiling wgpu-types v0.15.1
[INFO] [stderr]    Compiling profiling v1.0.7
[INFO] [stderr]    Compiling glow v0.12.1
[INFO] [stderr]    Compiling bevy_tasks v0.10.0
[INFO] [stderr]    Compiling anyhow v1.0.69
[INFO] [stderr]    Compiling spirv v0.2.0+1.5.4
[INFO] [stderr]    Compiling renderdoc-sys v0.7.1
[INFO] [stderr]    Compiling arrayvec v0.7.2
[INFO] [stderr]    Compiling num-integer v0.1.45
[INFO] [stderr]    Compiling sysinfo v0.28.2
[INFO] [stderr]    Compiling const_panic v0.2.7
[INFO] [stderr]    Compiling color_quant v1.1.0
[INFO] [stderr]    Compiling static_assertions v1.1.0
[INFO] [stderr]    Compiling ahash v0.8.3
[INFO] [stderr]    Compiling ttf-parser v0.18.1
[INFO] [stderr]    Compiling accesskit v0.10.1
[INFO] [stderr]    Compiling radsort v0.1.0
[INFO] [stderr]    Compiling num-rational v0.4.1
[INFO] [stderr]    Compiling ab_glyph_rasterizer v0.1.8
[INFO] [stderr]    Compiling nohash-hasher v0.2.0
[INFO] [stderr]    Compiling serde_json v1.0.93
[INFO] [stderr]    Compiling syn v2.0.8
[INFO] [stderr]    Compiling ryu v1.0.12
[INFO] [stderr]    Compiling itoa v1.0.5
[INFO] [stderr]    Compiling toml_edit v0.19.4
[INFO] [stderr]    Compiling regex-automata v0.1.10
[INFO] [stderr]    Compiling regex v1.7.1
[INFO] [stderr]    Compiling matchers v0.1.0
[INFO] [stderr]    Compiling encase_derive_impl v0.5.0
[INFO] [stderr]    Compiling bevy_macro_utils v0.10.0
[INFO] [stderr]    Compiling owned_ttf_parser v0.18.1
[INFO] [stderr]    Compiling bevy-yoleck-macros v0.9.0
[INFO] [stderr]    Compiling ab_glyph v0.2.20
[INFO] [stderr]    Compiling bytemuck_derive v1.4.0
[INFO] [stderr]    Compiling thiserror-impl v1.0.38
[INFO] [stderr]    Compiling bevy_utils_proc_macros v0.10.0
[INFO] [stderr]    Compiling encase_derive v0.5.0
[INFO] [stderr]    Compiling bevy_reflect_derive v0.10.0
[INFO] [stderr]    Compiling bevy_ecs_macros v0.10.0
[INFO] [stderr]    Compiling bevy_derive v0.10.0
[INFO] [stderr]    Compiling bevy_encase_derive v0.10.0
[INFO] [stderr]    Compiling bevy_render_macros v0.10.0
[INFO] [stderr]    Compiling bytemuck v1.13.0
[INFO] [stderr]    Compiling image v0.24.5
[INFO] [stderr]    Compiling ecolor v0.21.0
[INFO] [stderr]    Compiling emath v0.21.0
[INFO] [stderr]    Compiling smallvec v1.10.0
[INFO] [stderr]    Compiling glam v0.23.0
[INFO] [stderr]    Compiling parking_lot_core v0.9.7
[INFO] [stderr]    Compiling tracing-subscriber v0.3.16
[INFO] [stderr]    Compiling parking_lot v0.12.1
[INFO] [stderr]    Compiling gpu-descriptor v0.2.3
[INFO] [stderr]    Compiling epaint v0.21.0
[INFO] [stderr]    Compiling petgraph v0.6.3
[INFO] [stderr]    Compiling egui v0.21.0
[INFO] [stderr]    Compiling bevy_math v0.10.0
[INFO] [stderr]    Compiling encase v0.5.0
[INFO] [stderr]    Compiling bevy_mikktspace v0.10.0
[INFO] [stderr]    Compiling hexasphere v8.1.0
[INFO] [stderr]    Compiling bevy_utils v0.10.0
[INFO] [stderr]    Compiling naga v0.11.0
[INFO] [stderr]    Compiling bevy_reflect v0.10.0
[INFO] [stderr]    Compiling bevy_ecs v0.10.0
[INFO] [stderr]    Compiling wgpu-hal v0.15.2
[INFO] [stderr]    Compiling wgpu-core v0.15.1
[INFO] [stderr]    Compiling bevy_app v0.10.0
[INFO] [stderr]    Compiling bevy_core v0.10.0
[INFO] [stderr]    Compiling bevy_log v0.10.0
[INFO] [stderr]    Compiling bevy_time v0.10.0
[INFO] [stderr]    Compiling bevy_input v0.10.0
[INFO] [stderr]    Compiling bevy_a11y v0.10.0
[INFO] [stderr]    Compiling bevy_hierarchy v0.10.0
[INFO] [stderr]    Compiling bevy_diagnostic v0.10.0
[INFO] [stderr]    Compiling bevy_transform v0.10.0
[INFO] [stderr]    Compiling bevy_asset v0.10.0
[INFO] [stderr]    Compiling bevy_window v0.10.0
[INFO] [stderr]    Compiling wgpu v0.15.1
[INFO] [stderr]    Compiling bevy_render v0.10.0
[INFO] [stderr]    Compiling bevy_core_pipeline v0.10.0
[INFO] [stderr]    Compiling bevy_internal v0.10.0
[INFO] [stderr]    Compiling bevy v0.10.0
[INFO] [stderr]    Compiling bevy_egui v0.20.0
[INFO] [stderr]    Compiling bevy-yoleck v0.11.0 (/opt/rustwide/workdir)
[INFO] [stderr]     Finished dev [unoptimized + debuginfo] target(s) in 1m 44s
[INFO] running `Command { std: "docker" "inspect" "44164200c17cc19a21ba726d44012ab3e4d1823a792db4f5e4b217559efe2e86", kill_on_drop: false }`
[INFO] running `Command { std: "docker" "rm" "-f" "44164200c17cc19a21ba726d44012ab3e4d1823a792db4f5e4b217559efe2e86", kill_on_drop: false }`
[INFO] [stdout] 44164200c17cc19a21ba726d44012ab3e4d1823a792db4f5e4b217559efe2e86
[INFO] running `Command { std: "docker" "create" "-v" "/var/lib/crater-agent-workspace/builds/worker-2-tc1/target:/opt/rustwide/target:rw,Z" "-v" "/var/lib/crater-agent-workspace/builds/worker-2-tc1/source:/opt/rustwide/workdir:ro,Z" "-v" "/var/lib/crater-agent-workspace/cargo-home:/opt/rustwide/cargo-home:ro,Z" "-v" "/var/lib/crater-agent-workspace/rustup-home:/opt/rustwide/rustup-home:ro,Z" "-e" "SOURCE_DIR=/opt/rustwide/workdir" "-e" "CARGO_TARGET_DIR=/opt/rustwide/target" "-e" "CARGO_INCREMENTAL=0" "-e" "RUST_BACKTRACE=full" "-e" "RUSTFLAGS=--cap-lints=warn" "-e" "RUSTDOCFLAGS=--cap-lints=warn" "-e" "CARGO_HOME=/opt/rustwide/cargo-home" "-e" "RUSTUP_HOME=/opt/rustwide/rustup-home" "-w" "/opt/rustwide/workdir" "-m" "1610612736" "--user" "0:0" "--network" "none" "ghcr.io/rust-lang/crates-build-env/linux@sha256:5ff2268d62e97bff2cde7d5815dd6ed5b47097566f13b8d0ca110b04b60e07ed" "/opt/rustwide/cargo-home/bin/cargo" "+1.69.0" "test" "--frozen" "--no-run" "--message-format=json", kill_on_drop: false }`
[INFO] [stdout] 2ce20d39334f7c28ab471a03eaa8a133f021e5884bbb35947e0d656a9d720973
[INFO] running `Command { std: "docker" "start" "-a" "2ce20d39334f7c28ab471a03eaa8a133f021e5884bbb35947e0d656a9d720973", kill_on_drop: false }`
[INFO] [stderr]    Compiling xml-rs v0.8.4
[INFO] [stderr]    Compiling x11-dl v2.21.0
[INFO] [stderr]    Compiling cfg_aliases v0.1.1
[INFO] [stderr]    Compiling mio v0.8.6
[INFO] [stderr]    Compiling euclid v0.22.7
[INFO] [stderr]    Compiling svg_fmt v0.4.1
[INFO] [stderr]    Compiling approx v0.5.1
[INFO] [stderr]    Compiling rectangle-pack v0.4.2
[INFO] [stderr]    Compiling wayland-scanner v0.29.5
[INFO] [stderr]    Compiling guillotiere v0.6.2
[INFO] [stderr]    Compiling bevy_sprite v0.10.0
[INFO] [stderr]    Compiling winit v0.28.2
[INFO] [stderr]    Compiling accesskit_winit v0.12.3
[INFO] [stderr]    Compiling bevy_winit v0.10.0
[INFO] [stderr]    Compiling bevy_internal v0.10.0
[INFO] [stderr]    Compiling bevy v0.10.0
[INFO] [stderr]    Compiling bevy_egui v0.20.0
[INFO] [stderr]    Compiling bevy-yoleck v0.11.0 (/opt/rustwide/workdir)
[INFO] [stderr]     Finished test [unoptimized + debuginfo] target(s) in 38.35s
[INFO] running `Command { std: "docker" "inspect" "2ce20d39334f7c28ab471a03eaa8a133f021e5884bbb35947e0d656a9d720973", kill_on_drop: false }`
[INFO] running `Command { std: "docker" "rm" "-f" "2ce20d39334f7c28ab471a03eaa8a133f021e5884bbb35947e0d656a9d720973", kill_on_drop: false }`
[INFO] [stdout] 2ce20d39334f7c28ab471a03eaa8a133f021e5884bbb35947e0d656a9d720973
[INFO] running `Command { std: "docker" "create" "-v" "/var/lib/crater-agent-workspace/builds/worker-2-tc1/target:/opt/rustwide/target:rw,Z" "-v" "/var/lib/crater-agent-workspace/builds/worker-2-tc1/source:/opt/rustwide/workdir:ro,Z" "-v" "/var/lib/crater-agent-workspace/cargo-home:/opt/rustwide/cargo-home:ro,Z" "-v" "/var/lib/crater-agent-workspace/rustup-home:/opt/rustwide/rustup-home:ro,Z" "-e" "SOURCE_DIR=/opt/rustwide/workdir" "-e" "CARGO_TARGET_DIR=/opt/rustwide/target" "-e" "CARGO_INCREMENTAL=0" "-e" "RUST_BACKTRACE=full" "-e" "RUSTFLAGS=--cap-lints=warn" "-e" "RUSTDOCFLAGS=--cap-lints=warn" "-e" "CARGO_HOME=/opt/rustwide/cargo-home" "-e" "RUSTUP_HOME=/opt/rustwide/rustup-home" "-w" "/opt/rustwide/workdir" "-m" "1610612736" "--user" "0:0" "--network" "none" "ghcr.io/rust-lang/crates-build-env/linux@sha256:5ff2268d62e97bff2cde7d5815dd6ed5b47097566f13b8d0ca110b04b60e07ed" "/opt/rustwide/cargo-home/bin/cargo" "+1.69.0" "test" "--frozen", kill_on_drop: false }`
[INFO] [stdout] 21f0436160ed123f1bf22b15d47fffcfef93356da771f530751deb7d627076ad
[INFO] running `Command { std: "docker" "start" "-a" "21f0436160ed123f1bf22b15d47fffcfef93356da771f530751deb7d627076ad", kill_on_drop: false }`
[INFO] [stderr]     Finished test [unoptimized + debuginfo] target(s) in 0.37s
[INFO] [stderr]      Running unittests src/lib.rs (/opt/rustwide/target/debug/deps/bevy_yoleck-4a3870cd3aa35188)
[INFO] [stdout] 
[INFO] [stdout] running 0 tests
[INFO] [stdout] 
[INFO] [stdout] test result: ok. 0 passed; 0 failed; 0 ignored; 0 measured; 0 filtered out; finished in 0.00s
[INFO] [stdout] 
[INFO] [stderr]      Running tests/upgrade_level_file.rs (/opt/rustwide/target/debug/deps/upgrade_level_file-6f2c4d0f78fb8733)
[INFO] [stdout] 
[INFO] [stdout] running 1 test
[INFO] [stdout] test test_upgrade_v1_to_v2 ... ok
[INFO] [stdout] 
[INFO] [stdout] test result: ok. 1 passed; 0 failed; 0 ignored; 0 measured; 0 filtered out; finished in 0.00s
[INFO] [stdout] 
[INFO] [stderr]    Doc-tests bevy-yoleck
[INFO] [stdout] 
[INFO] [stdout] running 14 tests
[INFO] [stdout] test src/level_files_manager.rs - level_files_manager::YoleckEditorLevelsDirectoryPath (line 27) - compile ... ok
[INFO] [stdout] test src/entity_management.rs - entity_management::YoleckLoadingCommand (line 181) - compile ... ok
[INFO] [stdout] test src/lib.rs - YoleckEditorSections (line 580) - compile ... ok
[INFO] [stdout] test src/level_index.rs - level_index::YoleckLevelIndex (line 18) - compile ... ok
[INFO] [stdout] test src/knobs.rs - knobs::YoleckKnobHandle<'_,'_,'_>::get_passed_data (line 101) - compile ... FAILED
[INFO] [stdout] test src/editor.rs - editor::YoleckPassedData::get (line 218) - compile ... ok
[INFO] [stdout] test src/entity_upgrading.rs - entity_upgrading::YoleckEntityUpgradingPlugin (line 9) - compile ... ok
[INFO] [stdout] test src/populating.rs - populating::YoleckMarking (line 90) - compile ... ok
[INFO] [stdout] test src/editor.rs - editor::YoleckSyncWithEditorState (line 35) - compile ... ok
[INFO] [stdout] test src/lib.rs - YoleckExtForApp::add_yoleck_edit_system (line 343) - compile ... ok
[INFO] [stdout] test src/editor.rs - editor::YoleckDirective::spawn_entity (line 143) - compile ... FAILED
[INFO] [stdout] test src/lib.rs - YoleckExtForApp::add_yoleck_entity_type (line 323) - compile ... ok
[INFO] [stdout] test src/lib.rs - YoleckExtForApp::yoleck_populate_schedule_mut (line 364) - compile ... ok
[INFO] [stdout] test src/lib.rs - (line 63) - compile ... ok
[INFO] [stdout] 
[INFO] [stdout] failures:
[INFO] [stdout] 
[INFO] [stdout] ---- src/knobs.rs - knobs::YoleckKnobHandle<'_,'_,'_>::get_passed_data (line 101) stdout ----
[INFO] [stdout] error[E0432]: unresolved import `bevy_yoleck::vpeol`
[INFO] [stdout]  --> src/knobs.rs:104:18
[INFO] [stdout]   |
[INFO] [stdout] 6 | use bevy_yoleck::vpeol::YoleckKnobClick;
[INFO] [stdout]   |                  ^^^^^ could not find `vpeol` in `bevy_yoleck`
[INFO] [stdout] 
[INFO] [stdout] error: aborting due to previous error
[INFO] [stdout] 
[INFO] [stdout] For more information about this error, try `rustc --explain E0432`.
[INFO] [stdout] Couldn't compile the test.
[INFO] [stdout] ---- src/editor.rs - editor::YoleckDirective::spawn_entity (line 143) stdout ----
[INFO] [stdout] error[E0432]: unresolved import `bevy_yoleck::vpeol_2d`
[INFO] [stdout]  --> src/editor.rs:148:18
[INFO] [stdout]   |
[INFO] [stdout] 8 | use bevy_yoleck::vpeol_2d::Vpeol2dPosition;
[INFO] [stdout]   |                  ^^^^^^^^ could not find `vpeol_2d` in `bevy_yoleck`
[INFO] [stdout] 
[INFO] [stdout] error: aborting due to previous error
[INFO] [stdout] 
[INFO] [stdout] For more information about this error, try `rustc --explain E0432`.
[INFO] [stdout] Couldn't compile the test.
[INFO] [stdout] 
[INFO] [stdout] failures:
[INFO] [stdout]     src/editor.rs - editor::YoleckDirective::spawn_entity (line 143)
[INFO] [stdout]     src/knobs.rs - knobs::YoleckKnobHandle<'_,'_,'_>::get_passed_data (line 101)
[INFO] [stdout] 
[INFO] [stdout] test result: FAILED. 12 passed; 2 failed; 0 ignored; 0 measured; 0 filtered out; finished in 0.80s
[INFO] [stdout] 
[INFO] [stderr] error: doctest failed, to rerun pass `--doc`
[INFO] running `Command { std: "docker" "inspect" "21f0436160ed123f1bf22b15d47fffcfef93356da771f530751deb7d627076ad", kill_on_drop: false }`
[INFO] running `Command { std: "docker" "rm" "-f" "21f0436160ed123f1bf22b15d47fffcfef93356da771f530751deb7d627076ad", kill_on_drop: false }`
[INFO] [stdout] 21f0436160ed123f1bf22b15d47fffcfef93356da771f530751deb7d627076ad
