[INFO] fetching crate benu 0.0.1-rc0...
[INFO] testing benu-0.0.1-rc0 against beta-2023-04-20 for beta-1.70-1
[INFO] extracting crate benu 0.0.1-rc0 into /workspace/builds/worker-3-tc2/source
[INFO] validating manifest of crates.io crate benu 0.0.1-rc0 on toolchain beta-2023-04-20
[INFO] running `Command { std: CARGO_HOME="/workspace/cargo-home" RUSTUP_HOME="/workspace/rustup-home" "/workspace/cargo-home/bin/cargo" "+beta-2023-04-20" "metadata" "--manifest-path" "Cargo.toml" "--no-deps", kill_on_drop: false }`
[INFO] started tweaking crates.io crate benu 0.0.1-rc0
[INFO] finished tweaking crates.io crate benu 0.0.1-rc0
[INFO] tweaked toml for crates.io crate benu 0.0.1-rc0 written to /workspace/builds/worker-3-tc2/source/Cargo.toml
[INFO] running `Command { std: CARGO_HOME="/workspace/cargo-home" RUSTUP_HOME="/workspace/rustup-home" __CARGO_TEST_CHANNEL_OVERRIDE_DO_NOT_USE_THIS="nightly" "/workspace/cargo-home/bin/cargo" "+beta-2023-04-20" "generate-lockfile" "--manifest-path" "Cargo.toml" "-Zno-index-update", kill_on_drop: false }`
[INFO] running `Command { std: CARGO_HOME="/workspace/cargo-home" RUSTUP_HOME="/workspace/rustup-home" "/workspace/cargo-home/bin/cargo" "+beta-2023-04-20" "fetch" "--manifest-path" "Cargo.toml", kill_on_drop: false }`
[INFO] [stderr]  Downloading crates ...
[INFO] [stderr]   Downloaded cpufeatures v0.2.7
[INFO] running `Command { std: "docker" "create" "-v" "/var/lib/crater-agent-workspace/builds/worker-3-tc2/target:/opt/rustwide/target:rw,Z" "-v" "/var/lib/crater-agent-workspace/builds/worker-3-tc2/source:/opt/rustwide/workdir:ro,Z" "-v" "/var/lib/crater-agent-workspace/cargo-home:/opt/rustwide/cargo-home:ro,Z" "-v" "/var/lib/crater-agent-workspace/rustup-home:/opt/rustwide/rustup-home:ro,Z" "-e" "SOURCE_DIR=/opt/rustwide/workdir" "-e" "CARGO_TARGET_DIR=/opt/rustwide/target" "-e" "CARGO_HOME=/opt/rustwide/cargo-home" "-e" "RUSTUP_HOME=/opt/rustwide/rustup-home" "-w" "/opt/rustwide/workdir" "-m" "1610612736" "--user" "0:0" "--network" "none" "ghcr.io/rust-lang/crates-build-env/linux@sha256:5ff2268d62e97bff2cde7d5815dd6ed5b47097566f13b8d0ca110b04b60e07ed" "/opt/rustwide/cargo-home/bin/cargo" "+beta-2023-04-20" "metadata" "--no-deps" "--format-version=1", kill_on_drop: false }`
[INFO] [stdout] 448eba90c9c98e8b27ad6744edaeace506089bad1f02ebe4991449640a6b93d4
[INFO] running `Command { std: "docker" "start" "-a" "448eba90c9c98e8b27ad6744edaeace506089bad1f02ebe4991449640a6b93d4", kill_on_drop: false }`
[INFO] running `Command { std: "docker" "inspect" "448eba90c9c98e8b27ad6744edaeace506089bad1f02ebe4991449640a6b93d4", kill_on_drop: false }`
[INFO] running `Command { std: "docker" "rm" "-f" "448eba90c9c98e8b27ad6744edaeace506089bad1f02ebe4991449640a6b93d4", kill_on_drop: false }`
[INFO] [stdout] 448eba90c9c98e8b27ad6744edaeace506089bad1f02ebe4991449640a6b93d4
[INFO] running `Command { std: "docker" "create" "-v" "/var/lib/crater-agent-workspace/builds/worker-3-tc2/target:/opt/rustwide/target:rw,Z" "-v" "/var/lib/crater-agent-workspace/builds/worker-3-tc2/source:/opt/rustwide/workdir:ro,Z" "-v" "/var/lib/crater-agent-workspace/cargo-home:/opt/rustwide/cargo-home:ro,Z" "-v" "/var/lib/crater-agent-workspace/rustup-home:/opt/rustwide/rustup-home:ro,Z" "-e" "SOURCE_DIR=/opt/rustwide/workdir" "-e" "CARGO_TARGET_DIR=/opt/rustwide/target" "-e" "CARGO_INCREMENTAL=0" "-e" "RUST_BACKTRACE=full" "-e" "RUSTFLAGS=--cap-lints=warn" "-e" "RUSTDOCFLAGS=--cap-lints=warn" "-e" "CARGO_HOME=/opt/rustwide/cargo-home" "-e" "RUSTUP_HOME=/opt/rustwide/rustup-home" "-w" "/opt/rustwide/workdir" "-m" "1610612736" "--user" "0:0" "--network" "none" "ghcr.io/rust-lang/crates-build-env/linux@sha256:5ff2268d62e97bff2cde7d5815dd6ed5b47097566f13b8d0ca110b04b60e07ed" "/opt/rustwide/cargo-home/bin/cargo" "+beta-2023-04-20" "build" "--frozen" "--message-format=json", kill_on_drop: false }`
[INFO] [stdout] 666ee1739c79ce3eff1f020b922dc987f740305cf208652a20787ea00550ff17
[INFO] running `Command { std: "docker" "start" "-a" "666ee1739c79ce3eff1f020b922dc987f740305cf208652a20787ea00550ff17", kill_on_drop: false }`
[INFO] [stderr]    Compiling typenum v1.16.0
[INFO] [stderr]    Compiling generic-array v0.14.7
[INFO] [stderr]    Compiling libc v0.2.142
[INFO] [stderr]    Compiling ppv-lite86 v0.2.17
[INFO] [stderr]    Compiling cpufeatures v0.2.7
[INFO] [stderr]    Compiling getrandom v0.2.9
[INFO] [stderr]    Compiling rand_core v0.6.4
[INFO] [stderr]    Compiling rand_chacha v0.3.1
[INFO] [stderr]    Compiling rand v0.8.5
[INFO] [stderr]    Compiling crypto-common v0.1.6
[INFO] [stderr]    Compiling block-buffer v0.10.4
[INFO] [stderr]    Compiling digest v0.10.6
[INFO] [stderr]    Compiling sha2 v0.10.6
[INFO] [stderr]    Compiling benu v0.0.1-rc0 (/opt/rustwide/workdir)
[INFO] [stderr]     Finished dev [unoptimized + debuginfo] target(s) in 3.56s
[INFO] running `Command { std: "docker" "inspect" "666ee1739c79ce3eff1f020b922dc987f740305cf208652a20787ea00550ff17", kill_on_drop: false }`
[INFO] running `Command { std: "docker" "rm" "-f" "666ee1739c79ce3eff1f020b922dc987f740305cf208652a20787ea00550ff17", kill_on_drop: false }`
[INFO] [stdout] 666ee1739c79ce3eff1f020b922dc987f740305cf208652a20787ea00550ff17
[INFO] running `Command { std: "docker" "create" "-v" "/var/lib/crater-agent-workspace/builds/worker-3-tc2/target:/opt/rustwide/target:rw,Z" "-v" "/var/lib/crater-agent-workspace/builds/worker-3-tc2/source:/opt/rustwide/workdir:ro,Z" "-v" "/var/lib/crater-agent-workspace/cargo-home:/opt/rustwide/cargo-home:ro,Z" "-v" "/var/lib/crater-agent-workspace/rustup-home:/opt/rustwide/rustup-home:ro,Z" "-e" "SOURCE_DIR=/opt/rustwide/workdir" "-e" "CARGO_TARGET_DIR=/opt/rustwide/target" "-e" "CARGO_INCREMENTAL=0" "-e" "RUST_BACKTRACE=full" "-e" "RUSTFLAGS=--cap-lints=warn" "-e" "RUSTDOCFLAGS=--cap-lints=warn" "-e" "CARGO_HOME=/opt/rustwide/cargo-home" "-e" "RUSTUP_HOME=/opt/rustwide/rustup-home" "-w" "/opt/rustwide/workdir" "-m" "1610612736" "--user" "0:0" "--network" "none" "ghcr.io/rust-lang/crates-build-env/linux@sha256:5ff2268d62e97bff2cde7d5815dd6ed5b47097566f13b8d0ca110b04b60e07ed" "/opt/rustwide/cargo-home/bin/cargo" "+beta-2023-04-20" "test" "--frozen" "--no-run" "--message-format=json", kill_on_drop: false }`
[INFO] [stdout] 6ae90d6aa72cfa56be6c5e347101a7343a96c07a4db9a5a1a81e66037b4f14a2
[INFO] running `Command { std: "docker" "start" "-a" "6ae90d6aa72cfa56be6c5e347101a7343a96c07a4db9a5a1a81e66037b4f14a2", kill_on_drop: false }`
[INFO] [stderr]     Blocking waiting for file lock on package cache
[INFO] [stderr]    Compiling benu v0.0.1-rc0 (/opt/rustwide/workdir)
[INFO] [stderr]     Finished test [unoptimized + debuginfo] target(s) in 1.00s
[INFO] running `Command { std: "docker" "inspect" "6ae90d6aa72cfa56be6c5e347101a7343a96c07a4db9a5a1a81e66037b4f14a2", kill_on_drop: false }`
[INFO] running `Command { std: "docker" "rm" "-f" "6ae90d6aa72cfa56be6c5e347101a7343a96c07a4db9a5a1a81e66037b4f14a2", kill_on_drop: false }`
[INFO] [stdout] 6ae90d6aa72cfa56be6c5e347101a7343a96c07a4db9a5a1a81e66037b4f14a2
[INFO] running `Command { std: "docker" "create" "-v" "/var/lib/crater-agent-workspace/builds/worker-3-tc2/target:/opt/rustwide/target:rw,Z" "-v" "/var/lib/crater-agent-workspace/builds/worker-3-tc2/source:/opt/rustwide/workdir:ro,Z" "-v" "/var/lib/crater-agent-workspace/cargo-home:/opt/rustwide/cargo-home:ro,Z" "-v" "/var/lib/crater-agent-workspace/rustup-home:/opt/rustwide/rustup-home:ro,Z" "-e" "SOURCE_DIR=/opt/rustwide/workdir" "-e" "CARGO_TARGET_DIR=/opt/rustwide/target" "-e" "CARGO_INCREMENTAL=0" "-e" "RUST_BACKTRACE=full" "-e" "RUSTFLAGS=--cap-lints=warn" "-e" "RUSTDOCFLAGS=--cap-lints=warn" "-e" "CARGO_HOME=/opt/rustwide/cargo-home" "-e" "RUSTUP_HOME=/opt/rustwide/rustup-home" "-w" "/opt/rustwide/workdir" "-m" "1610612736" "--user" "0:0" "--network" "none" "ghcr.io/rust-lang/crates-build-env/linux@sha256:5ff2268d62e97bff2cde7d5815dd6ed5b47097566f13b8d0ca110b04b60e07ed" "/opt/rustwide/cargo-home/bin/cargo" "+beta-2023-04-20" "test" "--frozen", kill_on_drop: false }`
[INFO] [stdout] 91c9b459e404025cc66eb8336aa2ab0f3bd11ecc9751245ab81ac60bf9ee731f
[INFO] running `Command { std: "docker" "start" "-a" "91c9b459e404025cc66eb8336aa2ab0f3bd11ecc9751245ab81ac60bf9ee731f", kill_on_drop: false }`
[INFO] [stderr]     Finished test [unoptimized + debuginfo] target(s) in 0.01s
[INFO] [stderr]      Running unittests src/lib.rs (/opt/rustwide/target/debug/deps/benu-5e9c45ad4839ce1c)
[INFO] [stdout] 
[INFO] [stdout] running 2 tests
[INFO] [stdout] test format::varint::varint_test ... ok
[INFO] [stdout] test test::test ... ok
[INFO] [stdout] 
[INFO] [stdout] test result: ok. 2 passed; 0 failed; 0 ignored; 0 measured; 0 filtered out; finished in 0.00s
[INFO] [stdout] 
[INFO] [stderr]    Doc-tests benu
[INFO] [stdout] 
[INFO] [stdout] running 10 tests
[INFO] [stdout] test src/data/data.rs - data::data::TokenData<'a>::as_bytes (line 32) - compile ... FAILED
[INFO] [stdout] test src/data/data.rs - data::data::TokenData (line 12) - compile ... FAILED
[INFO] [stdout] test src/model/header.rs - model::header::Header (line 40) - compile ... ok
[INFO] [stdout] test src/data/data.rs - data::data::TokenData<'a>::as_str (line 53) - compile ... FAILED
[INFO] [stdout] test src/data/data.rs - data::data::TokenData<'a>::as_utf8_string (line 77) - compile ... FAILED
[INFO] [stdout] test src/data/timestamp.rs - data::timestamp::TokenTimestamp::add_seconds (line 61) ... ok
[INFO] [stdout] test src/data/timestamp.rs - data::timestamp::AsTimestamp (line 119) ... ok
[INFO] [stdout] test src/model/header.rs - model::header::Header (line 11) ... ok
[INFO] [stdout] test src/data/timestamp.rs - data::timestamp::TokenTimestamp (line 19) ... ok
[INFO] [stderr] error: doctest failed, to rerun pass `--doc`
[INFO] [stdout] test src/model/header.rs - model::header::Header (line 23) ... FAILED
[INFO] [stdout] 
[INFO] [stdout] failures:
[INFO] [stdout] 
[INFO] [stdout] ---- src/data/data.rs - data::data::TokenData<'a>::as_bytes (line 32) stdout ----
[INFO] [stdout] error: format argument must be a string literal
[INFO] [stdout]   --> src/data/data.rs:43:30
[INFO] [stdout]    |
[INFO] [stdout] 14 | assert!(subject.as_bytes() , *&b"ferris");
[INFO] [stdout]    |                              ^^^^^^^^^^^
[INFO] [stdout]    |
[INFO] [stdout] help: you might be missing a string literal to format with
[INFO] [stdout]    |
[INFO] [stdout] 14 | assert!(subject.as_bytes() , "{}", *&b"ferris");
[INFO] [stdout]    |                              +++++
[INFO] [stdout] 
[INFO] [stdout] error[E0600]: cannot apply unary operator `!` to type `&[u8]`
[INFO] [stdout]   --> src/data/data.rs:43:1
[INFO] [stdout]    |
[INFO] [stdout] 14 | assert!(subject.as_bytes() , *&b"ferris");
[INFO] [stdout]    | ^^^^^^^^^^^^^^^^^^^^^^^^^^^^^^^^^^^^^^^^^ cannot apply unary operator `!`
[INFO] [stdout]    |
[INFO] [stdout]    = note: this error originates in the macro `assert` (in Nightly builds, run with -Z macro-backtrace for more info)
[INFO] [stdout] 
[INFO] [stdout] error: aborting due to 2 previous errors
[INFO] [stdout] 
[INFO] [stdout] For more information about this error, try `rustc --explain E0600`.
[INFO] [stdout] Couldn't compile the test.
[INFO] [stdout] ---- src/data/data.rs - data::data::TokenData (line 12) stdout ----
[INFO] [stdout] error: format argument must be a string literal
[INFO] [stdout]   --> src/data/data.rs:23:28
[INFO] [stdout]    |
[INFO] [stdout] 14 | assert!(subject.as_ref() , *&b"ferris");
[INFO] [stdout]    |                            ^^^^^^^^^^^
[INFO] [stdout]    |
[INFO] [stdout] help: you might be missing a string literal to format with
[INFO] [stdout]    |
[INFO] [stdout] 14 | assert!(subject.as_ref() , "{}", *&b"ferris");
[INFO] [stdout]    |                            +++++
[INFO] [stdout] 
[INFO] [stdout] error[E0600]: cannot apply unary operator `!` to type `&[u8]`
[INFO] [stdout]   --> src/data/data.rs:23:1
[INFO] [stdout]    |
[INFO] [stdout] 14 | assert!(subject.as_ref() , *&b"ferris");
[INFO] [stdout]    | ^^^^^^^^^^^^^^^^^^^^^^^^^^^^^^^^^^^^^^^ cannot apply unary operator `!`
[INFO] [stdout]    |
[INFO] [stdout]    = note: this error originates in the macro `assert` (in Nightly builds, run with -Z macro-backtrace for more info)
[INFO] [stdout] 
[INFO] [stdout] error: aborting due to 2 previous errors
[INFO] [stdout] 
[INFO] [stdout] For more information about this error, try `rustc --explain E0600`.
[INFO] [stdout] Couldn't compile the test.
[INFO] [stdout] ---- src/data/data.rs - data::data::TokenData<'a>::as_str (line 53) stdout ----
[INFO] [stdout] error[E0600]: cannot apply unary operator `!` to type `Cow<'_, str>`
[INFO] [stdout]   --> src/data/data.rs:67:1
[INFO] [stdout]    |
[INFO] [stdout] 17 | assert!(subject , "ferris")
[INFO] [stdout]    | ^^^^^^^^^^^^^^^^^^^^^^^^^^^ cannot apply unary operator `!`
[INFO] [stdout]    |
[INFO] [stdout]    = note: this error originates in the macro `assert` (in Nightly builds, run with -Z macro-backtrace for more info)
[INFO] [stdout] 
[INFO] [stdout] error: aborting due to previous error
[INFO] [stdout] 
[INFO] [stdout] For more information about this error, try `rustc --explain E0600`.
[INFO] [stdout] Couldn't compile the test.
[INFO] [stdout] ---- src/data/data.rs - data::data::TokenData<'a>::as_utf8_string (line 77) stdout ----
[INFO] [stdout] error: expected `,`, found `.`
[INFO] [stdout]   --> src/data/data.rs:90:26
[INFO] [stdout]    |
[INFO] [stdout] 16 | assert!(subject, "ferris".to_string())
[INFO] [stdout]    |                          ^ expected `,`
[INFO] [stdout] 
[INFO] [stdout] error: argument never used
[INFO] [stdout]   --> src/data/data.rs:90:27
[INFO] [stdout]    |
[INFO] [stdout] 16 | assert!(subject, "ferris".to_string())
[INFO] [stdout]    |                  -------- ^^^^^^^^^^^ argument never used
[INFO] [stdout]    |                  |
[INFO] [stdout]    |                  formatting specifier missing
[INFO] [stdout] 
[INFO] [stdout] error[E0600]: cannot apply unary operator `!` to type `String`
[INFO] [stdout]   --> src/data/data.rs:90:1
[INFO] [stdout]    |
[INFO] [stdout] 16 | assert!(subject, "ferris".to_string())
[INFO] [stdout]    | ^^^^^^^^^^^^^^^^^^^^^^^^^^^^^^^^^^^^^^ cannot apply unary operator `!`
[INFO] [stdout]    |
[INFO] [stdout]    = note: this error originates in the macro `assert` (in Nightly builds, run with -Z macro-backtrace for more info)
[INFO] [stdout] 
[INFO] [stdout] error[E0425]: cannot find function `to_string` in this scope
[INFO] [stdout]   --> src/data/data.rs:90:27
[INFO] [stdout]    |
[INFO] [stdout] 16 | assert!(subject, "ferris".to_string())
[INFO] [stdout]    |                           ^^^^^^^^^ not found in this scope
[INFO] [stdout] 
[INFO] [stdout] error: aborting due to 4 previous errors
[INFO] [stdout] 
[INFO] [stdout] Some errors have detailed explanations: E0425, E0600.
[INFO] [stdout] For more information about an error, try `rustc --explain E0425`.
[INFO] [stdout] Couldn't compile the test.
[INFO] [stdout] ---- src/model/header.rs - model::header::Header (line 23) stdout ----
[INFO] [stdout] Test executable failed (exit status: 101).
[INFO] [stdout] 
[INFO] [stdout] stderr:
[INFO] [stdout] thread 'main' panicked at 'called `Result::unwrap()` on an `Err` value: ExpectedPrefix', src/model/header.rs:8:6
[INFO] [stdout] stack backtrace:
[INFO] [stdout]    0:     0x559a47c54ffa - std::backtrace_rs::backtrace::libunwind::trace::h2f05d0192276a8f6
[INFO] [stdout]                                at /rustc/1b7dd2252b99671ce5d1cb9664c5f8636329436d/library/std/src/../../backtrace/src/backtrace/libunwind.rs:93:5
[INFO] [stdout]    1:     0x559a47c54ffa - std::backtrace_rs::backtrace::trace_unsynchronized::hedc23dff7a1af150
[INFO] [stdout]                                at /rustc/1b7dd2252b99671ce5d1cb9664c5f8636329436d/library/std/src/../../backtrace/src/backtrace/mod.rs:66:5
[INFO] [stdout]    2:     0x559a47c54ffa - std::sys_common::backtrace::_print_fmt::h17541ef7592f3ce2
[INFO] [stdout]                                at /rustc/1b7dd2252b99671ce5d1cb9664c5f8636329436d/library/std/src/sys_common/backtrace.rs:65:5
[INFO] [stdout]    3:     0x559a47c54ffa - <std::sys_common::backtrace::_print::DisplayBacktrace as core::fmt::Display>::fmt::h20f75df5ab0c0792
[INFO] [stdout]                                at /rustc/1b7dd2252b99671ce5d1cb9664c5f8636329436d/library/std/src/sys_common/backtrace.rs:44:22
[INFO] [stdout]    4:     0x559a47c6f14f - core::fmt::write::h78109e6f466b3af6
[INFO] [stdout]                                at /rustc/1b7dd2252b99671ce5d1cb9664c5f8636329436d/library/core/src/fmt/mod.rs:1254:17
[INFO] [stdout]    5:     0x559a47c52e55 - std::io::Write::write_fmt::hc59e1b02dd273c8a
[INFO] [stdout]                                at /rustc/1b7dd2252b99671ce5d1cb9664c5f8636329436d/library/std/src/io/mod.rs:1698:15
[INFO] [stdout]    6:     0x559a47c54dc5 - std::sys_common::backtrace::_print::h8dac57a9f8fbf9a5
[INFO] [stdout]                                at /rustc/1b7dd2252b99671ce5d1cb9664c5f8636329436d/library/std/src/sys_common/backtrace.rs:47:5
[INFO] [stdout]    7:     0x559a47c54dc5 - std::sys_common::backtrace::print::hf9ecbf41d1aa712f
[INFO] [stdout]                                at /rustc/1b7dd2252b99671ce5d1cb9664c5f8636329436d/library/std/src/sys_common/backtrace.rs:34:9
[INFO] [stdout]    8:     0x559a47c5634e - std::panicking::default_hook::{{closure}}::h04c07acfc84ca028
[INFO] [stdout]                                at /rustc/1b7dd2252b99671ce5d1cb9664c5f8636329436d/library/std/src/panicking.rs:269:22
[INFO] [stdout]    9:     0x559a47c560f5 - std::panicking::default_hook::h01f6bb23e1eceb2c
[INFO] [stdout]                                at /rustc/1b7dd2252b99671ce5d1cb9664c5f8636329436d/library/std/src/panicking.rs:288:9
[INFO] [stdout]   10:     0x559a47c568ae - std::panicking::rust_panic_with_hook::h2bb3722bbaf2f6df
[INFO] [stdout]                                at /rustc/1b7dd2252b99671ce5d1cb9664c5f8636329436d/library/std/src/panicking.rs:691:13
[INFO] [stdout]   11:     0x559a47c567a9 - std::panicking::begin_panic_handler::{{closure}}::h91bc7f36a4be011b
[INFO] [stdout]                                at /rustc/1b7dd2252b99671ce5d1cb9664c5f8636329436d/library/std/src/panicking.rs:582:13
[INFO] [stdout]   12:     0x559a47c55466 - std::sys_common::backtrace::__rust_end_short_backtrace::h8b3d3717114f9e59
[INFO] [stdout]                                at /rustc/1b7dd2252b99671ce5d1cb9664c5f8636329436d/library/std/src/sys_common/backtrace.rs:150:18
[INFO] [stdout]   13:     0x559a47c56502 - rust_begin_unwind
[INFO] [stdout]                                at /rustc/1b7dd2252b99671ce5d1cb9664c5f8636329436d/library/std/src/panicking.rs:578:5
[INFO] [stdout]   14:     0x559a47c3bf23 - core::panicking::panic_fmt::hfd368e3fbdabea26
[INFO] [stdout]                                at /rustc/1b7dd2252b99671ce5d1cb9664c5f8636329436d/library/core/src/panicking.rs:67:14
[INFO] [stdout]   15:     0x559a47c3c313 - core::result::unwrap_failed::he54eb4b2f125b26f
[INFO] [stdout]                                at /rustc/1b7dd2252b99671ce5d1cb9664c5f8636329436d/library/core/src/result.rs:1687:5
[INFO] [stdout]   16:     0x559a47c3c749 - core::result::Result<T,E>::unwrap::hb8ab901e577eaf44
[INFO] [stdout]   17:     0x559a47c3c7cc - rust_out::main::_doctest_main_src_model_header_rs_23_0::h7b10c2b98203d75d
[INFO] [stdout]   18:     0x559a47c3c786 - rust_out::main::h2731449a68dfa004
[INFO] [stdout]   19:     0x559a47c3c5e3 - core::ops::function::FnOnce::call_once::hd1715aa1b26fc35c
[INFO] [stdout]   20:     0x559a47c3c526 - std::sys_common::backtrace::__rust_begin_short_backtrace::h8d2b4d09ce515535
[INFO] [stdout]   21:     0x559a47c3c579 - std::rt::lang_start::{{closure}}::hc9a918c63b0dc835
[INFO] [stdout]   22:     0x559a47c5145e - core::ops::function::impls::<impl core::ops::function::FnOnce<A> for &F>::call_once::h2eb19b8ce4148df4
[INFO] [stdout]                                at /rustc/1b7dd2252b99671ce5d1cb9664c5f8636329436d/library/core/src/ops/function.rs:287:13
[INFO] [stdout]   23:     0x559a47c5145e - std::panicking::try::do_call::h2e900feff5d504c5
[INFO] [stdout]                                at /rustc/1b7dd2252b99671ce5d1cb9664c5f8636329436d/library/std/src/panicking.rs:485:40
[INFO] [stdout]   24:     0x559a47c5145e - std::panicking::try::h8854836cb85aa9f2
[INFO] [stdout]                                at /rustc/1b7dd2252b99671ce5d1cb9664c5f8636329436d/library/std/src/panicking.rs:449:19
[INFO] [stdout]   25:     0x559a47c5145e - std::panic::catch_unwind::h706025dd4c48f64b
[INFO] [stdout]                                at /rustc/1b7dd2252b99671ce5d1cb9664c5f8636329436d/library/std/src/panic.rs:140:14
[INFO] [stdout]   26:     0x559a47c5145e - std::rt::lang_start_internal::{{closure}}::h7be5b97f4a07a91a
[INFO] [stdout]                                at /rustc/1b7dd2252b99671ce5d1cb9664c5f8636329436d/library/std/src/rt.rs:148:48
[INFO] [stdout]   27:     0x559a47c5145e - std::panicking::try::do_call::h59847e9d0a176965
[INFO] [stdout]                                at /rustc/1b7dd2252b99671ce5d1cb9664c5f8636329436d/library/std/src/panicking.rs:485:40
[INFO] [stdout]   28:     0x559a47c5145e - std::panicking::try::h399a918ba8522823
[INFO] [stdout]                                at /rustc/1b7dd2252b99671ce5d1cb9664c5f8636329436d/library/std/src/panicking.rs:449:19
[INFO] [stdout]   29:     0x559a47c5145e - std::panic::catch_unwind::hca7ca6c55b2a2e26
[INFO] [stdout]                                at /rustc/1b7dd2252b99671ce5d1cb9664c5f8636329436d/library/std/src/panic.rs:140:14
[INFO] [stdout]   30:     0x559a47c5145e - std::rt::lang_start_internal::h2c807a81560459eb
[INFO] [stdout]                                at /rustc/1b7dd2252b99671ce5d1cb9664c5f8636329436d/library/std/src/rt.rs:148:20
[INFO] [stdout]   31:     0x559a47c3c557 - std::rt::lang_start::hc4bd3329ce767e23
[INFO] [stdout]   32:     0x559a47c3c835 - main
[INFO] [stdout]   33:     0x7f38645d9d90 - <unknown>
[INFO] [stdout]   34:     0x7f38645d9e40 - __libc_start_main
[INFO] [stdout]   35:     0x559a47c3c455 - _start
[INFO] [stdout]   36:                0x0 - <unknown>
[INFO] [stdout] 
[INFO] [stdout] 
[INFO] [stdout] 
[INFO] [stdout] failures:
[INFO] [stdout]     src/data/data.rs - data::data::TokenData (line 12)
[INFO] [stdout]     src/data/data.rs - data::data::TokenData<'a>::as_bytes (line 32)
[INFO] [stdout]     src/data/data.rs - data::data::TokenData<'a>::as_str (line 53)
[INFO] [stdout]     src/data/data.rs - data::data::TokenData<'a>::as_utf8_string (line 77)
[INFO] [stdout]     src/model/header.rs - model::header::Header (line 23)
[INFO] [stdout] 
[INFO] [stdout] test result: FAILED. 5 passed; 5 failed; 0 ignored; 0 measured; 0 filtered out; finished in 0.47s
[INFO] [stdout] 
[INFO] running `Command { std: "docker" "inspect" "91c9b459e404025cc66eb8336aa2ab0f3bd11ecc9751245ab81ac60bf9ee731f", kill_on_drop: false }`
[INFO] running `Command { std: "docker" "rm" "-f" "91c9b459e404025cc66eb8336aa2ab0f3bd11ecc9751245ab81ac60bf9ee731f", kill_on_drop: false }`
[INFO] [stdout] 91c9b459e404025cc66eb8336aa2ab0f3bd11ecc9751245ab81ac60bf9ee731f
