[INFO] fetching crate beautiful_output 0.1.3...
[INFO] testing beautiful_output-0.1.3 against 1.69.0 for beta-1.70-1
[INFO] extracting crate beautiful_output 0.1.3 into /workspace/builds/worker-1-tc1/source
[INFO] validating manifest of crates.io crate beautiful_output 0.1.3 on toolchain 1.69.0
[INFO] running `Command { std: CARGO_HOME="/workspace/cargo-home" RUSTUP_HOME="/workspace/rustup-home" "/workspace/cargo-home/bin/cargo" "+1.69.0" "metadata" "--manifest-path" "Cargo.toml" "--no-deps", kill_on_drop: false }`
[INFO] started tweaking crates.io crate beautiful_output 0.1.3
[INFO] finished tweaking crates.io crate beautiful_output 0.1.3
[INFO] tweaked toml for crates.io crate beautiful_output 0.1.3 written to /workspace/builds/worker-1-tc1/source/Cargo.toml
[INFO] running `Command { std: CARGO_HOME="/workspace/cargo-home" RUSTUP_HOME="/workspace/rustup-home" __CARGO_TEST_CHANNEL_OVERRIDE_DO_NOT_USE_THIS="nightly" "/workspace/cargo-home/bin/cargo" "+1.69.0" "generate-lockfile" "--manifest-path" "Cargo.toml" "-Zno-index-update", kill_on_drop: false }`
[INFO] running `Command { std: CARGO_HOME="/workspace/cargo-home" RUSTUP_HOME="/workspace/rustup-home" "/workspace/cargo-home/bin/cargo" "+1.69.0" "fetch" "--manifest-path" "Cargo.toml", kill_on_drop: false }`
[INFO] running `Command { std: "docker" "create" "-v" "/var/lib/crater-agent-workspace/builds/worker-1-tc1/target:/opt/rustwide/target:rw,Z" "-v" "/var/lib/crater-agent-workspace/builds/worker-1-tc1/source:/opt/rustwide/workdir:ro,Z" "-v" "/var/lib/crater-agent-workspace/cargo-home:/opt/rustwide/cargo-home:ro,Z" "-v" "/var/lib/crater-agent-workspace/rustup-home:/opt/rustwide/rustup-home:ro,Z" "-e" "SOURCE_DIR=/opt/rustwide/workdir" "-e" "CARGO_TARGET_DIR=/opt/rustwide/target" "-e" "CARGO_HOME=/opt/rustwide/cargo-home" "-e" "RUSTUP_HOME=/opt/rustwide/rustup-home" "-w" "/opt/rustwide/workdir" "-m" "1610612736" "--user" "0:0" "--network" "none" "ghcr.io/rust-lang/crates-build-env/linux@sha256:5ff2268d62e97bff2cde7d5815dd6ed5b47097566f13b8d0ca110b04b60e07ed" "/opt/rustwide/cargo-home/bin/cargo" "+1.69.0" "metadata" "--no-deps" "--format-version=1", kill_on_drop: false }`
[INFO] [stdout] ada58afa0e4513fb6205d9e3e2567920d95587fa8647e8ff32c3ac9d4b9d7b17
[INFO] running `Command { std: "docker" "start" "-a" "ada58afa0e4513fb6205d9e3e2567920d95587fa8647e8ff32c3ac9d4b9d7b17", kill_on_drop: false }`
[INFO] running `Command { std: "docker" "inspect" "ada58afa0e4513fb6205d9e3e2567920d95587fa8647e8ff32c3ac9d4b9d7b17", kill_on_drop: false }`
[INFO] running `Command { std: "docker" "rm" "-f" "ada58afa0e4513fb6205d9e3e2567920d95587fa8647e8ff32c3ac9d4b9d7b17", kill_on_drop: false }`
[INFO] [stdout] ada58afa0e4513fb6205d9e3e2567920d95587fa8647e8ff32c3ac9d4b9d7b17
[INFO] running `Command { std: "docker" "create" "-v" "/var/lib/crater-agent-workspace/builds/worker-1-tc1/target:/opt/rustwide/target:rw,Z" "-v" "/var/lib/crater-agent-workspace/builds/worker-1-tc1/source:/opt/rustwide/workdir:ro,Z" "-v" "/var/lib/crater-agent-workspace/cargo-home:/opt/rustwide/cargo-home:ro,Z" "-v" "/var/lib/crater-agent-workspace/rustup-home:/opt/rustwide/rustup-home:ro,Z" "-e" "SOURCE_DIR=/opt/rustwide/workdir" "-e" "CARGO_TARGET_DIR=/opt/rustwide/target" "-e" "CARGO_INCREMENTAL=0" "-e" "RUST_BACKTRACE=full" "-e" "RUSTFLAGS=--cap-lints=warn" "-e" "RUSTDOCFLAGS=--cap-lints=warn" "-e" "CARGO_HOME=/opt/rustwide/cargo-home" "-e" "RUSTUP_HOME=/opt/rustwide/rustup-home" "-w" "/opt/rustwide/workdir" "-m" "1610612736" "--user" "0:0" "--network" "none" "ghcr.io/rust-lang/crates-build-env/linux@sha256:5ff2268d62e97bff2cde7d5815dd6ed5b47097566f13b8d0ca110b04b60e07ed" "/opt/rustwide/cargo-home/bin/cargo" "+1.69.0" "build" "--frozen" "--message-format=json", kill_on_drop: false }`
[INFO] [stdout] c4ae1f91e2ea7ceec18f9e0b9bcd26f7f332425594dccd780e26748fc789698d
[INFO] running `Command { std: "docker" "start" "-a" "c4ae1f91e2ea7ceec18f9e0b9bcd26f7f332425594dccd780e26748fc789698d", kill_on_drop: false }`
[INFO] [stderr]    Compiling beautiful_output v0.1.3 (/opt/rustwide/workdir)
[INFO] [stderr]     Finished dev [unoptimized + debuginfo] target(s) in 0.22s
[INFO] running `Command { std: "docker" "inspect" "c4ae1f91e2ea7ceec18f9e0b9bcd26f7f332425594dccd780e26748fc789698d", kill_on_drop: false }`
[INFO] running `Command { std: "docker" "rm" "-f" "c4ae1f91e2ea7ceec18f9e0b9bcd26f7f332425594dccd780e26748fc789698d", kill_on_drop: false }`
[INFO] [stdout] c4ae1f91e2ea7ceec18f9e0b9bcd26f7f332425594dccd780e26748fc789698d
[INFO] running `Command { std: "docker" "create" "-v" "/var/lib/crater-agent-workspace/builds/worker-1-tc1/target:/opt/rustwide/target:rw,Z" "-v" "/var/lib/crater-agent-workspace/builds/worker-1-tc1/source:/opt/rustwide/workdir:ro,Z" "-v" "/var/lib/crater-agent-workspace/cargo-home:/opt/rustwide/cargo-home:ro,Z" "-v" "/var/lib/crater-agent-workspace/rustup-home:/opt/rustwide/rustup-home:ro,Z" "-e" "SOURCE_DIR=/opt/rustwide/workdir" "-e" "CARGO_TARGET_DIR=/opt/rustwide/target" "-e" "CARGO_INCREMENTAL=0" "-e" "RUST_BACKTRACE=full" "-e" "RUSTFLAGS=--cap-lints=warn" "-e" "RUSTDOCFLAGS=--cap-lints=warn" "-e" "CARGO_HOME=/opt/rustwide/cargo-home" "-e" "RUSTUP_HOME=/opt/rustwide/rustup-home" "-w" "/opt/rustwide/workdir" "-m" "1610612736" "--user" "0:0" "--network" "none" "ghcr.io/rust-lang/crates-build-env/linux@sha256:5ff2268d62e97bff2cde7d5815dd6ed5b47097566f13b8d0ca110b04b60e07ed" "/opt/rustwide/cargo-home/bin/cargo" "+1.69.0" "test" "--frozen" "--no-run" "--message-format=json", kill_on_drop: false }`
[INFO] [stdout] 07b12b35266e572a1e126e7f240e68fbc2b71860d15e8c489d09b3b5850e5218
[INFO] running `Command { std: "docker" "start" "-a" "07b12b35266e572a1e126e7f240e68fbc2b71860d15e8c489d09b3b5850e5218", kill_on_drop: false }`
[INFO] [stderr]    Compiling beautiful_output v0.1.3 (/opt/rustwide/workdir)
[INFO] [stderr]     Finished test [unoptimized + debuginfo] target(s) in 0.36s
[INFO] running `Command { std: "docker" "inspect" "07b12b35266e572a1e126e7f240e68fbc2b71860d15e8c489d09b3b5850e5218", kill_on_drop: false }`
[INFO] running `Command { std: "docker" "rm" "-f" "07b12b35266e572a1e126e7f240e68fbc2b71860d15e8c489d09b3b5850e5218", kill_on_drop: false }`
[INFO] [stdout] 07b12b35266e572a1e126e7f240e68fbc2b71860d15e8c489d09b3b5850e5218
[INFO] running `Command { std: "docker" "create" "-v" "/var/lib/crater-agent-workspace/builds/worker-1-tc1/target:/opt/rustwide/target:rw,Z" "-v" "/var/lib/crater-agent-workspace/builds/worker-1-tc1/source:/opt/rustwide/workdir:ro,Z" "-v" "/var/lib/crater-agent-workspace/cargo-home:/opt/rustwide/cargo-home:ro,Z" "-v" "/var/lib/crater-agent-workspace/rustup-home:/opt/rustwide/rustup-home:ro,Z" "-e" "SOURCE_DIR=/opt/rustwide/workdir" "-e" "CARGO_TARGET_DIR=/opt/rustwide/target" "-e" "CARGO_INCREMENTAL=0" "-e" "RUST_BACKTRACE=full" "-e" "RUSTFLAGS=--cap-lints=warn" "-e" "RUSTDOCFLAGS=--cap-lints=warn" "-e" "CARGO_HOME=/opt/rustwide/cargo-home" "-e" "RUSTUP_HOME=/opt/rustwide/rustup-home" "-w" "/opt/rustwide/workdir" "-m" "1610612736" "--user" "0:0" "--network" "none" "ghcr.io/rust-lang/crates-build-env/linux@sha256:5ff2268d62e97bff2cde7d5815dd6ed5b47097566f13b8d0ca110b04b60e07ed" "/opt/rustwide/cargo-home/bin/cargo" "+1.69.0" "test" "--frozen", kill_on_drop: false }`
[INFO] [stdout] c9f2d494aaab8e70af750861961925373f1ec0db84d125a00bd05f60f25b909a
[INFO] running `Command { std: "docker" "start" "-a" "c9f2d494aaab8e70af750861961925373f1ec0db84d125a00bd05f60f25b909a", kill_on_drop: false }`
[INFO] [stderr]     Finished test [unoptimized + debuginfo] target(s) in 0.00s
[INFO] [stderr]      Running unittests src/lib.rs (/opt/rustwide/target/debug/deps/beautiful_output-ca3c63c761ab0ecc)
[INFO] [stdout] 
[INFO] [stdout] running 0 tests
[INFO] [stdout] 
[INFO] [stdout] test result: ok. 0 passed; 0 failed; 0 ignored; 0 measured; 0 filtered out; finished in 0.00s
[INFO] [stdout] 
[INFO] [stderr]    Doc-tests beautiful_output
[INFO] [stdout] 
[INFO] [stdout] running 1 test
[INFO] [stdout] test src/lib.rs - print (line 14) ... FAILED
[INFO] [stdout] 
[INFO] [stdout] failures:
[INFO] [stdout] 
[INFO] [stdout] ---- src/lib.rs - print (line 14) stdout ----
[INFO] [stdout] error: expected type, found `-`
[INFO] [stdout]  --> src/lib.rs:18:9
[INFO] [stdout]   |
[INFO] [stdout] 6 | Output :-
[INFO] [stdout]   |        -^ expected type
[INFO] [stdout]   |        |
[INFO] [stdout]   |        tried to parse a type due to this
[INFO] [stdout] 
[INFO] [stdout] error[E0423]: expected function, found macro `print`
[INFO] [stdout]  --> src/lib.rs:16:1
[INFO] [stdout]   |
[INFO] [stdout] 4 | print("Hello World!",3,7,"Output :-","-","|","+");
[INFO] [stdout]   | ^^^^^ not a function
[INFO] [stdout]   |
[INFO] [stdout] help: use `!` to invoke the macro
[INFO] [stdout]   |
[INFO] [stdout] 4 | print!("Hello World!",3,7,"Output :-","-","|","+");
[INFO] [stdout]   |      +
[INFO] [stdout] help: consider importing this function instead
[INFO] [stdout]   |
[INFO] [stdout] 3 | use beautiful_output::print;
[INFO] [stdout]   |
[INFO] [stdout] 
[INFO] [stdout] error: aborting due to 2 previous errors
[INFO] [stdout] 
[INFO] [stdout] For more information about this error, try `rustc --explain E0423`.
[INFO] [stdout] Couldn't compile the test.
[INFO] [stdout] 
[INFO] [stdout] failures:
[INFO] [stdout]     src/lib.rs - print (line 14)
[INFO] [stdout] 
[INFO] [stdout] test result: FAILED. 0 passed; 1 failed; 0 ignored; 0 measured; 0 filtered out; finished in 0.06s
[INFO] [stdout] 
[INFO] [stderr] error: doctest failed, to rerun pass `--doc`
[INFO] running `Command { std: "docker" "inspect" "c9f2d494aaab8e70af750861961925373f1ec0db84d125a00bd05f60f25b909a", kill_on_drop: false }`
[INFO] running `Command { std: "docker" "rm" "-f" "c9f2d494aaab8e70af750861961925373f1ec0db84d125a00bd05f60f25b909a", kill_on_drop: false }`
[INFO] [stdout] c9f2d494aaab8e70af750861961925373f1ec0db84d125a00bd05f60f25b909a
