[INFO] fetching crate basyx-rs 0.1.0...
[INFO] testing basyx-rs-0.1.0 against 1.69.0 for beta-1.70-1
[INFO] extracting crate basyx-rs 0.1.0 into /workspace/builds/worker-7-tc1/source
[INFO] validating manifest of crates.io crate basyx-rs 0.1.0 on toolchain 1.69.0
[INFO] running `Command { std: CARGO_HOME="/workspace/cargo-home" RUSTUP_HOME="/workspace/rustup-home" "/workspace/cargo-home/bin/cargo" "+1.69.0" "metadata" "--manifest-path" "Cargo.toml" "--no-deps", kill_on_drop: false }`
[INFO] started tweaking crates.io crate basyx-rs 0.1.0
[INFO] finished tweaking crates.io crate basyx-rs 0.1.0
[INFO] tweaked toml for crates.io crate basyx-rs 0.1.0 written to /workspace/builds/worker-7-tc1/source/Cargo.toml
[INFO] crate crates.io crate basyx-rs 0.1.0 already has a lockfile, it will not be regenerated
[INFO] running `Command { std: CARGO_HOME="/workspace/cargo-home" RUSTUP_HOME="/workspace/rustup-home" "/workspace/cargo-home/bin/cargo" "+1.69.0" "fetch" "--manifest-path" "Cargo.toml", kill_on_drop: false }`
[INFO] [stderr]     Blocking waiting for file lock on package cache
[INFO] [stderr]  Downloading crates ...
[INFO] [stderr]   Downloaded fraction v0.9.0
[INFO] [stderr]   Downloaded redox_syscall v0.2.10
[INFO] [stderr]   Downloaded num-complex v0.2.4
[INFO] [stderr]   Downloaded num-iter v0.1.42
[INFO] [stderr]   Downloaded num v0.2.1
[INFO] [stderr]   Downloaded num-cmp v0.1.0
[INFO] [stderr]   Downloaded iso8601 v0.4.0
[INFO] [stderr]   Downloaded tinyvec v1.5.0
[INFO] [stderr]   Downloaded time-macros v0.2.3
[INFO] [stderr]   Downloaded bytecount v0.6.2
[INFO] [stderr]   Downloaded clap_derive v3.0.0-beta.5
[INFO] [stderr]   Downloaded num-rational v0.2.4
[INFO] [stderr]   Downloaded os_str_bytes v4.2.0
[INFO] [stderr]   Downloaded addr2line v0.17.0
[INFO] [stderr]   Downloaded lock_api v0.4.5
[INFO] [stderr]   Downloaded rustc-demangle v0.1.21
[INFO] [stderr]   Downloaded smallvec v1.7.0
[INFO] [stderr]   Downloaded unicode-bidi v0.3.7
[INFO] [stderr]   Downloaded owo-colors v1.3.0
[INFO] [stderr]   Downloaded indexmap v1.7.0
[INFO] [stderr]   Downloaded textwrap v0.14.2
[INFO] [stderr]   Downloaded backtrace v0.3.63
[INFO] [stderr]   Downloaded fancy-regex v0.7.1
[INFO] [stderr]   Downloaded time v0.3.5
[INFO] [stderr]   Downloaded unicode-segmentation v1.8.0
[INFO] [stderr]   Downloaded num-bigint v0.2.6
[INFO] [stderr]   Downloaded unicode-normalization v0.1.19
[INFO] [stderr]   Downloaded serde_json v1.0.68
[INFO] [stderr]   Downloaded clap v3.0.0-beta.5
[INFO] [stderr]   Downloaded object v0.27.1
[INFO] [stderr]   Downloaded libc v0.2.106
[INFO] [stderr]   Downloaded gimli v0.26.1
[INFO] [stderr]   Downloaded color-eyre v0.5.11
[INFO] [stderr]   Downloaded jsonschema v0.13.2
[INFO] running `Command { std: "docker" "create" "-v" "/var/lib/crater-agent-workspace/builds/worker-7-tc1/target:/opt/rustwide/target:rw,Z" "-v" "/var/lib/crater-agent-workspace/builds/worker-7-tc1/source:/opt/rustwide/workdir:ro,Z" "-v" "/var/lib/crater-agent-workspace/cargo-home:/opt/rustwide/cargo-home:ro,Z" "-v" "/var/lib/crater-agent-workspace/rustup-home:/opt/rustwide/rustup-home:ro,Z" "-e" "SOURCE_DIR=/opt/rustwide/workdir" "-e" "CARGO_TARGET_DIR=/opt/rustwide/target" "-e" "CARGO_HOME=/opt/rustwide/cargo-home" "-e" "RUSTUP_HOME=/opt/rustwide/rustup-home" "-w" "/opt/rustwide/workdir" "-m" "1610612736" "--user" "0:0" "--network" "none" "ghcr.io/rust-lang/crates-build-env/linux@sha256:5ff2268d62e97bff2cde7d5815dd6ed5b47097566f13b8d0ca110b04b60e07ed" "/opt/rustwide/cargo-home/bin/cargo" "+1.69.0" "metadata" "--no-deps" "--format-version=1", kill_on_drop: false }`
[INFO] [stdout] bfed88c386505fa5b316ade4c50f71a8daca2db0d1b4cc60aa82717ac5e1d4de
[INFO] running `Command { std: "docker" "start" "-a" "bfed88c386505fa5b316ade4c50f71a8daca2db0d1b4cc60aa82717ac5e1d4de", kill_on_drop: false }`
[INFO] running `Command { std: "docker" "inspect" "bfed88c386505fa5b316ade4c50f71a8daca2db0d1b4cc60aa82717ac5e1d4de", kill_on_drop: false }`
[INFO] running `Command { std: "docker" "rm" "-f" "bfed88c386505fa5b316ade4c50f71a8daca2db0d1b4cc60aa82717ac5e1d4de", kill_on_drop: false }`
[INFO] [stdout] bfed88c386505fa5b316ade4c50f71a8daca2db0d1b4cc60aa82717ac5e1d4de
[INFO] running `Command { std: "docker" "create" "-v" "/var/lib/crater-agent-workspace/builds/worker-7-tc1/target:/opt/rustwide/target:rw,Z" "-v" "/var/lib/crater-agent-workspace/builds/worker-7-tc1/source:/opt/rustwide/workdir:ro,Z" "-v" "/var/lib/crater-agent-workspace/cargo-home:/opt/rustwide/cargo-home:ro,Z" "-v" "/var/lib/crater-agent-workspace/rustup-home:/opt/rustwide/rustup-home:ro,Z" "-e" "SOURCE_DIR=/opt/rustwide/workdir" "-e" "CARGO_TARGET_DIR=/opt/rustwide/target" "-e" "CARGO_INCREMENTAL=0" "-e" "RUST_BACKTRACE=full" "-e" "RUSTFLAGS=--cap-lints=warn" "-e" "RUSTDOCFLAGS=--cap-lints=warn" "-e" "CARGO_HOME=/opt/rustwide/cargo-home" "-e" "RUSTUP_HOME=/opt/rustwide/rustup-home" "-w" "/opt/rustwide/workdir" "-m" "1610612736" "--user" "0:0" "--network" "none" "ghcr.io/rust-lang/crates-build-env/linux@sha256:5ff2268d62e97bff2cde7d5815dd6ed5b47097566f13b8d0ca110b04b60e07ed" "/opt/rustwide/cargo-home/bin/cargo" "+1.69.0" "build" "--frozen" "--message-format=json", kill_on_drop: false }`
[INFO] [stdout] 1fcdb56257ed79f0083b2771b8fb62a3b866ad7a3cf4889c0474559bb62de226
[INFO] running `Command { std: "docker" "start" "-a" "1fcdb56257ed79f0083b2771b8fb62a3b866ad7a3cf4889c0474559bb62de226", kill_on_drop: false }`
[INFO] [stderr]     Blocking waiting for file lock on package cache
[INFO] [stderr]    Compiling autocfg v1.0.1
[INFO] [stderr]    Compiling version_check v0.9.3
[INFO] [stderr]    Compiling proc-macro2 v1.0.32
[INFO] [stderr]    Compiling unicode-xid v0.2.2
[INFO] [stderr]    Compiling libc v0.2.106
[INFO] [stderr]    Compiling memchr v2.4.1
[INFO] [stderr]    Compiling syn v1.0.81
[INFO] [stderr]    Compiling serde_derive v1.0.130
[INFO] [stderr]    Compiling serde v1.0.130
[INFO] [stderr]    Compiling cc v1.0.71
[INFO] [stderr]    Compiling once_cell v1.8.0
[INFO] [stderr]    Compiling parking_lot_core v0.8.5
[INFO] [stderr]    Compiling matches v0.1.9
[INFO] [stderr]    Compiling tinyvec v1.5.0
[INFO] [stderr]    Compiling ryu v1.0.5
[INFO] [stderr]    Compiling instant v0.1.12
[INFO] [stderr]    Compiling serde_json v1.0.68
[INFO] [stderr]    Compiling unicode-segmentation v1.8.0
[INFO] [stderr]    Compiling unicode-bidi v0.3.7
[INFO] [stderr]    Compiling percent-encoding v2.1.0
[INFO] [stderr]    Compiling num-traits v0.2.14
[INFO] [stderr]    Compiling num-integer v0.1.44
[INFO] [stderr]    Compiling num-bigint v0.2.6
[INFO] [stderr]    Compiling proc-macro-error-attr v1.0.4
[INFO] [stderr]    Compiling num-complex v0.2.4
[INFO] [stderr]    Compiling num-iter v0.1.42
[INFO] [stderr]    Compiling num-rational v0.2.4
[INFO] [stderr]    Compiling nom v5.1.2
[INFO] [stderr]    Compiling proc-macro-error v1.0.4
[INFO] [stderr]    Compiling miniz_oxide v0.4.4
[INFO] [stderr]    Compiling unicase v2.6.0
[INFO] [stderr]    Compiling aho-corasick v0.7.18
[INFO] [stderr]    Compiling unicode-normalization v0.1.19
[INFO] [stderr]    Compiling quote v1.0.10
[INFO] [stderr]    Compiling ahash v0.7.6
[INFO] [stderr]    Compiling indexmap v1.7.0
[INFO] [stderr]    Compiling smallvec v1.7.0
[INFO] [stderr]    Compiling gimli v0.26.1
[INFO] [stderr]    Compiling regex-syntax v0.6.25
[INFO] [stderr]    Compiling eyre v0.6.5
[INFO] [stderr]    Compiling bit-vec v0.6.3
[INFO] [stderr]    Compiling backtrace v0.3.63
[INFO] [stderr]    Compiling bit-set v0.5.2
[INFO] [stderr]    Compiling lock_api v0.4.5
[INFO] [stderr]    Compiling atty v0.2.14
[INFO] [stderr]    Compiling getrandom v0.2.3
[INFO] [stderr]    Compiling object v0.27.1
[INFO] [stderr]    Compiling heck v0.3.3
[INFO] [stderr]    Compiling idna v0.2.3
[INFO] [stderr]    Compiling form_urlencoded v1.0.1
[INFO] [stderr]    Compiling indenter v0.3.3
[INFO] [stderr]    Compiling rustc-demangle v0.1.21
[INFO] [stderr]    Compiling time-macros v0.2.3
[INFO] [stderr]    Compiling itoa v0.4.8
[INFO] [stderr]    Compiling unicode-width v0.1.9
[INFO] [stderr]    Compiling hashbrown v0.11.2
[INFO] [stderr]    Compiling url v2.2.2
[INFO] [stderr]    Compiling parking_lot v0.11.2
[INFO] [stderr]    Compiling textwrap v0.14.2
[INFO] [stderr]    Compiling os_str_bytes v4.2.0
[INFO] [stderr]    Compiling uuid v0.8.2
[INFO] [stderr]    Compiling termcolor v1.1.2
[INFO] [stderr]    Compiling base64 v0.13.0
[INFO] [stderr]    Compiling bytecount v0.6.2
[INFO] [stderr]    Compiling owo-colors v1.3.0
[INFO] [stderr]    Compiling num-cmp v0.1.0
[INFO] [stderr]    Compiling regex v1.5.4
[INFO] [stderr]    Compiling iso8601 v0.4.0
[INFO] [stderr]    Compiling colored v2.0.0
[INFO] [stderr]    Compiling addr2line v0.17.0
[INFO] [stderr]    Compiling time v0.3.5
[INFO] [stderr]    Compiling num v0.2.1
[INFO] [stderr]    Compiling fraction v0.9.0
[INFO] [stderr]    Compiling fancy-regex v0.7.1
[INFO] [stderr]    Compiling color-eyre v0.5.11
[INFO] [stderr]    Compiling thiserror-impl v1.0.30
[INFO] [stderr]    Compiling clap_derive v3.0.0-beta.5
[INFO] [stderr]    Compiling thiserror v1.0.30
[INFO] [stderr]    Compiling clap v3.0.0-beta.5
[INFO] [stderr]    Compiling jsonschema v0.13.2
[INFO] [stderr]    Compiling basyx-rs v0.1.0 (/opt/rustwide/workdir)
[INFO] [stderr]     Finished dev [unoptimized + debuginfo] target(s) in 23.16s
[INFO] [stderr] warning: the following packages contain code that will be rejected by a future version of Rust: nom v5.1.2
[INFO] [stderr] note: to see what the problems were, use the option `--future-incompat-report`, or run `cargo report future-incompatibilities --id 1`
[INFO] running `Command { std: "docker" "inspect" "1fcdb56257ed79f0083b2771b8fb62a3b866ad7a3cf4889c0474559bb62de226", kill_on_drop: false }`
[INFO] running `Command { std: "docker" "rm" "-f" "1fcdb56257ed79f0083b2771b8fb62a3b866ad7a3cf4889c0474559bb62de226", kill_on_drop: false }`
[INFO] [stdout] 1fcdb56257ed79f0083b2771b8fb62a3b866ad7a3cf4889c0474559bb62de226
[INFO] running `Command { std: "docker" "create" "-v" "/var/lib/crater-agent-workspace/builds/worker-7-tc1/target:/opt/rustwide/target:rw,Z" "-v" "/var/lib/crater-agent-workspace/builds/worker-7-tc1/source:/opt/rustwide/workdir:ro,Z" "-v" "/var/lib/crater-agent-workspace/cargo-home:/opt/rustwide/cargo-home:ro,Z" "-v" "/var/lib/crater-agent-workspace/rustup-home:/opt/rustwide/rustup-home:ro,Z" "-e" "SOURCE_DIR=/opt/rustwide/workdir" "-e" "CARGO_TARGET_DIR=/opt/rustwide/target" "-e" "CARGO_INCREMENTAL=0" "-e" "RUST_BACKTRACE=full" "-e" "RUSTFLAGS=--cap-lints=warn" "-e" "RUSTDOCFLAGS=--cap-lints=warn" "-e" "CARGO_HOME=/opt/rustwide/cargo-home" "-e" "RUSTUP_HOME=/opt/rustwide/rustup-home" "-w" "/opt/rustwide/workdir" "-m" "1610612736" "--user" "0:0" "--network" "none" "ghcr.io/rust-lang/crates-build-env/linux@sha256:5ff2268d62e97bff2cde7d5815dd6ed5b47097566f13b8d0ca110b04b60e07ed" "/opt/rustwide/cargo-home/bin/cargo" "+1.69.0" "test" "--frozen" "--no-run" "--message-format=json", kill_on_drop: false }`
[INFO] [stdout] e384b643f55b6642a38cc181f5d35ac90e06dce135d9e59f846adf2c59a82bdd
[INFO] running `Command { std: "docker" "start" "-a" "e384b643f55b6642a38cc181f5d35ac90e06dce135d9e59f846adf2c59a82bdd", kill_on_drop: false }`
[INFO] [stderr]    Compiling basyx-rs v0.1.0 (/opt/rustwide/workdir)
[INFO] [stderr]     Finished test [unoptimized + debuginfo] target(s) in 1.17s
[INFO] [stderr] warning: the following packages contain code that will be rejected by a future version of Rust: nom v5.1.2
[INFO] [stderr] note: to see what the problems were, use the option `--future-incompat-report`, or run `cargo report future-incompatibilities --id 1`
[INFO] running `Command { std: "docker" "inspect" "e384b643f55b6642a38cc181f5d35ac90e06dce135d9e59f846adf2c59a82bdd", kill_on_drop: false }`
[INFO] running `Command { std: "docker" "rm" "-f" "e384b643f55b6642a38cc181f5d35ac90e06dce135d9e59f846adf2c59a82bdd", kill_on_drop: false }`
[INFO] [stdout] e384b643f55b6642a38cc181f5d35ac90e06dce135d9e59f846adf2c59a82bdd
[INFO] running `Command { std: "docker" "create" "-v" "/var/lib/crater-agent-workspace/builds/worker-7-tc1/target:/opt/rustwide/target:rw,Z" "-v" "/var/lib/crater-agent-workspace/builds/worker-7-tc1/source:/opt/rustwide/workdir:ro,Z" "-v" "/var/lib/crater-agent-workspace/cargo-home:/opt/rustwide/cargo-home:ro,Z" "-v" "/var/lib/crater-agent-workspace/rustup-home:/opt/rustwide/rustup-home:ro,Z" "-e" "SOURCE_DIR=/opt/rustwide/workdir" "-e" "CARGO_TARGET_DIR=/opt/rustwide/target" "-e" "CARGO_INCREMENTAL=0" "-e" "RUST_BACKTRACE=full" "-e" "RUSTFLAGS=--cap-lints=warn" "-e" "RUSTDOCFLAGS=--cap-lints=warn" "-e" "CARGO_HOME=/opt/rustwide/cargo-home" "-e" "RUSTUP_HOME=/opt/rustwide/rustup-home" "-w" "/opt/rustwide/workdir" "-m" "1610612736" "--user" "0:0" "--network" "none" "ghcr.io/rust-lang/crates-build-env/linux@sha256:5ff2268d62e97bff2cde7d5815dd6ed5b47097566f13b8d0ca110b04b60e07ed" "/opt/rustwide/cargo-home/bin/cargo" "+1.69.0" "test" "--frozen", kill_on_drop: false }`
[INFO] [stdout] 96d1935fee738bd55ce68d6ac472ed3cbbd80066484bc4373446a5e6f4260002
[INFO] running `Command { std: "docker" "start" "-a" "96d1935fee738bd55ce68d6ac472ed3cbbd80066484bc4373446a5e6f4260002", kill_on_drop: false }`
[INFO] [stderr]     Finished test [unoptimized + debuginfo] target(s) in 0.08s
[INFO] [stderr] warning: the following packages contain code that will be rejected by a future version of Rust: nom v5.1.2
[INFO] [stderr] note: to see what the problems were, use the option `--future-incompat-report`, or run `cargo report future-incompatibilities --id 1`
[INFO] [stderr]      Running unittests src/lib.rs (/opt/rustwide/target/debug/deps/basyx_rs-bad54ebec32d704e)
[INFO] [stdout] 
[INFO] [stdout] running 0 tests
[INFO] [stdout] 
[INFO] [stdout] test result: ok. 0 passed; 0 failed; 0 ignored; 0 measured; 0 filtered out; finished in 0.00s
[INFO] [stdout] 
[INFO] [stderr]    Doc-tests basyx-rs
[INFO] [stdout] 
[INFO] [stdout] running 1 test
[INFO] [stdout] test src/lib.rs - (line 6) - compile ... FAILED
[INFO] [stdout] 
[INFO] [stdout] failures:
[INFO] [stdout] 
[INFO] [stdout] ---- src/lib.rs - (line 6) stdout ----
[INFO] [stdout] error: expected one of `!`, `)`, `,`, `.`, `::`, `?`, `{`, or an operator, found `"submodel1.json"`
[INFO] [stdout]   --> src/lib.rs:26:15
[INFO] [stdout]    |
[INFO] [stdout] 23 |     .open(path"submodel1.json")?;
[INFO] [stdout]    |               -^^^^^^^^^^^^^^^
[INFO] [stdout]    |               |
[INFO] [stdout]    |               expected one of 8 possible tokens
[INFO] [stdout]    |               help: missing `,`
[INFO] [stdout] 
[INFO] [stdout] error[E0423]: expected value, found built-in attribute `path`
[INFO] [stdout]   --> src/lib.rs:26:11
[INFO] [stdout]    |
[INFO] [stdout] 23 |     .open(path"submodel1.json")?;
[INFO] [stdout]    |           ^^^^ not a value
[INFO] [stdout] 
[INFO] [stdout] error[E0277]: the `?` operator can only be used in a function that returns `Result` or `Option` (or another type that implements `FromResidual`)
[INFO] [stdout]   --> src/lib.rs:20:41
[INFO] [stdout]    |
[INFO] [stdout] 3  | fn main() { #[allow(non_snake_case)] fn _doctest_main_src_lib_rs_6_0() {
[INFO] [stdout]    |                                      --------------------------------- this function should return `Result` or `Option` to accept `?`
[INFO] [stdout] ...
[INFO] [stdout] 17 | let json = serde_json::to_vec(&submodel)?;
[INFO] [stdout]    |                                         ^ cannot use the `?` operator in a function that returns `()`
[INFO] [stdout]    |
[INFO] [stdout]    = help: the trait `FromResidual<Result<Infallible, serde_json::Error>>` is not implemented for `()`
[INFO] [stdout] 
[INFO] [stdout] error[E0061]: this method takes 1 argument but 2 arguments were supplied
[INFO] [stdout]   --> src/lib.rs:26:6
[INFO] [stdout]    |
[INFO] [stdout] 23 |     .open(path"submodel1.json")?;
[INFO] [stdout]    |      ^^^^     ----------------
[INFO] [stdout]    |               |
[INFO] [stdout]    |               unexpected argument of type `&'static str`
[INFO] [stdout]    |               help: remove the extra argument
[INFO] [stdout]    |
[INFO] [stdout] note: method defined here
[INFO] [stdout]   --> /rustc/84c898d65adf2f39a5a98507f1fe0ce10a2b8dbc/library/std/src/fs.rs:1076:12
[INFO] [stdout] 
[INFO] [stdout] error[E0277]: the `?` operator can only be used in a function that returns `Result` or `Option` (or another type that implements `FromResidual`)
[INFO] [stdout]   --> src/lib.rs:26:32
[INFO] [stdout]    |
[INFO] [stdout] 3  | fn main() { #[allow(non_snake_case)] fn _doctest_main_src_lib_rs_6_0() {
[INFO] [stdout]    |                                      --------------------------------- this function should return `Result` or `Option` to accept `?`
[INFO] [stdout] ...
[INFO] [stdout] 23 |     .open(path"submodel1.json")?;
[INFO] [stdout]    |                                ^ cannot use the `?` operator in a function that returns `()`
[INFO] [stdout]    |
[INFO] [stdout]    = help: the trait `FromResidual<Result<Infallible, std::io::Error>>` is not implemented for `()`
[INFO] [stdout] 
[INFO] [stdout] error[E0599]: no method named `write_all` found for struct `std::fs::File` in the current scope
[INFO] [stdout]   --> src/lib.rs:27:6
[INFO] [stdout]    |
[INFO] [stdout] 24 | file.write_all(&json)?;
[INFO] [stdout]    |      ^^^^^^^^^ method not found in `File`
[INFO] [stdout]   --> /rustc/84c898d65adf2f39a5a98507f1fe0ce10a2b8dbc/library/std/src/io/mod.rs:1542:8
[INFO] [stdout]    |
[INFO] [stdout]    = note: the method is available for `std::fs::File` here
[INFO] [stdout]    |
[INFO] [stdout]    = help: items from traits can only be used if the trait is in scope
[INFO] [stdout] help: the following trait is implemented but not in scope; perhaps add a `use` for it:
[INFO] [stdout]    |
[INFO] [stdout] 2  | use std::io::Write;
[INFO] [stdout]    |
[INFO] [stdout] 
[INFO] [stdout] error: aborting due to 6 previous errors
[INFO] [stdout] 
[INFO] [stdout] Some errors have detailed explanations: E0061, E0277, E0423, E0599.
[INFO] [stdout] For more information about an error, try `rustc --explain E0061`.
[INFO] [stdout] Couldn't compile the test.
[INFO] [stdout] 
[INFO] [stdout] failures:
[INFO] [stdout]     src/lib.rs - (line 6)
[INFO] [stdout] 
[INFO] [stdout] test result: FAILED. 0 passed; 1 failed; 0 ignored; 0 measured; 0 filtered out; finished in 0.07s
[INFO] [stdout] 
[INFO] [stderr] error: doctest failed, to rerun pass `--doc`
[INFO] running `Command { std: "docker" "inspect" "96d1935fee738bd55ce68d6ac472ed3cbbd80066484bc4373446a5e6f4260002", kill_on_drop: false }`
[INFO] running `Command { std: "docker" "rm" "-f" "96d1935fee738bd55ce68d6ac472ed3cbbd80066484bc4373446a5e6f4260002", kill_on_drop: false }`
[INFO] [stdout] 96d1935fee738bd55ce68d6ac472ed3cbbd80066484bc4373446a5e6f4260002
