[INFO] fetching crate bash_plugin_rs 0.2.0...
[INFO] testing bash_plugin_rs-0.2.0 against beta-2023-04-20 for beta-1.70-1
[INFO] extracting crate bash_plugin_rs 0.2.0 into /workspace/builds/worker-5-tc2/source
[INFO] validating manifest of crates.io crate bash_plugin_rs 0.2.0 on toolchain beta-2023-04-20
[INFO] running `Command { std: CARGO_HOME="/workspace/cargo-home" RUSTUP_HOME="/workspace/rustup-home" "/workspace/cargo-home/bin/cargo" "+beta-2023-04-20" "metadata" "--manifest-path" "Cargo.toml" "--no-deps", kill_on_drop: false }`
[INFO] started tweaking crates.io crate bash_plugin_rs 0.2.0
[INFO] finished tweaking crates.io crate bash_plugin_rs 0.2.0
[INFO] tweaked toml for crates.io crate bash_plugin_rs 0.2.0 written to /workspace/builds/worker-5-tc2/source/Cargo.toml
[INFO] running `Command { std: CARGO_HOME="/workspace/cargo-home" RUSTUP_HOME="/workspace/rustup-home" __CARGO_TEST_CHANNEL_OVERRIDE_DO_NOT_USE_THIS="nightly" "/workspace/cargo-home/bin/cargo" "+beta-2023-04-20" "generate-lockfile" "--manifest-path" "Cargo.toml" "-Zno-index-update", kill_on_drop: false }`
[INFO] running `Command { std: CARGO_HOME="/workspace/cargo-home" RUSTUP_HOME="/workspace/rustup-home" "/workspace/cargo-home/bin/cargo" "+beta-2023-04-20" "fetch" "--manifest-path" "Cargo.toml", kill_on_drop: false }`
[INFO] [stderr]     Blocking waiting for file lock on package cache
[INFO] [stderr]  Downloading crates ...
[INFO] [stderr]   Downloaded clang-sys v1.6.1
[INFO] [stderr]   Downloaded env_logger v0.9.3
[INFO] [stderr]   Downloaded which v4.4.0
[INFO] [stderr]   Downloaded bindgen v0.59.2
[INFO] running `Command { std: "docker" "create" "-v" "/var/lib/crater-agent-workspace/builds/worker-5-tc2/target:/opt/rustwide/target:rw,Z" "-v" "/var/lib/crater-agent-workspace/builds/worker-5-tc2/source:/opt/rustwide/workdir:ro,Z" "-v" "/var/lib/crater-agent-workspace/cargo-home:/opt/rustwide/cargo-home:ro,Z" "-v" "/var/lib/crater-agent-workspace/rustup-home:/opt/rustwide/rustup-home:ro,Z" "-e" "SOURCE_DIR=/opt/rustwide/workdir" "-e" "CARGO_TARGET_DIR=/opt/rustwide/target" "-e" "CARGO_HOME=/opt/rustwide/cargo-home" "-e" "RUSTUP_HOME=/opt/rustwide/rustup-home" "-w" "/opt/rustwide/workdir" "-m" "1610612736" "--user" "0:0" "--network" "none" "ghcr.io/rust-lang/crates-build-env/linux@sha256:5ff2268d62e97bff2cde7d5815dd6ed5b47097566f13b8d0ca110b04b60e07ed" "/opt/rustwide/cargo-home/bin/cargo" "+beta-2023-04-20" "metadata" "--no-deps" "--format-version=1", kill_on_drop: false }`
[INFO] [stdout] 1dc5fd4977075e39e5283f60ca3e98c6054e5716c0809824ef9fd6f2222bcdcd
[INFO] running `Command { std: "docker" "start" "-a" "1dc5fd4977075e39e5283f60ca3e98c6054e5716c0809824ef9fd6f2222bcdcd", kill_on_drop: false }`
[INFO] running `Command { std: "docker" "inspect" "1dc5fd4977075e39e5283f60ca3e98c6054e5716c0809824ef9fd6f2222bcdcd", kill_on_drop: false }`
[INFO] running `Command { std: "docker" "rm" "-f" "1dc5fd4977075e39e5283f60ca3e98c6054e5716c0809824ef9fd6f2222bcdcd", kill_on_drop: false }`
[INFO] [stdout] 1dc5fd4977075e39e5283f60ca3e98c6054e5716c0809824ef9fd6f2222bcdcd
[INFO] running `Command { std: "docker" "create" "-v" "/var/lib/crater-agent-workspace/builds/worker-5-tc2/target:/opt/rustwide/target:rw,Z" "-v" "/var/lib/crater-agent-workspace/builds/worker-5-tc2/source:/opt/rustwide/workdir:ro,Z" "-v" "/var/lib/crater-agent-workspace/cargo-home:/opt/rustwide/cargo-home:ro,Z" "-v" "/var/lib/crater-agent-workspace/rustup-home:/opt/rustwide/rustup-home:ro,Z" "-e" "SOURCE_DIR=/opt/rustwide/workdir" "-e" "CARGO_TARGET_DIR=/opt/rustwide/target" "-e" "CARGO_INCREMENTAL=0" "-e" "RUST_BACKTRACE=full" "-e" "RUSTFLAGS=--cap-lints=warn" "-e" "RUSTDOCFLAGS=--cap-lints=warn" "-e" "CARGO_HOME=/opt/rustwide/cargo-home" "-e" "RUSTUP_HOME=/opt/rustwide/rustup-home" "-w" "/opt/rustwide/workdir" "-m" "1610612736" "--user" "0:0" "--network" "none" "ghcr.io/rust-lang/crates-build-env/linux@sha256:5ff2268d62e97bff2cde7d5815dd6ed5b47097566f13b8d0ca110b04b60e07ed" "/opt/rustwide/cargo-home/bin/cargo" "+beta-2023-04-20" "build" "--frozen" "--message-format=json", kill_on_drop: false }`
[INFO] [stdout] 2696927c9284d6f7fd95779e5a670ac13b9c21171ed8bdf85b9934f21d3bed93
[INFO] running `Command { std: "docker" "start" "-a" "2696927c9284d6f7fd95779e5a670ac13b9c21171ed8bdf85b9934f21d3bed93", kill_on_drop: false }`
[INFO] [stderr]    Compiling memchr v2.5.0
[INFO] [stderr]    Compiling libc v0.2.142
[INFO] [stderr]    Compiling cfg-if v1.0.0
[INFO] [stderr]    Compiling glob v0.3.1
[INFO] [stderr]    Compiling proc-macro2 v1.0.56
[INFO] [stderr]    Compiling log v0.4.17
[INFO] [stderr]    Compiling unicode-width v0.1.10
[INFO] [stderr]    Compiling minimal-lexical v0.2.1
[INFO] [stderr]    Compiling unicode-ident v1.0.8
[INFO] [stderr]    Compiling regex-syntax v0.7.1
[INFO] [stderr]    Compiling quote v1.0.26
[INFO] [stderr]    Compiling termcolor v1.2.0
[INFO] [stderr]    Compiling strsim v0.8.0
[INFO] [stderr]    Compiling humantime v2.1.0
[INFO] [stderr]    Compiling bindgen v0.59.2
[INFO] [stderr]    Compiling bitflags v1.3.2
[INFO] [stderr]    Compiling libloading v0.7.4
[INFO] [stderr]    Compiling textwrap v0.11.0
[INFO] [stderr]    Compiling vec_map v0.8.2
[INFO] [stderr]    Compiling either v1.8.1
[INFO] [stderr]    Compiling ansi_term v0.12.1
[INFO] [stderr]    Compiling lazycell v1.3.0
[INFO] [stderr]    Compiling shlex v1.1.0
[INFO] [stderr]    Compiling lazy_static v1.4.0
[INFO] [stderr]    Compiling peeking_take_while v0.1.2
[INFO] [stderr]    Compiling rustc-hash v1.1.0
[INFO] [stderr]    Compiling clang-sys v1.6.1
[INFO] [stderr]    Compiling aho-corasick v1.0.1
[INFO] [stderr]    Compiling nom v7.1.3
[INFO] [stderr]    Compiling atty v0.2.14
[INFO] [stderr]    Compiling which v4.4.0
[INFO] [stderr]    Compiling clap v2.34.0
[INFO] [stderr]    Compiling regex v1.8.1
[INFO] [stderr]    Compiling cexpr v0.6.0
[INFO] [stderr]    Compiling env_logger v0.9.3
[INFO] [stderr]    Compiling bash_plugin_rs v0.2.0 (/opt/rustwide/workdir)
[INFO] [stderr]     Finished dev [unoptimized + debuginfo] target(s) in 14.54s
[INFO] running `Command { std: "docker" "inspect" "2696927c9284d6f7fd95779e5a670ac13b9c21171ed8bdf85b9934f21d3bed93", kill_on_drop: false }`
[INFO] running `Command { std: "docker" "rm" "-f" "2696927c9284d6f7fd95779e5a670ac13b9c21171ed8bdf85b9934f21d3bed93", kill_on_drop: false }`
[INFO] [stdout] 2696927c9284d6f7fd95779e5a670ac13b9c21171ed8bdf85b9934f21d3bed93
[INFO] running `Command { std: "docker" "create" "-v" "/var/lib/crater-agent-workspace/builds/worker-5-tc2/target:/opt/rustwide/target:rw,Z" "-v" "/var/lib/crater-agent-workspace/builds/worker-5-tc2/source:/opt/rustwide/workdir:ro,Z" "-v" "/var/lib/crater-agent-workspace/cargo-home:/opt/rustwide/cargo-home:ro,Z" "-v" "/var/lib/crater-agent-workspace/rustup-home:/opt/rustwide/rustup-home:ro,Z" "-e" "SOURCE_DIR=/opt/rustwide/workdir" "-e" "CARGO_TARGET_DIR=/opt/rustwide/target" "-e" "CARGO_INCREMENTAL=0" "-e" "RUST_BACKTRACE=full" "-e" "RUSTFLAGS=--cap-lints=warn" "-e" "RUSTDOCFLAGS=--cap-lints=warn" "-e" "CARGO_HOME=/opt/rustwide/cargo-home" "-e" "RUSTUP_HOME=/opt/rustwide/rustup-home" "-w" "/opt/rustwide/workdir" "-m" "1610612736" "--user" "0:0" "--network" "none" "ghcr.io/rust-lang/crates-build-env/linux@sha256:5ff2268d62e97bff2cde7d5815dd6ed5b47097566f13b8d0ca110b04b60e07ed" "/opt/rustwide/cargo-home/bin/cargo" "+beta-2023-04-20" "test" "--frozen" "--no-run" "--message-format=json", kill_on_drop: false }`
[INFO] [stdout] 9b0b8a38e7ff39d755420e1b4b8c68ed6ae27f7b06b9c3475efb23d83abfa204
[INFO] running `Command { std: "docker" "start" "-a" "9b0b8a38e7ff39d755420e1b4b8c68ed6ae27f7b06b9c3475efb23d83abfa204", kill_on_drop: false }`
[INFO] [stderr]    Compiling bash_plugin_rs v0.2.0 (/opt/rustwide/workdir)
[INFO] [stdout] warning: dereferencing a null pointer
[INFO] [stdout]  --> /opt/rustwide/target/debug/build/bash_plugin_rs-a01a1148cfd6888f/out/bindings.rs:3:522
[INFO] [stdout]   |
[INFO] [stdout] 3 | ..._eq ! (unsafe { & (* (:: std :: ptr :: null :: < word_desc > ())) . word as * const _ as usize } , 0usize , concat ! ("Offset of field...
[INFO] [stdout]   |                      ^^^^^^^^^^^^^^^^^^^^^^^^^^^^^^^^^^^^^^^^^^^^^^^ this code causes undefined behavior when executed
[INFO] [stdout]   |
[INFO] [stdout]   = note: `#[warn(deref_nullptr)]` on by default
[INFO] [stdout] 
[INFO] [stdout] 
[INFO] [stdout] warning: dereferencing a null pointer
[INFO] [stdout]  --> /opt/rustwide/target/debug/build/bash_plugin_rs-a01a1148cfd6888f/out/bindings.rs:3:724
[INFO] [stdout]   |
[INFO] [stdout] 3 | ..._eq ! (unsafe { & (* (:: std :: ptr :: null :: < word_desc > ())) . flags as * const _ as usize } , 8usize , concat ! ("Offset of fiel...
[INFO] [stdout]   |                      ^^^^^^^^^^^^^^^^^^^^^^^^^^^^^^^^^^^^^^^^^^^^^^^ this code causes undefined behavior when executed
[INFO] [stdout] 
[INFO] [stdout] 
[INFO] [stdout] warning: dereferencing a null pointer
[INFO] [stdout]  --> /opt/rustwide/target/debug/build/bash_plugin_rs-a01a1148cfd6888f/out/bindings.rs:3:1388
[INFO] [stdout]   |
[INFO] [stdout] 3 | ..._eq ! (unsafe { & (* (:: std :: ptr :: null :: < word_list > ())) . next as * const _ as usize } , 0usize , concat ! ("Offset of field...
[INFO] [stdout]   |                      ^^^^^^^^^^^^^^^^^^^^^^^^^^^^^^^^^^^^^^^^^^^^^^^ this code causes undefined behavior when executed
[INFO] [stdout] 
[INFO] [stdout] 
[INFO] [stdout] warning: dereferencing a null pointer
[INFO] [stdout]  --> /opt/rustwide/target/debug/build/bash_plugin_rs-a01a1148cfd6888f/out/bindings.rs:3:1590
[INFO] [stdout]   |
[INFO] [stdout] 3 | ..._eq ! (unsafe { & (* (:: std :: ptr :: null :: < word_list > ())) . word as * const _ as usize } , 8usize , concat ! ("Offset of field...
[INFO] [stdout]   |                      ^^^^^^^^^^^^^^^^^^^^^^^^^^^^^^^^^^^^^^^^^^^^^^^ this code causes undefined behavior when executed
[INFO] [stdout] 
[INFO] [stdout] 
[INFO] [stdout] warning: dereferencing a null pointer
[INFO] [stdout]   --> src/lib.rs:47:19
[INFO] [stdout]    |
[INFO] [stdout] 47 |         unsafe { &(*(::std::ptr::null::<builtin>())).name as *const _ as usize },
[INFO] [stdout]    |                   ^^^^^^^^^^^^^^^^^^^^^^^^^^^^^^^^^^ this code causes undefined behavior when executed
[INFO] [stdout] 
[INFO] [stdout] 
[INFO] [stdout] warning: dereferencing a null pointer
[INFO] [stdout]   --> src/lib.rs:57:19
[INFO] [stdout]    |
[INFO] [stdout] 57 |         unsafe { &(*(::std::ptr::null::<builtin>())).function as *const _ as usize },
[INFO] [stdout]    |                   ^^^^^^^^^^^^^^^^^^^^^^^^^^^^^^^^^^ this code causes undefined behavior when executed
[INFO] [stdout] 
[INFO] [stdout] 
[INFO] [stdout] warning: dereferencing a null pointer
[INFO] [stdout]   --> src/lib.rs:67:19
[INFO] [stdout]    |
[INFO] [stdout] 67 |         unsafe { &(*(::std::ptr::null::<builtin>())).flags as *const _ as usize },
[INFO] [stdout]    |                   ^^^^^^^^^^^^^^^^^^^^^^^^^^^^^^^^^^ this code causes undefined behavior when executed
[INFO] [stdout] 
[INFO] [stdout] 
[INFO] [stdout] warning: dereferencing a null pointer
[INFO] [stdout]   --> src/lib.rs:77:19
[INFO] [stdout]    |
[INFO] [stdout] 77 |         unsafe { &(*(::std::ptr::null::<builtin>())).long_doc as *const _ as usize },
[INFO] [stdout]    |                   ^^^^^^^^^^^^^^^^^^^^^^^^^^^^^^^^^^ this code causes undefined behavior when executed
[INFO] [stdout] 
[INFO] [stdout] 
[INFO] [stdout] warning: dereferencing a null pointer
[INFO] [stdout]   --> src/lib.rs:87:19
[INFO] [stdout]    |
[INFO] [stdout] 87 |         unsafe { &(*(::std::ptr::null::<builtin>())).short_doc as *const _ as usize },
[INFO] [stdout]    |                   ^^^^^^^^^^^^^^^^^^^^^^^^^^^^^^^^^^ this code causes undefined behavior when executed
[INFO] [stdout] 
[INFO] [stdout] 
[INFO] [stdout] warning: dereferencing a null pointer
[INFO] [stdout]   --> src/lib.rs:97:19
[INFO] [stdout]    |
[INFO] [stdout] 97 |         unsafe { &(*(::std::ptr::null::<builtin>())).handle as *const _ as usize },
[INFO] [stdout]    |                   ^^^^^^^^^^^^^^^^^^^^^^^^^^^^^^^^^^ this code causes undefined behavior when executed
[INFO] [stdout] 
[INFO] [stdout] 
[INFO] [stdout] warning: 10 warnings emitted
[INFO] [stdout] 
[INFO] [stdout] 
[INFO] [stderr]     Finished test [unoptimized + debuginfo] target(s) in 0.39s
[INFO] running `Command { std: "docker" "inspect" "9b0b8a38e7ff39d755420e1b4b8c68ed6ae27f7b06b9c3475efb23d83abfa204", kill_on_drop: false }`
[INFO] running `Command { std: "docker" "rm" "-f" "9b0b8a38e7ff39d755420e1b4b8c68ed6ae27f7b06b9c3475efb23d83abfa204", kill_on_drop: false }`
[INFO] [stdout] 9b0b8a38e7ff39d755420e1b4b8c68ed6ae27f7b06b9c3475efb23d83abfa204
[INFO] running `Command { std: "docker" "create" "-v" "/var/lib/crater-agent-workspace/builds/worker-5-tc2/target:/opt/rustwide/target:rw,Z" "-v" "/var/lib/crater-agent-workspace/builds/worker-5-tc2/source:/opt/rustwide/workdir:ro,Z" "-v" "/var/lib/crater-agent-workspace/cargo-home:/opt/rustwide/cargo-home:ro,Z" "-v" "/var/lib/crater-agent-workspace/rustup-home:/opt/rustwide/rustup-home:ro,Z" "-e" "SOURCE_DIR=/opt/rustwide/workdir" "-e" "CARGO_TARGET_DIR=/opt/rustwide/target" "-e" "CARGO_INCREMENTAL=0" "-e" "RUST_BACKTRACE=full" "-e" "RUSTFLAGS=--cap-lints=warn" "-e" "RUSTDOCFLAGS=--cap-lints=warn" "-e" "CARGO_HOME=/opt/rustwide/cargo-home" "-e" "RUSTUP_HOME=/opt/rustwide/rustup-home" "-w" "/opt/rustwide/workdir" "-m" "1610612736" "--user" "0:0" "--network" "none" "ghcr.io/rust-lang/crates-build-env/linux@sha256:5ff2268d62e97bff2cde7d5815dd6ed5b47097566f13b8d0ca110b04b60e07ed" "/opt/rustwide/cargo-home/bin/cargo" "+beta-2023-04-20" "test" "--frozen", kill_on_drop: false }`
[INFO] [stdout] 88d98c03354f1e97488397870e10fc264252e32dfa26bb9f05ca4a9be5b5488f
[INFO] running `Command { std: "docker" "start" "-a" "88d98c03354f1e97488397870e10fc264252e32dfa26bb9f05ca4a9be5b5488f", kill_on_drop: false }`
[INFO] [stderr] warning: dereferencing a null pointer
[INFO] [stderr]  --> /opt/rustwide/target/debug/build/bash_plugin_rs-a01a1148cfd6888f/out/bindings.rs:3:522
[INFO] [stderr]   |
[INFO] [stderr] 3 | ..._eq ! (unsafe { & (* (:: std :: ptr :: null :: < word_desc > ())) . word as * const _ as usize } , 0usize , concat ! ("Offset of field...
[INFO] [stderr]   |                      ^^^^^^^^^^^^^^^^^^^^^^^^^^^^^^^^^^^^^^^^^^^^^^^ this code causes undefined behavior when executed
[INFO] [stderr]   |
[INFO] [stderr]   = note: `#[warn(deref_nullptr)]` on by default
[INFO] [stderr] 
[INFO] [stderr] warning: dereferencing a null pointer
[INFO] [stderr]  --> /opt/rustwide/target/debug/build/bash_plugin_rs-a01a1148cfd6888f/out/bindings.rs:3:724
[INFO] [stderr]   |
[INFO] [stderr] 3 | ..._eq ! (unsafe { & (* (:: std :: ptr :: null :: < word_desc > ())) . flags as * const _ as usize } , 8usize , concat ! ("Offset of fiel...
[INFO] [stderr]   |                      ^^^^^^^^^^^^^^^^^^^^^^^^^^^^^^^^^^^^^^^^^^^^^^^ this code causes undefined behavior when executed
[INFO] [stderr] 
[INFO] [stderr] warning: dereferencing a null pointer
[INFO] [stderr]  --> /opt/rustwide/target/debug/build/bash_plugin_rs-a01a1148cfd6888f/out/bindings.rs:3:1388
[INFO] [stderr]   |
[INFO] [stderr] 3 | ..._eq ! (unsafe { & (* (:: std :: ptr :: null :: < word_list > ())) . next as * const _ as usize } , 0usize , concat ! ("Offset of field...
[INFO] [stderr]   |                      ^^^^^^^^^^^^^^^^^^^^^^^^^^^^^^^^^^^^^^^^^^^^^^^ this code causes undefined behavior when executed
[INFO] [stderr] 
[INFO] [stderr] warning: dereferencing a null pointer
[INFO] [stderr]  --> /opt/rustwide/target/debug/build/bash_plugin_rs-a01a1148cfd6888f/out/bindings.rs:3:1590
[INFO] [stderr]   |
[INFO] [stderr] 3 | ..._eq ! (unsafe { & (* (:: std :: ptr :: null :: < word_list > ())) . word as * const _ as usize } , 8usize , concat ! ("Offset of field...
[INFO] [stderr]   |                      ^^^^^^^^^^^^^^^^^^^^^^^^^^^^^^^^^^^^^^^^^^^^^^^ this code causes undefined behavior when executed
[INFO] [stderr] 
[INFO] [stderr] warning: dereferencing a null pointer
[INFO] [stderr]   --> src/lib.rs:47:19
[INFO] [stderr]    |
[INFO] [stderr] 47 |         unsafe { &(*(::std::ptr::null::<builtin>())).name as *const _ as usize },
[INFO] [stderr]    |                   ^^^^^^^^^^^^^^^^^^^^^^^^^^^^^^^^^^ this code causes undefined behavior when executed
[INFO] [stderr] 
[INFO] [stderr] warning: dereferencing a null pointer
[INFO] [stderr]   --> src/lib.rs:57:19
[INFO] [stderr]    |
[INFO] [stderr] 57 |         unsafe { &(*(::std::ptr::null::<builtin>())).function as *const _ as usize },
[INFO] [stderr]    |                   ^^^^^^^^^^^^^^^^^^^^^^^^^^^^^^^^^^ this code causes undefined behavior when executed
[INFO] [stderr] 
[INFO] [stderr] warning: dereferencing a null pointer
[INFO] [stderr]   --> src/lib.rs:67:19
[INFO] [stderr]    |
[INFO] [stderr] 67 |         unsafe { &(*(::std::ptr::null::<builtin>())).flags as *const _ as usize },
[INFO] [stderr]    |                   ^^^^^^^^^^^^^^^^^^^^^^^^^^^^^^^^^^ this code causes undefined behavior when executed
[INFO] [stderr] 
[INFO] [stderr] warning: dereferencing a null pointer
[INFO] [stderr]   --> src/lib.rs:77:19
[INFO] [stderr]    |
[INFO] [stderr] 77 |         unsafe { &(*(::std::ptr::null::<builtin>())).long_doc as *const _ as usize },
[INFO] [stderr]    |                   ^^^^^^^^^^^^^^^^^^^^^^^^^^^^^^^^^^ this code causes undefined behavior when executed
[INFO] [stderr] 
[INFO] [stderr] warning: dereferencing a null pointer
[INFO] [stderr]   --> src/lib.rs:87:19
[INFO] [stderr]    |
[INFO] [stderr] 87 |         unsafe { &(*(::std::ptr::null::<builtin>())).short_doc as *const _ as usize },
[INFO] [stderr]    |                   ^^^^^^^^^^^^^^^^^^^^^^^^^^^^^^^^^^ this code causes undefined behavior when executed
[INFO] [stderr] 
[INFO] [stderr] warning: dereferencing a null pointer
[INFO] [stderr]   --> src/lib.rs:97:19
[INFO] [stderr]    |
[INFO] [stderr] 97 |         unsafe { &(*(::std::ptr::null::<builtin>())).handle as *const _ as usize },
[INFO] [stderr]    |                   ^^^^^^^^^^^^^^^^^^^^^^^^^^^^^^^^^^ this code causes undefined behavior when executed
[INFO] [stderr] 
[INFO] [stderr] warning: `bash_plugin_rs` (lib test) generated 10 warnings
[INFO] [stderr]     Finished test [unoptimized + debuginfo] target(s) in 0.02s
[INFO] [stderr]      Running unittests src/lib.rs (/opt/rustwide/target/debug/deps/bash_plugin_rs-0971b9701e5be8b1)
[INFO] [stdout] 
[INFO] [stdout] running 3 tests
[INFO] [stdout] test bindgen_test_layout_word_desc ... ok
[INFO] [stdout] test bindgen_test_layout_word_list ... ok
[INFO] [stdout] test bindgen_test_layout_builtin ... ok
[INFO] [stdout] 
[INFO] [stdout] test result: ok. 3 passed; 0 failed; 0 ignored; 0 measured; 0 filtered out; finished in 0.00s
[INFO] [stdout] 
[INFO] [stderr]      Running tests/hello_test.rs (/opt/rustwide/target/debug/deps/hello_test-085a8241459f8ef7)
[INFO] [stdout] 
[INFO] [stdout] running 1 test
[INFO] [stderr] + unset LIB
[INFO] [stderr] ++ uname -s
[INFO] [stderr] + [[ Linux == Darwin ]]
[INFO] [stderr] + DYN_EXT=so
[INFO] [stderr] ++ ls -1 -t '/opt/rustwide/target/debug/build/bash_plugin_rs-a01a1148cfd6888f/out/../../../deps/libhello*.so'
[INFO] [stderr] ++ read a
[INFO] [stderr] ++ echo
[INFO] [stderr] + LIB=
[INFO] [stderr] + [[ -n '' ]]
[INFO] [stderr] + exit 1
[INFO] [stdout] test test_sh ... FAILED
[INFO] [stdout] 
[INFO] [stdout] failures:
[INFO] [stdout] 
[INFO] [stdout] ---- test_sh stdout ----
[INFO] [stdout] Hello
[INFO] [stdout] thread 'test_sh' panicked at 'assertion failed: std::process::Command::new(\"bash\").arg(\"tests/hello_test.sh\").status().expect(\"Failed to run test.sh\").success()', tests/hello_test.rs:4:5
[INFO] [stdout] stack backtrace:
[INFO] [stdout]    0:     0x5608b005963a - std::backtrace_rs::backtrace::libunwind::trace::h2f05d0192276a8f6
[INFO] [stdout]                                at /rustc/1b7dd2252b99671ce5d1cb9664c5f8636329436d/library/std/src/../../backtrace/src/backtrace/libunwind.rs:93:5
[INFO] [stdout]    1:     0x5608b005963a - std::backtrace_rs::backtrace::trace_unsynchronized::hedc23dff7a1af150
[INFO] [stdout]                                at /rustc/1b7dd2252b99671ce5d1cb9664c5f8636329436d/library/std/src/../../backtrace/src/backtrace/mod.rs:66:5
[INFO] [stdout]    2:     0x5608b005963a - std::sys_common::backtrace::_print_fmt::h17541ef7592f3ce2
[INFO] [stdout]                                at /rustc/1b7dd2252b99671ce5d1cb9664c5f8636329436d/library/std/src/sys_common/backtrace.rs:65:5
[INFO] [stdout]    3:     0x5608b005963a - <std::sys_common::backtrace::_print::DisplayBacktrace as core::fmt::Display>::fmt::h20f75df5ab0c0792
[INFO] [stdout]                                at /rustc/1b7dd2252b99671ce5d1cb9664c5f8636329436d/library/std/src/sys_common/backtrace.rs:44:22
[INFO] [stdout]    4:     0x5608b007d38f - core::fmt::write::h78109e6f466b3af6
[INFO] [stdout]                                at /rustc/1b7dd2252b99671ce5d1cb9664c5f8636329436d/library/core/src/fmt/mod.rs:1254:17
[INFO] [stdout]    5:     0x5608b0056835 - std::io::Write::write_fmt::hd24bfb68a1b35a25
[INFO] [stdout]                                at /rustc/1b7dd2252b99671ce5d1cb9664c5f8636329436d/library/std/src/io/mod.rs:1698:15
[INFO] [stdout]    6:     0x5608b0059405 - std::sys_common::backtrace::_print::h8dac57a9f8fbf9a5
[INFO] [stdout]                                at /rustc/1b7dd2252b99671ce5d1cb9664c5f8636329436d/library/std/src/sys_common/backtrace.rs:47:5
[INFO] [stdout]    7:     0x5608b0059405 - std::sys_common::backtrace::print::hf9ecbf41d1aa712f
[INFO] [stdout]                                at /rustc/1b7dd2252b99671ce5d1cb9664c5f8636329436d/library/std/src/sys_common/backtrace.rs:34:9
[INFO] [stdout]    8:     0x5608b005b0be - std::panicking::default_hook::{{closure}}::h04c07acfc84ca028
[INFO] [stdout]                                at /rustc/1b7dd2252b99671ce5d1cb9664c5f8636329436d/library/std/src/panicking.rs:269:22
[INFO] [stdout]    9:     0x5608b005adf1 - std::panicking::default_hook::h01f6bb23e1eceb2c
[INFO] [stdout]                                at /rustc/1b7dd2252b99671ce5d1cb9664c5f8636329436d/library/std/src/panicking.rs:285:9
[INFO] [stdout]   10:     0x5608b002e63b - <alloc::boxed::Box<F,A> as core::ops::function::Fn<Args>>::call::h87fe9f7b2fd49e4c
[INFO] [stdout]                                at /rustc/1b7dd2252b99671ce5d1cb9664c5f8636329436d/library/alloc/src/boxed.rs:1987:9
[INFO] [stdout]   11:     0x5608b002e63b - test::test_main::{{closure}}::he94d679243a7531b
[INFO] [stdout]                                at /rustc/1b7dd2252b99671ce5d1cb9664c5f8636329436d/library/test/src/lib.rs:134:21
[INFO] [stdout]   12:     0x5608b005b7a4 - <alloc::boxed::Box<F,A> as core::ops::function::Fn<Args>>::call::h3f2d6d8b14c4769f
[INFO] [stdout]                                at /rustc/1b7dd2252b99671ce5d1cb9664c5f8636329436d/library/alloc/src/boxed.rs:1987:9
[INFO] [stdout]   13:     0x5608b005b7a4 - std::panicking::rust_panic_with_hook::h2bb3722bbaf2f6df
[INFO] [stdout]                                at /rustc/1b7dd2252b99671ce5d1cb9664c5f8636329436d/library/std/src/panicking.rs:695:13
[INFO] [stdout]   14:     0x5608b005b4d2 - std::panicking::begin_panic_handler::{{closure}}::h91bc7f36a4be011b
[INFO] [stdout]                                at /rustc/1b7dd2252b99671ce5d1cb9664c5f8636329436d/library/std/src/panicking.rs:580:13
[INFO] [stdout]   15:     0x5608b0059aa6 - std::sys_common::backtrace::__rust_end_short_backtrace::h8b3d3717114f9e59
[INFO] [stdout]                                at /rustc/1b7dd2252b99671ce5d1cb9664c5f8636329436d/library/std/src/sys_common/backtrace.rs:150:18
[INFO] [stdout]   16:     0x5608b005b272 - rust_begin_unwind
[INFO] [stdout]                                at /rustc/1b7dd2252b99671ce5d1cb9664c5f8636329436d/library/std/src/panicking.rs:578:5
[INFO] [stdout]   17:     0x5608afff5b93 - core::panicking::panic_fmt::hfd368e3fbdabea26
[INFO] [stdout]                                at /rustc/1b7dd2252b99671ce5d1cb9664c5f8636329436d/library/core/src/panicking.rs:67:14
[INFO] [stdout]   18:     0x5608afff5c2d - core::panicking::panic::h3f9042d09bd0bf2e
[INFO] [stdout]                                at /rustc/1b7dd2252b99671ce5d1cb9664c5f8636329436d/library/core/src/panicking.rs:117:5
[INFO] [stdout]   19:     0x5608afff7bed - hello_test::test_sh::h78e0d53d8acf9d79
[INFO] [stdout]                                at /opt/rustwide/workdir/tests/hello_test.rs:4:5
[INFO] [stdout]   20:     0x5608afff7a97 - hello_test::test_sh::{{closure}}::h7cf28c6a1fe66b04
[INFO] [stdout]                                at /opt/rustwide/workdir/tests/hello_test.rs:2:14
[INFO] [stdout]   21:     0x5608afff9825 - core::ops::function::FnOnce::call_once::h4b26ee0382380be6
[INFO] [stdout]                                at /rustc/1b7dd2252b99671ce5d1cb9664c5f8636329436d/library/core/src/ops/function.rs:250:5
[INFO] [stdout]   22:     0x5608b003350f - core::ops::function::FnOnce::call_once::ha6a70e79f7481a7e
[INFO] [stdout]                                at /rustc/1b7dd2252b99671ce5d1cb9664c5f8636329436d/library/core/src/ops/function.rs:250:5
[INFO] [stdout]   23:     0x5608b003350f - test::__rust_begin_short_backtrace::hce33033019b61e69
[INFO] [stdout]                                at /rustc/1b7dd2252b99671ce5d1cb9664c5f8636329436d/library/test/src/lib.rs:655:18
[INFO] [stdout]   24:     0x5608b0000cfc - test::run_test::{{closure}}::h858d3528838ae3e5
[INFO] [stdout]                                at /rustc/1b7dd2252b99671ce5d1cb9664c5f8636329436d/library/test/src/lib.rs:646:30
[INFO] [stdout]   25:     0x5608b0000cfc - core::ops::function::FnOnce::call_once{{vtable.shim}}::he8ac2b00f01ae79e
[INFO] [stdout]                                at /rustc/1b7dd2252b99671ce5d1cb9664c5f8636329436d/library/core/src/ops/function.rs:250:5
[INFO] [stdout]   26:     0x5608b00325e6 - <alloc::boxed::Box<F,A> as core::ops::function::FnOnce<Args>>::call_once::h8093d25b522725ef
[INFO] [stdout]                                at /rustc/1b7dd2252b99671ce5d1cb9664c5f8636329436d/library/alloc/src/boxed.rs:1973:9
[INFO] [stdout]   27:     0x5608b00325e6 - <core::panic::unwind_safe::AssertUnwindSafe<F> as core::ops::function::FnOnce<()>>::call_once::h5c334c204e4a3913
[INFO] [stdout]                                at /rustc/1b7dd2252b99671ce5d1cb9664c5f8636329436d/library/core/src/panic/unwind_safe.rs:271:9
[INFO] [stdout]   28:     0x5608b00325e6 - std::panicking::try::do_call::ha8b740c7b9478074
[INFO] [stdout]                                at /rustc/1b7dd2252b99671ce5d1cb9664c5f8636329436d/library/std/src/panicking.rs:485:40
[INFO] [stdout]   29:     0x5608b00325e6 - std::panicking::try::h5d34f63d0e41b64e
[INFO] [stdout]                                at /rustc/1b7dd2252b99671ce5d1cb9664c5f8636329436d/library/std/src/panicking.rs:449:19
[INFO] [stdout]   30:     0x5608b00325e6 - std::panic::catch_unwind::hcfbb511e1aa7fc67
[INFO] [stdout]                                at /rustc/1b7dd2252b99671ce5d1cb9664c5f8636329436d/library/std/src/panic.rs:140:14
[INFO] [stdout]   31:     0x5608b00325e6 - test::run_test_in_process::h9abda90f802eaf21
[INFO] [stdout]                                at /rustc/1b7dd2252b99671ce5d1cb9664c5f8636329436d/library/test/src/lib.rs:678:27
[INFO] [stdout]   32:     0x5608b00325e6 - test::run_test::run_test_inner::{{closure}}::h0f058de91f6c6edf
[INFO] [stdout]                                at /rustc/1b7dd2252b99671ce5d1cb9664c5f8636329436d/library/test/src/lib.rs:572:39
[INFO] [stdout]   33:     0x5608afffb505 - test::run_test::run_test_inner::{{closure}}::h5ca48a4c59c6c1fb
[INFO] [stdout]                                at /rustc/1b7dd2252b99671ce5d1cb9664c5f8636329436d/library/test/src/lib.rs:599:37
[INFO] [stdout]   34:     0x5608afffb505 - std::sys_common::backtrace::__rust_begin_short_backtrace::h32bd51e1495d4a33
[INFO] [stdout]                                at /rustc/1b7dd2252b99671ce5d1cb9664c5f8636329436d/library/std/src/sys_common/backtrace.rs:134:18
[INFO] [stdout]   35:     0x5608b0000a41 - std::thread::Builder::spawn_unchecked_::{{closure}}::{{closure}}::hc086fae9b128b2db
[INFO] [stdout]                                at /rustc/1b7dd2252b99671ce5d1cb9664c5f8636329436d/library/std/src/thread/mod.rs:526:17
[INFO] [stdout]   36:     0x5608b0000a41 - <core::panic::unwind_safe::AssertUnwindSafe<F> as core::ops::function::FnOnce<()>>::call_once::hb66571888d270d43
[INFO] [stdout]                                at /rustc/1b7dd2252b99671ce5d1cb9664c5f8636329436d/library/core/src/panic/unwind_safe.rs:271:9
[INFO] [stdout]   37:     0x5608b0000a41 - std::panicking::try::do_call::h4fa2ef4f6e51fecf
[INFO] [stdout]                                at /rustc/1b7dd2252b99671ce5d1cb9664c5f8636329436d/library/std/src/panicking.rs:485:40
[INFO] [stdout]   38:     0x5608b0000a41 - std::panicking::try::h1e9e22b8584489b5
[INFO] [stdout]                                at /rustc/1b7dd2252b99671ce5d1cb9664c5f8636329436d/library/std/src/panicking.rs:449:19
[INFO] [stdout]   39:     0x5608b0000a41 - std::panic::catch_unwind::h44698a3de0e0769e
[INFO] [stdout]                                at /rustc/1b7dd2252b99671ce5d1cb9664c5f8636329436d/library/std/src/panic.rs:140:14
[INFO] [stdout]   40:     0x5608b0000a41 - std::thread::Builder::spawn_unchecked_::{{closure}}::h50153abde3fe239e
[INFO] [stdout]                                at /rustc/1b7dd2252b99671ce5d1cb9664c5f8636329436d/library/std/src/thread/mod.rs:525:30
[INFO] [stdout]   41:     0x5608b0000a41 - core::ops::function::FnOnce::call_once{{vtable.shim}}::hbe5bbf6f38394364
[INFO] [stdout]                                at /rustc/1b7dd2252b99671ce5d1cb9664c5f8636329436d/library/core/src/ops/function.rs:250:5
[INFO] [stdout]   42:     0x5608b005fd75 - <alloc::boxed::Box<F,A> as core::ops::function::FnOnce<Args>>::call_once::h0d83cb2920a49046
[INFO] [stdout]                                at /rustc/1b7dd2252b99671ce5d1cb9664c5f8636329436d/library/alloc/src/boxed.rs:1973:9
[INFO] [stdout]   43:     0x5608b005fd75 - <alloc::boxed::Box<F,A> as core::ops::function::FnOnce<Args>>::call_once::hbe0a008aa7d9ef59
[INFO] [stdout]                                at /rustc/1b7dd2252b99671ce5d1cb9664c5f8636329436d/library/alloc/src/boxed.rs:1973:9
[INFO] [stdout]   44:     0x5608b005fd75 - std::sys::unix::thread::Thread::new::thread_start::h3a466996bdf6b1f9
[INFO] [stdout]                                at /rustc/1b7dd2252b99671ce5d1cb9664c5f8636329436d/library/std/src/sys/unix/thread.rs:108:17
[INFO] [stdout]   45:     0x7f13c96f2b43 - <unknown>
[INFO] [stdout]   46:     0x7f13c9783bb4 - __clone
[INFO] [stdout]   47:                0x0 - <unknown>
[INFO] [stdout] 
[INFO] [stdout] 
[INFO] [stdout] failures:
[INFO] [stdout]     test_sh
[INFO] [stdout] 
[INFO] [stdout] test result: FAILED. 0 passed; 1 failed; 0 ignored; 0 measured; 0 filtered out; finished in 0.01s
[INFO] [stdout] 
[INFO] [stderr] error: test failed, to rerun pass `--test hello_test`
[INFO] running `Command { std: "docker" "inspect" "88d98c03354f1e97488397870e10fc264252e32dfa26bb9f05ca4a9be5b5488f", kill_on_drop: false }`
[INFO] running `Command { std: "docker" "rm" "-f" "88d98c03354f1e97488397870e10fc264252e32dfa26bb9f05ca4a9be5b5488f", kill_on_drop: false }`
[INFO] [stdout] 88d98c03354f1e97488397870e10fc264252e32dfa26bb9f05ca4a9be5b5488f
