[INFO] fetching crate bagr 0.3.0...
[INFO] testing bagr-0.3.0 against 1.69.0 for beta-1.70-1
[INFO] extracting crate bagr 0.3.0 into /workspace/builds/worker-3-tc1/source
[INFO] validating manifest of crates.io crate bagr 0.3.0 on toolchain 1.69.0
[INFO] running `Command { std: CARGO_HOME="/workspace/cargo-home" RUSTUP_HOME="/workspace/rustup-home" "/workspace/cargo-home/bin/cargo" "+1.69.0" "metadata" "--manifest-path" "Cargo.toml" "--no-deps", kill_on_drop: false }`
[INFO] started tweaking crates.io crate bagr 0.3.0
[INFO] finished tweaking crates.io crate bagr 0.3.0
[INFO] tweaked toml for crates.io crate bagr 0.3.0 written to /workspace/builds/worker-3-tc1/source/Cargo.toml
[INFO] crate crates.io crate bagr 0.3.0 already has a lockfile, it will not be regenerated
[INFO] running `Command { std: CARGO_HOME="/workspace/cargo-home" RUSTUP_HOME="/workspace/rustup-home" "/workspace/cargo-home/bin/cargo" "+1.69.0" "fetch" "--manifest-path" "Cargo.toml", kill_on_drop: false }`
[INFO] [stderr]  Downloading crates ...
[INFO] [stderr]   Downloaded kstring v1.0.6
[INFO] [stderr]   Downloaded blake2 v0.10.4
[INFO] [stderr]   Downloaded clap_derive v3.1.2
[INFO] [stderr]   Downloaded toml_edit v0.12.6
[INFO] [stderr]   Downloaded difflib v0.4.0
[INFO] [stderr]   Downloaded md-5 v0.10.1
[INFO] [stderr]   Downloaded cpufeatures v0.2.1
[INFO] [stderr]   Downloaded humantime-serde v1.0.1
[INFO] [stderr]   Downloaded concolor v0.0.8
[INFO] [stderr]   Downloaded concolor-query v0.0.5
[INFO] [stderr]   Downloaded content_inspector v0.2.4
[INFO] [stderr]   Downloaded sha-1 v0.10.0
[INFO] [stderr]   Downloaded dunce v1.0.2
[INFO] [stderr]   Downloaded once_cell v1.9.0
[INFO] [stderr]   Downloaded os_pipe v1.0.1
[INFO] [stderr]   Downloaded crossbeam-epoch v0.9.7
[INFO] [stderr]   Downloaded crossbeam-utils v0.8.7
[INFO] [stderr]   Downloaded generic-array v0.14.5
[INFO] [stderr]   Downloaded crypto-common v0.1.3
[INFO] [stderr]   Downloaded yansi v0.5.0
[INFO] [stderr]   Downloaded textwrap v0.14.2
[INFO] [stderr]   Downloaded crossbeam-channel v0.5.2
[INFO] [stderr]   Downloaded combine v4.6.3
[INFO] [stderr]   Downloaded clap v3.1.2
[INFO] [stderr]   Downloaded libc v0.2.119
[INFO] [stderr]   Downloaded trycmd v0.12.2
[INFO] running `Command { std: "docker" "create" "-v" "/var/lib/crater-agent-workspace/builds/worker-3-tc1/target:/opt/rustwide/target:rw,Z" "-v" "/var/lib/crater-agent-workspace/builds/worker-3-tc1/source:/opt/rustwide/workdir:ro,Z" "-v" "/var/lib/crater-agent-workspace/cargo-home:/opt/rustwide/cargo-home:ro,Z" "-v" "/var/lib/crater-agent-workspace/rustup-home:/opt/rustwide/rustup-home:ro,Z" "-e" "SOURCE_DIR=/opt/rustwide/workdir" "-e" "CARGO_TARGET_DIR=/opt/rustwide/target" "-e" "CARGO_HOME=/opt/rustwide/cargo-home" "-e" "RUSTUP_HOME=/opt/rustwide/rustup-home" "-w" "/opt/rustwide/workdir" "-m" "1610612736" "--user" "0:0" "--network" "none" "ghcr.io/rust-lang/crates-build-env/linux@sha256:5ff2268d62e97bff2cde7d5815dd6ed5b47097566f13b8d0ca110b04b60e07ed" "/opt/rustwide/cargo-home/bin/cargo" "+1.69.0" "metadata" "--no-deps" "--format-version=1", kill_on_drop: false }`
[INFO] [stdout] 77e2bbe5a400dc9726e9907b345b6eab0998cc1d2588e81b073f91d3ad101705
[INFO] running `Command { std: "docker" "start" "-a" "77e2bbe5a400dc9726e9907b345b6eab0998cc1d2588e81b073f91d3ad101705", kill_on_drop: false }`
[INFO] running `Command { std: "docker" "inspect" "77e2bbe5a400dc9726e9907b345b6eab0998cc1d2588e81b073f91d3ad101705", kill_on_drop: false }`
[INFO] running `Command { std: "docker" "rm" "-f" "77e2bbe5a400dc9726e9907b345b6eab0998cc1d2588e81b073f91d3ad101705", kill_on_drop: false }`
[INFO] [stdout] 77e2bbe5a400dc9726e9907b345b6eab0998cc1d2588e81b073f91d3ad101705
[INFO] running `Command { std: "docker" "create" "-v" "/var/lib/crater-agent-workspace/builds/worker-3-tc1/target:/opt/rustwide/target:rw,Z" "-v" "/var/lib/crater-agent-workspace/builds/worker-3-tc1/source:/opt/rustwide/workdir:ro,Z" "-v" "/var/lib/crater-agent-workspace/cargo-home:/opt/rustwide/cargo-home:ro,Z" "-v" "/var/lib/crater-agent-workspace/rustup-home:/opt/rustwide/rustup-home:ro,Z" "-e" "SOURCE_DIR=/opt/rustwide/workdir" "-e" "CARGO_TARGET_DIR=/opt/rustwide/target" "-e" "CARGO_INCREMENTAL=0" "-e" "RUST_BACKTRACE=full" "-e" "RUSTFLAGS=--cap-lints=warn" "-e" "RUSTDOCFLAGS=--cap-lints=warn" "-e" "CARGO_HOME=/opt/rustwide/cargo-home" "-e" "RUSTUP_HOME=/opt/rustwide/rustup-home" "-w" "/opt/rustwide/workdir" "-m" "1610612736" "--user" "0:0" "--network" "none" "ghcr.io/rust-lang/crates-build-env/linux@sha256:5ff2268d62e97bff2cde7d5815dd6ed5b47097566f13b8d0ca110b04b60e07ed" "/opt/rustwide/cargo-home/bin/cargo" "+1.69.0" "build" "--frozen" "--message-format=json", kill_on_drop: false }`
[INFO] [stdout] c6ff5a48259dd080a59f6a33034b80b53cbd6cd291fdbd6203d99b4a328428d3
[INFO] running `Command { std: "docker" "start" "-a" "c6ff5a48259dd080a59f6a33034b80b53cbd6cd291fdbd6203d99b4a328428d3", kill_on_drop: false }`
[INFO] [stderr]    Compiling proc-macro2 v1.0.36
[INFO] [stderr]    Compiling typenum v1.15.0
[INFO] [stderr]    Compiling generic-array v0.14.5
[INFO] [stderr]    Compiling syn v1.0.86
[INFO] [stderr]    Compiling libc v0.2.119
[INFO] [stderr]    Compiling proc-macro-error-attr v1.0.4
[INFO] [stderr]    Compiling proc-macro-error v1.0.4
[INFO] [stderr]    Compiling unicode-segmentation v1.9.0
[INFO] [stderr]    Compiling doc-comment v0.3.3
[INFO] [stderr]    Compiling rustversion v1.0.6
[INFO] [stderr]    Compiling log v0.4.14
[INFO] [stderr]    Compiling num-traits v0.2.14
[INFO] [stderr]    Compiling indexmap v1.8.0
[INFO] [stderr]    Compiling num-integer v0.1.44
[INFO] [stderr]    Compiling aho-corasick v0.7.18
[INFO] [stderr]    Compiling cpufeatures v0.2.1
[INFO] [stderr]    Compiling os_str_bytes v6.0.0
[INFO] [stderr]    Compiling textwrap v0.14.2
[INFO] [stderr]    Compiling strsim v0.10.0
[INFO] [stderr]    Compiling heck v0.3.3
[INFO] [stderr]    Compiling ansi_term v0.12.1
[INFO] [stderr]    Compiling once_cell v1.9.0
[INFO] [stderr]    Compiling strum v0.23.0
[INFO] [stderr]    Compiling regex v1.5.4
[INFO] [stderr]    Compiling quote v1.0.15
[INFO] [stderr]    Compiling atty v0.2.14
[INFO] [stderr]    Compiling time v0.1.44
[INFO] [stderr]    Compiling chrono v0.4.19
[INFO] [stderr]    Compiling env_logger v0.9.0
[INFO] [stderr]    Compiling block-buffer v0.10.2
[INFO] [stderr]    Compiling crypto-common v0.1.3
[INFO] [stderr]    Compiling digest v0.10.3
[INFO] [stderr]    Compiling md-5 v0.10.1
[INFO] [stderr]    Compiling sha2 v0.10.2
[INFO] [stderr]    Compiling sha-1 v0.10.0
[INFO] [stderr]    Compiling blake2 v0.10.4
[INFO] [stderr]    Compiling clap_derive v3.1.2
[INFO] [stderr]    Compiling snafu-derive v0.7.0
[INFO] [stderr]    Compiling strum_macros v0.23.1
[INFO] [stderr]    Compiling clap v3.1.2
[INFO] [stderr]    Compiling snafu v0.7.0
[INFO] [stderr]    Compiling bagr v0.3.0 (/opt/rustwide/workdir)
[INFO] [stdout] warning: constant `FETCH_TXT` is never used
[INFO] [stdout]   --> src/bagit/consts.rs:32:11
[INFO] [stdout]    |
[INFO] [stdout] 32 | pub const FETCH_TXT: &str = "fetch.txt";
[INFO] [stdout]    |           ^^^^^^^^^
[INFO] [stdout]    |
[INFO] [stdout]    = note: `#[warn(dead_code)]` on by default
[INFO] [stdout] 
[INFO] [stdout] 
[INFO] [stdout] warning: 1 warning emitted
[INFO] [stdout] 
[INFO] [stdout] 
[INFO] [stderr]     Finished dev [unoptimized + debuginfo] target(s) in 14.56s
[INFO] running `Command { std: "docker" "inspect" "c6ff5a48259dd080a59f6a33034b80b53cbd6cd291fdbd6203d99b4a328428d3", kill_on_drop: false }`
[INFO] running `Command { std: "docker" "rm" "-f" "c6ff5a48259dd080a59f6a33034b80b53cbd6cd291fdbd6203d99b4a328428d3", kill_on_drop: false }`
[INFO] [stdout] c6ff5a48259dd080a59f6a33034b80b53cbd6cd291fdbd6203d99b4a328428d3
[INFO] running `Command { std: "docker" "create" "-v" "/var/lib/crater-agent-workspace/builds/worker-3-tc1/target:/opt/rustwide/target:rw,Z" "-v" "/var/lib/crater-agent-workspace/builds/worker-3-tc1/source:/opt/rustwide/workdir:ro,Z" "-v" "/var/lib/crater-agent-workspace/cargo-home:/opt/rustwide/cargo-home:ro,Z" "-v" "/var/lib/crater-agent-workspace/rustup-home:/opt/rustwide/rustup-home:ro,Z" "-e" "SOURCE_DIR=/opt/rustwide/workdir" "-e" "CARGO_TARGET_DIR=/opt/rustwide/target" "-e" "CARGO_INCREMENTAL=0" "-e" "RUST_BACKTRACE=full" "-e" "RUSTFLAGS=--cap-lints=warn" "-e" "RUSTDOCFLAGS=--cap-lints=warn" "-e" "CARGO_HOME=/opt/rustwide/cargo-home" "-e" "RUSTUP_HOME=/opt/rustwide/rustup-home" "-w" "/opt/rustwide/workdir" "-m" "1610612736" "--user" "0:0" "--network" "none" "ghcr.io/rust-lang/crates-build-env/linux@sha256:5ff2268d62e97bff2cde7d5815dd6ed5b47097566f13b8d0ca110b04b60e07ed" "/opt/rustwide/cargo-home/bin/cargo" "+1.69.0" "test" "--frozen" "--no-run" "--message-format=json", kill_on_drop: false }`
[INFO] [stdout] f8732a8b7e3d6ce369242f05ae3c2ad777acd9d5285bfcb4a871344ff88855fe
[INFO] running `Command { std: "docker" "start" "-a" "f8732a8b7e3d6ce369242f05ae3c2ad777acd9d5285bfcb4a871344ff88855fe", kill_on_drop: false }`
[INFO] [stderr]    Compiling memchr v2.4.1
[INFO] [stderr]    Compiling crossbeam-utils v0.8.7
[INFO] [stderr]    Compiling serde_derive v1.0.136
[INFO] [stderr]    Compiling crossbeam-epoch v0.9.7
[INFO] [stderr]    Compiling serde v1.0.136
[INFO] [stderr]    Compiling rayon-core v1.9.1
[INFO] [stderr]    Compiling either v1.6.1
[INFO] [stderr]    Compiling num_cpus v1.13.1
[INFO] [stderr]    Compiling rayon v1.5.1
[INFO] [stderr]    Compiling fastrand v1.7.0
[INFO] [stderr]    Compiling concolor-query v0.0.5
[INFO] [stderr]    Compiling os_pipe v1.0.1
[INFO] [stderr]    Compiling wait-timeout v0.2.0
[INFO] [stderr]    Compiling shlex v1.1.0
[INFO] [stderr]    Compiling normalize-line-endings v0.3.0
[INFO] [stderr]    Compiling difflib v0.4.0
[INFO] [stderr]    Compiling concolor v0.0.8
[INFO] [stderr]    Compiling itertools v0.10.3
[INFO] [stderr]    Compiling yansi v0.5.0
[INFO] [stderr]    Compiling tempfile v3.3.0
[INFO] [stderr]    Compiling dunce v1.0.2
[INFO] [stderr]    Compiling crossbeam-channel v0.5.2
[INFO] [stderr]    Compiling aho-corasick v0.7.18
[INFO] [stderr]    Compiling os_str_bytes v6.0.0
[INFO] [stderr]    Compiling combine v4.6.3
[INFO] [stderr]    Compiling content_inspector v0.2.4
[INFO] [stderr]    Compiling clap v3.1.2
[INFO] [stderr]    Compiling crossbeam-deque v0.8.1
[INFO] [stderr]    Compiling regex v1.5.4
[INFO] [stderr]    Compiling env_logger v0.9.0
[INFO] [stderr]    Compiling bagr v0.3.0 (/opt/rustwide/workdir)
[INFO] [stdout] warning: constant `FETCH_TXT` is never used
[INFO] [stdout]   --> src/bagit/consts.rs:32:11
[INFO] [stdout]    |
[INFO] [stdout] 32 | pub const FETCH_TXT: &str = "fetch.txt";
[INFO] [stdout]    |           ^^^^^^^^^
[INFO] [stdout]    |
[INFO] [stdout]    = note: `#[warn(dead_code)]` on by default
[INFO] [stdout] 
[INFO] [stdout] 
[INFO] [stdout] warning: 1 warning emitted
[INFO] [stdout] 
[INFO] [stdout] 
[INFO] [stderr]    Compiling kstring v1.0.6
[INFO] [stderr]    Compiling humantime-serde v1.0.1
[INFO] [stderr]    Compiling toml_edit v0.12.6
[INFO] [stderr]    Compiling trycmd v0.12.2
[INFO] [stdout] warning: constant `FETCH_TXT` is never used
[INFO] [stdout]   --> src/bagit/consts.rs:32:11
[INFO] [stdout]    |
[INFO] [stdout] 32 | pub const FETCH_TXT: &str = "fetch.txt";
[INFO] [stdout]    |           ^^^^^^^^^
[INFO] [stdout]    |
[INFO] [stdout]    = note: `#[warn(dead_code)]` on by default
[INFO] [stdout] 
[INFO] [stdout] 
[INFO] [stdout] warning: 1 warning emitted
[INFO] [stdout] 
[INFO] [stdout] 
[INFO] [stderr]     Finished test [unoptimized + debuginfo] target(s) in 31.21s
[INFO] running `Command { std: "docker" "inspect" "f8732a8b7e3d6ce369242f05ae3c2ad777acd9d5285bfcb4a871344ff88855fe", kill_on_drop: false }`
[INFO] running `Command { std: "docker" "rm" "-f" "f8732a8b7e3d6ce369242f05ae3c2ad777acd9d5285bfcb4a871344ff88855fe", kill_on_drop: false }`
[INFO] [stdout] f8732a8b7e3d6ce369242f05ae3c2ad777acd9d5285bfcb4a871344ff88855fe
[INFO] running `Command { std: "docker" "create" "-v" "/var/lib/crater-agent-workspace/builds/worker-3-tc1/target:/opt/rustwide/target:rw,Z" "-v" "/var/lib/crater-agent-workspace/builds/worker-3-tc1/source:/opt/rustwide/workdir:ro,Z" "-v" "/var/lib/crater-agent-workspace/cargo-home:/opt/rustwide/cargo-home:ro,Z" "-v" "/var/lib/crater-agent-workspace/rustup-home:/opt/rustwide/rustup-home:ro,Z" "-e" "SOURCE_DIR=/opt/rustwide/workdir" "-e" "CARGO_TARGET_DIR=/opt/rustwide/target" "-e" "CARGO_INCREMENTAL=0" "-e" "RUST_BACKTRACE=full" "-e" "RUSTFLAGS=--cap-lints=warn" "-e" "RUSTDOCFLAGS=--cap-lints=warn" "-e" "CARGO_HOME=/opt/rustwide/cargo-home" "-e" "RUSTUP_HOME=/opt/rustwide/rustup-home" "-w" "/opt/rustwide/workdir" "-m" "1610612736" "--user" "0:0" "--network" "none" "ghcr.io/rust-lang/crates-build-env/linux@sha256:5ff2268d62e97bff2cde7d5815dd6ed5b47097566f13b8d0ca110b04b60e07ed" "/opt/rustwide/cargo-home/bin/cargo" "+1.69.0" "test" "--frozen", kill_on_drop: false }`
[INFO] [stdout] 773ab230fa184b8421b018e2331195b75ed340cbce2e2679bb7b0a279f1ce676
[INFO] running `Command { std: "docker" "start" "-a" "773ab230fa184b8421b018e2331195b75ed340cbce2e2679bb7b0a279f1ce676", kill_on_drop: false }`
[INFO] [stderr] warning: constant `FETCH_TXT` is never used
[INFO] [stderr]   --> src/bagit/consts.rs:32:11
[INFO] [stderr]    |
[INFO] [stderr] 32 | pub const FETCH_TXT: &str = "fetch.txt";
[INFO] [stderr]    |           ^^^^^^^^^
[INFO] [stderr]    |
[INFO] [stderr]    = note: `#[warn(dead_code)]` on by default
[INFO] [stderr] 
[INFO] [stderr] warning: `bagr` (lib) generated 1 warning
[INFO] [stderr] warning: `bagr` (lib test) generated 1 warning (1 duplicate)
[INFO] [stderr]     Finished test [unoptimized + debuginfo] target(s) in 0.09s
[INFO] [stderr]      Running unittests src/lib.rs (/opt/rustwide/target/debug/deps/bagr-659e81d12174e577)
[INFO] [stdout] 
[INFO] [stdout] running 8 tests
[INFO] [stdout] test bagit::digest::tests::calculate_digest_while_reading ... ok
[INFO] [stdout] test bagit::digest::tests::calculate_digest_while_writing ... ok
[INFO] [stdout] test bagit::digest::tests::calculate_multiple_digests_while_writing ... ok
[INFO] [stdout] test bagit::io::tests::read_lines_with_different_endings ... ok
[INFO] [stdout] test bagit::io::tests::read_lines_with_different_endings_no_endline ... ok
[INFO] [stdout] test bagit::encoding::tests::test_percent_encoding ... ok
[INFO] [stdout] test bagit::io::tests::read_multi_line_tags ... ok
[INFO] [stdout] test bagit::digest::tests::blake2b_test ... ok
[INFO] [stdout] 
[INFO] [stdout] test result: ok. 8 passed; 0 failed; 0 ignored; 0 measured; 0 filtered out; finished in 0.00s
[INFO] [stdout] 
[INFO] [stderr]      Running unittests src/bin/bagr.rs (/opt/rustwide/target/debug/deps/bagr-e3ff1d23a23e5863)
[INFO] [stdout] 
[INFO] [stdout] running 0 tests
[INFO] [stdout] 
[INFO] [stdout] test result: ok. 0 passed; 0 failed; 0 ignored; 0 measured; 0 filtered out; finished in 0.00s
[INFO] [stdout] 
[INFO] [stderr]      Running tests/cli_tests.rs (/opt/rustwide/target/debug/deps/cli_tests-3eaf3cfb4ea3c4c5)
[INFO] [stdout] 
[INFO] [stdout] running 2 tests
[INFO] [stderr] Testing tests/cmd/rebag/new-tag-files.toml ... ok
[INFO] [stderr] Testing tests/cmd/rebag/new-tag-files.toml:teardown ... ok
[INFO] [stderr] Testing tests/cmd/rebag/all-the-options.toml ... ok
[INFO] [stderr] Testing tests/cmd/rebag/all-the-options.toml:teardown ... ok
[INFO] [stderr] Testing tests/cmd/rebag/basic-rebag.toml ... ok
[INFO] [stderr] Testing tests/cmd/rebag/basic-rebag.toml:teardown ... ok
[INFO] [stdout] test rebag_cli_tests ... ok
[INFO] [stderr] Testing tests/cmd/rebag/only-tag-changes.toml ... ok
[INFO] [stderr] Testing tests/cmd/rebag/only-tag-changes.toml:teardown ... ok
[INFO] [stdout] test bag_cli_tests ... FAILED
[INFO] [stdout] 
[INFO] [stdout] failures:
[INFO] [stdout] 
[INFO] [stdout] ---- bag_cli_tests stdout ----
[INFO] [stdout] thread 'bag_cli_tests' panicked at 'called `Result::unwrap()` on an `Err` value: Os { code: 30, kind: ReadOnlyFilesystem, message: "Read-only file system" }', tests/cli_tests.rs:46:30
[INFO] [stdout] stack backtrace:
[INFO] [stdout]    0:     0x562838bb868a - std::backtrace_rs::backtrace::libunwind::trace::ha9053a9a07ca49cb
[INFO] [stdout]                                at /rustc/84c898d65adf2f39a5a98507f1fe0ce10a2b8dbc/library/std/src/../../backtrace/src/backtrace/libunwind.rs:93:5
[INFO] [stdout]    1:     0x562838bb868a - std::backtrace_rs::backtrace::trace_unsynchronized::h9c2852a457ad564e
[INFO] [stdout]                                at /rustc/84c898d65adf2f39a5a98507f1fe0ce10a2b8dbc/library/std/src/../../backtrace/src/backtrace/mod.rs:66:5
[INFO] [stdout]    2:     0x562838bb868a - std::sys_common::backtrace::_print_fmt::h457936fbfaa0070f
[INFO] [stdout]                                at /rustc/84c898d65adf2f39a5a98507f1fe0ce10a2b8dbc/library/std/src/sys_common/backtrace.rs:65:5
[INFO] [stdout]    3:     0x562838bb868a - <std::sys_common::backtrace::_print::DisplayBacktrace as core::fmt::Display>::fmt::h5779d7bf7f70cb0c
[INFO] [stdout]                                at /rustc/84c898d65adf2f39a5a98507f1fe0ce10a2b8dbc/library/std/src/sys_common/backtrace.rs:44:22
[INFO] [stdout]    4:     0x562838bdf49e - core::fmt::write::h5a4baaff1bcd3eb5
[INFO] [stdout]                                at /rustc/84c898d65adf2f39a5a98507f1fe0ce10a2b8dbc/library/core/src/fmt/mod.rs:1232:17
[INFO] [stdout]    5:     0x562838bb4935 - std::io::Write::write_fmt::h478f79c628ef31d1
[INFO] [stdout]                                at /rustc/84c898d65adf2f39a5a98507f1fe0ce10a2b8dbc/library/std/src/io/mod.rs:1684:15
[INFO] [stdout]    6:     0x562838bb8455 - std::sys_common::backtrace::_print::h5fcdc36060f177e8
[INFO] [stdout]                                at /rustc/84c898d65adf2f39a5a98507f1fe0ce10a2b8dbc/library/std/src/sys_common/backtrace.rs:47:5
[INFO] [stdout]    7:     0x562838bb8455 - std::sys_common::backtrace::print::h54ca9458b876c8bf
[INFO] [stdout]                                at /rustc/84c898d65adf2f39a5a98507f1fe0ce10a2b8dbc/library/std/src/sys_common/backtrace.rs:34:9
[INFO] [stdout]    8:     0x562838bba84f - std::panicking::default_hook::{{closure}}::hbe471161c7664ed6
[INFO] [stdout]                                at /rustc/84c898d65adf2f39a5a98507f1fe0ce10a2b8dbc/library/std/src/panicking.rs:271:22
[INFO] [stdout]    9:     0x562838bba50f - std::panicking::default_hook::ha3500da57aa4ac4f
[INFO] [stdout]                                at /rustc/84c898d65adf2f39a5a98507f1fe0ce10a2b8dbc/library/std/src/panicking.rs:287:9
[INFO] [stdout]   10:     0x562838b88ae7 - <alloc::boxed::Box<F,A> as core::ops::function::Fn<Args>>::call::hdf1b89dd137ece34
[INFO] [stdout]                                at /rustc/84c898d65adf2f39a5a98507f1fe0ce10a2b8dbc/library/alloc/src/boxed.rs:2001:9
[INFO] [stdout]   11:     0x562838b88ae7 - test::test_main::{{closure}}::h9081a79f20e75698
[INFO] [stdout]                                at /rustc/84c898d65adf2f39a5a98507f1fe0ce10a2b8dbc/library/test/src/lib.rs:135:21
[INFO] [stdout]   12:     0x562838bbaf7d - <alloc::boxed::Box<F,A> as core::ops::function::Fn<Args>>::call::h6507bddc3eebb4a5
[INFO] [stdout]                                at /rustc/84c898d65adf2f39a5a98507f1fe0ce10a2b8dbc/library/alloc/src/boxed.rs:2001:9
[INFO] [stdout]   13:     0x562838bbaf7d - std::panicking::rust_panic_with_hook::h50c09d000dc561d2
[INFO] [stdout]                                at /rustc/84c898d65adf2f39a5a98507f1fe0ce10a2b8dbc/library/std/src/panicking.rs:696:13
[INFO] [stdout]   14:     0x562838bbacf9 - std::panicking::begin_panic_handler::{{closure}}::h9e2b2176e00e0d9c
[INFO] [stdout]                                at /rustc/84c898d65adf2f39a5a98507f1fe0ce10a2b8dbc/library/std/src/panicking.rs:583:13
[INFO] [stdout]   15:     0x562838bb8af6 - std::sys_common::backtrace::__rust_end_short_backtrace::h5739b8e512c09d02
[INFO] [stdout]                                at /rustc/84c898d65adf2f39a5a98507f1fe0ce10a2b8dbc/library/std/src/sys_common/backtrace.rs:150:18
[INFO] [stdout]   16:     0x562838bbaa02 - rust_begin_unwind
[INFO] [stdout]                                at /rustc/84c898d65adf2f39a5a98507f1fe0ce10a2b8dbc/library/std/src/panicking.rs:579:5
[INFO] [stdout]   17:     0x56283866e723 - core::panicking::panic_fmt::hf33a1475b4dc5c3e
[INFO] [stdout]                                at /rustc/84c898d65adf2f39a5a98507f1fe0ce10a2b8dbc/library/core/src/panicking.rs:64:14
[INFO] [stdout]   18:     0x56283866eb73 - core::result::unwrap_failed::hdff5465d74574b44
[INFO] [stdout]                                at /rustc/84c898d65adf2f39a5a98507f1fe0ce10a2b8dbc/library/core/src/result.rs:1750:5
[INFO] [stdout]   19:     0x562838b0cc0d - core::result::Result<T,E>::unwrap::h258db48d0bc8a6b4
[INFO] [stdout]                                at /rustc/84c898d65adf2f39a5a98507f1fe0ce10a2b8dbc/library/core/src/result.rs:1090:23
[INFO] [stdout]   20:     0x56283866fa84 - cli_tests::create_dir_all::h595bfa96a084ccb9
[INFO] [stdout]                                at /opt/rustwide/workdir/tests/cli_tests.rs:46:5
[INFO] [stdout]   21:     0x56283866fae0 - cli_tests::write_file::hb9fb7850c2a99c94
[INFO] [stdout]                                at /opt/rustwide/workdir/tests/cli_tests.rs:50:5
[INFO] [stdout]   22:     0x56283866f737 - cli_tests::setup_encoding_files::h9f58271a967925c6
[INFO] [stdout]                                at /opt/rustwide/workdir/tests/cli_tests.rs:29:5
[INFO] [stdout]   23:     0x56283866f348 - cli_tests::setup_encoding_test::h07502ed4ef57a75b
[INFO] [stdout]                                at /opt/rustwide/workdir/tests/cli_tests.rs:19:5
[INFO] [stdout]   24:     0x56283866fb4c - cli_tests::bag_cli_tests::hdf50e4a53a6ab9b7
[INFO] [stdout]                                at /opt/rustwide/workdir/tests/cli_tests.rs:7:5
[INFO] [stdout]   25:     0x56283866fb27 - cli_tests::bag_cli_tests::{{closure}}::hf93bfa5449aa8f68
[INFO] [stdout]                                at /opt/rustwide/workdir/tests/cli_tests.rs:5:20
[INFO] [stdout]   26:     0x56283866f155 - core::ops::function::FnOnce::call_once::hef8429548556b01f
[INFO] [stdout]                                at /rustc/84c898d65adf2f39a5a98507f1fe0ce10a2b8dbc/library/core/src/ops/function.rs:250:5
[INFO] [stdout]   27:     0x562838b8decf - core::ops::function::FnOnce::call_once::h7d969581be7d0075
[INFO] [stdout]                                at /rustc/84c898d65adf2f39a5a98507f1fe0ce10a2b8dbc/library/core/src/ops/function.rs:250:5
[INFO] [stdout]   28:     0x562838b8decf - test::__rust_begin_short_backtrace::hca25a52684e56655
[INFO] [stdout]                                at /rustc/84c898d65adf2f39a5a98507f1fe0ce10a2b8dbc/library/test/src/lib.rs:656:18
[INFO] [stdout]   29:     0x562838b5f4ec - test::run_test::{{closure}}::ha8ac744c4af1a4bb
[INFO] [stdout]                                at /rustc/84c898d65adf2f39a5a98507f1fe0ce10a2b8dbc/library/test/src/lib.rs:647:30
[INFO] [stdout]   30:     0x562838b5f4ec - core::ops::function::FnOnce::call_once{{vtable.shim}}::h7b411a9ed45bdecf
[INFO] [stdout]                                at /rustc/84c898d65adf2f39a5a98507f1fe0ce10a2b8dbc/library/core/src/ops/function.rs:250:5
[INFO] [stdout]   31:     0x562838b8ce96 - <alloc::boxed::Box<F,A> as core::ops::function::FnOnce<Args>>::call_once::hd05328869a8ed200
[INFO] [stdout]                                at /rustc/84c898d65adf2f39a5a98507f1fe0ce10a2b8dbc/library/alloc/src/boxed.rs:1987:9
[INFO] [stdout]   32:     0x562838b8ce96 - <core::panic::unwind_safe::AssertUnwindSafe<F> as core::ops::function::FnOnce<()>>::call_once::h0c601ce20bd5b2be
[INFO] [stdout]                                at /rustc/84c898d65adf2f39a5a98507f1fe0ce10a2b8dbc/library/core/src/panic/unwind_safe.rs:271:9
[INFO] [stdout]   33:     0x562838b8ce96 - std::panicking::try::do_call::ha4be5c164fe30854
[INFO] [stdout]                                at /rustc/84c898d65adf2f39a5a98507f1fe0ce10a2b8dbc/library/std/src/panicking.rs:487:40
[INFO] [stdout]   34:     0x562838b8ce96 - std::panicking::try::h604546f3609af05f
[INFO] [stdout]                                at /rustc/84c898d65adf2f39a5a98507f1fe0ce10a2b8dbc/library/std/src/panicking.rs:451:19
[INFO] [stdout]   35:     0x562838b8ce96 - std::panic::catch_unwind::h5bfa8afe44c9c2f9
[INFO] [stdout]                                at /rustc/84c898d65adf2f39a5a98507f1fe0ce10a2b8dbc/library/std/src/panic.rs:140:14
[INFO] [stdout]   36:     0x562838b8ce96 - test::run_test_in_process::hd50dee55dd63e6aa
[INFO] [stdout]                                at /rustc/84c898d65adf2f39a5a98507f1fe0ce10a2b8dbc/library/test/src/lib.rs:679:27
[INFO] [stdout]   37:     0x562838b8ce96 - test::run_test::run_test_inner::{{closure}}::h4aa0f433aa85cea8
[INFO] [stdout]                                at /rustc/84c898d65adf2f39a5a98507f1fe0ce10a2b8dbc/library/test/src/lib.rs:573:39
[INFO] [stdout]   38:     0x562838b59b61 - test::run_test::run_test_inner::{{closure}}::had56431adf24b4d6
[INFO] [stdout]                                at /rustc/84c898d65adf2f39a5a98507f1fe0ce10a2b8dbc/library/test/src/lib.rs:600:37
[INFO] [stdout]   39:     0x562838b59b61 - std::sys_common::backtrace::__rust_begin_short_backtrace::ha8d9890e0c73bf13
[INFO] [stdout]                                at /rustc/84c898d65adf2f39a5a98507f1fe0ce10a2b8dbc/library/std/src/sys_common/backtrace.rs:134:18
[INFO] [stdout]   40:     0x562838b5f57b - std::thread::Builder::spawn_unchecked_::{{closure}}::{{closure}}::h251832bcb4a95327
[INFO] [stdout]                                at /rustc/84c898d65adf2f39a5a98507f1fe0ce10a2b8dbc/library/std/src/thread/mod.rs:560:17
[INFO] [stdout]   41:     0x562838b5f57b - <core::panic::unwind_safe::AssertUnwindSafe<F> as core::ops::function::FnOnce<()>>::call_once::h8fdff598fa414831
[INFO] [stdout]                                at /rustc/84c898d65adf2f39a5a98507f1fe0ce10a2b8dbc/library/core/src/panic/unwind_safe.rs:271:9
[INFO] [stdout]   42:     0x562838b5f57b - std::panicking::try::do_call::h455dd2f7764a950f
[INFO] [stdout]                                at /rustc/84c898d65adf2f39a5a98507f1fe0ce10a2b8dbc/library/std/src/panicking.rs:487:40
[INFO] [stdout]   43:     0x562838b5f57b - std::panicking::try::had6f23b7b73ae72a
[INFO] [stdout]                                at /rustc/84c898d65adf2f39a5a98507f1fe0ce10a2b8dbc/library/std/src/panicking.rs:451:19
[INFO] [stdout]   44:     0x562838b5f57b - std::panic::catch_unwind::ha6a5ca3915b4dad0
[INFO] [stdout]                                at /rustc/84c898d65adf2f39a5a98507f1fe0ce10a2b8dbc/library/std/src/panic.rs:140:14
[INFO] [stdout]   45:     0x562838b5f57b - std::thread::Builder::spawn_unchecked_::{{closure}}::h883b72ef75da6231
[INFO] [stdout]                                at /rustc/84c898d65adf2f39a5a98507f1fe0ce10a2b8dbc/library/std/src/thread/mod.rs:559:30
[INFO] [stdout]   46:     0x562838b5f57b - core::ops::function::FnOnce::call_once{{vtable.shim}}::hb7dff73dc8bd2ccb
[INFO] [stdout]                                at /rustc/84c898d65adf2f39a5a98507f1fe0ce10a2b8dbc/library/core/src/ops/function.rs:250:5
[INFO] [stdout]   47:     0x562838bc0b33 - <alloc::boxed::Box<F,A> as core::ops::function::FnOnce<Args>>::call_once::h39990b24eedef2ab
[INFO] [stdout]                                at /rustc/84c898d65adf2f39a5a98507f1fe0ce10a2b8dbc/library/alloc/src/boxed.rs:1987:9
[INFO] [stdout]   48:     0x562838bc0b33 - <alloc::boxed::Box<F,A> as core::ops::function::FnOnce<Args>>::call_once::h01a027258444143b
[INFO] [stdout]                                at /rustc/84c898d65adf2f39a5a98507f1fe0ce10a2b8dbc/library/alloc/src/boxed.rs:1987:9
[INFO] [stdout]   49:     0x562838bc0b33 - std::sys::unix::thread::Thread::new::thread_start::ha4f1cdd9c25884ba
[INFO] [stdout]                                at /rustc/84c898d65adf2f39a5a98507f1fe0ce10a2b8dbc/library/std/src/sys/unix/thread.rs:108:17
[INFO] [stdout]   50:     0x7efdc3f32b43 - <unknown>
[INFO] [stdout]   51:     0x7efdc3fc3bb4 - __clone
[INFO] [stdout]   52:                0x0 - <unknown>
[INFO] [stdout] 
[INFO] [stdout] 
[INFO] [stdout] failures:
[INFO] [stdout]     bag_cli_tests
[INFO] [stdout] 
[INFO] [stdout] test result: FAILED. 1 passed; 1 failed; 0 ignored; 0 measured; 0 filtered out; finished in 0.02s
[INFO] [stdout] 
[INFO] [stderr] error: test failed, to rerun pass `--test cli_tests`
[INFO] running `Command { std: "docker" "inspect" "773ab230fa184b8421b018e2331195b75ed340cbce2e2679bb7b0a279f1ce676", kill_on_drop: false }`
[INFO] running `Command { std: "docker" "rm" "-f" "773ab230fa184b8421b018e2331195b75ed340cbce2e2679bb7b0a279f1ce676", kill_on_drop: false }`
[INFO] [stdout] 773ab230fa184b8421b018e2331195b75ed340cbce2e2679bb7b0a279f1ce676
