[INFO] fetching crate b2sum-rs 0.1.1...
[INFO] testing b2sum-rs-0.1.1 against 1.69.0 for beta-1.70-1
[INFO] extracting crate b2sum-rs 0.1.1 into /workspace/builds/worker-0-tc1/source
[INFO] validating manifest of crates.io crate b2sum-rs 0.1.1 on toolchain 1.69.0
[INFO] running `Command { std: CARGO_HOME="/workspace/cargo-home" RUSTUP_HOME="/workspace/rustup-home" "/workspace/cargo-home/bin/cargo" "+1.69.0" "metadata" "--manifest-path" "Cargo.toml" "--no-deps", kill_on_drop: false }`
[INFO] started tweaking crates.io crate b2sum-rs 0.1.1
[INFO] removed 0 missing examples
[INFO] finished tweaking crates.io crate b2sum-rs 0.1.1
[INFO] tweaked toml for crates.io crate b2sum-rs 0.1.1 written to /workspace/builds/worker-0-tc1/source/Cargo.toml
[INFO] crate crates.io crate b2sum-rs 0.1.1 already has a lockfile, it will not be regenerated
[INFO] running `Command { std: CARGO_HOME="/workspace/cargo-home" RUSTUP_HOME="/workspace/rustup-home" "/workspace/cargo-home/bin/cargo" "+1.69.0" "fetch" "--manifest-path" "Cargo.toml", kill_on_drop: false }`
[INFO] [stderr]     Blocking waiting for file lock on package cache
[INFO] [stderr]  Downloading crates ...
[INFO] [stderr]   Downloaded blake2-rfc v0.2.18
[INFO] [stderr]   Downloaded libc v0.2.87
[INFO] [stderr]   Downloaded filebuffer v0.4.0
[INFO] running `Command { std: "docker" "create" "-v" "/var/lib/crater-agent-workspace/builds/worker-0-tc1/target:/opt/rustwide/target:rw,Z" "-v" "/var/lib/crater-agent-workspace/builds/worker-0-tc1/source:/opt/rustwide/workdir:ro,Z" "-v" "/var/lib/crater-agent-workspace/cargo-home:/opt/rustwide/cargo-home:ro,Z" "-v" "/var/lib/crater-agent-workspace/rustup-home:/opt/rustwide/rustup-home:ro,Z" "-e" "SOURCE_DIR=/opt/rustwide/workdir" "-e" "CARGO_TARGET_DIR=/opt/rustwide/target" "-e" "CARGO_HOME=/opt/rustwide/cargo-home" "-e" "RUSTUP_HOME=/opt/rustwide/rustup-home" "-w" "/opt/rustwide/workdir" "-m" "1610612736" "--user" "0:0" "--network" "none" "ghcr.io/rust-lang/crates-build-env/linux@sha256:5ff2268d62e97bff2cde7d5815dd6ed5b47097566f13b8d0ca110b04b60e07ed" "/opt/rustwide/cargo-home/bin/cargo" "+1.69.0" "metadata" "--no-deps" "--format-version=1", kill_on_drop: false }`
[INFO] [stdout] b7568328b9d9a5990b8f177976cba6b6f2f847939fc5a317225edbd245e7a222
[INFO] running `Command { std: "docker" "start" "-a" "b7568328b9d9a5990b8f177976cba6b6f2f847939fc5a317225edbd245e7a222", kill_on_drop: false }`
[INFO] running `Command { std: "docker" "inspect" "b7568328b9d9a5990b8f177976cba6b6f2f847939fc5a317225edbd245e7a222", kill_on_drop: false }`
[INFO] running `Command { std: "docker" "rm" "-f" "b7568328b9d9a5990b8f177976cba6b6f2f847939fc5a317225edbd245e7a222", kill_on_drop: false }`
[INFO] [stdout] b7568328b9d9a5990b8f177976cba6b6f2f847939fc5a317225edbd245e7a222
[INFO] running `Command { std: "docker" "create" "-v" "/var/lib/crater-agent-workspace/builds/worker-0-tc1/target:/opt/rustwide/target:rw,Z" "-v" "/var/lib/crater-agent-workspace/builds/worker-0-tc1/source:/opt/rustwide/workdir:ro,Z" "-v" "/var/lib/crater-agent-workspace/cargo-home:/opt/rustwide/cargo-home:ro,Z" "-v" "/var/lib/crater-agent-workspace/rustup-home:/opt/rustwide/rustup-home:ro,Z" "-e" "SOURCE_DIR=/opt/rustwide/workdir" "-e" "CARGO_TARGET_DIR=/opt/rustwide/target" "-e" "CARGO_INCREMENTAL=0" "-e" "RUST_BACKTRACE=full" "-e" "RUSTFLAGS=--cap-lints=warn" "-e" "RUSTDOCFLAGS=--cap-lints=warn" "-e" "CARGO_HOME=/opt/rustwide/cargo-home" "-e" "RUSTUP_HOME=/opt/rustwide/rustup-home" "-w" "/opt/rustwide/workdir" "-m" "1610612736" "--user" "0:0" "--network" "none" "ghcr.io/rust-lang/crates-build-env/linux@sha256:5ff2268d62e97bff2cde7d5815dd6ed5b47097566f13b8d0ca110b04b60e07ed" "/opt/rustwide/cargo-home/bin/cargo" "+1.69.0" "build" "--frozen" "--message-format=json", kill_on_drop: false }`
[INFO] [stdout] 11c121273b6bb38eef02f9e2347d1c5b27c3c4355fba8c689ebb1c9743b60eb8
[INFO] running `Command { std: "docker" "start" "-a" "11c121273b6bb38eef02f9e2347d1c5b27c3c4355fba8c689ebb1c9743b60eb8", kill_on_drop: false }`
[INFO] [stderr]    Compiling arrayvec v0.4.12
[INFO] [stderr]    Compiling libc v0.2.87
[INFO] [stderr]    Compiling nodrop v0.1.14
[INFO] [stderr]    Compiling constant_time_eq v0.1.5
[INFO] [stderr]    Compiling blake2-rfc v0.2.18
[INFO] [stderr]    Compiling filebuffer v0.4.0
[INFO] [stderr]    Compiling b2sum-rs v0.1.1 (/opt/rustwide/workdir)
[INFO] [stderr]     Finished dev [unoptimized + debuginfo] target(s) in 3.94s
[INFO] running `Command { std: "docker" "inspect" "11c121273b6bb38eef02f9e2347d1c5b27c3c4355fba8c689ebb1c9743b60eb8", kill_on_drop: false }`
[INFO] running `Command { std: "docker" "rm" "-f" "11c121273b6bb38eef02f9e2347d1c5b27c3c4355fba8c689ebb1c9743b60eb8", kill_on_drop: false }`
[INFO] [stdout] 11c121273b6bb38eef02f9e2347d1c5b27c3c4355fba8c689ebb1c9743b60eb8
[INFO] running `Command { std: "docker" "create" "-v" "/var/lib/crater-agent-workspace/builds/worker-0-tc1/target:/opt/rustwide/target:rw,Z" "-v" "/var/lib/crater-agent-workspace/builds/worker-0-tc1/source:/opt/rustwide/workdir:ro,Z" "-v" "/var/lib/crater-agent-workspace/cargo-home:/opt/rustwide/cargo-home:ro,Z" "-v" "/var/lib/crater-agent-workspace/rustup-home:/opt/rustwide/rustup-home:ro,Z" "-e" "SOURCE_DIR=/opt/rustwide/workdir" "-e" "CARGO_TARGET_DIR=/opt/rustwide/target" "-e" "CARGO_INCREMENTAL=0" "-e" "RUST_BACKTRACE=full" "-e" "RUSTFLAGS=--cap-lints=warn" "-e" "RUSTDOCFLAGS=--cap-lints=warn" "-e" "CARGO_HOME=/opt/rustwide/cargo-home" "-e" "RUSTUP_HOME=/opt/rustwide/rustup-home" "-w" "/opt/rustwide/workdir" "-m" "1610612736" "--user" "0:0" "--network" "none" "ghcr.io/rust-lang/crates-build-env/linux@sha256:5ff2268d62e97bff2cde7d5815dd6ed5b47097566f13b8d0ca110b04b60e07ed" "/opt/rustwide/cargo-home/bin/cargo" "+1.69.0" "test" "--frozen" "--no-run" "--message-format=json", kill_on_drop: false }`
[INFO] [stdout] 2aa1c232cdffa6626e982767389ad214c13311a66d4f5a366346d9fb31cec405
[INFO] running `Command { std: "docker" "start" "-a" "2aa1c232cdffa6626e982767389ad214c13311a66d4f5a366346d9fb31cec405", kill_on_drop: false }`
[INFO] [stderr]    Compiling b2sum-rs v0.1.1 (/opt/rustwide/workdir)
[INFO] [stderr]     Finished test [unoptimized + debuginfo] target(s) in 0.93s
[INFO] running `Command { std: "docker" "inspect" "2aa1c232cdffa6626e982767389ad214c13311a66d4f5a366346d9fb31cec405", kill_on_drop: false }`
[INFO] running `Command { std: "docker" "rm" "-f" "2aa1c232cdffa6626e982767389ad214c13311a66d4f5a366346d9fb31cec405", kill_on_drop: false }`
[INFO] [stdout] 2aa1c232cdffa6626e982767389ad214c13311a66d4f5a366346d9fb31cec405
[INFO] running `Command { std: "docker" "create" "-v" "/var/lib/crater-agent-workspace/builds/worker-0-tc1/target:/opt/rustwide/target:rw,Z" "-v" "/var/lib/crater-agent-workspace/builds/worker-0-tc1/source:/opt/rustwide/workdir:ro,Z" "-v" "/var/lib/crater-agent-workspace/cargo-home:/opt/rustwide/cargo-home:ro,Z" "-v" "/var/lib/crater-agent-workspace/rustup-home:/opt/rustwide/rustup-home:ro,Z" "-e" "SOURCE_DIR=/opt/rustwide/workdir" "-e" "CARGO_TARGET_DIR=/opt/rustwide/target" "-e" "CARGO_INCREMENTAL=0" "-e" "RUST_BACKTRACE=full" "-e" "RUSTFLAGS=--cap-lints=warn" "-e" "RUSTDOCFLAGS=--cap-lints=warn" "-e" "CARGO_HOME=/opt/rustwide/cargo-home" "-e" "RUSTUP_HOME=/opt/rustwide/rustup-home" "-w" "/opt/rustwide/workdir" "-m" "1610612736" "--user" "0:0" "--network" "none" "ghcr.io/rust-lang/crates-build-env/linux@sha256:5ff2268d62e97bff2cde7d5815dd6ed5b47097566f13b8d0ca110b04b60e07ed" "/opt/rustwide/cargo-home/bin/cargo" "+1.69.0" "test" "--frozen", kill_on_drop: false }`
[INFO] [stdout] a43b8835ab15930651c8414a8a0d1486e00019b918275e471b0e42812fc81259
[INFO] running `Command { std: "docker" "start" "-a" "a43b8835ab15930651c8414a8a0d1486e00019b918275e471b0e42812fc81259", kill_on_drop: false }`
[INFO] [stderr]     Finished test [unoptimized + debuginfo] target(s) in 0.01s
[INFO] [stderr]      Running unittests src/lib.rs (/opt/rustwide/target/debug/deps/b2sum_rs-21d6b4a2da1f4bb4)
[INFO] [stdout] 
[INFO] [stdout] running 0 tests
[INFO] [stdout] 
[INFO] [stdout] test result: ok. 0 passed; 0 failed; 0 ignored; 0 measured; 0 filtered out; finished in 0.00s
[INFO] [stdout] 
[INFO] [stderr]      Running tests/unit_tests.rs (/opt/rustwide/target/debug/deps/unit_tests-522f77e49c184c87)
[INFO] [stdout] 
[INFO] [stdout] running 4 tests
[INFO] [stdout] test tests::blake2b_digest_sizes ... ok
[INFO] [stdout] test tests::wrong_size_128 - should panic ... ok
[INFO] [stdout] test tests::wrong_size_zero - should panic ... ok
[INFO] [stdout] test tests::wrong_size_65 - should panic ... ok
[INFO] [stdout] 
[INFO] [stdout] test result: ok. 4 passed; 0 failed; 0 ignored; 0 measured; 0 filtered out; finished in 0.06s
[INFO] [stdout] 
[INFO] [stderr]    Doc-tests b2sum-rs
[INFO] [stdout] 
[INFO] [stdout] running 1 test
[INFO] [stdout] test src/lib.rs - Blake2bSum (line 20) - compile ... FAILED
[INFO] [stdout] 
[INFO] [stdout] failures:
[INFO] [stdout] 
[INFO] [stdout] ---- src/lib.rs - Blake2bSum (line 20) stdout ----
[INFO] [stdout] error[E0432]: unresolved import `b2sum_rust`
[INFO] [stdout]  --> src/lib.rs:21:5
[INFO] [stdout]   |
[INFO] [stdout] 2 | use b2sum_rust::Blake2bSum;
[INFO] [stdout]   |     ^^^^^^^^^^ use of undeclared crate or module `b2sum_rust`
[INFO] [stdout]   |
[INFO] [stdout] help: there is a crate or module with a similar name
[INFO] [stdout]   |
[INFO] [stdout] 2 | use b2sum_rs::Blake2bSum;
[INFO] [stdout]   |     ~~~~~~~~
[INFO] [stdout] 
[INFO] [stdout] error: aborting due to previous error
[INFO] [stdout] 
[INFO] [stdout] For more information about this error, try `rustc --explain E0432`.
[INFO] [stdout] Couldn't compile the test.
[INFO] [stdout] 
[INFO] [stdout] failures:
[INFO] [stdout]     src/lib.rs - Blake2bSum (line 20)
[INFO] [stdout] 
[INFO] [stdout] test result: FAILED. 0 passed; 1 failed; 0 ignored; 0 measured; 0 filtered out; finished in 0.07s
[INFO] [stdout] 
[INFO] [stderr] error: doctest failed, to rerun pass `--doc`
[INFO] running `Command { std: "docker" "inspect" "a43b8835ab15930651c8414a8a0d1486e00019b918275e471b0e42812fc81259", kill_on_drop: false }`
[INFO] running `Command { std: "docker" "rm" "-f" "a43b8835ab15930651c8414a8a0d1486e00019b918275e471b0e42812fc81259", kill_on_drop: false }`
[INFO] [stdout] a43b8835ab15930651c8414a8a0d1486e00019b918275e471b0e42812fc81259
