[INFO] fetching crate axum-streams 0.8.1...
[INFO] testing axum-streams-0.8.1 against beta-2023-04-20 for beta-1.70-1
[INFO] extracting crate axum-streams 0.8.1 into /workspace/builds/worker-0-tc2/source
[INFO] validating manifest of crates.io crate axum-streams 0.8.1 on toolchain beta-2023-04-20
[INFO] running `Command { std: CARGO_HOME="/workspace/cargo-home" RUSTUP_HOME="/workspace/rustup-home" "/workspace/cargo-home/bin/cargo" "+beta-2023-04-20" "metadata" "--manifest-path" "Cargo.toml" "--no-deps", kill_on_drop: false }`
[INFO] started tweaking crates.io crate axum-streams 0.8.1
[INFO] removed 3 missing examples
[INFO] finished tweaking crates.io crate axum-streams 0.8.1
[INFO] tweaked toml for crates.io crate axum-streams 0.8.1 written to /workspace/builds/worker-0-tc2/source/Cargo.toml
[INFO] crate crates.io crate axum-streams 0.8.1 already has a lockfile, it will not be regenerated
[INFO] running `Command { std: CARGO_HOME="/workspace/cargo-home" RUSTUP_HOME="/workspace/rustup-home" "/workspace/cargo-home/bin/cargo" "+beta-2023-04-20" "fetch" "--manifest-path" "Cargo.toml", kill_on_drop: false }`
[INFO] [stderr]     Updating crates.io index
[INFO] [stderr]  Downloading crates ...
[INFO] [stderr]   Downloaded futures-executor v0.3.25
[INFO] [stderr]   Downloaded serde_derive v1.0.147
[INFO] [stderr]   Downloaded http-range-header v0.3.0
[INFO] [stderr]   Downloaded futures-io v0.3.25
[INFO] [stderr]   Downloaded wasm-bindgen-futures v0.4.33
[INFO] [stderr]   Downloaded sync_wrapper v0.1.1
[INFO] [stderr]   Downloaded cargo-husky v1.5.0
[INFO] [stderr]   Downloaded serde_path_to_error v0.1.8
[INFO] [stderr]   Downloaded rustversion v1.0.9
[INFO] [stderr]   Downloaded async-trait v0.1.58
[INFO] [stderr]   Downloaded futures v0.3.25
[INFO] [stderr]   Downloaded ipnet v2.5.1
[INFO] [stderr]   Downloaded axum-core v0.3.0
[INFO] [stderr]   Downloaded axum v0.6.0
[INFO] [stderr]   Downloaded reqwest v0.11.13
[INFO] [stderr]   Downloaded tokio v1.25.0
[INFO] [stderr]   Downloaded hyper v0.14.23
[INFO] [stderr]   Downloaded tower-http v0.3.4
[INFO] [stderr]   Downloaded matchit v0.6.0
[INFO] [stderr]   Downloaded anyhow v1.0.66
[INFO] [stderr]   Downloaded prost-derive v0.11.2
[INFO] [stderr]   Downloaded prost v0.11.2
[INFO] [stderr]   Downloaded mime_guess v2.0.4
[INFO] [stderr]   Downloaded parking_lot_core v0.9.4
[INFO] running `Command { std: "docker" "create" "-v" "/var/lib/crater-agent-workspace/builds/worker-0-tc2/target:/opt/rustwide/target:rw,Z" "-v" "/var/lib/crater-agent-workspace/builds/worker-0-tc2/source:/opt/rustwide/workdir:ro,Z" "-v" "/var/lib/crater-agent-workspace/cargo-home:/opt/rustwide/cargo-home:ro,Z" "-v" "/var/lib/crater-agent-workspace/rustup-home:/opt/rustwide/rustup-home:ro,Z" "-e" "SOURCE_DIR=/opt/rustwide/workdir" "-e" "CARGO_TARGET_DIR=/opt/rustwide/target" "-e" "CARGO_HOME=/opt/rustwide/cargo-home" "-e" "RUSTUP_HOME=/opt/rustwide/rustup-home" "-w" "/opt/rustwide/workdir" "-m" "1610612736" "--user" "0:0" "--network" "none" "ghcr.io/rust-lang/crates-build-env/linux@sha256:5ff2268d62e97bff2cde7d5815dd6ed5b47097566f13b8d0ca110b04b60e07ed" "/opt/rustwide/cargo-home/bin/cargo" "+beta-2023-04-20" "metadata" "--no-deps" "--format-version=1", kill_on_drop: false }`
[INFO] [stdout] d5c0bba9b814eccefbd52bd01e0a6176c98becaf86237074c229902252ea2c7a
[INFO] running `Command { std: "docker" "start" "-a" "d5c0bba9b814eccefbd52bd01e0a6176c98becaf86237074c229902252ea2c7a", kill_on_drop: false }`
[INFO] running `Command { std: "docker" "inspect" "d5c0bba9b814eccefbd52bd01e0a6176c98becaf86237074c229902252ea2c7a", kill_on_drop: false }`
[INFO] running `Command { std: "docker" "rm" "-f" "d5c0bba9b814eccefbd52bd01e0a6176c98becaf86237074c229902252ea2c7a", kill_on_drop: false }`
[INFO] [stdout] d5c0bba9b814eccefbd52bd01e0a6176c98becaf86237074c229902252ea2c7a
[INFO] running `Command { std: "docker" "create" "-v" "/var/lib/crater-agent-workspace/builds/worker-0-tc2/target:/opt/rustwide/target:rw,Z" "-v" "/var/lib/crater-agent-workspace/builds/worker-0-tc2/source:/opt/rustwide/workdir:ro,Z" "-v" "/var/lib/crater-agent-workspace/cargo-home:/opt/rustwide/cargo-home:ro,Z" "-v" "/var/lib/crater-agent-workspace/rustup-home:/opt/rustwide/rustup-home:ro,Z" "-e" "SOURCE_DIR=/opt/rustwide/workdir" "-e" "CARGO_TARGET_DIR=/opt/rustwide/target" "-e" "CARGO_INCREMENTAL=0" "-e" "RUST_BACKTRACE=full" "-e" "RUSTFLAGS=--cap-lints=warn" "-e" "RUSTDOCFLAGS=--cap-lints=warn" "-e" "CARGO_HOME=/opt/rustwide/cargo-home" "-e" "RUSTUP_HOME=/opt/rustwide/rustup-home" "-w" "/opt/rustwide/workdir" "-m" "1610612736" "--user" "0:0" "--network" "none" "ghcr.io/rust-lang/crates-build-env/linux@sha256:5ff2268d62e97bff2cde7d5815dd6ed5b47097566f13b8d0ca110b04b60e07ed" "/opt/rustwide/cargo-home/bin/cargo" "+beta-2023-04-20" "build" "--frozen" "--message-format=json", kill_on_drop: false }`
[INFO] [stdout] a2756854bf1b0821e6eb86dc5fbb98aac47956092f6ccc475ac13dfbe5ec9e09
[INFO] running `Command { std: "docker" "start" "-a" "a2756854bf1b0821e6eb86dc5fbb98aac47956092f6ccc475ac13dfbe5ec9e09", kill_on_drop: false }`
[INFO] [stderr]    Compiling proc-macro2 v1.0.47
[INFO] [stderr]    Compiling unicode-ident v1.0.5
[INFO] [stderr]    Compiling quote v1.0.21
[INFO] [stderr]    Compiling syn v1.0.103
[INFO] [stderr]    Compiling futures-core v0.3.25
[INFO] [stderr]    Compiling libc v0.2.137
[INFO] [stderr]    Compiling slab v0.4.7
[INFO] [stderr]    Compiling futures-task v0.3.25
[INFO] [stderr]    Compiling futures-channel v0.3.25
[INFO] [stderr]    Compiling futures-sink v0.3.25
[INFO] [stderr]    Compiling futures-util v0.3.25
[INFO] [stderr]    Compiling tokio v1.25.0
[INFO] [stderr]    Compiling itoa v1.0.4
[INFO] [stderr]    Compiling rustversion v1.0.9
[INFO] [stderr]    Compiling futures-io v0.3.25
[INFO] [stderr]    Compiling bytes v1.4.0
[INFO] [stderr]    Compiling once_cell v1.16.0
[INFO] [stderr]    Compiling serde v1.0.147
[INFO] [stderr]    Compiling tower-service v0.3.2
[INFO] [stderr]    Compiling tower-layer v0.3.2
[INFO] [stderr]    Compiling httparse v1.8.0
[INFO] [stderr]    Compiling async-trait v0.1.58
[INFO] [stderr]    Compiling tracing-core v0.1.30
[INFO] [stderr]    Compiling try-lock v0.2.3
[INFO] [stderr]    Compiling serde_json v1.0.89
[INFO] [stderr]    Compiling ryu v1.0.11
[INFO] [stderr]    Compiling percent-encoding v2.2.0
[INFO] [stderr]    Compiling want v0.3.0
[INFO] [stderr]    Compiling http-range-header v0.3.0
[INFO] [stderr]    Compiling sync_wrapper v0.1.1
[INFO] [stderr]    Compiling form_urlencoded v1.1.0
[INFO] [stderr]    Compiling matchit v0.6.0
[INFO] [stderr]    Compiling http v0.2.8
[INFO] [stderr]    Compiling tracing v0.1.37
[INFO] [stderr]    Compiling mio v0.8.5
[INFO] [stderr]    Compiling socket2 v0.4.7
[INFO] [stderr]    Compiling axum-core v0.3.0
[INFO] [stderr]    Compiling axum v0.6.0
[INFO] [stderr]    Compiling http-body v0.4.5
[INFO] [stderr]    Compiling tokio-stream v0.1.11
[INFO] [stderr]    Compiling tokio-util v0.7.4
[INFO] [stderr]    Compiling serde_urlencoded v0.7.1
[INFO] [stderr]    Compiling serde_path_to_error v0.1.8
[INFO] [stderr]    Compiling futures-macro v0.3.25
[INFO] [stderr]    Compiling pin-project-internal v1.0.12
[INFO] [stderr]    Compiling pin-project v1.0.12
[INFO] [stderr]    Compiling tower v0.4.13
[INFO] [stderr]    Compiling hyper v0.14.23
[INFO] [stderr]    Compiling futures-executor v0.3.25
[INFO] [stderr]    Compiling futures v0.3.25
[INFO] [stderr]    Compiling tower-http v0.3.4
[INFO] [stderr]    Compiling axum-streams v0.8.1 (/opt/rustwide/workdir)
[INFO] [stderr]     Finished dev [unoptimized + debuginfo] target(s) in 32.39s
[INFO] running `Command { std: "docker" "inspect" "a2756854bf1b0821e6eb86dc5fbb98aac47956092f6ccc475ac13dfbe5ec9e09", kill_on_drop: false }`
[INFO] running `Command { std: "docker" "rm" "-f" "a2756854bf1b0821e6eb86dc5fbb98aac47956092f6ccc475ac13dfbe5ec9e09", kill_on_drop: false }`
[INFO] [stdout] a2756854bf1b0821e6eb86dc5fbb98aac47956092f6ccc475ac13dfbe5ec9e09
[INFO] running `Command { std: "docker" "create" "-v" "/var/lib/crater-agent-workspace/builds/worker-0-tc2/target:/opt/rustwide/target:rw,Z" "-v" "/var/lib/crater-agent-workspace/builds/worker-0-tc2/source:/opt/rustwide/workdir:ro,Z" "-v" "/var/lib/crater-agent-workspace/cargo-home:/opt/rustwide/cargo-home:ro,Z" "-v" "/var/lib/crater-agent-workspace/rustup-home:/opt/rustwide/rustup-home:ro,Z" "-e" "SOURCE_DIR=/opt/rustwide/workdir" "-e" "CARGO_TARGET_DIR=/opt/rustwide/target" "-e" "CARGO_INCREMENTAL=0" "-e" "RUST_BACKTRACE=full" "-e" "RUSTFLAGS=--cap-lints=warn" "-e" "RUSTDOCFLAGS=--cap-lints=warn" "-e" "CARGO_HOME=/opt/rustwide/cargo-home" "-e" "RUSTUP_HOME=/opt/rustwide/rustup-home" "-w" "/opt/rustwide/workdir" "-m" "1610612736" "--user" "0:0" "--network" "none" "ghcr.io/rust-lang/crates-build-env/linux@sha256:5ff2268d62e97bff2cde7d5815dd6ed5b47097566f13b8d0ca110b04b60e07ed" "/opt/rustwide/cargo-home/bin/cargo" "+beta-2023-04-20" "test" "--frozen" "--no-run" "--message-format=json", kill_on_drop: false }`
[INFO] [stdout] 980c5489998cec13e3461cf21cd59f6d768252d31e15c38cab8611fe88fb164e
[INFO] running `Command { std: "docker" "start" "-a" "980c5489998cec13e3461cf21cd59f6d768252d31e15c38cab8611fe88fb164e", kill_on_drop: false }`
[INFO] [stderr]    Compiling syn v1.0.103
[INFO] [stderr]    Compiling lock_api v0.4.9
[INFO] [stderr]    Compiling parking_lot_core v0.9.4
[INFO] [stderr]    Compiling smallvec v1.10.0
[INFO] [stderr]    Compiling tokio v1.25.0
[INFO] [stderr]    Compiling num_cpus v1.14.0
[INFO] [stderr]    Compiling signal-hook-registry v1.4.0
[INFO] [stderr]    Compiling indexmap v1.9.2
[INFO] [stderr]    Compiling unicase v2.6.0
[INFO] [stderr]    Compiling anyhow v1.0.66
[INFO] [stderr]    Compiling unicode-normalization v0.1.22
[INFO] [stderr]    Compiling either v1.8.0
[INFO] [stderr]    Compiling ipnet v2.5.1
[INFO] [stderr]    Compiling base64 v0.13.1
[INFO] [stderr]    Compiling itertools v0.10.5
[INFO] [stderr]    Compiling parking_lot v0.12.1
[INFO] [stderr]    Compiling idna v0.3.0
[INFO] [stderr]    Compiling mime_guess v2.0.4
[INFO] [stderr]    Compiling url v2.3.1
[INFO] [stderr]    Compiling futures-macro v0.3.25
[INFO] [stderr]    Compiling tokio-macros v1.8.0
[INFO] [stderr]    Compiling pin-project-internal v1.0.12
[INFO] [stderr]    Compiling async-trait v0.1.58
[INFO] [stderr]    Compiling prost-derive v0.11.2
[INFO] [stderr]    Compiling futures-util v0.3.25
[INFO] [stderr]    Compiling pin-project v1.0.12
[INFO] [stderr]    Compiling prost v0.11.2
[INFO] [stderr]    Compiling futures-executor v0.3.25
[INFO] [stderr]    Compiling axum-core v0.3.0
[INFO] [stderr]    Compiling futures v0.3.25
[INFO] [stderr]    Compiling tokio-util v0.7.4
[INFO] [stderr]    Compiling tower v0.4.13
[INFO] [stderr]    Compiling tokio-stream v0.1.11
[INFO] [stderr]    Compiling tower-http v0.3.4
[INFO] [stderr]    Compiling h2 v0.3.15
[INFO] [stderr]    Compiling hyper v0.14.23
[INFO] [stderr]    Compiling axum v0.6.0
[INFO] [stderr]    Compiling reqwest v0.11.13
[INFO] [stderr]    Compiling axum-streams v0.8.1 (/opt/rustwide/workdir)
[INFO] [stdout] warning: struct `TestClient` is never constructed
[INFO] [stdout]   --> src/test_client.rs:11:19
[INFO] [stdout]    |
[INFO] [stdout] 11 | pub(crate) struct TestClient {
[INFO] [stdout]    |                   ^^^^^^^^^^
[INFO] [stdout]    |
[INFO] [stdout]    = note: `#[warn(dead_code)]` on by default
[INFO] [stdout] 
[INFO] [stdout] 
[INFO] [stdout] warning: associated items `new` and `get` are never used
[INFO] [stdout]   --> src/test_client.rs:17:19
[INFO] [stdout]    |
[INFO] [stdout] 16 | impl TestClient {
[INFO] [stdout]    | --------------- associated items in this implementation
[INFO] [stdout] 17 |     pub(crate) fn new<S, ResBody>(svc: S) -> Self
[INFO] [stdout]    |                   ^^^
[INFO] [stdout] ...
[INFO] [stdout] 48 |     pub(crate) fn get(&self, url: &str) -> RequestBuilder {
[INFO] [stdout]    |                   ^^^
[INFO] [stdout] 
[INFO] [stdout] 
[INFO] [stdout] warning: 2 warnings emitted
[INFO] [stdout] 
[INFO] [stdout] 
[INFO] [stderr]     Finished test [unoptimized + debuginfo] target(s) in 25.60s
[INFO] running `Command { std: "docker" "inspect" "980c5489998cec13e3461cf21cd59f6d768252d31e15c38cab8611fe88fb164e", kill_on_drop: false }`
[INFO] running `Command { std: "docker" "rm" "-f" "980c5489998cec13e3461cf21cd59f6d768252d31e15c38cab8611fe88fb164e", kill_on_drop: false }`
[INFO] [stdout] 980c5489998cec13e3461cf21cd59f6d768252d31e15c38cab8611fe88fb164e
[INFO] running `Command { std: "docker" "create" "-v" "/var/lib/crater-agent-workspace/builds/worker-0-tc2/target:/opt/rustwide/target:rw,Z" "-v" "/var/lib/crater-agent-workspace/builds/worker-0-tc2/source:/opt/rustwide/workdir:ro,Z" "-v" "/var/lib/crater-agent-workspace/cargo-home:/opt/rustwide/cargo-home:ro,Z" "-v" "/var/lib/crater-agent-workspace/rustup-home:/opt/rustwide/rustup-home:ro,Z" "-e" "SOURCE_DIR=/opt/rustwide/workdir" "-e" "CARGO_TARGET_DIR=/opt/rustwide/target" "-e" "CARGO_INCREMENTAL=0" "-e" "RUST_BACKTRACE=full" "-e" "RUSTFLAGS=--cap-lints=warn" "-e" "RUSTDOCFLAGS=--cap-lints=warn" "-e" "CARGO_HOME=/opt/rustwide/cargo-home" "-e" "RUSTUP_HOME=/opt/rustwide/rustup-home" "-w" "/opt/rustwide/workdir" "-m" "1610612736" "--user" "0:0" "--network" "none" "ghcr.io/rust-lang/crates-build-env/linux@sha256:5ff2268d62e97bff2cde7d5815dd6ed5b47097566f13b8d0ca110b04b60e07ed" "/opt/rustwide/cargo-home/bin/cargo" "+beta-2023-04-20" "test" "--frozen", kill_on_drop: false }`
[INFO] [stdout] 1fefd2aded605b4a8503c8200240f0e66dcb2ff7c06da9badaa54aba164453c0
[INFO] running `Command { std: "docker" "start" "-a" "1fefd2aded605b4a8503c8200240f0e66dcb2ff7c06da9badaa54aba164453c0", kill_on_drop: false }`
[INFO] [stderr] warning: struct `TestClient` is never constructed
[INFO] [stderr]   --> src/test_client.rs:11:19
[INFO] [stderr]    |
[INFO] [stderr] 11 | pub(crate) struct TestClient {
[INFO] [stderr]    |                   ^^^^^^^^^^
[INFO] [stderr]    |
[INFO] [stderr]    = note: `#[warn(dead_code)]` on by default
[INFO] [stderr] 
[INFO] [stderr] warning: associated items `new` and `get` are never used
[INFO] [stderr]   --> src/test_client.rs:17:19
[INFO] [stderr]    |
[INFO] [stderr] 16 | impl TestClient {
[INFO] [stderr]    | --------------- associated items in this implementation
[INFO] [stderr] 17 |     pub(crate) fn new<S, ResBody>(svc: S) -> Self
[INFO] [stderr]    |                   ^^^
[INFO] [stderr] ...
[INFO] [stderr] 48 |     pub(crate) fn get(&self, url: &str) -> RequestBuilder {
[INFO] [stderr]    |                   ^^^
[INFO] [stderr] 
[INFO] [stderr] warning: `axum-streams` (lib test) generated 2 warnings
[INFO] [stderr]     Finished test [unoptimized + debuginfo] target(s) in 0.08s
[INFO] [stderr]      Running unittests src/lib.rs (/opt/rustwide/target/debug/deps/axum_streams-fdf14055e30377d1)
[INFO] [stdout] 
[INFO] [stdout] running 0 tests
[INFO] [stdout] 
[INFO] [stdout] test result: ok. 0 passed; 0 failed; 0 ignored; 0 measured; 0 filtered out; finished in 0.00s
[INFO] [stdout] 
[INFO] [stderr]    Doc-tests axum_streams
[INFO] [stdout] 
[INFO] [stdout] running 1 test
[INFO] [stdout] test src/lib.rs - (line 18) ... FAILED
[INFO] [stdout] 
[INFO] [stdout] failures:
[INFO] [stdout] 
[INFO] [stdout] ---- src/lib.rs - (line 18) stdout ----
[INFO] [stdout] error[E0432]: unresolved import `serde`
[INFO] [stdout]   --> src/lib.rs:27:5
[INFO] [stdout]    |
[INFO] [stdout] 12 | use serde::Serialize;
[INFO] [stdout]    |     ^^^^^ use of undeclared crate or module `serde`
[INFO] [stdout] 
[INFO] [stdout] error: cannot determine resolution for the derive macro `Serialize`
[INFO] [stdout]   --> src/lib.rs:29:24
[INFO] [stdout]    |
[INFO] [stdout] 14 | #[derive(Debug, Clone, Serialize)]
[INFO] [stdout]    |                        ^^^^^^^^^
[INFO] [stdout]    |
[INFO] [stdout]    = note: import resolution is stuck, try simplifying macro imports
[INFO] [stdout] 
[INFO] [stdout] error[E0599]: no function or associated item named `json_array` found for struct `axum_streams::StreamBodyAs` in the current scope
[INFO] [stdout]   --> src/lib.rs:47:19
[INFO] [stdout]    |
[INFO] [stdout] 32 |     StreamBodyAs::json_array(my_source_stream())
[INFO] [stdout]    |                   ^^^^^^^^^^ function or associated item not found in `StreamBodyAs<'_>`
[INFO] [stdout] 
[INFO] [stdout] error[E0599]: no function or associated item named `json_nl` found for struct `axum_streams::StreamBodyAs` in the current scope
[INFO] [stdout]   --> src/lib.rs:50:19
[INFO] [stdout]    |
[INFO] [stdout] 35 |     StreamBodyAs::json_nl(my_source_stream())
[INFO] [stdout]    |                   ^^^^^^^ function or associated item not found in `StreamBodyAs<'_>`
[INFO] [stdout] 
[INFO] [stdout] error[E0599]: no function or associated item named `csv` found for struct `axum_streams::StreamBodyAs` in the current scope
[INFO] [stdout]   --> src/lib.rs:54:19
[INFO] [stdout]    |
[INFO] [stdout] 39 |     StreamBodyAs::csv(my_source_stream())
[INFO] [stdout]    |                   ^^^ function or associated item not found in `StreamBodyAs<'_>`
[INFO] [stdout] 
[INFO] [stdout] error: aborting due to 5 previous errors
[INFO] [stdout] 
[INFO] [stdout] Some errors have detailed explanations: E0432, E0599.
[INFO] [stdout] For more information about an error, try `rustc --explain E0432`.
[INFO] [stdout] Couldn't compile the test.
[INFO] [stdout] 
[INFO] [stdout] failures:
[INFO] [stdout]     src/lib.rs - (line 18)
[INFO] [stdout] 
[INFO] [stdout] test result: FAILED. 0 passed; 1 failed; 0 ignored; 0 measured; 0 filtered out; finished in 0.09s
[INFO] [stdout] 
[INFO] [stderr] error: doctest failed, to rerun pass `--doc`
[INFO] running `Command { std: "docker" "inspect" "1fefd2aded605b4a8503c8200240f0e66dcb2ff7c06da9badaa54aba164453c0", kill_on_drop: false }`
[INFO] running `Command { std: "docker" "rm" "-f" "1fefd2aded605b4a8503c8200240f0e66dcb2ff7c06da9badaa54aba164453c0", kill_on_drop: false }`
[INFO] [stdout] 1fefd2aded605b4a8503c8200240f0e66dcb2ff7c06da9badaa54aba164453c0
