[INFO] fetching crate axum-starter-macro 0.5.1...
[INFO] testing axum-starter-macro-0.5.1 against 1.69.0 for beta-1.70-1
[INFO] extracting crate axum-starter-macro 0.5.1 into /workspace/builds/worker-4-tc1/source
[INFO] validating manifest of crates.io crate axum-starter-macro 0.5.1 on toolchain 1.69.0
[INFO] running `Command { std: CARGO_HOME="/workspace/cargo-home" RUSTUP_HOME="/workspace/rustup-home" "/workspace/cargo-home/bin/cargo" "+1.69.0" "metadata" "--manifest-path" "Cargo.toml" "--no-deps", kill_on_drop: false }`
[INFO] started tweaking crates.io crate axum-starter-macro 0.5.1
[INFO] finished tweaking crates.io crate axum-starter-macro 0.5.1
[INFO] tweaked toml for crates.io crate axum-starter-macro 0.5.1 written to /workspace/builds/worker-4-tc1/source/Cargo.toml
[INFO] running `Command { std: CARGO_HOME="/workspace/cargo-home" RUSTUP_HOME="/workspace/rustup-home" __CARGO_TEST_CHANNEL_OVERRIDE_DO_NOT_USE_THIS="nightly" "/workspace/cargo-home/bin/cargo" "+1.69.0" "generate-lockfile" "--manifest-path" "Cargo.toml" "-Zno-index-update", kill_on_drop: false }`
[INFO] running `Command { std: CARGO_HOME="/workspace/cargo-home" RUSTUP_HOME="/workspace/rustup-home" "/workspace/cargo-home/bin/cargo" "+1.69.0" "fetch" "--manifest-path" "Cargo.toml", kill_on_drop: false }`
[INFO] running `Command { std: "docker" "create" "-v" "/var/lib/crater-agent-workspace/builds/worker-4-tc1/target:/opt/rustwide/target:rw,Z" "-v" "/var/lib/crater-agent-workspace/builds/worker-4-tc1/source:/opt/rustwide/workdir:ro,Z" "-v" "/var/lib/crater-agent-workspace/cargo-home:/opt/rustwide/cargo-home:ro,Z" "-v" "/var/lib/crater-agent-workspace/rustup-home:/opt/rustwide/rustup-home:ro,Z" "-e" "SOURCE_DIR=/opt/rustwide/workdir" "-e" "CARGO_TARGET_DIR=/opt/rustwide/target" "-e" "CARGO_HOME=/opt/rustwide/cargo-home" "-e" "RUSTUP_HOME=/opt/rustwide/rustup-home" "-w" "/opt/rustwide/workdir" "-m" "1610612736" "--user" "0:0" "--network" "none" "ghcr.io/rust-lang/crates-build-env/linux@sha256:5ff2268d62e97bff2cde7d5815dd6ed5b47097566f13b8d0ca110b04b60e07ed" "/opt/rustwide/cargo-home/bin/cargo" "+1.69.0" "metadata" "--no-deps" "--format-version=1", kill_on_drop: false }`
[INFO] [stdout] 7e03e91ae83995f70e96642514d0eaadd190ee9f5c97aec861abe2a3f9cf6a42
[INFO] running `Command { std: "docker" "start" "-a" "7e03e91ae83995f70e96642514d0eaadd190ee9f5c97aec861abe2a3f9cf6a42", kill_on_drop: false }`
[INFO] running `Command { std: "docker" "inspect" "7e03e91ae83995f70e96642514d0eaadd190ee9f5c97aec861abe2a3f9cf6a42", kill_on_drop: false }`
[INFO] running `Command { std: "docker" "rm" "-f" "7e03e91ae83995f70e96642514d0eaadd190ee9f5c97aec861abe2a3f9cf6a42", kill_on_drop: false }`
[INFO] [stdout] 7e03e91ae83995f70e96642514d0eaadd190ee9f5c97aec861abe2a3f9cf6a42
[INFO] running `Command { std: "docker" "create" "-v" "/var/lib/crater-agent-workspace/builds/worker-4-tc1/target:/opt/rustwide/target:rw,Z" "-v" "/var/lib/crater-agent-workspace/builds/worker-4-tc1/source:/opt/rustwide/workdir:ro,Z" "-v" "/var/lib/crater-agent-workspace/cargo-home:/opt/rustwide/cargo-home:ro,Z" "-v" "/var/lib/crater-agent-workspace/rustup-home:/opt/rustwide/rustup-home:ro,Z" "-e" "SOURCE_DIR=/opt/rustwide/workdir" "-e" "CARGO_TARGET_DIR=/opt/rustwide/target" "-e" "CARGO_INCREMENTAL=0" "-e" "RUST_BACKTRACE=full" "-e" "RUSTFLAGS=--cap-lints=warn" "-e" "RUSTDOCFLAGS=--cap-lints=warn" "-e" "CARGO_HOME=/opt/rustwide/cargo-home" "-e" "RUSTUP_HOME=/opt/rustwide/rustup-home" "-w" "/opt/rustwide/workdir" "-m" "1610612736" "--user" "0:0" "--network" "none" "ghcr.io/rust-lang/crates-build-env/linux@sha256:5ff2268d62e97bff2cde7d5815dd6ed5b47097566f13b8d0ca110b04b60e07ed" "/opt/rustwide/cargo-home/bin/cargo" "+1.69.0" "build" "--frozen" "--message-format=json", kill_on_drop: false }`
[INFO] [stdout] e39b8296fe141192dcc5cd85881ef0d2d047f37aa21b5f7a7fa07e9d8c14a691
[INFO] running `Command { std: "docker" "start" "-a" "e39b8296fe141192dcc5cd85881ef0d2d047f37aa21b5f7a7fa07e9d8c14a691", kill_on_drop: false }`
[INFO] [stderr]    Compiling ident_case v1.0.1
[INFO] [stderr]    Compiling strsim v0.10.0
[INFO] [stderr]    Compiling fnv v1.0.7
[INFO] [stderr]    Compiling syn v1.0.109
[INFO] [stderr]    Compiling darling_core v0.14.4
[INFO] [stderr]    Compiling darling_macro v0.14.4
[INFO] [stderr]    Compiling darling v0.14.4
[INFO] [stderr]    Compiling axum-starter-macro v0.5.1 (/opt/rustwide/workdir)
[INFO] [stderr]     Finished dev [unoptimized + debuginfo] target(s) in 8.01s
[INFO] running `Command { std: "docker" "inspect" "e39b8296fe141192dcc5cd85881ef0d2d047f37aa21b5f7a7fa07e9d8c14a691", kill_on_drop: false }`
[INFO] running `Command { std: "docker" "rm" "-f" "e39b8296fe141192dcc5cd85881ef0d2d047f37aa21b5f7a7fa07e9d8c14a691", kill_on_drop: false }`
[INFO] [stdout] e39b8296fe141192dcc5cd85881ef0d2d047f37aa21b5f7a7fa07e9d8c14a691
[INFO] running `Command { std: "docker" "create" "-v" "/var/lib/crater-agent-workspace/builds/worker-4-tc1/target:/opt/rustwide/target:rw,Z" "-v" "/var/lib/crater-agent-workspace/builds/worker-4-tc1/source:/opt/rustwide/workdir:ro,Z" "-v" "/var/lib/crater-agent-workspace/cargo-home:/opt/rustwide/cargo-home:ro,Z" "-v" "/var/lib/crater-agent-workspace/rustup-home:/opt/rustwide/rustup-home:ro,Z" "-e" "SOURCE_DIR=/opt/rustwide/workdir" "-e" "CARGO_TARGET_DIR=/opt/rustwide/target" "-e" "CARGO_INCREMENTAL=0" "-e" "RUST_BACKTRACE=full" "-e" "RUSTFLAGS=--cap-lints=warn" "-e" "RUSTDOCFLAGS=--cap-lints=warn" "-e" "CARGO_HOME=/opt/rustwide/cargo-home" "-e" "RUSTUP_HOME=/opt/rustwide/rustup-home" "-w" "/opt/rustwide/workdir" "-m" "1610612736" "--user" "0:0" "--network" "none" "ghcr.io/rust-lang/crates-build-env/linux@sha256:5ff2268d62e97bff2cde7d5815dd6ed5b47097566f13b8d0ca110b04b60e07ed" "/opt/rustwide/cargo-home/bin/cargo" "+1.69.0" "test" "--frozen" "--no-run" "--message-format=json", kill_on_drop: false }`
[INFO] [stdout] c893d2888131cbc483ab9d1b85450eaacc6eaa10015c54df6f4811c34e022199
[INFO] running `Command { std: "docker" "start" "-a" "c893d2888131cbc483ab9d1b85450eaacc6eaa10015c54df6f4811c34e022199", kill_on_drop: false }`
[INFO] [stderr]    Compiling axum-starter-macro v0.5.1 (/opt/rustwide/workdir)
[INFO] [stderr]     Finished test [unoptimized + debuginfo] target(s) in 1.37s
[INFO] running `Command { std: "docker" "inspect" "c893d2888131cbc483ab9d1b85450eaacc6eaa10015c54df6f4811c34e022199", kill_on_drop: false }`
[INFO] running `Command { std: "docker" "rm" "-f" "c893d2888131cbc483ab9d1b85450eaacc6eaa10015c54df6f4811c34e022199", kill_on_drop: false }`
[INFO] [stdout] c893d2888131cbc483ab9d1b85450eaacc6eaa10015c54df6f4811c34e022199
[INFO] running `Command { std: "docker" "create" "-v" "/var/lib/crater-agent-workspace/builds/worker-4-tc1/target:/opt/rustwide/target:rw,Z" "-v" "/var/lib/crater-agent-workspace/builds/worker-4-tc1/source:/opt/rustwide/workdir:ro,Z" "-v" "/var/lib/crater-agent-workspace/cargo-home:/opt/rustwide/cargo-home:ro,Z" "-v" "/var/lib/crater-agent-workspace/rustup-home:/opt/rustwide/rustup-home:ro,Z" "-e" "SOURCE_DIR=/opt/rustwide/workdir" "-e" "CARGO_TARGET_DIR=/opt/rustwide/target" "-e" "CARGO_INCREMENTAL=0" "-e" "RUST_BACKTRACE=full" "-e" "RUSTFLAGS=--cap-lints=warn" "-e" "RUSTDOCFLAGS=--cap-lints=warn" "-e" "CARGO_HOME=/opt/rustwide/cargo-home" "-e" "RUSTUP_HOME=/opt/rustwide/rustup-home" "-w" "/opt/rustwide/workdir" "-m" "1610612736" "--user" "0:0" "--network" "none" "ghcr.io/rust-lang/crates-build-env/linux@sha256:5ff2268d62e97bff2cde7d5815dd6ed5b47097566f13b8d0ca110b04b60e07ed" "/opt/rustwide/cargo-home/bin/cargo" "+1.69.0" "test" "--frozen", kill_on_drop: false }`
[INFO] [stdout] 740e914637324a2540c965dbc7d6ebd10b5b5f7b3330ef12b1859746ec16d940
[INFO] running `Command { std: "docker" "start" "-a" "740e914637324a2540c965dbc7d6ebd10b5b5f7b3330ef12b1859746ec16d940", kill_on_drop: false }`
[INFO] [stderr]     Blocking waiting for file lock on package cache
[INFO] [stderr]     Finished test [unoptimized + debuginfo] target(s) in 0.34s
[INFO] [stderr]      Running unittests src/lib.rs (/opt/rustwide/target/debug/deps/axum_starter_macro-63ed107d3256288b)
[INFO] [stdout] 
[INFO] [stdout] running 1 test
[INFO] [stdout] test utils::test::test ... ok
[INFO] [stdout] 
[INFO] [stdout] test result: ok. 1 passed; 0 failed; 0 ignored; 0 measured; 0 filtered out; finished in 0.00s
[INFO] [stdout] 
[INFO] [stderr]    Doc-tests axum-starter-macro
[INFO] [stdout] 
[INFO] [stdout] running 5 tests
[INFO] [stdout] test src/lib.rs - prepare (line 157) ... FAILED
[INFO] [stdout] test src/lib.rs - prepare (line 148) ... FAILED
[INFO] [stdout] test src/lib.rs - prepare (line 135) ... FAILED
[INFO] [stdout] test src/lib.rs - derive_config_impl (line 57) ... FAILED
[INFO] [stdout] test src/lib.rs - derive_config_provider (line 17) ... FAILED
[INFO] [stdout] 
[INFO] [stdout] failures:
[INFO] [stdout] 
[INFO] [stdout] ---- src/lib.rs - prepare (line 157) stdout ----
[INFO] [stdout] error: cannot find attribute `prepare` in this scope
[INFO] [stdout]  --> src/lib.rs:158:3
[INFO] [stdout]   |
[INFO] [stdout] 3 | #[prepare(box Foo)]
[INFO] [stdout]   |   ^^^^^^^
[INFO] [stdout]   |
[INFO] [stdout]   = help: consider importing this attribute macro:
[INFO] [stdout]           axum_starter_macro::prepare
[INFO] [stdout] 
[INFO] [stdout] error: aborting due to previous error
[INFO] [stdout] 
[INFO] [stdout] Couldn't compile the test.
[INFO] [stdout] ---- src/lib.rs - prepare (line 148) stdout ----
[INFO] [stdout] error: cannot find attribute `prepare` in this scope
[INFO] [stdout]  --> src/lib.rs:149:3
[INFO] [stdout]   |
[INFO] [stdout] 3 | #[prepare(Foo 'f)]
[INFO] [stdout]   |   ^^^^^^^
[INFO] [stdout]   |
[INFO] [stdout]   = help: consider importing this attribute macro:
[INFO] [stdout]           axum_starter_macro::prepare
[INFO] [stdout] 
[INFO] [stdout] error[E0261]: use of undeclared lifetime name `'f`
[INFO] [stdout]  --> src/lib.rs:150:27
[INFO] [stdout]   |
[INFO] [stdout] 4 | fn prepare_foo(foo_name: &'f String){
[INFO] [stdout]   |               -           ^^ undeclared lifetime
[INFO] [stdout]   |               |
[INFO] [stdout]   |               help: consider introducing lifetime `'f` here: `<'f>`
[INFO] [stdout] 
[INFO] [stdout] error: aborting due to 2 previous errors
[INFO] [stdout] 
[INFO] [stdout] For more information about this error, try `rustc --explain E0261`.
[INFO] [stdout] Couldn't compile the test.
[INFO] [stdout] ---- src/lib.rs - prepare (line 135) stdout ----
[INFO] [stdout] error: cannot find attribute `prepare` in this scope
[INFO] [stdout]  --> src/lib.rs:136:3
[INFO] [stdout]   |
[INFO] [stdout] 3 | #[prepare(Foo?)]
[INFO] [stdout]   |   ^^^^^^^
[INFO] [stdout]   |
[INFO] [stdout]   = help: consider importing this attribute macro:
[INFO] [stdout]           axum_starter_macro::prepare
[INFO] [stdout] 
[INFO] [stdout] error: aborting due to previous error
[INFO] [stdout] 
[INFO] [stdout] Couldn't compile the test.
[INFO] [stdout] ---- src/lib.rs - derive_config_impl (line 57) stdout ----
[INFO] [stdout] error: cannot find derive macro `Provider` in this scope
[INFO] [stdout]  --> src/lib.rs:58:17
[INFO] [stdout]   |
[INFO] [stdout] 3 | #[derive(Debug, Provider, Configure)]
[INFO] [stdout]   |                 ^^^^^^^^
[INFO] [stdout]   |
[INFO] [stdout]   = help: consider importing this derive macro:
[INFO] [stdout]           axum_starter_macro::Provider
[INFO] [stdout] 
[INFO] [stdout] error: cannot find derive macro `Configure` in this scope
[INFO] [stdout]  --> src/lib.rs:58:27
[INFO] [stdout]   |
[INFO] [stdout] 3 | #[derive(Debug, Provider, Configure)]
[INFO] [stdout]   |                           ^^^^^^^^^
[INFO] [stdout]   |
[INFO] [stdout]   = help: consider importing this derive macro:
[INFO] [stdout]           axum_starter_macro::Configure
[INFO] [stdout]   = note: `Configure` is in scope, but it is a struct, not a derive macro
[INFO] [stdout] 
[INFO] [stdout] error: cannot find attribute `conf` in this scope
[INFO] [stdout]  --> src/lib.rs:59:3
[INFO] [stdout]   |
[INFO] [stdout] 4 | #[conf(
[INFO] [stdout]   |   ^^^^
[INFO] [stdout] 
[INFO] [stdout] error: cannot find attribute `provider` in this scope
[INFO] [stdout]   --> src/lib.rs:65:7
[INFO] [stdout]    |
[INFO] [stdout] 10 |     #[provider(transparent)]
[INFO] [stdout]    |       ^^^^^^^^
[INFO] [stdout] 
[INFO] [stdout] error[E0433]: failed to resolve: use of undeclared crate or module `log`
[INFO] [stdout]   --> src/lib.rs:70:38
[INFO] [stdout]    |
[INFO] [stdout] 15 |     fn init_log(&self) -> Result<(), log::SetLoggerError>{
[INFO] [stdout]    |                                      ^^^ use of undeclared crate or module `log`
[INFO] [stdout] 
[INFO] [stdout] error[E0412]: cannot find type `SocketAddr` in this scope
[INFO] [stdout]   --> src/lib.rs:66:10
[INFO] [stdout]    |
[INFO] [stdout] 11 |     bar: SocketAddr,
[INFO] [stdout]    |          ^^^^^^^^^^ not found in this scope
[INFO] [stdout]    |
[INFO] [stdout] help: consider importing one of these items
[INFO] [stdout]    |
[INFO] [stdout] 2  | use core::net::SocketAddr;
[INFO] [stdout]    |
[INFO] [stdout] 2  | use std::net::SocketAddr;
[INFO] [stdout]    |
[INFO] [stdout] 2  | use std::os::unix::net::SocketAddr;
[INFO] [stdout]    |
[INFO] [stdout] 
[INFO] [stdout] error: aborting due to 6 previous errors
[INFO] [stdout] 
[INFO] [stdout] Some errors have detailed explanations: E0412, E0433.
[INFO] [stdout] For more information about an error, try `rustc --explain E0412`.
[INFO] [stdout] Couldn't compile the test.
[INFO] [stdout] ---- src/lib.rs - derive_config_provider (line 17) stdout ----
[INFO] [stdout] error: cannot find derive macro `Provider` in this scope
[INFO] [stdout]  --> src/lib.rs:18:17
[INFO] [stdout]   |
[INFO] [stdout] 3 | #[derive(Debug, Provider)]
[INFO] [stdout]   |                 ^^^^^^^^
[INFO] [stdout]   |
[INFO] [stdout]   = help: consider importing this derive macro:
[INFO] [stdout]           axum_starter_macro::Provider
[INFO] [stdout] 
[INFO] [stdout] error: cannot find attribute `provider` in this scope
[INFO] [stdout]  --> src/lib.rs:19:3
[INFO] [stdout]   |
[INFO] [stdout] 4 | #[provider(ref)]
[INFO] [stdout]   |   ^^^^^^^^
[INFO] [stdout] 
[INFO] [stdout] error: cannot find attribute `provider` in this scope
[INFO] [stdout]  --> src/lib.rs:23:7
[INFO] [stdout]   |
[INFO] [stdout] 8 |     #[provider(transparent)]
[INFO] [stdout]   |       ^^^^^^^^
[INFO] [stdout] 
[INFO] [stdout] error: cannot find attribute `provider` in this scope
[INFO] [stdout]   --> src/lib.rs:26:7
[INFO] [stdout]    |
[INFO] [stdout] 11 |     #[provider(skip)]
[INFO] [stdout]    |       ^^^^^^^^
[INFO] [stdout] 
[INFO] [stdout] error: cannot find attribute `provider` in this scope
[INFO] [stdout]   --> src/lib.rs:31:7
[INFO] [stdout]    |
[INFO] [stdout] 16 |     #[provider(ignore_global)]
[INFO] [stdout]    |       ^^^^^^^^
[INFO] [stdout] 
[INFO] [stdout] error[E0412]: cannot find type `SocketAddr` in this scope
[INFO] [stdout]   --> src/lib.rs:27:10
[INFO] [stdout]    |
[INFO] [stdout] 12 |     bar: SocketAddr,
[INFO] [stdout]    |          ^^^^^^^^^^ not found in this scope
[INFO] [stdout]    |
[INFO] [stdout] help: consider importing one of these items
[INFO] [stdout]    |
[INFO] [stdout] 2  | use core::net::SocketAddr;
[INFO] [stdout]    |
[INFO] [stdout] 2  | use std::net::SocketAddr;
[INFO] [stdout]    |
[INFO] [stdout] 2  | use std::os::unix::net::SocketAddr;
[INFO] [stdout]    |
[INFO] [stdout] 
[INFO] [stdout] error[E0531]: cannot find tuple struct or tuple variant `FooBar` in this scope
[INFO] [stdout]   --> src/lib.rs:35:28
[INFO] [stdout]    |
[INFO] [stdout] 20 | fn foo_fetch(foo: &String, FooBar(foo_bar): FooBar){
[INFO] [stdout]    |                            ^^^^^^ not found in this scope
[INFO] [stdout] 
[INFO] [stdout] error[E0412]: cannot find type `FooBar` in this scope
[INFO] [stdout]   --> src/lib.rs:35:45
[INFO] [stdout]    |
[INFO] [stdout] 20 | fn foo_fetch(foo: &String, FooBar(foo_bar): FooBar){
[INFO] [stdout]    |                                             ^^^^^^ not found in this scope
[INFO] [stdout] 
[INFO] [stdout] error: aborting due to 8 previous errors
[INFO] [stdout] 
[INFO] [stdout] Some errors have detailed explanations: E0412, E0531.
[INFO] [stdout] For more information about an error, try `rustc --explain E0412`.
[INFO] [stdout] Couldn't compile the test.
[INFO] [stdout] 
[INFO] [stdout] failures:
[INFO] [stdout]     src/lib.rs - derive_config_impl (line 57)
[INFO] [stdout]     src/lib.rs - derive_config_provider (line 17)
[INFO] [stdout]     src/lib.rs - prepare (line 135)
[INFO] [stdout]     src/lib.rs - prepare (line 148)
[INFO] [stdout]     src/lib.rs - prepare (line 157)
[INFO] [stdout] 
[INFO] [stdout] test result: FAILED. 0 passed; 5 failed; 0 ignored; 0 measured; 0 filtered out; finished in 0.07s
[INFO] [stdout] 
[INFO] [stderr] error: doctest failed, to rerun pass `--doc`
[INFO] running `Command { std: "docker" "inspect" "740e914637324a2540c965dbc7d6ebd10b5b5f7b3330ef12b1859746ec16d940", kill_on_drop: false }`
[INFO] running `Command { std: "docker" "rm" "-f" "740e914637324a2540c965dbc7d6ebd10b5b5f7b3330ef12b1859746ec16d940", kill_on_drop: false }`
[INFO] [stdout] 740e914637324a2540c965dbc7d6ebd10b5b5f7b3330ef12b1859746ec16d940
